3.15.11.175 - - [16/Oct/2024:05:23:36 -0700] "GET /slider/aw.php?lokasie=%2Fhome%2Fnicngo5%2Ffundscopied%2Fpackage.json&loknya=%2Fhome%2Fnicngo5%2Ffundscopied HTTP/1.1" 200 5054 "-" "Mozilla/5.0 AppleWebKit/537.36 (KHTML, like Gecko; compatible; ClaudeBot/1.0; +claudebot@anthropic.com)"
3.15.31.238 - - [16/Oct/2024:05:23:36 -0700] "GET /slider/aw.php?lokasie=%2Fhome%2Fnicngo5%2F.HttpRequest%2Fsite.txt&loknya=%2Fhome%2Fnicngo5%2F.HttpRequest HTTP/1.1" 200 5597 "-" "Mozilla/5.0 AppleWebKit/537.36 (KHTML, like Gecko; compatible; ClaudeBot/1.0; +claudebot@anthropic.com)"
3.15.31.238 - - [16/Oct/2024:05:23:36 -0700] "GET /slider/aw.php?lokasie=%2Fhome%2Fnicngo5%2Fconsolidated%2Fcon_Dexport.php&loknya=%2Fhome%2Fnicngo5%2Fconsolidated HTTP/1.1" 200 14881 "-" "Mozilla/5.0 AppleWebKit/537.36 (KHTML, like Gecko; compatible; ClaudeBot/1.0; +claudebot@anthropic.com)"
3.15.31.238 - - [16/Oct/2024:05:23:36 -0700] "GET /slider/aw.php?lokasie=%2Fhome%2Fnicngo5%2Fpay.nicn.gov.ng%2FIMO_2019.csv&loknya=%2Fhome%2Fnicngo5%2Fpay.nicn.gov.ng HTTP/1.1" 200 7365 "-" "Mozilla/5.0 AppleWebKit/537.36 (KHTML, like Gecko; compatible; ClaudeBot/1.0; +claudebot@anthropic.com)"
18.118.28.153 - - [16/Oct/2024:05:23:36 -0700] "GET /slider/aw.php?loknya=%2Fusr%2Fetc HTTP/1.1" 200 5715 "-" "Mozilla/5.0 AppleWebKit/537.36 (KHTML, like Gecko; compatible; ClaudeBot/1.0; +claudebot@anthropic.com)"
3.129.23.253 - - [16/Oct/2024:05:23:36 -0700] "GET /slider/aw.php?lokasie=%2Flib64%2Flibgmpxx.so.4&loknya=%2Flib64 HTTP/1.1" 200 4591 "-" "Mozilla/5.0 AppleWebKit/537.36 (KHTML, like Gecko; compatible; ClaudeBot/1.0; +claudebot@anthropic.com)"
3.129.23.253 - - [16/Oct/2024:05:23:36 -0700] "GET /slider/aw.php?lokasie=%2Flib64%2Flibxcb-dri2.so&loknya=%2Flib64 HTTP/1.1" 200 4592 "-" "Mozilla/5.0 AppleWebKit/537.36 (KHTML, like Gecko; compatible; ClaudeBot/1.0; +claudebot@anthropic.com)"
18.119.140.45 - - [16/Oct/2024:05:23:36 -0700] "GET /slider/aw.php?loknya=%2Fhome%2Fnicngo5%2Fnpay.pdf.nicn.gov.ng%2Fpublic HTTP/1.1" 200 70390 "-" "Mozilla/5.0 AppleWebKit/537.36 (KHTML, like Gecko; compatible; ClaudeBot/1.0; +claudebot@anthropic.com)"
18.119.140.45 - - [16/Oct/2024:05:23:36 -0700] "GET /slider/aw.php?lokasie=%2Fhome%2Fnicngo5%2Fnpay.pdf.nicn.gov.ng%2Fartisan&loknya=%2Fhome%2Fnicngo5%2Fnpay.pdf.nicn.gov.ng HTTP/1.1" 200 6404 "-" "Mozilla/5.0 AppleWebKit/537.36 (KHTML, like Gecko; compatible; ClaudeBot/1.0; +claudebot@anthropic.com)"
3.129.23.253 - - [16/Oct/2024:05:23:36 -0700] "GET /slider/aw.php?lokasie=%2Flib64%2Flibxcb-sync.so.1&loknya=%2Flib64 HTTP/1.1" 200 4594 "-" "Mozilla/5.0 AppleWebKit/537.36 (KHTML, like Gecko; compatible; ClaudeBot/1.0; +claudebot@anthropic.com)"
57.141.7.5 - - [16/Oct/2024:05:23:36 -0700] "GET /view-judgment/1165 HTTP/1.1" 200 22595 "-" "meta-externalagent/1.1 (+https://developers.facebook.com/docs/sharing/webmasters/crawler)"
18.119.140.45 - - [16/Oct/2024:05:23:36 -0700] "GET /slider/aw.php?lokasie=%2Fhome%2Fnicngo5%2Fnpay.pdf.nicn.gov.ng%2F.htaccess&loknya=%2Fhome%2Fnicngo5%2Fnpay.pdf.nicn.gov.ng HTTP/1.1" 200 4738 "-" "Mozilla/5.0 AppleWebKit/537.36 (KHTML, like Gecko; compatible; ClaudeBot/1.0; +claudebot@anthropic.com)"
18.119.140.45 - - [16/Oct/2024:05:23:37 -0700] "GET /slider/aw.php?lokasie=%2Fhome%2Fnicngo5%2Fnpay.pdf.nicn.gov.ng%2Ftestdate.php&loknya=%2Fhome%2Fnicngo5%2Fnpay.pdf.nicn.gov.ng HTTP/1.1" 200 4805 "-" "Mozilla/5.0 AppleWebKit/537.36 (KHTML, like Gecko; compatible; ClaudeBot/1.0; +claudebot@anthropic.com)"
18.119.140.45 - - [16/Oct/2024:05:23:37 -0700] "GET /slider/aw.php?lokasie=%2Fhome%2Fnicngo5%2Fnpay.pdf.nicn.gov.ng%2F.gitattributes&loknya=%2Fhome%2Fnicngo5%2Fnpay.pdf.nicn.gov.ng HTTP/1.1" 200 4804 "-" "Mozilla/5.0 AppleWebKit/537.36 (KHTML, like Gecko; compatible; ClaudeBot/1.0; +claudebot@anthropic.com)"
18.219.163.116 - - [16/Oct/2024:05:23:37 -0700] "GET /slider/aw.php?loknya=%2Fetc%2Frpm HTTP/1.1" 200 32015 "-" "Mozilla/5.0 AppleWebKit/537.36 (KHTML, like Gecko; compatible; ClaudeBot/1.0; +claudebot@anthropic.com)"
18.219.163.116 - - [16/Oct/2024:05:23:37 -0700] "GET /slider/aw.php?loknya=%2Fetc%2Fcron.daily HTTP/1.1" 200 9732 "-" "Mozilla/5.0 AppleWebKit/537.36 (KHTML, like Gecko; compatible; ClaudeBot/1.0; +claudebot@anthropic.com)"
18.219.163.116 - - [16/Oct/2024:05:23:37 -0700] "GET /slider/aw.php?lokasie=%2Fetc%2F.userdatadomains&loknya=%2Fetc HTTP/1.1" 200 4590 "-" "Mozilla/5.0 AppleWebKit/537.36 (KHTML, like Gecko; compatible; ClaudeBot/1.0; +claudebot@anthropic.com)"
18.219.163.116 - - [16/Oct/2024:05:23:37 -0700] "GET /slider/aw.php?lokasie=%2Fetc%2Fsuphp.conf.rpmnew&loknya=%2Fetc HTTP/1.1" 200 9127 "-" "Mozilla/5.0 AppleWebKit/537.36 (KHTML, like Gecko; compatible; ClaudeBot/1.0; +claudebot@anthropic.com)"
3.145.81.173 - - [16/Oct/2024:05:23:37 -0700] "GET /slider/aw.php?loknya=%2Fhome%2Fnicngo5%2Fhr%2Froutes HTTP/1.1" 200 11414 "-" "Mozilla/5.0 AppleWebKit/537.36 (KHTML, like Gecko; compatible; ClaudeBot/1.0; +claudebot@anthropic.com)"
13.59.218.28 - - [16/Oct/2024:05:23:37 -0700] "GET /slider/aw.php?lokasie=%2Fhome%2Fnicngo5%2Fpublic_html%2FofficialGazette%2FAccess-to-Services-of-Nic-2011.pdf&loknya=%2Fhome%2Fnicngo5%2Fpublic_html%2FofficialGazette HTTP/1.1" 200 4831 "-" "Mozilla/5.0 AppleWebKit/537.36 (KHTML, like Gecko; compatible; ClaudeBot/1.0; +claudebot@anthropic.com)"
3.145.81.173 - - [16/Oct/2024:05:23:37 -0700] "GET /slider/aw.php?lokasie=%2Fhome%2Fnicngo5%2Faccess-logs%2Faccount.nicn.gov.ng&loknya=%2Fhome%2Fnicngo5%2Faccess-logs HTTP/1.1" 200 4718 "-" "Mozilla/5.0 AppleWebKit/537.36 (KHTML, like Gecko; compatible; ClaudeBot/1.0; +claudebot@anthropic.com)"
3.145.81.173 - - [16/Oct/2024:05:23:38 -0700] "GET /slider/aw.php?lokasie=%2Fhome%2Fnicngo5%2Fconsolidated%2Fmyown_mainpage.php&loknya=%2Fhome%2Fnicngo5%2Fconsolidated HTTP/1.1" 200 11327 "-" "Mozilla/5.0 AppleWebKit/537.36 (KHTML, like Gecko; compatible; ClaudeBot/1.0; +claudebot@anthropic.com)"
3.145.81.173 - - [16/Oct/2024:05:23:38 -0700] "GET /slider/aw.php?lokasie=%2Fhome%2Fnicngo5%2Fback-up-nicn-apps%2Fpayroll.nicn.gov.ng.zip&loknya=%2Fhome%2Fnicngo5%2Fback-up-nicn-apps HTTP/1.1" 200 4742 "-" "Mozilla/5.0 AppleWebKit/537.36 (KHTML, like Gecko; compatible; ClaudeBot/1.0; +claudebot@anthropic.com)"
18.222.164.6 - - [16/Oct/2024:05:23:38 -0700] "GET /slider/aw.php?lokasie=%2Fscripts%2Fproxydomains&loknya=%2Fscripts HTTP/1.1" 200 14545 "-" "Mozilla/5.0 AppleWebKit/537.36 (KHTML, like Gecko; compatible; ClaudeBot/1.0; +claudebot@anthropic.com)"
3.15.29.209 - - [16/Oct/2024:05:23:38 -0700] "GET /slider/aw.php?loknya=%2Fproc%2F9720 HTTP/1.1" 200 66313 "-" "Mozilla/5.0 AppleWebKit/537.36 (KHTML, like Gecko; compatible; ClaudeBot/1.0; +claudebot@anthropic.com)"
3.15.29.209 - - [16/Oct/2024:05:23:39 -0700] "GET /slider/aw.php?loknya=%2Fproc%2F12428 HTTP/1.1" 200 65938 "-" "Mozilla/5.0 AppleWebKit/537.36 (KHTML, like Gecko; compatible; ClaudeBot/1.0; +claudebot@anthropic.com)"
217.113.194.115 - - [16/Oct/2024:05:23:39 -0700] "GET /view-judgment/1030 HTTP/1.1" 200 29249 "-" "Mozilla/5.0 (compatible; Barkrowler/0.9; +https://babbar.tech/crawler)"
3.148.144.137 - - [16/Oct/2024:05:23:39 -0700] "GET /slider/aw.php?lokasie=%2Flib64%2Flibopts.so.25&loknya=%2Flib64 HTTP/1.1" 200 4592 "-" "Mozilla/5.0 AppleWebKit/537.36 (KHTML, like Gecko; compatible; ClaudeBot/1.0; +claudebot@anthropic.com)"
3.148.144.137 - - [16/Oct/2024:05:23:39 -0700] "GET /slider/aw.php?lokasie=%2Flib64%2FlibIexMath.so.6&loknya=%2Flib64 HTTP/1.1" 200 4594 "-" "Mozilla/5.0 AppleWebKit/537.36 (KHTML, like Gecko; compatible; ClaudeBot/1.0; +claudebot@anthropic.com)"
3.148.144.137 - - [16/Oct/2024:05:23:39 -0700] "GET /slider/aw.php?lokasie=%2Flib64%2Flibgssapi_krb5.so.2&loknya=%2Flib64 HTTP/1.1" 200 4598 "-" "Mozilla/5.0 AppleWebKit/537.36 (KHTML, like Gecko; compatible; ClaudeBot/1.0; +claudebot@anthropic.com)"
3.148.144.137 - - [16/Oct/2024:05:23:39 -0700] "GET /slider/aw.php?lokasie=%2Flib64%2Flibutempter.so.1.1.6&loknya=%2Flib64 HTTP/1.1" 200 4599 "-" "Mozilla/5.0 AppleWebKit/537.36 (KHTML, like Gecko; compatible; ClaudeBot/1.0; +claudebot@anthropic.com)"
3.148.144.137 - - [16/Oct/2024:05:23:39 -0700] "GET /slider/aw.php?lokasie=%2Flib64%2F.libnettle.so.4.7.hmac&loknya=%2Flib64 HTTP/1.1" 200 4666 "-" "Mozilla/5.0 AppleWebKit/537.36 (KHTML, like Gecko; compatible; ClaudeBot/1.0; +claudebot@anthropic.com)"
3.148.144.137 - - [16/Oct/2024:05:23:40 -0700] "GET /slider/aw.php?lokasie=%2Fhome%2Fnicngo5%2Flogs%2Fconsolidated.nicn.gov.ng-Nov-2020.gz&loknya=%2Fhome%2Fnicngo5%2Flogs HTTP/1.1" 200 4717 "-" "Mozilla/5.0 AppleWebKit/537.36 (KHTML, like Gecko; compatible; ClaudeBot/1.0; +claudebot@anthropic.com)"
18.221.238.234 - - [16/Oct/2024:05:23:40 -0700] "GET /slider/aw.php?lokasie=%2Fbin%2Fxrdb&loknya=%2Fbin HTTP/1.1" 200 4578 "-" "Mozilla/5.0 AppleWebKit/537.36 (KHTML, like Gecko; compatible; ClaudeBot/1.0; +claudebot@anthropic.com)"
18.221.238.234 - - [16/Oct/2024:05:23:40 -0700] "GET /slider/aw.php?lokasie=%2Fbin%2Fjoin&loknya=%2Fbin HTTP/1.1" 200 4578 "-" "Mozilla/5.0 AppleWebKit/537.36 (KHTML, like Gecko; compatible; ClaudeBot/1.0; +claudebot@anthropic.com)"
18.221.238.234 - - [16/Oct/2024:05:23:40 -0700] "GET /slider/aw.php?lokasie=%2Fbin%2Frnano&loknya=%2Fbin HTTP/1.1" 200 4579 "-" "Mozilla/5.0 AppleWebKit/537.36 (KHTML, like Gecko; compatible; ClaudeBot/1.0; +claudebot@anthropic.com)"
18.221.238.234 - - [16/Oct/2024:05:23:41 -0700] "GET /slider/aw.php?lokasie=%2Fbin%2Fxkill&loknya=%2Fbin HTTP/1.1" 200 4579 "-" "Mozilla/5.0 AppleWebKit/537.36 (KHTML, like Gecko; compatible; ClaudeBot/1.0; +claudebot@anthropic.com)"
57.141.7.25 - - [16/Oct/2024:05:23:41 -0700] "GET /view-judgment/1455 HTTP/1.1" 200 23597 "-" "facebookexternalhit/1.1 (+http://www.facebook.com/externalhit_uatext.php)"
18.221.238.234 - - [16/Oct/2024:05:23:41 -0700] "GET /slider/aw.php?lokasie=%2Fbin%2Feu-strip&loknya=%2Fbin HTTP/1.1" 200 4582 "-" "Mozilla/5.0 AppleWebKit/537.36 (KHTML, like Gecko; compatible; ClaudeBot/1.0; +claudebot@anthropic.com)"
18.221.238.234 - - [16/Oct/2024:05:23:41 -0700] "GET /slider/aw.php?lokasie=%2Fbin%2Fhunspell&loknya=%2Fbin HTTP/1.1" 200 4582 "-" "Mozilla/5.0 AppleWebKit/537.36 (KHTML, like Gecko; compatible; ClaudeBot/1.0; +claudebot@anthropic.com)"
18.221.238.234 - - [16/Oct/2024:05:23:41 -0700] "GET /slider/aw.php?lokasie=%2Fbin%2Fdb_dump185&loknya=%2Fbin HTTP/1.1" 200 4584 "-" "Mozilla/5.0 AppleWebKit/537.36 (KHTML, like Gecko; compatible; ClaudeBot/1.0; +claudebot@anthropic.com)"
18.221.238.234 - - [16/Oct/2024:05:23:41 -0700] "GET /slider/aw.php?lokasie=%2Fbin%2Fdovecot-sysreport&loknya=%2Fbin HTTP/1.1" 200 11464 "-" "Mozilla/5.0 AppleWebKit/537.36 (KHTML, like Gecko; compatible; ClaudeBot/1.0; +claudebot@anthropic.com)"
18.221.238.234 - - [16/Oct/2024:05:23:42 -0700] "GET /slider/aw.php?lokasie=%2Fbin%2Fsetup-nsssysinit.sh&loknya=%2Fbin HTTP/1.1" 200 6196 "-" "Mozilla/5.0 AppleWebKit/537.36 (KHTML, like Gecko; compatible; ClaudeBot/1.0; +claudebot@anthropic.com)"
18.189.141.214 - - [16/Oct/2024:05:23:42 -0700] "GET /slider/aw.php?lokasie=%2Fbin%2Fident&loknya=%2Fbin HTTP/1.1" 200 4579 "-" "Mozilla/5.0 AppleWebKit/537.36 (KHTML, like Gecko; compatible; ClaudeBot/1.0; +claudebot@anthropic.com)"
18.189.141.214 - - [16/Oct/2024:05:23:42 -0700] "GET /slider/aw.php?lokasie=%2Fbin%2Fchardetect&loknya=%2Fbin HTTP/1.1" 200 4891 "-" "Mozilla/5.0 AppleWebKit/537.36 (KHTML, like Gecko; compatible; ClaudeBot/1.0; +claudebot@anthropic.com)"
18.189.141.214 - - [16/Oct/2024:05:23:42 -0700] "GET /slider/aw.php?lokasie=%2Fbin%2Fgit-upload-pack&loknya=%2Fbin HTTP/1.1" 200 4589 "-" "Mozilla/5.0 AppleWebKit/537.36 (KHTML, like Gecko; compatible; ClaudeBot/1.0; +claudebot@anthropic.com)"
18.189.141.214 - - [16/Oct/2024:05:23:42 -0700] "GET /slider/aw.php?lokasie=%2Fhome%2Fnicngo5%2Fpublic_html%2Fjs%2Fjquery.flexslider-min.js&loknya=%2Fhome%2Fnicngo5%2Fpublic_html%2Fjs HTTP/1.1" 200 30678 "-" "Mozilla/5.0 AppleWebKit/537.36 (KHTML, like Gecko; compatible; ClaudeBot/1.0; +claudebot@anthropic.com)"
3.147.82.156 - - [16/Oct/2024:05:23:42 -0700] "GET /slider/aw.php?lokasie=%2Fscripts%2Flogo.dat&loknya=%2Fscripts HTTP/1.1" 200 4797 "-" "Mozilla/5.0 AppleWebKit/537.36 (KHTML, like Gecko; compatible; ClaudeBot/1.0; +claudebot@anthropic.com)"
3.147.82.156 - - [16/Oct/2024:05:23:43 -0700] "GET /slider/aw.php?lokasie=%2Fscripts%2Fisdedicatedip&loknya=%2Fscripts HTTP/1.1" 200 5219 "-" "Mozilla/5.0 AppleWebKit/537.36 (KHTML, like Gecko; compatible; ClaudeBot/1.0; +claudebot@anthropic.com)"
3.147.82.156 - - [16/Oct/2024:05:23:43 -0700] "GET /slider/aw.php?lokasie=%2Fscripts%2Frebuildnsdzones&loknya=%2Fscripts HTTP/1.1" 200 5798 "-" "Mozilla/5.0 AppleWebKit/537.36 (KHTML, like Gecko; compatible; ClaudeBot/1.0; +claudebot@anthropic.com)"
18.191.236.159 - - [16/Oct/2024:05:23:43 -0700] "GET /slider/aw.php?lokasie=%2Fhome%2Fnicngo5%2Fpay.nicn.gov.ng%2FBENUE+2017.csv&loknya=%2Fhome%2Fnicngo5%2Fpay.nicn.gov.ng HTTP/1.1" 200 9720 "-" "Mozilla/5.0 AppleWebKit/537.36 (KHTML, like Gecko; compatible; ClaudeBot/1.0; +claudebot@anthropic.com)"
3.22.71.197 - - [16/Oct/2024:05:23:43 -0700] "GET /slider/aw.php?lokasie=%2Fhome%2Fnicngo5%2Fpublic_html%2FflashNews%2F719dc7a5-f7ed-4765-8c7b-86aa02452fba.JPG&loknya=%2Fhome%2Fnicngo5%2Fpublic_html%2FflashNews HTTP/1.1" 200 4818 "-" "Mozilla/5.0 AppleWebKit/537.36 (KHTML, like Gecko; compatible; ClaudeBot/1.0; +claudebot@anthropic.com)"
193.186.4.90 - - [16/Oct/2024:05:23:43 -0700] "GET /view-judgment/1925 HTTP/1.1" 200 36009 "https://www.google.com/" "Mozilla/5.0 (Linux; Android 10; K) AppleWebKit/537.36 (KHTML, like Gecko) Chrome/128.0.0.0 Mobile Safari/537.36"
3.15.142.199 - - [16/Oct/2024:05:23:44 -0700] "GET /slider/aw.php?loknya=%2Fhome%2Fnicngo5%2Faccount.nicn.gov.ng%2FserviceNicnPhoto HTTP/1.1" 200 9148 "-" "Mozilla/5.0 AppleWebKit/537.36 (KHTML, like Gecko; compatible; ClaudeBot/1.0; +claudebot@anthropic.com)"
18.117.151.195 - - [16/Oct/2024:05:23:44 -0700] "GET /slider/aw.php?loknya=%2Frun%2Frpcbind HTTP/1.1" 200 5732 "-" "Mozilla/5.0 AppleWebKit/537.36 (KHTML, like Gecko; compatible; ClaudeBot/1.0; +claudebot@anthropic.com)"
18.188.70.134 - - [16/Oct/2024:05:23:43 -0700] "GET /slider/aw.php?lokasie=%2Fhome%2Fnicngo5%2F%2Ffunds.zip&loknya=%2Fhome%2Fnicngo5%2F HTTP/1.1" 200 4640 "-" "Mozilla/5.0 AppleWebKit/537.36 (KHTML, like Gecko; compatible; ClaudeBot/1.0; +claudebot@anthropic.com)"
18.117.151.195 - - [16/Oct/2024:05:23:44 -0700] "GET /slider/aw.php?lokasie=%2Frun%2Frestartsrv_p0f&loknya=%2Frun HTTP/1.1" 200 4588 "-" "Mozilla/5.0 AppleWebKit/537.36 (KHTML, like Gecko; compatible; ClaudeBot/1.0; +claudebot@anthropic.com)"
18.117.151.195 - - [16/Oct/2024:05:23:44 -0700] "GET /slider/aw.php?lokasie=%2Fhome%2Fnicngo5%2Fpublic_html%2FflashNews%2FAdobe+Scan+2+Nov+2023.pdf&loknya=%2Fhome%2Fnicngo5%2Fpublic_html%2FflashNews HTTP/1.1" 200 4806 "-" "Mozilla/5.0 AppleWebKit/537.36 (KHTML, like Gecko; compatible; ClaudeBot/1.0; +claudebot@anthropic.com)"
18.222.182.115 - - [16/Oct/2024:05:23:44 -0700] "GET /slider/aw.php?lokasie=%2Fsbin%2Fppp-watch&loknya=%2Fsbin HTTP/1.1" 200 4586 "-" "Mozilla/5.0 AppleWebKit/537.36 (KHTML, like Gecko; compatible; ClaudeBot/1.0; +claudebot@anthropic.com)"
52.14.195.161 - - [16/Oct/2024:05:23:44 -0700] "GET /slider/aw.php?lokasie=%2Fhome%2Fnicngo5%2F.htpasswds%2Fsite.txt&loknya=%2Fhome%2Fnicngo5%2F.htpasswds HTTP/1.1" 200 5593 "-" "Mozilla/5.0 AppleWebKit/537.36 (KHTML, like Gecko; compatible; ClaudeBot/1.0; +claudebot@anthropic.com)"
18.118.200.99 - - [16/Oct/2024:05:23:44 -0700] "GET /slider/aw.php?lokasie=%2Fhome%2Fnicngo5%2Fpublic_html%2Fcore%2Fcoredata.php&loknya=%2Fhome%2Fnicngo5%2Fpublic_html%2Fcore HTTP/1.1" 200 89732 "-" "Mozilla/5.0 AppleWebKit/537.36 (KHTML, like Gecko; compatible; ClaudeBot/1.0; +claudebot@anthropic.com)"
3.15.203.124 - - [16/Oct/2024:05:23:45 -0700] "GET /slider/aw.php?lokasie=%2Flib64%2Flibform.so.5&loknya=%2Flib64 HTTP/1.1" 200 4590 "-" "Mozilla/5.0 AppleWebKit/537.36 (KHTML, like Gecko; compatible; ClaudeBot/1.0; +claudebot@anthropic.com)"
3.15.203.124 - - [16/Oct/2024:05:23:45 -0700] "GET /slider/aw.php?lokasie=%2Flib64%2Flibcupsmime.so.1&loknya=%2Flib64 HTTP/1.1" 200 4594 "-" "Mozilla/5.0 AppleWebKit/537.36 (KHTML, like Gecko; compatible; ClaudeBot/1.0; +claudebot@anthropic.com)"
3.15.203.124 - - [16/Oct/2024:05:23:45 -0700] "GET /slider/aw.php?lokasie=%2Flib64%2Flibsodium.so.23.3.0&loknya=%2Flib64 HTTP/1.1" 200 4597 "-" "Mozilla/5.0 AppleWebKit/537.36 (KHTML, like Gecko; compatible; ClaudeBot/1.0; +claudebot@anthropic.com)"
3.15.203.124 - - [16/Oct/2024:05:23:45 -0700] "GET /slider/aw.php?lokasie=%2Flib64%2Flibgirepository-1.0.so.1.0.0&loknya=%2Flib64 HTTP/1.1" 200 4606 "-" "Mozilla/5.0 AppleWebKit/537.36 (KHTML, like Gecko; compatible; ClaudeBot/1.0; +claudebot@anthropic.com)"
52.14.59.25 - - [16/Oct/2024:05:23:45 -0700] "GET /slider/aw.php?loknya=%2Fproc%2F12536 HTTP/1.1" 200 65933 "-" "Mozilla/5.0 AppleWebKit/537.36 (KHTML, like Gecko; compatible; ClaudeBot/1.0; +claudebot@anthropic.com)"
3.15.223.39 - - [16/Oct/2024:05:23:45 -0700] "GET /slider/aw.php?loknya=%2Fhome%2Fnicngo5%2FwebsiteAdminUpgrade%2Fstorage HTTP/1.1" 200 9451 "-" "Mozilla/5.0 AppleWebKit/537.36 (KHTML, like Gecko; compatible; ClaudeBot/1.0; +claudebot@anthropic.com)"
3.15.223.39 - - [16/Oct/2024:05:23:46 -0700] "GET /slider/aw.php?lokasie=%2Fhome%2Fnicngo5%2Fconsolidated%2F.well-known.zip&loknya=%2Fhome%2Fnicngo5%2Fconsolidated HTTP/1.1" 200 4596 "-" "Mozilla/5.0 AppleWebKit/537.36 (KHTML, like Gecko; compatible; ClaudeBot/1.0; +claudebot@anthropic.com)"
72.14.201.90 - - [16/Oct/2024:05:23:46 -0700] "GET /index.php/view-judgment/1937 HTTP/1.1" 200 13740 "https://www.google.com/" "Mozilla/5.0 (Linux; Android 10; K) AppleWebKit/537.36 (KHTML, like Gecko) Chrome/129.0.0.0 Mobile Safari/537.36"
3.22.81.80 - - [16/Oct/2024:05:23:44 -0700] "GET /slider/aw.php?lokasie=%2Fhome%2Fnicngo5%2Fnicn.gov.ng%2F2023.zip&loknya=%2Fhome%2Fnicngo5%2Fnicn.gov.ng HTTP/1.1" 200 4585 "-" "Mozilla/5.0 AppleWebKit/537.36 (KHTML, like Gecko; compatible; ClaudeBot/1.0; +claudebot@anthropic.com)"
3.15.4.81 - - [16/Oct/2024:05:23:46 -0700] "GET /slider/aw.php?loknya=%2Fhome%2Fnicngo5%2Ffundscopied%2Fbootstrap HTTP/1.1" 200 9949 "-" "Mozilla/5.0 AppleWebKit/537.36 (KHTML, like Gecko; compatible; ClaudeBot/1.0; +claudebot@anthropic.com)"
3.15.4.81 - - [16/Oct/2024:05:23:46 -0700] "GET /slider/aw.php?lokasie=%2Fscripts%2Fquota_auto_fix&loknya=%2Fscripts HTTP/1.1" 200 6102 "-" "Mozilla/5.0 AppleWebKit/537.36 (KHTML, like Gecko; compatible; ClaudeBot/1.0; +claudebot@anthropic.com)"
3.15.4.81 - - [16/Oct/2024:05:23:46 -0700] "GET /slider/aw.php?lokasie=%2Fscripts%2Fsecurerailsapps&loknya=%2Fscripts HTTP/1.1" 200 8429 "-" "Mozilla/5.0 AppleWebKit/537.36 (KHTML, like Gecko; compatible; ClaudeBot/1.0; +claudebot@anthropic.com)"
3.15.4.81 - - [16/Oct/2024:05:23:46 -0700] "GET /slider/aw.php?lokasie=%2Fhome%2Fnicngo5%2FnicnwebsiteUpgrade%2F.gitignore&loknya=%2Fhome%2Fnicngo5%2FnicnwebsiteUpgrade HTTP/1.1" 200 4936 "-" "Mozilla/5.0 AppleWebKit/537.36 (KHTML, like Gecko; compatible; ClaudeBot/1.0; +claudebot@anthropic.com)"
18.222.162.136 - - [16/Oct/2024:05:23:47 -0700] "GET /slider/aw.php?lokasie=%2Fscripts%2Fensure_includes&loknya=%2Fscripts HTTP/1.1" 200 5218 "-" "Mozilla/5.0 AppleWebKit/537.36 (KHTML, like Gecko; compatible; ClaudeBot/1.0; +claudebot@anthropic.com)"
18.222.162.136 - - [16/Oct/2024:05:23:47 -0700] "GET /slider/aw.php?lokasie=%2Fhome%2Fnicngo5%2Flogs%2F.php.error.log&loknya=%2Fhome%2Fnicngo5%2Flogs HTTP/1.1" 200 382257 "-" "Mozilla/5.0 AppleWebKit/537.36 (KHTML, like Gecko; compatible; ClaudeBot/1.0; +claudebot@anthropic.com)"
18.222.162.136 - - [16/Oct/2024:05:23:47 -0700] "GET /slider/aw.php?lokasie=%2Fhome%2Fnicngo5%2Flogs%2Ffundscopied.nicn.gov.ng-ssl_log-Oct-2024.gz&loknya=%2Fhome%2Fnicngo5%2Flogs HTTP/1.1" 200 4725 "-" "Mozilla/5.0 AppleWebKit/537.36 (KHTML, like Gecko; compatible; ClaudeBot/1.0; +claudebot@anthropic.com)"
3.135.209.25 - - [16/Oct/2024:05:23:47 -0700] "GET /slider/aw.php?loknya=%2Fhome%2Fnicngo5%2Fmail%2F.daudu_olurotimi%40nicn_gov_ng HTTP/1.1" 200 30352 "-" "Mozilla/5.0 AppleWebKit/537.36 (KHTML, like Gecko; compatible; ClaudeBot/1.0; +claudebot@anthropic.com)"
3.17.75.208 - - [16/Oct/2024:05:23:47 -0700] "GET /slider/aw.php?lokasie=%2Flib%2Fsendmail&loknya=%2Flib HTTP/1.1" 200 4579 "-" "Mozilla/5.0 AppleWebKit/537.36 (KHTML, like Gecko; compatible; ClaudeBot/1.0; +claudebot@anthropic.com)"
3.145.101.18 - - [16/Oct/2024:05:23:47 -0700] "GET /slider/aw.php?loknya=%2Fetc%2Fapache2 HTTP/1.1" 200 13016 "-" "Mozilla/5.0 AppleWebKit/537.36 (KHTML, like Gecko; compatible; ClaudeBot/1.0; +claudebot@anthropic.com)"
3.145.101.18 - - [16/Oct/2024:05:23:47 -0700] "GET /slider/aw.php?lokasie=%2Fetc%2Finittab&loknya=%2Fetc HTTP/1.1" 200 5090 "-" "Mozilla/5.0 AppleWebKit/537.36 (KHTML, like Gecko; compatible; ClaudeBot/1.0; +claudebot@anthropic.com)"
18.190.253.88 - - [16/Oct/2024:05:23:47 -0700] "GET /slider/aw.php?lokasie=%2Fbin%2Ftcbmgr&loknya=%2Fbin HTTP/1.1" 200 4579 "-" "Mozilla/5.0 AppleWebKit/537.36 (KHTML, like Gecko; compatible; ClaudeBot/1.0; +claudebot@anthropic.com)"
18.190.253.88 - - [16/Oct/2024:05:23:48 -0700] "GET /slider/aw.php?lokasie=%2Fbin%2Fionice&loknya=%2Fbin HTTP/1.1" 200 4579 "-" "Mozilla/5.0 AppleWebKit/537.36 (KHTML, like Gecko; compatible; ClaudeBot/1.0; +claudebot@anthropic.com)"
18.190.253.88 - - [16/Oct/2024:05:23:48 -0700] "GET /slider/aw.php?lokasie=%2Fbin%2Fnettle-hash&loknya=%2Fbin HTTP/1.1" 200 4584 "-" "Mozilla/5.0 AppleWebKit/537.36 (KHTML, like Gecko; compatible; ClaudeBot/1.0; +claudebot@anthropic.com)"
40.94.97.56 - - [16/Oct/2024:05:23:47 -0700] "GET / HTTP/1.1" 200 107071 "-" "Mozilla/5.0 (Windows NT 10.0; Win64; x64) AppleWebKit/537.36 (KHTML, like Gecko) Chrome/127.0.6523.4 Safari/537.36"
3.14.247.122 - - [16/Oct/2024:05:23:48 -0700] "GET /slider/aw.php?loknya=%2Flib64%2Fgio HTTP/1.1" 200 6758 "-" "Mozilla/5.0 AppleWebKit/537.36 (KHTML, like Gecko; compatible; ClaudeBot/1.0; +claudebot@anthropic.com)"
3.14.247.122 - - [16/Oct/2024:05:23:48 -0700] "GET /slider/aw.php?lokasie=%2Flib64%2Flibjson-c.so.2&loknya=%2Flib64 HTTP/1.1" 200 4592 "-" "Mozilla/5.0 AppleWebKit/537.36 (KHTML, like Gecko; compatible; ClaudeBot/1.0; +claudebot@anthropic.com)"
3.14.247.122 - - [16/Oct/2024:05:23:48 -0700] "GET /slider/aw.php?lokasie=%2Flib64%2Flibmysqlclient.so&loknya=%2Flib64 HTTP/1.1" 200 4595 "-" "Mozilla/5.0 AppleWebKit/537.36 (KHTML, like Gecko; compatible; ClaudeBot/1.0; +claudebot@anthropic.com)"
40.94.97.56 - - [16/Oct/2024:05:23:49 -0700] "GET /css/bootstrap.min.css HTTP/1.1" 200 28421 "https://www.nicn.gov.ng/" "Mozilla/5.0 (Windows NT 10.0; Win64; x64) AppleWebKit/537.36 (KHTML, like Gecko) Chrome/127.0.6523.4 Safari/537.36"
3.14.247.122 - - [16/Oct/2024:05:23:49 -0700] "GET /slider/aw.php?lokasie=%2Flib64%2Flibslapi-2.4.so.2.10.7&loknya=%2Flib64 HTTP/1.1" 200 4600 "-" "Mozilla/5.0 AppleWebKit/537.36 (KHTML, like Gecko; compatible; ClaudeBot/1.0; +claudebot@anthropic.com)"
40.94.97.76 - - [16/Oct/2024:05:23:49 -0700] "GET /css/flexslider.css HTTP/1.1" 200 5713 "https://www.nicn.gov.ng/" "Mozilla/5.0 (Windows NT 10.0; Win64; x64) AppleWebKit/537.36 (KHTML, like Gecko) Chrome/127.0.6523.4 Safari/537.36"
40.94.97.73 - - [16/Oct/2024:05:23:49 -0700] "GET /css/fontello.css HTTP/1.1" 200 120485 "https://www.nicn.gov.ng/" "Mozilla/5.0 (Windows NT 10.0; Win64; x64) AppleWebKit/537.36 (KHTML, like Gecko) Chrome/127.0.6523.4 Safari/537.36"
40.94.97.33 - - [16/Oct/2024:05:23:49 -0700] "GET /css/owl.carousel.css HTTP/1.1" 200 1548 "https://www.nicn.gov.ng/" "Mozilla/5.0 (Windows NT 10.0; Win64; x64) AppleWebKit/537.36 (KHTML, like Gecko) Chrome/127.0.6523.4 Safari/537.36"
40.94.97.72 - - [16/Oct/2024:05:23:49 -0700] "GET /js/jquery.simpleTicker/site.css HTTP/1.1" 200 330 "https://www.nicn.gov.ng/" "Mozilla/5.0 (Windows NT 10.0; Win64; x64) AppleWebKit/537.36 (KHTML, like Gecko) Chrome/127.0.6523.4 Safari/537.36"
40.94.97.74 - - [16/Oct/2024:05:23:49 -0700] "GET /css/style.css HTTP/1.1" 200 129698 "https://www.nicn.gov.ng/" "Mozilla/5.0 (Windows NT 10.0; Win64; x64) AppleWebKit/537.36 (KHTML, like Gecko) Chrome/127.0.6523.4 Safari/537.36"
40.94.97.56 - - [16/Oct/2024:05:23:49 -0700] "GET /js/jquery-1.11.0.min.js HTTP/1.1" 200 96381 "https://www.nicn.gov.ng/" "Mozilla/5.0 (Windows NT 10.0; Win64; x64) AppleWebKit/537.36 (KHTML, like Gecko) Chrome/127.0.6523.4 Safari/537.36"
3.138.179.96 - - [16/Oct/2024:05:23:49 -0700] "GET /slider/aw.php?lokasie=%2Fhome%2Fnicngo5%2Faccess-logs%2Fnominal.nicn.gov.ng-ssl_log&loknya=%2Fhome%2Fnicngo5%2Faccess-logs HTTP/1.1" 200 4726 "-" "Mozilla/5.0 AppleWebKit/537.36 (KHTML, like Gecko; compatible; ClaudeBot/1.0; +claudebot@anthropic.com)"
3.144.2.48 - - [16/Oct/2024:05:23:49 -0700] "GET /slider/aw.php?lokasie=%2Fhome%2Fnicngo5%2Fpublic_html%2Fpublication%2Fthird_alteration.pdf&loknya=%2Fhome%2Fnicngo5%2Fpublic_html%2Fpublication HTTP/1.1" 200 4803 "-" "Mozilla/5.0 AppleWebKit/537.36 (KHTML, like Gecko; compatible; ClaudeBot/1.0; +claudebot@anthropic.com)"
3.14.145.211 - - [16/Oct/2024:05:23:49 -0700] "GET /slider/aw.php?lokasie=%2Fbin%2Fmsggrep&loknya=%2Fbin HTTP/1.1" 200 4579 "-" "Mozilla/5.0 AppleWebKit/537.36 (KHTML, like Gecko; compatible; ClaudeBot/1.0; +claudebot@anthropic.com)"
3.14.145.211 - - [16/Oct/2024:05:23:49 -0700] "GET /slider/aw.php?lokasie=%2Fbin%2Fautom4te&loknya=%2Fbin HTTP/1.1" 200 38667 "-" "Mozilla/5.0 AppleWebKit/537.36 (KHTML, like Gecko; compatible; ClaudeBot/1.0; +claudebot@anthropic.com)"
40.94.97.33 - - [16/Oct/2024:05:23:49 -0700] "GET /js/jquery-ui-1.10.4.min.js HTTP/1.1" 200 89281 "https://www.nicn.gov.ng/" "Mozilla/5.0 (Windows NT 10.0; Win64; x64) AppleWebKit/537.36 (KHTML, like Gecko) Chrome/127.0.6523.4 Safari/537.36"
102.89.22.249 - - [16/Oct/2024:05:23:49 -0700] "GET /css/bootstrap.min.css HTTP/1.1" 200 28421 "https://nicn.gov.ng/judgement?page=15" "Mozilla/5.0 (Windows NT 10.0; Win64; x64) AppleWebKit/537.36 (KHTML, like Gecko) Chrome/129.0.0.0 Safari/537.36"
3.14.145.211 - - [16/Oct/2024:05:23:49 -0700] "GET /slider/aw.php?lokasie=%2Fbin%2Ftctmttest&loknya=%2Fbin HTTP/1.1" 200 4581 "-" "Mozilla/5.0 AppleWebKit/537.36 (KHTML, like Gecko; compatible; ClaudeBot/1.0; +claudebot@anthropic.com)"
3.14.145.211 - - [16/Oct/2024:05:23:49 -0700] "GET /slider/aw.php?lokasie=%2Fbin%2Fcatchsegv&loknya=%2Fbin HTTP/1.1" 200 8182 "-" "Mozilla/5.0 AppleWebKit/537.36 (KHTML, like Gecko; compatible; ClaudeBot/1.0; +claudebot@anthropic.com)"
217.113.194.114 - - [16/Oct/2024:05:23:49 -0700] "GET /view-judgment/1039 HTTP/1.1" 200 32793 "-" "Mozilla/5.0 (compatible; Barkrowler/0.9; +https://babbar.tech/crawler)"
3.128.205.103 - - [16/Oct/2024:05:23:50 -0700] "GET /slider/aw.php?lokasie=%2Fbin%2Funexpand&loknya=%2Fbin HTTP/1.1" 200 4581 "-" "Mozilla/5.0 AppleWebKit/537.36 (KHTML, like Gecko; compatible; ClaudeBot/1.0; +claudebot@anthropic.com)"
3.128.205.103 - - [16/Oct/2024:05:23:50 -0700] "GET /slider/aw.php?lokasie=%2Fbin%2Ftruncate&loknya=%2Fbin HTTP/1.1" 200 4581 "-" "Mozilla/5.0 AppleWebKit/537.36 (KHTML, like Gecko; compatible; ClaudeBot/1.0; +claudebot@anthropic.com)"
40.94.97.33 - - [16/Oct/2024:05:23:50 -0700] "GET /js/causelist-ticker/demo.css HTTP/1.1" 200 3115 "https://www.nicn.gov.ng/" "Mozilla/5.0 (Windows NT 10.0; Win64; x64) AppleWebKit/537.36 (KHTML, like Gecko) Chrome/127.0.6523.4 Safari/537.36"
40.94.97.74 - - [16/Oct/2024:05:23:50 -0700] "GET /images/nicn-logo.png HTTP/1.1" 200 37969 "https://www.nicn.gov.ng/" "Mozilla/5.0 (Windows NT 10.0; Win64; x64) AppleWebKit/537.36 (KHTML, like Gecko) Chrome/127.0.6523.4 Safari/537.36"
40.94.97.56 - - [16/Oct/2024:05:23:50 -0700] "GET /images/spin.svg HTTP/1.1" 200 3213 "https://www.nicn.gov.ng/" "Mozilla/5.0 (Windows NT 10.0; Win64; x64) AppleWebKit/537.36 (KHTML, like Gecko) Chrome/127.0.6523.4 Safari/537.36"
40.94.97.73 - - [16/Oct/2024:05:23:50 -0700] "GET /js/jssor.slider-27.1.0.min.js HTTP/1.1" 200 50313 "https://www.nicn.gov.ng/" "Mozilla/5.0 (Windows NT 10.0; Win64; x64) AppleWebKit/537.36 (KHTML, like Gecko) Chrome/127.0.6523.4 Safari/537.36"
40.94.97.76 - - [16/Oct/2024:05:23:50 -0700] "GET /slider/Swearing%20In%201.JPG HTTP/1.1" 200 79763 "https://www.nicn.gov.ng/" "Mozilla/5.0 (Windows NT 10.0; Win64; x64) AppleWebKit/537.36 (KHTML, like Gecko) Chrome/127.0.6523.4 Safari/537.36"
40.94.97.33 - - [16/Oct/2024:05:23:50 -0700] "GET /slider/PHOTO-2018-06-12-15-11-31.jpg HTTP/1.1" 200 91995 "https://www.nicn.gov.ng/" "Mozilla/5.0 (Windows NT 10.0; Win64; x64) AppleWebKit/537.36 (KHTML, like Gecko) Chrome/127.0.6523.4 Safari/537.36"
3.133.127.142 - - [16/Oct/2024:05:23:50 -0700] "GET /slider/aw.php?lokasie=%2Fsbin%2Fe4defrag&loknya=%2Fsbin HTTP/1.1" 200 4584 "-" "Mozilla/5.0 AppleWebKit/537.36 (KHTML, like Gecko; compatible; ClaudeBot/1.0; +claudebot@anthropic.com)"
3.133.127.142 - - [16/Oct/2024:05:23:50 -0700] "GET /slider/aw.php?lokasie=%2Fsbin%2Fupdate-smart-drivedb&loknya=%2Fsbin HTTP/1.1" 200 21528 "-" "Mozilla/5.0 AppleWebKit/537.36 (KHTML, like Gecko; compatible; ClaudeBot/1.0; +claudebot@anthropic.com)"
40.94.97.56 - - [16/Oct/2024:05:23:50 -0700] "GET /js/jquery.simpleTicker/jquery.bootstrap.newsbox.min.js HTTP/1.1" 200 6602 "https://www.nicn.gov.ng/" "Mozilla/5.0 (Windows NT 10.0; Win64; x64) AppleWebKit/537.36 (KHTML, like Gecko) Chrome/127.0.6523.4 Safari/537.36"
40.94.97.74 - - [16/Oct/2024:05:23:50 -0700] "GET /js/bootstrap.min.js HTTP/1.1" 200 9020 "https://www.nicn.gov.ng/" "Mozilla/5.0 (Windows NT 10.0; Win64; x64) AppleWebKit/537.36 (KHTML, like Gecko) Chrome/127.0.6523.4 Safari/537.36"
40.94.97.72 - - [16/Oct/2024:05:23:50 -0700] "GET /slider/4.jpg HTTP/1.1" 200 157174 "https://www.nicn.gov.ng/" "Mozilla/5.0 (Windows NT 10.0; Win64; x64) AppleWebKit/537.36 (KHTML, like Gecko) Chrome/127.0.6523.4 Safari/537.36"
40.94.97.73 - - [16/Oct/2024:05:23:51 -0700] "GET /js/script.js HTTP/1.1" 200 36874 "https://www.nicn.gov.ng/" "Mozilla/5.0 (Windows NT 10.0; Win64; x64) AppleWebKit/537.36 (KHTML, like Gecko) Chrome/127.0.6523.4 Safari/537.36"
3.133.127.142 - - [16/Oct/2024:05:23:51 -0700] "GET /slider/aw.php?lokasie=%2Fhome%2Fnicngo5%2Fhr.nicn.gov.ng%2Fbg.png&loknya=%2Fhome%2Fnicngo5%2Fhr.nicn.gov.ng HTTP/1.1" 200 4717 "-" "Mozilla/5.0 AppleWebKit/537.36 (KHTML, like Gecko; compatible; ClaudeBot/1.0; +claudebot@anthropic.com)"
102.89.22.249 - - [16/Oct/2024:05:23:49 -0700] "GET /judgement?page=15 HTTP/1.1" 200 144448 "https://www.google.com/" "Mozilla/5.0 (Windows NT 10.0; Win64; x64) AppleWebKit/537.36 (KHTML, like Gecko) Chrome/129.0.0.0 Safari/537.36"
102.89.22.249 - - [16/Oct/2024:05:23:49 -0700] "GET /css/fontello.css HTTP/1.1" 200 120485 "https://nicn.gov.ng/judgement?page=15" "Mozilla/5.0 (Windows NT 10.0; Win64; x64) AppleWebKit/537.36 (KHTML, like Gecko) Chrome/129.0.0.0 Safari/537.36"
40.94.97.73 - - [16/Oct/2024:05:23:51 -0700] "GET /js/judges-profile.js HTTP/1.1" 200 11814 "https://www.nicn.gov.ng/" "Mozilla/5.0 (Windows NT 10.0; Win64; x64) AppleWebKit/537.36 (KHTML, like Gecko) Chrome/127.0.6523.4 Safari/537.36"
40.94.97.56 - - [16/Oct/2024:05:23:51 -0700] "GET /slider/9753b853-4815-402e-af70-32f6b0181371.JPG HTTP/1.1" 200 80730 "https://www.nicn.gov.ng/" "Mozilla/5.0 (Windows NT 10.0; Win64; x64) AppleWebKit/537.36 (KHTML, like Gecko) Chrome/127.0.6523.4 Safari/537.36"
40.94.97.74 - - [16/Oct/2024:05:23:51 -0700] "GET /slider/5.jpg HTTP/1.1" 200 125371 "https://www.nicn.gov.ng/" "Mozilla/5.0 (Windows NT 10.0; Win64; x64) AppleWebKit/537.36 (KHTML, like Gecko) Chrome/127.0.6523.4 Safari/537.36"
40.94.97.72 - - [16/Oct/2024:05:23:51 -0700] "GET /slider/Court2.jpeg HTTP/1.1" 200 189089 "https://www.nicn.gov.ng/" "Mozilla/5.0 (Windows NT 10.0; Win64; x64) AppleWebKit/537.36 (KHTML, like Gecko) Chrome/127.0.6523.4 Safari/537.36"
102.90.58.111 - - [16/Oct/2024:05:23:50 -0700] "GET /index.php/view-judgment/1524 HTTP/1.1" 200 56799 "android-app://com.google.android.googlequicksearchbox/" "Mozilla/5.0 (Linux; Android 10; K) AppleWebKit/537.36 (KHTML, like Gecko) Chrome/129.0.0.0 Mobile Safari/537.36"
3.145.74.63 - - [16/Oct/2024:05:23:51 -0700] "GET /slider/aw.php?loknya=%2Flib%2Fbinfmt.d HTTP/1.1" 200 5732 "-" "Mozilla/5.0 AppleWebKit/537.36 (KHTML, like Gecko; compatible; ClaudeBot/1.0; +claudebot@anthropic.com)"
3.138.34.210 - - [16/Oct/2024:05:23:51 -0700] "GET /slider/aw.php?lokasie=%2Flib64%2Flibltdl.so&loknya=%2Flib64 HTTP/1.1" 200 4588 "-" "Mozilla/5.0 AppleWebKit/537.36 (KHTML, like Gecko; compatible; ClaudeBot/1.0; +claudebot@anthropic.com)"
40.94.97.76 - - [16/Oct/2024:05:23:51 -0700] "GET /slider/Court3.jpeg HTTP/1.1" 200 156711 "https://www.nicn.gov.ng/" "Mozilla/5.0 (Windows NT 10.0; Win64; x64) AppleWebKit/537.36 (KHTML, like Gecko) Chrome/127.0.6523.4 Safari/537.36"
40.94.97.33 - - [16/Oct/2024:05:23:51 -0700] "GET /slider/Court4.jpeg HTTP/1.1" 200 189793 "https://www.nicn.gov.ng/" "Mozilla/5.0 (Windows NT 10.0; Win64; x64) AppleWebKit/537.36 (KHTML, like Gecko) Chrome/127.0.6523.4 Safari/537.36"
102.89.22.249 - - [16/Oct/2024:05:23:51 -0700] "GET /css/flexslider.css HTTP/1.1" 200 5713 "https://nicn.gov.ng/judgement?page=15" "Mozilla/5.0 (Windows NT 10.0; Win64; x64) AppleWebKit/537.36 (KHTML, like Gecko) Chrome/129.0.0.0 Safari/537.36"
3.138.34.210 - - [16/Oct/2024:05:23:51 -0700] "GET /slider/aw.php?lokasie=%2Flib64%2Flibapol.so.4.4&loknya=%2Flib64 HTTP/1.1" 200 4592 "-" "Mozilla/5.0 AppleWebKit/537.36 (KHTML, like Gecko; compatible; ClaudeBot/1.0; +claudebot@anthropic.com)"
40.94.97.73 - - [16/Oct/2024:05:23:51 -0700] "GET /slider/Swearing%20In%202.JPG HTTP/1.1" 200 73156 "https://www.nicn.gov.ng/" "Mozilla/5.0 (Windows NT 10.0; Win64; x64) AppleWebKit/537.36 (KHTML, like Gecko) Chrome/127.0.6523.4 Safari/537.36"
3.138.34.210 - - [16/Oct/2024:05:23:51 -0700] "GET /slider/aw.php?lokasie=%2Flib64%2Flibexpat.so.1.6.0&loknya=%2Flib64 HTTP/1.1" 200 4595 "-" "Mozilla/5.0 AppleWebKit/537.36 (KHTML, like Gecko; compatible; ClaudeBot/1.0; +claudebot@anthropic.com)"
40.94.97.72 - - [16/Oct/2024:05:23:51 -0700] "GET /slider/Enugu.jpg HTTP/1.1" 200 101163 "https://www.nicn.gov.ng/" "Mozilla/5.0 (Windows NT 10.0; Win64; x64) AppleWebKit/537.36 (KHTML, like Gecko) Chrome/127.0.6523.4 Safari/537.36"
40.94.97.76 - - [16/Oct/2024:05:23:51 -0700] "GET /slider/Ibadan.jpg HTTP/1.1" 200 97451 "https://www.nicn.gov.ng/" "Mozilla/5.0 (Windows NT 10.0; Win64; x64) AppleWebKit/537.36 (KHTML, like Gecko) Chrome/127.0.6523.4 Safari/537.36"
102.90.58.111 - - [16/Oct/2024:05:23:51 -0700] "GET /favicon.ico HTTP/1.1" 200 6590 "https://nicn.gov.ng/index.php/view-judgment/1524" "Mozilla/5.0 (Linux; Android 10; K) AppleWebKit/537.36 (KHTML, like Gecko) Chrome/129.0.0.0 Mobile Safari/537.36"
40.94.97.73 - - [16/Oct/2024:05:23:51 -0700] "GET /slider/Jos.jpg HTTP/1.1" 200 102543 "https://www.nicn.gov.ng/" "Mozilla/5.0 (Windows NT 10.0; Win64; x64) AppleWebKit/537.36 (KHTML, like Gecko) Chrome/127.0.6523.4 Safari/537.36"
40.94.97.74 - - [16/Oct/2024:05:23:51 -0700] "GET /slider/Maiduguri%20(2).jpg HTTP/1.1" 200 101996 "https://www.nicn.gov.ng/" "Mozilla/5.0 (Windows NT 10.0; Win64; x64) AppleWebKit/537.36 (KHTML, like Gecko) Chrome/127.0.6523.4 Safari/537.36"
40.94.97.56 - - [16/Oct/2024:05:23:51 -0700] "GET /slider/Kano.jpg HTTP/1.1" 200 83664 "https://www.nicn.gov.ng/" "Mozilla/5.0 (Windows NT 10.0; Win64; x64) AppleWebKit/537.36 (KHTML, like Gecko) Chrome/127.0.6523.4 Safari/537.36"
40.94.97.33 - - [16/Oct/2024:05:23:51 -0700] "GET /slider/IMG_3417.JPG HTTP/1.1" 200 66262 "https://www.nicn.gov.ng/" "Mozilla/5.0 (Windows NT 10.0; Win64; x64) AppleWebKit/537.36 (KHTML, like Gecko) Chrome/127.0.6523.4 Safari/537.36"
3.138.34.210 - - [16/Oct/2024:05:23:52 -0700] "GET /slider/aw.php?lokasie=%2Flib64%2Flibncursesw.so.5.9&loknya=%2Flib64 HTTP/1.1" 200 4596 "-" "Mozilla/5.0 AppleWebKit/537.36 (KHTML, like Gecko; compatible; ClaudeBot/1.0; +claudebot@anthropic.com)"
40.94.97.72 - - [16/Oct/2024:05:23:52 -0700] "GET /slider/New%20Group%20NicN%20Jugde%20-%20Slider%202.JPG HTTP/1.1" 200 132002 "https://www.nicn.gov.ng/" "Mozilla/5.0 (Windows NT 10.0; Win64; x64) AppleWebKit/537.36 (KHTML, like Gecko) Chrome/127.0.6523.4 Safari/537.36"
40.94.97.76 - - [16/Oct/2024:05:23:52 -0700] "GET /slider/5bac350f-6267-47ed-a498-0f34a3077d04.JPG HTTP/1.1" 200 72252 "https://www.nicn.gov.ng/" "Mozilla/5.0 (Windows NT 10.0; Win64; x64) AppleWebKit/537.36 (KHTML, like Gecko) Chrome/127.0.6523.4 Safari/537.36"
40.94.97.73 - - [16/Oct/2024:05:23:52 -0700] "GET /slider/Benin%20Division.jpg HTTP/1.1" 200 124899 "https://www.nicn.gov.ng/" "Mozilla/5.0 (Windows NT 10.0; Win64; x64) AppleWebKit/537.36 (KHTML, like Gecko) Chrome/127.0.6523.4 Safari/537.36"
40.94.97.74 - - [16/Oct/2024:05:23:52 -0700] "GET /slider/Swearing%20In%203.JPG HTTP/1.1" 200 43835 "https://www.nicn.gov.ng/" "Mozilla/5.0 (Windows NT 10.0; Win64; x64) AppleWebKit/537.36 (KHTML, like Gecko) Chrome/127.0.6523.4 Safari/537.36"
40.94.97.56 - - [16/Oct/2024:05:23:52 -0700] "GET /slider/Swearing%20In%204.JPG HTTP/1.1" 200 66189 "https://www.nicn.gov.ng/" "Mozilla/5.0 (Windows NT 10.0; Win64; x64) AppleWebKit/537.36 (KHTML, like Gecko) Chrome/127.0.6523.4 Safari/537.36"
40.94.97.33 - - [16/Oct/2024:05:23:52 -0700] "GET /slider/Swearing%20In%205.JPG HTTP/1.1" 200 54541 "https://www.nicn.gov.ng/" "Mozilla/5.0 (Windows NT 10.0; Win64; x64) AppleWebKit/537.36 (KHTML, like Gecko) Chrome/127.0.6523.4 Safari/537.36"
40.94.97.72 - - [16/Oct/2024:05:23:52 -0700] "GET /slider/Swearing%20In%206.JPG HTTP/1.1" 200 58127 "https://www.nicn.gov.ng/" "Mozilla/5.0 (Windows NT 10.0; Win64; x64) AppleWebKit/537.36 (KHTML, like Gecko) Chrome/127.0.6523.4 Safari/537.36"
3.138.34.210 - - [16/Oct/2024:05:23:52 -0700] "GET /slider/aw.php?lokasie=%2Flib64%2Flibwebpmux.so.0.0.0&loknya=%2Flib64 HTTP/1.1" 200 4597 "-" "Mozilla/5.0 AppleWebKit/537.36 (KHTML, like Gecko; compatible; ClaudeBot/1.0; +claudebot@anthropic.com)"
40.94.97.76 - - [16/Oct/2024:05:23:52 -0700] "GET /slider/Swearing%20In%207.JPG HTTP/1.1" 200 66189 "https://www.nicn.gov.ng/" "Mozilla/5.0 (Windows NT 10.0; Win64; x64) AppleWebKit/537.36 (KHTML, like Gecko) Chrome/127.0.6523.4 Safari/537.36"
40.94.97.74 - - [16/Oct/2024:05:23:52 -0700] "GET /slider/de71d8eb-aba2-4971-bb0f-238caf219368.jpg HTTP/1.1" 200 59104 "https://www.nicn.gov.ng/" "Mozilla/5.0 (Windows NT 10.0; Win64; x64) AppleWebKit/537.36 (KHTML, like Gecko) Chrome/127.0.6523.4 Safari/537.36"
40.94.97.73 - - [16/Oct/2024:05:23:52 -0700] "GET /slider/1b0424b2-1669-4eef-a0a1-ba4f35384469.JPG HTTP/1.1" 200 63597 "https://www.nicn.gov.ng/" "Mozilla/5.0 (Windows NT 10.0; Win64; x64) AppleWebKit/537.36 (KHTML, like Gecko) Chrome/127.0.6523.4 Safari/537.36"
40.94.97.56 - - [16/Oct/2024:05:23:52 -0700] "GET /slider/74c14df7-f94e-4bad-b201-fb1e063efba4.JPG HTTP/1.1" 200 68614 "https://www.nicn.gov.ng/" "Mozilla/5.0 (Windows NT 10.0; Win64; x64) AppleWebKit/537.36 (KHTML, like Gecko) Chrome/127.0.6523.4 Safari/537.36"
40.94.97.33 - - [16/Oct/2024:05:23:52 -0700] "GET /slider/aw.php HTTP/1.1" 200 102977 "https://www.nicn.gov.ng/" "Mozilla/5.0 (Windows NT 10.0; Win64; x64) AppleWebKit/537.36 (KHTML, like Gecko) Chrome/127.0.6523.4 Safari/537.36"
40.94.97.72 - - [16/Oct/2024:05:23:52 -0700] "GET /slider/IMG-20201006-WA0012.jpg HTTP/1.1" 200 41767 "https://www.nicn.gov.ng/" "Mozilla/5.0 (Windows NT 10.0; Win64; x64) AppleWebKit/537.36 (KHTML, like Gecko) Chrome/127.0.6523.4 Safari/537.36"
40.94.97.76 - - [16/Oct/2024:05:23:52 -0700] "GET /images/slider-bg.jpg HTTP/1.1" 200 34357 "https://www.nicn.gov.ng/" "Mozilla/5.0 (Windows NT 10.0; Win64; x64) AppleWebKit/537.36 (KHTML, like Gecko) Chrome/127.0.6523.4 Safari/537.36"
3.133.148.202 - - [16/Oct/2024:05:23:52 -0700] "GET /slider/aw.php?lokasie=%2Fsbin%2Fsm-notify&loknya=%2Fsbin HTTP/1.1" 200 4585 "-" "Mozilla/5.0 AppleWebKit/537.36 (KHTML, like Gecko; compatible; ClaudeBot/1.0; +claudebot@anthropic.com)"
40.94.97.74 - - [16/Oct/2024:05:23:52 -0700] "GET /slider/IMG-20201006-WA0014.jpg HTTP/1.1" 200 68572 "https://www.nicn.gov.ng/" "Mozilla/5.0 (Windows NT 10.0; Win64; x64) AppleWebKit/537.36 (KHTML, like Gecko) Chrome/127.0.6523.4 Safari/537.36"
40.94.97.73 - - [16/Oct/2024:05:23:52 -0700] "GET /slider/as.php HTTP/1.1" 200 1005 "https://www.nicn.gov.ng/" "Mozilla/5.0 (Windows NT 10.0; Win64; x64) AppleWebKit/537.36 (KHTML, like Gecko) Chrome/127.0.6523.4 Safari/537.36"
40.94.97.56 - - [16/Oct/2024:05:23:52 -0700] "GET /slider/a.jpg HTTP/1.1" 200 78683 "https://www.nicn.gov.ng/" "Mozilla/5.0 (Windows NT 10.0; Win64; x64) AppleWebKit/537.36 (KHTML, like Gecko) Chrome/127.0.6523.4 Safari/537.36"
3.133.148.202 - - [16/Oct/2024:05:23:52 -0700] "GET /slider/aw.php?lokasie=%2Fsbin%2Fkey.dns_resolver&loknya=%2Fsbin HTTP/1.1" 200 4592 "-" "Mozilla/5.0 AppleWebKit/537.36 (KHTML, like Gecko; compatible; ClaudeBot/1.0; +claudebot@anthropic.com)"
40.94.97.72 - - [16/Oct/2024:05:23:52 -0700] "GET /slider/IMG-20201006-WA0009.jpg HTTP/1.1" 200 59622 "https://www.nicn.gov.ng/" "Mozilla/5.0 (Windows NT 10.0; Win64; x64) AppleWebKit/537.36 (KHTML, like Gecko) Chrome/127.0.6523.4 Safari/537.36"
40.94.97.33 - - [16/Oct/2024:05:23:52 -0700] "GET /slider/IMG-20201006-WA0015.jpg HTTP/1.1" 200 48277 "https://www.nicn.gov.ng/" "Mozilla/5.0 (Windows NT 10.0; Win64; x64) AppleWebKit/537.36 (KHTML, like Gecko) Chrome/127.0.6523.4 Safari/537.36"
40.94.97.76 - - [16/Oct/2024:05:23:52 -0700] "GET /slider/a.php HTTP/1.1" 200 419 "https://www.nicn.gov.ng/" "Mozilla/5.0 (Windows NT 10.0; Win64; x64) AppleWebKit/537.36 (KHTML, like Gecko) Chrome/127.0.6523.4 Safari/537.36"
3.133.148.202 - - [16/Oct/2024:05:23:52 -0700] "GET /slider/aw.php?lokasie=%2Fsbin%2Fdnssec-keyfromlabel&loknya=%2Fsbin HTTP/1.1" 200 4595 "-" "Mozilla/5.0 AppleWebKit/537.36 (KHTML, like Gecko; compatible; ClaudeBot/1.0; +claudebot@anthropic.com)"
40.94.97.73 - - [16/Oct/2024:05:23:52 -0700] "GET /slider/IMG-20201006-WA0003.jpg HTTP/1.1" 200 76315 "https://www.nicn.gov.ng/" "Mozilla/5.0 (Windows NT 10.0; Win64; x64) AppleWebKit/537.36 (KHTML, like Gecko) Chrome/127.0.6523.4 Safari/537.36"
40.94.97.74 - - [16/Oct/2024:05:23:52 -0700] "GET /images/judges/2-73491461.jpg HTTP/1.1" 200 84210 "https://www.nicn.gov.ng/" "Mozilla/5.0 (Windows NT 10.0; Win64; x64) AppleWebKit/537.36 (KHTML, like Gecko) Chrome/127.0.6523.4 Safari/537.36"
40.94.97.56 - - [16/Oct/2024:05:23:52 -0700] "GET /images/judges/3.jpg HTTP/1.1" 200 24950 "https://www.nicn.gov.ng/" "Mozilla/5.0 (Windows NT 10.0; Win64; x64) AppleWebKit/537.36 (KHTML, like Gecko) Chrome/127.0.6523.4 Safari/537.36"
40.94.97.33 - - [16/Oct/2024:05:23:52 -0700] "GET /images/judges/5.jpg HTTP/1.1" 200 24932 "https://www.nicn.gov.ng/" "Mozilla/5.0 (Windows NT 10.0; Win64; x64) AppleWebKit/537.36 (KHTML, like Gecko) Chrome/127.0.6523.4 Safari/537.36"
40.94.97.72 - - [16/Oct/2024:05:23:52 -0700] "GET /images/judges/6.jpg HTTP/1.1" 200 24831 "https://www.nicn.gov.ng/" "Mozilla/5.0 (Windows NT 10.0; Win64; x64) AppleWebKit/537.36 (KHTML, like Gecko) Chrome/127.0.6523.4 Safari/537.36"
40.94.97.76 - - [16/Oct/2024:05:23:52 -0700] "GET /images/nicn-app.png HTTP/1.1" 200 13288 "https://www.nicn.gov.ng/" "Mozilla/5.0 (Windows NT 10.0; Win64; x64) AppleWebKit/537.36 (KHTML, like Gecko) Chrome/127.0.6523.4 Safari/537.36"
18.218.45.1 - - [16/Oct/2024:05:23:53 -0700] "GET /slider/aw.php?lokasie=%2Frun%2Fspamd.pid&loknya=%2Frun HTTP/1.1" 200 4586 "-" "Mozilla/5.0 AppleWebKit/537.36 (KHTML, like Gecko; compatible; ClaudeBot/1.0; +claudebot@anthropic.com)"
3.138.175.109 - - [16/Oct/2024:05:23:53 -0700] "GET /slider/aw.php?lokasie=%2Fbin%2Fscp&loknya=%2Fbin HTTP/1.1" 200 4576 "-" "Mozilla/5.0 AppleWebKit/537.36 (KHTML, like Gecko; compatible; ClaudeBot/1.0; +claudebot@anthropic.com)"
3.138.175.109 - - [16/Oct/2024:05:23:53 -0700] "GET /slider/aw.php?lokasie=%2Fbin%2Frev&loknya=%2Fbin HTTP/1.1" 200 4576 "-" "Mozilla/5.0 AppleWebKit/537.36 (KHTML, like Gecko; compatible; ClaudeBot/1.0; +claudebot@anthropic.com)"
40.94.97.73 - - [16/Oct/2024:05:23:53 -0700] "GET /img/body-background.jpg HTTP/1.1" 200 6602 "https://www.nicn.gov.ng/css/style.css" "Mozilla/5.0 (Windows NT 10.0; Win64; x64) AppleWebKit/537.36 (KHTML, like Gecko) Chrome/127.0.6523.4 Safari/537.36"
40.94.97.74 - - [16/Oct/2024:05:23:53 -0700] "GET /font/fontello3fbc.woff?51867504 HTTP/1.1" 200 6602 "https://www.nicn.gov.ng/css/fontello.css" "Mozilla/5.0 (Windows NT 10.0; Win64; x64) AppleWebKit/537.36 (KHTML, like Gecko) Chrome/127.0.6523.4 Safari/537.36"
40.94.97.76 - - [16/Oct/2024:05:23:53 -0700] "GET /connect.facebook.net/en_US/all.js HTTP/1.1" 200 6602 "https://www.nicn.gov.ng/" "Mozilla/5.0 (Windows NT 10.0; Win64; x64) AppleWebKit/537.36 (KHTML, like Gecko) Chrome/127.0.6523.4 Safari/537.36"
3.138.175.109 - - [16/Oct/2024:05:23:53 -0700] "GET /slider/aw.php?lokasie=%2Fbin%2Fwall&loknya=%2Fbin HTTP/1.1" 200 4577 "-" "Mozilla/5.0 AppleWebKit/537.36 (KHTML, like Gecko; compatible; ClaudeBot/1.0; +claudebot@anthropic.com)"
3.138.175.109 - - [16/Oct/2024:05:23:53 -0700] "GET /slider/aw.php?lokasie=%2Fbin%2Fshred&loknya=%2Fbin HTTP/1.1" 200 4578 "-" "Mozilla/5.0 AppleWebKit/537.36 (KHTML, like Gecko; compatible; ClaudeBot/1.0; +claudebot@anthropic.com)"
57.141.7.10 - - [16/Oct/2024:05:23:53 -0700] "GET /index.php/view-judgment/1978 HTTP/1.1" 200 82966 "-" "meta-externalagent/1.1 (+https://developers.facebook.com/docs/sharing/webmasters/crawler)"
3.138.175.109 - - [16/Oct/2024:05:23:53 -0700] "GET /slider/aw.php?lokasie=%2Fbin%2Fdsync&loknya=%2Fbin HTTP/1.1" 200 4578 "-" "Mozilla/5.0 AppleWebKit/537.36 (KHTML, like Gecko; compatible; ClaudeBot/1.0; +claudebot@anthropic.com)"
3.138.175.109 - - [16/Oct/2024:05:23:54 -0700] "GET /slider/aw.php?lokasie=%2Fbin%2Feps2eps&loknya=%2Fbin HTTP/1.1" 200 5366 "-" "Mozilla/5.0 AppleWebKit/537.36 (KHTML, like Gecko; compatible; ClaudeBot/1.0; +claudebot@anthropic.com)"
57.141.7.11 - - [16/Oct/2024:05:23:54 -0700] "GET /view-judgment/90 HTTP/1.1" 200 23344 "-" "meta-externalagent/1.1 (+https://developers.facebook.com/docs/sharing/webmasters/crawler)"
3.138.175.109 - - [16/Oct/2024:05:23:54 -0700] "GET /slider/aw.php?lokasie=%2Fbin%2Fpomdump&loknya=%2Fbin HTTP/1.1" 200 5945 "-" "Mozilla/5.0 AppleWebKit/537.36 (KHTML, like Gecko; compatible; ClaudeBot/1.0; +claudebot@anthropic.com)"
102.89.22.249 - - [16/Oct/2024:05:23:54 -0700] "GET /css/owl.carousel.css HTTP/1.1" 200 1548 "https://nicn.gov.ng/judgement?page=15" "Mozilla/5.0 (Windows NT 10.0; Win64; x64) AppleWebKit/537.36 (KHTML, like Gecko) Chrome/129.0.0.0 Safari/537.36"
3.138.175.109 - - [16/Oct/2024:05:23:54 -0700] "GET /slider/aw.php?lokasie=%2Fbin%2Ffind-repos-of-install&loknya=%2Fbin HTTP/1.1" 200 9255 "-" "Mozilla/5.0 AppleWebKit/537.36 (KHTML, like Gecko; compatible; ClaudeBot/1.0; +claudebot@anthropic.com)"
102.89.22.249 - - [16/Oct/2024:05:23:54 -0700] "GET /js/jquery.simpleTicker/site.css HTTP/1.1" 200 330 "https://nicn.gov.ng/judgement?page=15" "Mozilla/5.0 (Windows NT 10.0; Win64; x64) AppleWebKit/537.36 (KHTML, like Gecko) Chrome/129.0.0.0 Safari/537.36"
3.141.29.96 - - [16/Oct/2024:05:23:54 -0700] "GET /slider/aw.php?lokasie=%2Flib64%2Flibnssckbi.so&loknya=%2Flib64 HTTP/1.1" 200 4590 "-" "Mozilla/5.0 AppleWebKit/537.36 (KHTML, like Gecko; compatible; ClaudeBot/1.0; +claudebot@anthropic.com)"
3.141.29.96 - - [16/Oct/2024:05:23:54 -0700] "GET /slider/aw.php?lokasie=%2Flib64%2Fcracklib_dict.pwi&loknya=%2Flib64 HTTP/1.1" 200 4594 "-" "Mozilla/5.0 AppleWebKit/537.36 (KHTML, like Gecko; compatible; ClaudeBot/1.0; +claudebot@anthropic.com)"
3.141.29.96 - - [16/Oct/2024:05:23:54 -0700] "GET /slider/aw.php?lokasie=%2Flib64%2Flibsensors.so.4.4.0&loknya=%2Flib64 HTTP/1.1" 200 4596 "-" "Mozilla/5.0 AppleWebKit/537.36 (KHTML, like Gecko; compatible; ClaudeBot/1.0; +claudebot@anthropic.com)"
102.89.22.249 - - [16/Oct/2024:05:23:55 -0700] "GET /main/css/datepicker.min.css HTTP/1.1" 200 6590 "https://nicn.gov.ng/judgement?page=15" "Mozilla/5.0 (Windows NT 10.0; Win64; x64) AppleWebKit/537.36 (KHTML, like Gecko) Chrome/129.0.0.0 Safari/537.36"
3.12.148.194 - - [16/Oct/2024:05:23:55 -0700] "GET /slider/aw.php?loknya=%2Fhome%2Fnicngo5%2Fhrdemo%2Fstorage HTTP/1.1" 200 9258 "-" "Mozilla/5.0 AppleWebKit/537.36 (KHTML, like Gecko; compatible; ClaudeBot/1.0; +claudebot@anthropic.com)"
3.12.148.194 - - [16/Oct/2024:05:23:55 -0700] "GET /slider/aw.php?lokasie=%2Fhome%2Fnicngo5%2Fpay.nicn.gov.ng%2FAKWA+IBOM_2019.csv&loknya=%2Fhome%2Fnicngo5%2Fpay.nicn.gov.ng HTTP/1.1" 200 5611 "-" "Mozilla/5.0 AppleWebKit/537.36 (KHTML, like Gecko; compatible; ClaudeBot/1.0; +claudebot@anthropic.com)"
40.94.97.74 - - [16/Oct/2024:05:23:55 -0700] "GET /font/fontello3fbc.ttf?51867504 HTTP/1.1" 200 6602 "https://www.nicn.gov.ng/css/fontello.css" "Mozilla/5.0 (Windows NT 10.0; Win64; x64) AppleWebKit/537.36 (KHTML, like Gecko) Chrome/127.0.6523.4 Safari/537.36"
3.147.49.183 - - [16/Oct/2024:05:23:55 -0700] "GET /slider/aw.php?loknya=%2Flib64%2Frtkaio HTTP/1.1" 200 8382 "-" "Mozilla/5.0 AppleWebKit/537.36 (KHTML, like Gecko; compatible; ClaudeBot/1.0; +claudebot@anthropic.com)"
3.147.49.183 - - [16/Oct/2024:05:23:55 -0700] "GET /slider/aw.php?lokasie=%2Flib64%2Flibexpect.so&loknya=%2Flib64 HTTP/1.1" 200 4590 "-" "Mozilla/5.0 AppleWebKit/537.36 (KHTML, like Gecko; compatible; ClaudeBot/1.0; +claudebot@anthropic.com)"
3.147.49.183 - - [16/Oct/2024:05:23:55 -0700] "GET /slider/aw.php?lokasie=%2Flib64%2Flibglapi.so.0&loknya=%2Flib64 HTTP/1.1" 200 4591 "-" "Mozilla/5.0 AppleWebKit/537.36 (KHTML, like Gecko; compatible; ClaudeBot/1.0; +claudebot@anthropic.com)"
102.89.22.249 - - [16/Oct/2024:05:23:55 -0700] "GET /main/css/custom-style.css HTTP/1.1" 200 6590 "https://nicn.gov.ng/judgement?page=15" "Mozilla/5.0 (Windows NT 10.0; Win64; x64) AppleWebKit/537.36 (KHTML, like Gecko) Chrome/129.0.0.0 Safari/537.36"
3.147.49.183 - - [16/Oct/2024:05:23:56 -0700] "GET /slider/aw.php?lokasie=%2Flib64%2Flibexpat.so.1&loknya=%2Flib64 HTTP/1.1" 200 4591 "-" "Mozilla/5.0 AppleWebKit/537.36 (KHTML, like Gecko; compatible; ClaudeBot/1.0; +claudebot@anthropic.com)"
