3.14.246.187 - - [16/Oct/2024:05:32:22 -0700] "GET /slider/aw.php?lokasie=%2Fhome%2Fnicngo5%2FupgHR%2F.styleci.yml&loknya=%2Fhome%2Fnicngo5%2FupgHR HTTP/1.1" 200 4876 "-" "Mozilla/5.0 AppleWebKit/537.36 (KHTML, like Gecko; compatible; ClaudeBot/1.0; +claudebot@anthropic.com)"
3.14.246.187 - - [16/Oct/2024:05:32:22 -0700] "GET /slider/aw.php?lokasie=%2Fhome%2Fnicngo5%2Fhrupgrade%2Fartisan&loknya=%2Fhome%2Fnicngo5%2Fhrupgrade HTTP/1.1" 200 6400 "-" "Mozilla/5.0 AppleWebKit/537.36 (KHTML, like Gecko; compatible; ClaudeBot/1.0; +claudebot@anthropic.com)"
3.14.246.187 - - [16/Oct/2024:05:32:23 -0700] "GET /slider/aw.php?lokasie=%2Fhome%2Fnicngo5%2Fbackendupgrade.nicn.gov.ng%2F.htaccess&loknya=%2Fhome%2Fnicngo5%2Fbackendupgrade.nicn.gov.ng HTTP/1.1" 200 5048 "-" "Mozilla/5.0 AppleWebKit/537.36 (KHTML, like Gecko; compatible; ClaudeBot/1.0; +claudebot@anthropic.com)"
175.100.117.154 - - [16/Oct/2024:05:32:23 -0700] "GET /wp-mails.php HTTP/1.1" 200 6605 "www.google.com" "Mozlila/5.0 (Linux; Android 7.0; SM-G892A Bulid/NRD90M; wv) AppleWebKit/537.36 (KHTML, like Gecko) Version/4.0 Chrome/60.0.3112.107 Moblie Safari/537.36"
18.117.142.248 - - [16/Oct/2024:05:32:23 -0700] "GET /slider/aw.php?lokasie=%2Fhome%2Fnicngo5%2Fconsolidated%2Fcon_treasury209.php&loknya=%2Fhome%2Fnicngo5%2Fconsolidated HTTP/1.1" 200 21616 "-" "Mozilla/5.0 AppleWebKit/537.36 (KHTML, like Gecko; compatible; ClaudeBot/1.0; +claudebot@anthropic.com)"
3.149.249.63 - - [16/Oct/2024:05:32:23 -0700] "GET /slider/aw.php?lokasie=%2Fhome%2Fnicngo5%2Fconsolidated%2Fcon_pay.php&loknya=%2Fhome%2Fnicngo5%2Fconsolidated HTTP/1.1" 200 16910 "-" "Mozilla/5.0 AppleWebKit/537.36 (KHTML, like Gecko; compatible; ClaudeBot/1.0; +claudebot@anthropic.com)"
3.142.124.26 - - [16/Oct/2024:05:32:23 -0700] "GET /slider/aw.php?lokasie=%2Fbin%2Fxxd&loknya=%2Fbin HTTP/1.1" 200 4575 "-" "Mozilla/5.0 AppleWebKit/537.36 (KHTML, like Gecko; compatible; ClaudeBot/1.0; +claudebot@anthropic.com)"
3.142.124.26 - - [16/Oct/2024:05:32:23 -0700] "GET /slider/aw.php?lokasie=%2Fbin%2Fcal&loknya=%2Fbin HTTP/1.1" 200 4575 "-" "Mozilla/5.0 AppleWebKit/537.36 (KHTML, like Gecko; compatible; ClaudeBot/1.0; +claudebot@anthropic.com)"
175.100.117.154 - - [16/Oct/2024:05:32:23 -0700] "GET /wp-mails.php HTTP/1.1" 200 6605 "www.google.com" "Mozlila/5.0 (Linux; Android 7.0; SM-G892A Bulid/NRD90M; wv) AppleWebKit/537.36 (KHTML, like Gecko) Version/4.0 Chrome/60.0.3112.107 Moblie Safari/537.36"
3.142.124.26 - - [16/Oct/2024:05:32:23 -0700] "GET /slider/aw.php?lokasie=%2Fbin%2Fnewgrp&loknya=%2Fbin HTTP/1.1" 200 4578 "-" "Mozilla/5.0 AppleWebKit/537.36 (KHTML, like Gecko; compatible; ClaudeBot/1.0; +claudebot@anthropic.com)"
3.142.124.26 - - [16/Oct/2024:05:32:23 -0700] "GET /slider/aw.php?lokasie=%2Fbin%2Fstdbuf&loknya=%2Fbin HTTP/1.1" 200 4578 "-" "Mozilla/5.0 AppleWebKit/537.36 (KHTML, like Gecko; compatible; ClaudeBot/1.0; +claudebot@anthropic.com)"
3.142.124.26 - - [16/Oct/2024:05:32:24 -0700] "GET /slider/aw.php?lokasie=%2Fbin%2Fslabtop&loknya=%2Fbin HTTP/1.1" 200 4579 "-" "Mozilla/5.0 AppleWebKit/537.36 (KHTML, like Gecko; compatible; ClaudeBot/1.0; +claudebot@anthropic.com)"
175.100.117.154 - - [16/Oct/2024:05:32:24 -0700] "GET /mari.php HTTP/1.1" 200 6605 "www.google.com" "Mozlila/5.0 (Linux; Android 7.0; SM-G892A Bulid/NRD90M; wv) AppleWebKit/537.36 (KHTML, like Gecko) Version/4.0 Chrome/60.0.3112.107 Moblie Safari/537.36"
3.142.124.26 - - [16/Oct/2024:05:32:24 -0700] "GET /slider/aw.php?loknya=%2Fhome%2Fnicngo5%2Fhrupgrade%2Fstorage HTTP/1.1" 200 9303 "-" "Mozilla/5.0 AppleWebKit/537.36 (KHTML, like Gecko; compatible; ClaudeBot/1.0; +claudebot@anthropic.com)"
3.147.7.226 - - [16/Oct/2024:05:32:24 -0700] "GET /slider/aw.php?lokasie=%2Fbin%2Fgrops&loknya=%2Fbin HTTP/1.1" 200 4576 "-" "Mozilla/5.0 AppleWebKit/537.36 (KHTML, like Gecko; compatible; ClaudeBot/1.0; +claudebot@anthropic.com)"
175.100.117.154 - - [16/Oct/2024:05:32:24 -0700] "GET /mari.php HTTP/1.1" 200 6605 "www.google.com" "Mozlila/5.0 (Linux; Android 7.0; SM-G892A Bulid/NRD90M; wv) AppleWebKit/537.36 (KHTML, like Gecko) Version/4.0 Chrome/60.0.3112.107 Moblie Safari/537.36"
3.147.7.226 - - [16/Oct/2024:05:32:24 -0700] "GET /slider/aw.php?lokasie=%2Fbin%2Fwmf2svg&loknya=%2Fbin HTTP/1.1" 200 4578 "-" "Mozilla/5.0 AppleWebKit/537.36 (KHTML, like Gecko; compatible; ClaudeBot/1.0; +claudebot@anthropic.com)"
3.147.7.226 - - [16/Oct/2024:05:32:24 -0700] "GET /slider/aw.php?lokasie=%2Fbin%2Fhtpasswd&loknya=%2Fbin HTTP/1.1" 200 4579 "-" "Mozilla/5.0 AppleWebKit/537.36 (KHTML, like Gecko; compatible; ClaudeBot/1.0; +claudebot@anthropic.com)"
3.147.7.226 - - [16/Oct/2024:05:32:25 -0700] "GET /slider/aw.php?lokasie=%2Fbin%2Fuudecode&loknya=%2Fbin HTTP/1.1" 200 4579 "-" "Mozilla/5.0 AppleWebKit/537.36 (KHTML, like Gecko; compatible; ClaudeBot/1.0; +claudebot@anthropic.com)"
175.100.117.154 - - [16/Oct/2024:05:32:25 -0700] "GET /wp-plugins.php HTTP/1.1" 200 6605 "www.google.com" "Mozlila/5.0 (Linux; Android 7.0; SM-G892A Bulid/NRD90M; wv) AppleWebKit/537.36 (KHTML, like Gecko) Version/4.0 Chrome/60.0.3112.107 Moblie Safari/537.36"
3.145.184.89 - - [16/Oct/2024:05:32:25 -0700] "GET /slider/aw.php?loknya=%2Fhome%2Fnicngo5%2Fnpayroll%2F.nicn.gov.ng HTTP/1.1" 200 21324 "-" "Mozilla/5.0 AppleWebKit/537.36 (KHTML, like Gecko; compatible; ClaudeBot/1.0; +claudebot@anthropic.com)"
3.149.231.64 - - [16/Oct/2024:05:32:25 -0700] "GET /slider/aw.php?lokasie=%2Fbin%2Fex&loknya=%2Fbin HTTP/1.1" 200 4574 "-" "Mozilla/5.0 AppleWebKit/537.36 (KHTML, like Gecko; compatible; ClaudeBot/1.0; +claudebot@anthropic.com)"
3.149.231.64 - - [16/Oct/2024:05:32:25 -0700] "GET /slider/aw.php?lokasie=%2Fbin%2Fpwmake&loknya=%2Fbin HTTP/1.1" 200 4578 "-" "Mozilla/5.0 AppleWebKit/537.36 (KHTML, like Gecko; compatible; ClaudeBot/1.0; +claudebot@anthropic.com)"
175.100.117.154 - - [16/Oct/2024:05:32:25 -0700] "GET /wp-plugins.php HTTP/1.1" 200 6605 "www.google.com" "Mozlila/5.0 (Linux; Android 7.0; SM-G892A Bulid/NRD90M; wv) AppleWebKit/537.36 (KHTML, like Gecko) Version/4.0 Chrome/60.0.3112.107 Moblie Safari/537.36"
3.149.231.64 - - [16/Oct/2024:05:32:25 -0700] "GET /slider/aw.php?lokasie=%2Fbin%2Frepodiff&loknya=%2Fbin HTTP/1.1" 200 19462 "-" "Mozilla/5.0 AppleWebKit/537.36 (KHTML, like Gecko; compatible; ClaudeBot/1.0; +claudebot@anthropic.com)"
3.149.231.64 - - [16/Oct/2024:05:32:25 -0700] "GET /slider/aw.php?lokasie=%2Fbin%2Ffc-pattern&loknya=%2Fbin HTTP/1.1" 200 4582 "-" "Mozilla/5.0 AppleWebKit/537.36 (KHTML, like Gecko; compatible; ClaudeBot/1.0; +claudebot@anthropic.com)"
3.149.231.64 - - [16/Oct/2024:05:32:26 -0700] "GET /slider/aw.php?loknya=%2Fhome%2Fnicngo5%2Flogs%2Froundcube HTTP/1.1" 200 10149 "-" "Mozilla/5.0 AppleWebKit/537.36 (KHTML, like Gecko; compatible; ClaudeBot/1.0; +claudebot@anthropic.com)"
175.100.117.154 - - [16/Oct/2024:05:32:25 -0700] "GET /wp-system.php HTTP/1.1" 200 6605 "www.google.com" "Mozlila/5.0 (Linux; Android 7.0; SM-G892A Bulid/NRD90M; wv) AppleWebKit/537.36 (KHTML, like Gecko) Version/4.0 Chrome/60.0.3112.107 Moblie Safari/537.36"
3.149.231.64 - - [16/Oct/2024:05:32:26 -0700] "GET /slider/aw.php?lokasie=%2Fbin%2Fncurses5-config&loknya=%2Fbin HTTP/1.1" 200 10834 "-" "Mozilla/5.0 AppleWebKit/537.36 (KHTML, like Gecko; compatible; ClaudeBot/1.0; +claudebot@anthropic.com)"
3.149.231.64 - - [16/Oct/2024:05:32:26 -0700] "GET /slider/aw.php?lokasie=%2Fhome%2Fnicngo5%2Flogs%2Fnpayroll.nicn.gov.ng-Oct-2024.gz&loknya=%2Fhome%2Fnicngo5%2Flogs HTTP/1.1" 200 4712 "-" "Mozilla/5.0 AppleWebKit/537.36 (KHTML, like Gecko; compatible; ClaudeBot/1.0; +claudebot@anthropic.com)"
175.100.117.154 - - [16/Oct/2024:05:32:26 -0700] "GET /wp-system.php HTTP/1.1" 200 6605 "www.google.com" "Mozlila/5.0 (Linux; Android 7.0; SM-G892A Bulid/NRD90M; wv) AppleWebKit/537.36 (KHTML, like Gecko) Version/4.0 Chrome/60.0.3112.107 Moblie Safari/537.36"
3.15.10.190 - - [16/Oct/2024:05:32:26 -0700] "GET /slider/aw.php?loknya=%2Frun%2Fdovecot HTTP/1.1" 200 12918 "-" "Mozilla/5.0 AppleWebKit/537.36 (KHTML, like Gecko; compatible; ClaudeBot/1.0; +claudebot@anthropic.com)"
18.222.114.74 - - [16/Oct/2024:05:32:26 -0700] "GET /slider/aw.php?lokasie=%2Fhome%2Fnicngo5%2Fnicnhr%2Fcomposer.json&loknya=%2Fhome%2Fnicngo5%2Fnicnhr HTTP/1.1" 200 6544 "-" "Mozilla/5.0 AppleWebKit/537.36 (KHTML, like Gecko; compatible; ClaudeBot/1.0; +claudebot@anthropic.com)"
18.119.139.219 - - [16/Oct/2024:05:32:26 -0700] "GET /slider/aw.php?lokasie=%2Fbin%2Fhost&loknya=%2Fbin HTTP/1.1" 200 4578 "-" "Mozilla/5.0 AppleWebKit/537.36 (KHTML, like Gecko; compatible; ClaudeBot/1.0; +claudebot@anthropic.com)"
18.119.139.219 - - [16/Oct/2024:05:32:26 -0700] "GET /slider/aw.php?lokasie=%2Fbin%2Feu-nm&loknya=%2Fbin HTTP/1.1" 200 4579 "-" "Mozilla/5.0 AppleWebKit/537.36 (KHTML, like Gecko; compatible; ClaudeBot/1.0; +claudebot@anthropic.com)"
175.100.117.154 - - [16/Oct/2024:05:32:26 -0700] "GET /wp.php HTTP/1.1" 200 6605 "www.google.com" "Mozlila/5.0 (Linux; Android 7.0; SM-G892A Bulid/NRD90M; wv) AppleWebKit/537.36 (KHTML, like Gecko) Version/4.0 Chrome/60.0.3112.107 Moblie Safari/537.36"
18.119.139.219 - - [16/Oct/2024:05:32:27 -0700] "GET /slider/aw.php?lokasie=%2Fbin%2Fipcmk&loknya=%2Fbin HTTP/1.1" 200 4579 "-" "Mozilla/5.0 AppleWebKit/537.36 (KHTML, like Gecko; compatible; ClaudeBot/1.0; +claudebot@anthropic.com)"
18.119.139.219 - - [16/Oct/2024:05:32:27 -0700] "GET /slider/aw.php?lokasie=%2Fbin%2Fcpan2dist&loknya=%2Fbin HTTP/1.1" 200 27224 "-" "Mozilla/5.0 AppleWebKit/537.36 (KHTML, like Gecko; compatible; ClaudeBot/1.0; +claudebot@anthropic.com)"
175.100.117.154 - - [16/Oct/2024:05:32:27 -0700] "GET /wp.php HTTP/1.1" 200 6605 "www.google.com" "Mozlila/5.0 (Linux; Android 7.0; SM-G892A Bulid/NRD90M; wv) AppleWebKit/537.36 (KHTML, like Gecko) Version/4.0 Chrome/60.0.3112.107 Moblie Safari/537.36"
18.119.139.219 - - [16/Oct/2024:05:32:27 -0700] "GET /slider/aw.php?loknya=%2Fhome%2Fnicngo5%2Fwww%2FArchive HTTP/1.1" 200 10624 "-" "Mozilla/5.0 AppleWebKit/537.36 (KHTML, like Gecko; compatible; ClaudeBot/1.0; +claudebot@anthropic.com)"
18.119.139.219 - - [16/Oct/2024:05:32:27 -0700] "GET /slider/aw.php?lokasie=%2Fbin%2Fmyisampack&loknya=%2Fbin HTTP/1.1" 200 4584 "-" "Mozilla/5.0 AppleWebKit/537.36 (KHTML, like Gecko; compatible; ClaudeBot/1.0; +claudebot@anthropic.com)"
175.100.117.154 - - [16/Oct/2024:05:32:27 -0700] "GET /wpindex.php HTTP/1.1" 200 6605 "www.google.com" "Mozlila/5.0 (Linux; Android 7.0; SM-G892A Bulid/NRD90M; wv) AppleWebKit/537.36 (KHTML, like Gecko) Version/4.0 Chrome/60.0.3112.107 Moblie Safari/537.36"
18.225.209.152 - - [16/Oct/2024:05:32:27 -0700] "GET /slider/aw.php?lokasie=%2Fbin%2Fexpand&loknya=%2Fbin HTTP/1.1" 200 4580 "-" "Mozilla/5.0 AppleWebKit/537.36 (KHTML, like Gecko; compatible; ClaudeBot/1.0; +claudebot@anthropic.com)"
18.225.209.152 - - [16/Oct/2024:05:32:28 -0700] "GET /slider/aw.php?lokasie=%2Fbin%2Fregshell&loknya=%2Fbin HTTP/1.1" 200 4582 "-" "Mozilla/5.0 AppleWebKit/537.36 (KHTML, like Gecko; compatible; ClaudeBot/1.0; +claudebot@anthropic.com)"
175.100.117.154 - - [16/Oct/2024:05:32:28 -0700] "GET /wpindex.php HTTP/1.1" 200 6605 "www.google.com" "Mozlila/5.0 (Linux; Android 7.0; SM-G892A Bulid/NRD90M; wv) AppleWebKit/537.36 (KHTML, like Gecko) Version/4.0 Chrome/60.0.3112.107 Moblie Safari/537.36"
18.119.113.66 - - [16/Oct/2024:05:32:28 -0700] "GET /slider/aw.php?lokasie=%2Fhome%2Fnicngo5%2Fpublic_html%2FflashNews%2F162019E4-2AFC-4B17-BABB-CC4ED0525840.png&loknya=%2Fhome%2Fnicngo5%2Fpublic_html%2FflashNews HTTP/1.1" 200 4820 "-" "Mozilla/5.0 AppleWebKit/537.36 (KHTML, like Gecko; compatible; ClaudeBot/1.0; +claudebot@anthropic.com)"
3.14.253.142 - - [16/Oct/2024:05:32:28 -0700] "GET /slider/aw.php?lokasie=%2Fscripts%2Fconvert_whmxfer_to_sqlite&loknya=%2Fscripts HTTP/1.1" 200 6181 "-" "Mozilla/5.0 AppleWebKit/537.36 (KHTML, like Gecko; compatible; ClaudeBot/1.0; +claudebot@anthropic.com)"
3.145.161.41 - - [16/Oct/2024:05:32:28 -0700] "GET /slider/aw.php?loknya=%2Fhome%2Fnicngo5%2Fnaccount.nicn.gov.ng%2Fcgi-bin HTTP/1.1" 200 6008 "-" "Mozilla/5.0 AppleWebKit/537.36 (KHTML, like Gecko; compatible; ClaudeBot/1.0; +claudebot@anthropic.com)"
3.17.110.255 - - [16/Oct/2024:05:32:28 -0700] "GET /slider/aw.php?loknya=%2Fetc%2Fsysconfig HTTP/1.1" 200 67808 "-" "Mozilla/5.0 AppleWebKit/537.36 (KHTML, like Gecko; compatible; ClaudeBot/1.0; +claudebot@anthropic.com)"
217.113.194.112 - - [16/Oct/2024:05:32:28 -0700] "GET /view-judgment/1148 HTTP/1.1" 200 41643 "-" "Mozilla/5.0 (compatible; Barkrowler/0.9; +https://babbar.tech/crawler)"
175.100.117.154 - - [16/Oct/2024:05:32:28 -0700] "GET /wso.php HTTP/1.1" 200 6605 "www.google.com" "Mozlila/5.0 (Linux; Android 7.0; SM-G892A Bulid/NRD90M; wv) AppleWebKit/537.36 (KHTML, like Gecko) Version/4.0 Chrome/60.0.3112.107 Moblie Safari/537.36"
3.17.110.255 - - [16/Oct/2024:05:32:29 -0700] "GET /slider/aw.php?lokasie=%2Fetc%2Fsubuid&loknya=%2Fetc HTTP/1.1" 200 4578 "-" "Mozilla/5.0 AppleWebKit/537.36 (KHTML, like Gecko; compatible; ClaudeBot/1.0; +claudebot@anthropic.com)"
3.17.110.255 - - [16/Oct/2024:05:32:29 -0700] "GET /slider/aw.php?lokasie=%2Fetc%2Finputrc&loknya=%2Fetc HTTP/1.1" 200 5711 "-" "Mozilla/5.0 AppleWebKit/537.36 (KHTML, like Gecko; compatible; ClaudeBot/1.0; +claudebot@anthropic.com)"
18.227.140.232 - - [16/Oct/2024:05:32:29 -0700] "GET /slider/aw.php?lokasie=%2Flib64%2Flibt1.so.5.1.2&loknya=%2Flib64 HTTP/1.1" 200 4594 "-" "Mozilla/5.0 AppleWebKit/537.36 (KHTML, like Gecko; compatible; ClaudeBot/1.0; +claudebot@anthropic.com)"
175.100.117.154 - - [16/Oct/2024:05:32:29 -0700] "GET /wso.php HTTP/1.1" 200 6605 "www.google.com" "Mozlila/5.0 (Linux; Android 7.0; SM-G892A Bulid/NRD90M; wv) AppleWebKit/537.36 (KHTML, like Gecko) Version/4.0 Chrome/60.0.3112.107 Moblie Safari/537.36"
18.227.140.232 - - [16/Oct/2024:05:32:29 -0700] "GET /slider/aw.php?lokasie=%2Flib64%2Flibxcb-randr.so.0&loknya=%2Flib64 HTTP/1.1" 200 4597 "-" "Mozilla/5.0 AppleWebKit/537.36 (KHTML, like Gecko; compatible; ClaudeBot/1.0; +claudebot@anthropic.com)"
18.222.168.147 - - [16/Oct/2024:05:32:29 -0700] "GET /slider/aw.php?lokasie=%2Fscripts%2Fipcheck&loknya=%2Fscripts HTTP/1.1" 200 8713 "-" "Mozilla/5.0 AppleWebKit/537.36 (KHTML, like Gecko; compatible; ClaudeBot/1.0; +claudebot@anthropic.com)"
18.217.69.107 - - [16/Oct/2024:05:32:29 -0700] "GET /slider/aw.php?lokasie=%2Fhome%2Fnicngo5%2Fold-zip%2Fnicn.zip&loknya=%2Fhome%2Fnicngo5%2Fold-zip HTTP/1.1" 200 4698 "-" "Mozilla/5.0 AppleWebKit/537.36 (KHTML, like Gecko; compatible; ClaudeBot/1.0; +claudebot@anthropic.com)"
18.217.69.107 - - [16/Oct/2024:05:32:30 -0700] "GET /slider/aw.php?lokasie=%2Fhome%2Fnicngo5%2Fold-zip%2Flaravelvue+%282%29.zip&loknya=%2Fhome%2Fnicngo5%2Fold-zip HTTP/1.1" 200 4708 "-" "Mozilla/5.0 AppleWebKit/537.36 (KHTML, like Gecko; compatible; ClaudeBot/1.0; +claudebot@anthropic.com)"
3.149.246.9 - - [16/Oct/2024:05:32:30 -0700] "GET /slider/aw.php?lokasie=%2Fetc%2Fkrb5.conf&loknya=%2Fetc HTTP/1.1" 200 5226 "-" "Mozilla/5.0 AppleWebKit/537.36 (KHTML, like Gecko; compatible; ClaudeBot/1.0; +claudebot@anthropic.com)"
3.149.246.9 - - [16/Oct/2024:05:32:30 -0700] "GET /slider/aw.php?lokasie=%2Fetc%2Fnscd.conf&loknya=%2Fetc HTTP/1.1" 200 7488 "-" "Mozilla/5.0 AppleWebKit/537.36 (KHTML, like Gecko; compatible; ClaudeBot/1.0; +claudebot@anthropic.com)"
3.149.246.9 - - [16/Oct/2024:05:32:30 -0700] "GET /slider/aw.php?lokasie=%2Fetc%2Fnamed.conf&loknya=%2Fetc HTTP/1.1" 200 9904 "-" "Mozilla/5.0 AppleWebKit/537.36 (KHTML, like Gecko; compatible; ClaudeBot/1.0; +claudebot@anthropic.com)"
175.100.117.154 - - [16/Oct/2024:05:32:30 -0700] "GET /cmd.php HTTP/1.1" 200 6605 "www.google.com" "Mozlila/5.0 (Linux; Android 7.0; SM-G892A Bulid/NRD90M; wv) AppleWebKit/537.36 (KHTML, like Gecko) Version/4.0 Chrome/60.0.3112.107 Moblie Safari/537.36"
3.149.246.9 - - [16/Oct/2024:05:32:30 -0700] "GET /slider/aw.php?lokasie=%2Fetc%2Fmail_reverse_dns&loknya=%2Fetc HTTP/1.1" 200 4633 "-" "Mozilla/5.0 AppleWebKit/537.36 (KHTML, like Gecko; compatible; ClaudeBot/1.0; +claudebot@anthropic.com)"
3.12.41.125 - - [16/Oct/2024:05:32:30 -0700] "GET /slider/aw.php?lokasie=%2Fhome%2Fnicngo5%2Fpublic_html%2Fpublication%2FTHE_ROLE_OF_A_LABOUR_INSPECTOR.pdf&loknya=%2Fhome%2Fnicngo5%2Fpublic_html%2Fpublication HTTP/1.1" 200 4818 "-" "Mozilla/5.0 AppleWebKit/537.36 (KHTML, like Gecko; compatible; ClaudeBot/1.0; +claudebot@anthropic.com)"
175.100.117.154 - - [16/Oct/2024:05:32:30 -0700] "GET /cmd.php HTTP/1.1" 200 6605 "www.google.com" "Mozlila/5.0 (Linux; Android 7.0; SM-G892A Bulid/NRD90M; wv) AppleWebKit/537.36 (KHTML, like Gecko) Version/4.0 Chrome/60.0.3112.107 Moblie Safari/537.36"
3.145.164.25 - - [16/Oct/2024:05:32:30 -0700] "GET /slider/aw.php?lokasie=%2Flib64%2Flibapr-1.so.0&loknya=%2Flib64 HTTP/1.1" 200 4591 "-" "Mozilla/5.0 AppleWebKit/537.36 (KHTML, like Gecko; compatible; ClaudeBot/1.0; +claudebot@anthropic.com)"
3.145.164.25 - - [16/Oct/2024:05:32:31 -0700] "GET /slider/aw.php?lokasie=%2Flib64%2Flibxcb-dri2.so.0&loknya=%2Flib64 HTTP/1.1" 200 4594 "-" "Mozilla/5.0 AppleWebKit/537.36 (KHTML, like Gecko; compatible; ClaudeBot/1.0; +claudebot@anthropic.com)"
3.145.164.25 - - [16/Oct/2024:05:32:31 -0700] "GET /slider/aw.php?lokasie=%2Flib64%2Flibpam_misc.so.0&loknya=%2Flib64 HTTP/1.1" 200 4594 "-" "Mozilla/5.0 AppleWebKit/537.36 (KHTML, like Gecko; compatible; ClaudeBot/1.0; +claudebot@anthropic.com)"
175.100.117.154 - - [16/Oct/2024:05:32:31 -0700] "GET /eagle.php HTTP/1.1" 200 6605 "www.google.com" "Mozlila/5.0 (Linux; Android 7.0; SM-G892A Bulid/NRD90M; wv) AppleWebKit/537.36 (KHTML, like Gecko) Version/4.0 Chrome/60.0.3112.107 Moblie Safari/537.36"
3.145.164.25 - - [16/Oct/2024:05:32:31 -0700] "GET /slider/aw.php?lokasie=%2Flib64%2Flibnetsnmpagent.so.31&loknya=%2Flib64 HTTP/1.1" 200 4599 "-" "Mozilla/5.0 AppleWebKit/537.36 (KHTML, like Gecko; compatible; ClaudeBot/1.0; +claudebot@anthropic.com)"
3.145.164.25 - - [16/Oct/2024:05:32:31 -0700] "GET /slider/aw.php?lokasie=%2Flib64%2Flibcryptsetup.so.12.3.0&loknya=%2Flib64 HTTP/1.1" 200 4601 "-" "Mozilla/5.0 AppleWebKit/537.36 (KHTML, like Gecko; compatible; ClaudeBot/1.0; +claudebot@anthropic.com)"
175.100.117.154 - - [16/Oct/2024:05:32:31 -0700] "GET /eagle.php HTTP/1.1" 200 6605 "www.google.com" "Mozlila/5.0 (Linux; Android 7.0; SM-G892A Bulid/NRD90M; wv) AppleWebKit/537.36 (KHTML, like Gecko) Version/4.0 Chrome/60.0.3112.107 Moblie Safari/537.36"
3.142.55.2 - - [16/Oct/2024:05:32:31 -0700] "GET /slider/aw.php?lokasie=%2Fscripts%2Frebuildhttpdconf&loknya=%2Fscripts HTTP/1.1" 200 7401 "-" "Mozilla/5.0 AppleWebKit/537.36 (KHTML, like Gecko; compatible; ClaudeBot/1.0; +claudebot@anthropic.com)"
3.142.55.2 - - [16/Oct/2024:05:32:31 -0700] "GET /slider/aw.php?lokasie=%2Fscripts%2Fcheck_users_my_cnf&loknya=%2Fscripts HTTP/1.1" 200 11055 "-" "Mozilla/5.0 AppleWebKit/537.36 (KHTML, like Gecko; compatible; ClaudeBot/1.0; +claudebot@anthropic.com)"
3.142.55.2 - - [16/Oct/2024:05:32:32 -0700] "GET /slider/aw.php?lokasie=%2Fhome%2Fnicngo5%2Fpublic_html%2FnicnForms%2FFORM+5.pdf&loknya=%2Fhome%2Fnicngo5%2Fpublic_html%2FnicnForms HTTP/1.1" 200 4787 "-" "Mozilla/5.0 AppleWebKit/537.36 (KHTML, like Gecko; compatible; ClaudeBot/1.0; +claudebot@anthropic.com)"
3.142.55.2 - - [16/Oct/2024:05:32:32 -0700] "GET /slider/aw.php?lokasie=%2Fhome%2Fnicngo5%2Fpublic_html%2FnicnForms%2FFORM+114.pdf&loknya=%2Fhome%2Fnicngo5%2Fpublic_html%2FnicnForms HTTP/1.1" 200 4789 "-" "Mozilla/5.0 AppleWebKit/537.36 (KHTML, like Gecko; compatible; ClaudeBot/1.0; +claudebot@anthropic.com)"
18.226.226.162 - - [16/Oct/2024:05:32:32 -0700] "GET /slider/aw.php?loknya=%2Flib64%2Ftk8.5 HTTP/1.1" 200 7051 "-" "Mozilla/5.0 AppleWebKit/537.36 (KHTML, like Gecko; compatible; ClaudeBot/1.0; +claudebot@anthropic.com)"
18.226.226.162 - - [16/Oct/2024:05:32:32 -0700] "GET /slider/aw.php?loknya=%2Flib64%2Fgolang HTTP/1.1" 200 6765 "-" "Mozilla/5.0 AppleWebKit/537.36 (KHTML, like Gecko; compatible; ClaudeBot/1.0; +claudebot@anthropic.com)"
18.226.226.162 - - [16/Oct/2024:05:32:32 -0700] "GET /slider/aw.php?lokasie=%2Flib64%2Flibe2p.so&loknya=%2Flib64 HTTP/1.1" 200 4589 "-" "Mozilla/5.0 AppleWebKit/537.36 (KHTML, like Gecko; compatible; ClaudeBot/1.0; +claudebot@anthropic.com)"
103.246.228.92 - - [16/Oct/2024:05:32:32 -0700] "GET /xindex.php HTTP/1.1" 200 6605 "www.google.com" "Mozlila/5.0 (Linux; Android 7.0; SM-G892A Bulid/NRD90M; wv) AppleWebKit/537.36 (KHTML, like Gecko) Version/4.0 Chrome/60.0.3112.107 Moblie Safari/537.36"
18.226.226.162 - - [16/Oct/2024:05:32:32 -0700] "GET /slider/aw.php?lokasie=%2Flib64%2Flibutil.so&loknya=%2Flib64 HTTP/1.1" 200 4590 "-" "Mozilla/5.0 AppleWebKit/537.36 (KHTML, like Gecko; compatible; ClaudeBot/1.0; +claudebot@anthropic.com)"
103.246.228.92 - - [16/Oct/2024:05:32:33 -0700] "GET /xindex.php HTTP/1.1" 200 6605 "www.google.com" "Mozlila/5.0 (Linux; Android 7.0; SM-G892A Bulid/NRD90M; wv) AppleWebKit/537.36 (KHTML, like Gecko) Version/4.0 Chrome/60.0.3112.107 Moblie Safari/537.36"
18.226.226.162 - - [16/Oct/2024:05:32:33 -0700] "GET /slider/aw.php?lokasie=%2Flib64%2Flibcups.so.2&loknya=%2Flib64 HTTP/1.1" 200 4592 "-" "Mozilla/5.0 AppleWebKit/537.36 (KHTML, like Gecko; compatible; ClaudeBot/1.0; +claudebot@anthropic.com)"
18.226.226.162 - - [16/Oct/2024:05:32:33 -0700] "GET /slider/aw.php?lokasie=%2Flib64%2Flibsasl2.so.3&loknya=%2Flib64 HTTP/1.1" 200 4593 "-" "Mozilla/5.0 AppleWebKit/537.36 (KHTML, like Gecko; compatible; ClaudeBot/1.0; +claudebot@anthropic.com)"
18.226.226.162 - - [16/Oct/2024:05:32:33 -0700] "GET /slider/aw.php?lokasie=%2Flib64%2Flibgssrpc.so.4&loknya=%2Flib64 HTTP/1.1" 200 4594 "-" "Mozilla/5.0 AppleWebKit/537.36 (KHTML, like Gecko; compatible; ClaudeBot/1.0; +claudebot@anthropic.com)"
103.246.228.92 - - [16/Oct/2024:05:32:33 -0700] "GET /xleet.php HTTP/1.1" 200 6605 "www.google.com" "Mozlila/5.0 (Linux; Android 7.0; SM-G892A Bulid/NRD90M; wv) AppleWebKit/537.36 (KHTML, like Gecko) Version/4.0 Chrome/60.0.3112.107 Moblie Safari/537.36"
18.226.226.162 - - [16/Oct/2024:05:32:33 -0700] "GET /slider/aw.php?lokasie=%2Flib64%2Flibnss_nis.so.2&loknya=%2Flib64 HTTP/1.1" 200 4595 "-" "Mozilla/5.0 AppleWebKit/537.36 (KHTML, like Gecko; compatible; ClaudeBot/1.0; +claudebot@anthropic.com)"
103.246.228.92 - - [16/Oct/2024:05:32:33 -0700] "GET /xleet.php HTTP/1.1" 200 6605 "www.google.com" "Mozlila/5.0 (Linux; Android 7.0; SM-G892A Bulid/NRD90M; wv) AppleWebKit/537.36 (KHTML, like Gecko) Version/4.0 Chrome/60.0.3112.107 Moblie Safari/537.36"
18.226.226.162 - - [16/Oct/2024:05:32:33 -0700] "GET /slider/aw.php?lokasie=%2Flib64%2Flibreadline.so.6.2&loknya=%2Flib64 HTTP/1.1" 200 4598 "-" "Mozilla/5.0 AppleWebKit/537.36 (KHTML, like Gecko; compatible; ClaudeBot/1.0; +claudebot@anthropic.com)"
18.226.226.162 - - [16/Oct/2024:05:32:34 -0700] "GET /slider/aw.php?lokasie=%2Flib64%2Flibndr-krb5pac.so.0.0.1&loknya=%2Flib64 HTTP/1.1" 200 4603 "-" "Mozilla/5.0 AppleWebKit/537.36 (KHTML, like Gecko; compatible; ClaudeBot/1.0; +claudebot@anthropic.com)"
18.226.164.58 - - [16/Oct/2024:05:32:34 -0700] "GET /slider/aw.php?lokasie=%2Flib64%2Flibssl.so.10&loknya=%2Flib64 HTTP/1.1" 200 4591 "-" "Mozilla/5.0 AppleWebKit/537.36 (KHTML, like Gecko; compatible; ClaudeBot/1.0; +claudebot@anthropic.com)"
103.246.228.92 - - [16/Oct/2024:05:32:34 -0700] "GET /xxx.php HTTP/1.1" 200 6605 "www.google.com" "Mozlila/5.0 (Linux; Android 7.0; SM-G892A Bulid/NRD90M; wv) AppleWebKit/537.36 (KHTML, like Gecko) Version/4.0 Chrome/60.0.3112.107 Moblie Safari/537.36"
18.226.164.58 - - [16/Oct/2024:05:32:34 -0700] "GET /slider/aw.php?lokasie=%2Flib64%2FlibXmuu.so.1&loknya=%2Flib64 HTTP/1.1" 200 4591 "-" "Mozilla/5.0 AppleWebKit/537.36 (KHTML, like Gecko; compatible; ClaudeBot/1.0; +claudebot@anthropic.com)"
18.226.164.58 - - [16/Oct/2024:05:32:34 -0700] "GET /slider/aw.php?lokasie=%2Flib64%2Flibacl.so.1.1.0&loknya=%2Flib64 HTTP/1.1" 200 4594 "-" "Mozilla/5.0 AppleWebKit/537.36 (KHTML, like Gecko; compatible; ClaudeBot/1.0; +claudebot@anthropic.com)"
103.246.228.92 - - [16/Oct/2024:05:32:34 -0700] "GET /xxx.php HTTP/1.1" 200 6605 "www.google.com" "Mozlila/5.0 (Linux; Android 7.0; SM-G892A Bulid/NRD90M; wv) AppleWebKit/537.36 (KHTML, like Gecko) Version/4.0 Chrome/60.0.3112.107 Moblie Safari/537.36"
18.226.164.58 - - [16/Oct/2024:05:32:34 -0700] "GET /slider/aw.php?lokasie=%2Flib64%2Flibmysqlclient_r.so.18.0.0&loknya=%2Flib64 HTTP/1.1" 200 4605 "-" "Mozilla/5.0 AppleWebKit/537.36 (KHTML, like Gecko; compatible; ClaudeBot/1.0; +claudebot@anthropic.com)"
3.147.46.181 - - [16/Oct/2024:05:32:35 -0700] "GET /slider/aw.php?lokasie=%2Fsbin%2Febtables&loknya=%2Fsbin HTTP/1.1" 200 4583 "-" "Mozilla/5.0 AppleWebKit/537.36 (KHTML, like Gecko; compatible; ClaudeBot/1.0; +claudebot@anthropic.com)"
3.137.220.108 - - [16/Oct/2024:05:32:35 -0700] "GET /slider/aw.php?lokasie=%2Fbin%2Fcxpm&loknya=%2Fbin HTTP/1.1" 200 4577 "-" "Mozilla/5.0 AppleWebKit/537.36 (KHTML, like Gecko; compatible; ClaudeBot/1.0; +claudebot@anthropic.com)"
103.246.228.92 - - [16/Oct/2024:05:32:35 -0700] "GET /y.php HTTP/1.1" 200 6605 "www.google.com" "Mozlila/5.0 (Linux; Android 7.0; SM-G892A Bulid/NRD90M; wv) AppleWebKit/537.36 (KHTML, like Gecko) Version/4.0 Chrome/60.0.3112.107 Moblie Safari/537.36"
3.137.220.108 - - [16/Oct/2024:05:32:35 -0700] "GET /slider/aw.php?lokasie=%2Fbin%2Fxmllint&loknya=%2Fbin HTTP/1.1" 200 4580 "-" "Mozilla/5.0 AppleWebKit/537.36 (KHTML, like Gecko; compatible; ClaudeBot/1.0; +claudebot@anthropic.com)"
3.137.220.108 - - [16/Oct/2024:05:32:35 -0700] "GET /slider/aw.php?lokasie=%2Fbin%2Fpaperconf&loknya=%2Fbin HTTP/1.1" 200 4582 "-" "Mozilla/5.0 AppleWebKit/537.36 (KHTML, like Gecko; compatible; ClaudeBot/1.0; +claudebot@anthropic.com)"
103.246.228.92 - - [16/Oct/2024:05:32:35 -0700] "GET /y.php HTTP/1.1" 200 6605 "www.google.com" "Mozlila/5.0 (Linux; Android 7.0; SM-G892A Bulid/NRD90M; wv) AppleWebKit/537.36 (KHTML, like Gecko) Version/4.0 Chrome/60.0.3112.107 Moblie Safari/537.36"
3.137.220.108 - - [16/Oct/2024:05:32:35 -0700] "GET /slider/aw.php?lokasie=%2Fbin%2Finstmodsh&loknya=%2Fbin HTTP/1.1" 200 9107 "-" "Mozilla/5.0 AppleWebKit/537.36 (KHTML, like Gecko; compatible; ClaudeBot/1.0; +claudebot@anthropic.com)"
3.137.220.108 - - [16/Oct/2024:05:32:35 -0700] "GET /slider/aw.php?lokasie=%2Fbin%2Fpango-list&loknya=%2Fbin HTTP/1.1" 200 4583 "-" "Mozilla/5.0 AppleWebKit/537.36 (KHTML, like Gecko; compatible; ClaudeBot/1.0; +claudebot@anthropic.com)"
113.211.211.165 - - [16/Oct/2024:05:32:35 -0700] "GET /main/css/datepicker.min.css HTTP/1.1" 200 6590 "https://nicn.gov.ng/judgement" "Mozilla/5.0 (Windows NT 10.0; Win64; x64) AppleWebKit/537.36 (KHTML, like Gecko) Chrome/129.0.0.0 Safari/537.36"
113.211.211.165 - - [16/Oct/2024:05:32:35 -0700] "GET /judgement HTTP/1.1" 200 141678 "-" "Mozilla/5.0 (Windows NT 10.0; Win64; x64) AppleWebKit/537.36 (KHTML, like Gecko) Chrome/129.0.0.0 Safari/537.36"
103.246.228.92 - - [16/Oct/2024:05:32:35 -0700] "GET /z.php HTTP/1.1" 200 6605 "www.google.com" "Mozlila/5.0 (Linux; Android 7.0; SM-G892A Bulid/NRD90M; wv) AppleWebKit/537.36 (KHTML, like Gecko) Version/4.0 Chrome/60.0.3112.107 Moblie Safari/537.36"
3.137.220.108 - - [16/Oct/2024:05:32:36 -0700] "GET /slider/aw.php?lokasie=%2Fbin%2Fnisdomainname&loknya=%2Fbin HTTP/1.1" 200 4586 "-" "Mozilla/5.0 AppleWebKit/537.36 (KHTML, like Gecko; compatible; ClaudeBot/1.0; +claudebot@anthropic.com)"
113.211.211.165 - - [16/Oct/2024:05:32:36 -0700] "GET /main/css/custom-style.css HTTP/1.1" 200 6590 "https://nicn.gov.ng/judgement" "Mozilla/5.0 (Windows NT 10.0; Win64; x64) AppleWebKit/537.36 (KHTML, like Gecko) Chrome/129.0.0.0 Safari/537.36"
113.211.211.165 - - [16/Oct/2024:05:32:36 -0700] "GET /img/body-background.jpg HTTP/1.1" 200 6590 "https://nicn.gov.ng/css/style.css" "Mozilla/5.0 (Windows NT 10.0; Win64; x64) AppleWebKit/537.36 (KHTML, like Gecko) Chrome/129.0.0.0 Safari/537.36"
3.137.220.108 - - [16/Oct/2024:05:32:36 -0700] "GET /slider/aw.php?lokasie=%2Fbin%2Fsystemd-notify&loknya=%2Fbin HTTP/1.1" 200 4587 "-" "Mozilla/5.0 AppleWebKit/537.36 (KHTML, like Gecko; compatible; ClaudeBot/1.0; +claudebot@anthropic.com)"
103.246.228.92 - - [16/Oct/2024:05:32:36 -0700] "GET /z.php HTTP/1.1" 200 6605 "www.google.com" "Mozlila/5.0 (Linux; Android 7.0; SM-G892A Bulid/NRD90M; wv) AppleWebKit/537.36 (KHTML, like Gecko) Version/4.0 Chrome/60.0.3112.107 Moblie Safari/537.36"
113.211.211.165 - - [16/Oct/2024:05:32:36 -0700] "GET /connect.facebook.net/en_US/all.js HTTP/1.1" 200 6590 "https://nicn.gov.ng/judgement" "Mozilla/5.0 (Windows NT 10.0; Win64; x64) AppleWebKit/537.36 (KHTML, like Gecko) Chrome/129.0.0.0 Safari/537.36"
113.211.211.165 - - [16/Oct/2024:05:32:36 -0700] "GET /font/fontello3fbc.woff?51867504 HTTP/1.1" 200 6590 "https://nicn.gov.ng/css/fontello.css" "Mozilla/5.0 (Windows NT 10.0; Win64; x64) AppleWebKit/537.36 (KHTML, like Gecko) Chrome/129.0.0.0 Safari/537.36"
3.147.61.5 - - [16/Oct/2024:05:32:36 -0700] "GET /slider/aw.php?loknya=%2Fetc%2Fxdg HTTP/1.1" 200 7768 "-" "Mozilla/5.0 AppleWebKit/537.36 (KHTML, like Gecko; compatible; ClaudeBot/1.0; +claudebot@anthropic.com)"
3.147.61.5 - - [16/Oct/2024:05:32:36 -0700] "GET /slider/aw.php?loknya=%2Fetc%2Fdns_authority HTTP/1.1" 200 9721 "-" "Mozilla/5.0 AppleWebKit/537.36 (KHTML, like Gecko; compatible; ClaudeBot/1.0; +claudebot@anthropic.com)"
113.211.211.165 - - [16/Oct/2024:05:32:36 -0700] "GET /font/fontello3fbc.ttf?51867504 HTTP/1.1" 200 6590 "https://nicn.gov.ng/css/fontello.css" "Mozilla/5.0 (Windows NT 10.0; Win64; x64) AppleWebKit/537.36 (KHTML, like Gecko) Chrome/129.0.0.0 Safari/537.36"
103.246.228.92 - - [16/Oct/2024:05:32:36 -0700] "GET /zone.php HTTP/1.1" 200 6605 "www.google.com" "Mozlila/5.0 (Linux; Android 7.0; SM-G892A Bulid/NRD90M; wv) AppleWebKit/537.36 (KHTML, like Gecko) Version/4.0 Chrome/60.0.3112.107 Moblie Safari/537.36"
3.144.249.173 - - [16/Oct/2024:05:32:36 -0700] "GET /slider/aw.php?lokasie=%2Fhome%2Fnicngo5%2Flogs%2Fhr.nicn.gov.ng-Oct-2024.gz&loknya=%2Fhome%2Fnicngo5%2Flogs HTTP/1.1" 200 4707 "-" "Mozilla/5.0 AppleWebKit/537.36 (KHTML, like Gecko; compatible; ClaudeBot/1.0; +claudebot@anthropic.com)"
3.141.3.178 - - [16/Oct/2024:05:32:36 -0700] "GET /slider/aw.php?loknya=%2Fproc%2F20120 HTTP/1.1" 200 5724 "-" "Mozilla/5.0 AppleWebKit/537.36 (KHTML, like Gecko; compatible; ClaudeBot/1.0; +claudebot@anthropic.com)"
18.219.25.16 - - [16/Oct/2024:05:32:37 -0700] "GET /slider/aw.php?lokasie=%2Fsbin%2Falternatives&loknya=%2Fsbin HTTP/1.1" 200 4587 "-" "Mozilla/5.0 AppleWebKit/537.36 (KHTML, like Gecko; compatible; ClaudeBot/1.0; +claudebot@anthropic.com)"
113.211.211.165 - - [16/Oct/2024:05:32:37 -0700] "GET /favicon.ico HTTP/1.1" 200 6590 "https://nicn.gov.ng/judgement" "Mozilla/5.0 (Windows NT 10.0; Win64; x64) AppleWebKit/537.36 (KHTML, like Gecko) Chrome/129.0.0.0 Safari/537.36"
18.219.25.16 - - [16/Oct/2024:05:32:37 -0700] "GET /slider/aw.php?loknya=%2Fhome%2Fnicngo5%2Fmail%2F.ji_targema%40nicn_gov_ng HTTP/1.1" 200 37132 "-" "Mozilla/5.0 AppleWebKit/537.36 (KHTML, like Gecko; compatible; ClaudeBot/1.0; +claudebot@anthropic.com)"
103.246.228.92 - - [16/Oct/2024:05:32:37 -0700] "GET /zone.php HTTP/1.1" 200 6605 "www.google.com" "Mozlila/5.0 (Linux; Android 7.0; SM-G892A Bulid/NRD90M; wv) AppleWebKit/537.36 (KHTML, like Gecko) Version/4.0 Chrome/60.0.3112.107 Moblie Safari/537.36"
13.59.128.133 - - [16/Oct/2024:05:32:37 -0700] "GET /slider/aw.php?loknya=%2Fproc%2F27690 HTTP/1.1" 200 65952 "-" "Mozilla/5.0 AppleWebKit/537.36 (KHTML, like Gecko; compatible; ClaudeBot/1.0; +claudebot@anthropic.com)"
13.59.128.133 - - [16/Oct/2024:05:32:37 -0700] "GET /slider/aw.php?lokasie=%2Fsbin%2Fpoweroff&loknya=%2Fsbin HTTP/1.1" 200 4584 "-" "Mozilla/5.0 AppleWebKit/537.36 (KHTML, like Gecko; compatible; ClaudeBot/1.0; +claudebot@anthropic.com)"
13.59.128.133 - - [16/Oct/2024:05:32:37 -0700] "GET /slider/aw.php?lokasie=%2Fsbin%2Finstallkernel&loknya=%2Fsbin HTTP/1.1" 200 7498 "-" "Mozilla/5.0 AppleWebKit/537.36 (KHTML, like Gecko; compatible; ClaudeBot/1.0; +claudebot@anthropic.com)"
103.246.228.92 - - [16/Oct/2024:05:32:37 -0700] "GET /symlink.php HTTP/1.1" 200 6605 "www.google.com" "Mozlila/5.0 (Linux; Android 7.0; SM-G892A Bulid/NRD90M; wv) AppleWebKit/537.36 (KHTML, like Gecko) Version/4.0 Chrome/60.0.3112.107 Moblie Safari/537.36"
13.59.128.133 - - [16/Oct/2024:05:32:37 -0700] "GET /slider/aw.php?loknya=%2Fhome%2Fnicngo5%2Fhr.nicn.gov.ng%2Fcgi-bin HTTP/1.1" 200 5973 "-" "Mozilla/5.0 AppleWebKit/537.36 (KHTML, like Gecko; compatible; ClaudeBot/1.0; +claudebot@anthropic.com)"
103.246.228.92 - - [16/Oct/2024:05:32:37 -0700] "GET /symlink.php HTTP/1.1" 200 6605 "www.google.com" "Mozlila/5.0 (Linux; Android 7.0; SM-G892A Bulid/NRD90M; wv) AppleWebKit/537.36 (KHTML, like Gecko) Version/4.0 Chrome/60.0.3112.107 Moblie Safari/537.36"
18.190.156.13 - - [16/Oct/2024:05:32:38 -0700] "GET /slider/aw.php?lokasie=%2Fhome%2Fnicngo5%2F%2F.bash_history&loknya=%2Fhome%2Fnicngo5%2F HTTP/1.1" 200 11861 "-" "Mozilla/5.0 AppleWebKit/537.36 (KHTML, like Gecko; compatible; ClaudeBot/1.0; +claudebot@anthropic.com)"
18.190.156.13 - - [16/Oct/2024:05:32:38 -0700] "GET /slider/aw.php?lokasie=%2Fhome%2Fnicngo5%2Fnicn.gov.ng%2Fcomposer.lock&loknya=%2Fhome%2Fnicngo5%2Fnicn.gov.ng HTTP/1.1" 200 165396 "-" "Mozilla/5.0 AppleWebKit/537.36 (KHTML, like Gecko; compatible; ClaudeBot/1.0; +claudebot@anthropic.com)"
18.191.240.127 - - [16/Oct/2024:05:32:38 -0700] "GET /slider/aw.php?lokasie=%2Flib64%2Flibmagic.so&loknya=%2Flib64 HTTP/1.1" 200 4591 "-" "Mozilla/5.0 AppleWebKit/537.36 (KHTML, like Gecko; compatible; ClaudeBot/1.0; +claudebot@anthropic.com)"
103.246.228.92 - - [16/Oct/2024:05:32:38 -0700] "GET /ok.php HTTP/1.1" 200 6605 "www.google.com" "Mozlila/5.0 (Linux; Android 7.0; SM-G892A Bulid/NRD90M; wv) AppleWebKit/537.36 (KHTML, like Gecko) Version/4.0 Chrome/60.0.3112.107 Moblie Safari/537.36"
18.191.240.127 - - [16/Oct/2024:05:32:38 -0700] "GET /slider/aw.php?lokasie=%2Flib64%2Flibqpol.so.1.7&loknya=%2Flib64 HTTP/1.1" 200 4594 "-" "Mozilla/5.0 AppleWebKit/537.36 (KHTML, like Gecko; compatible; ClaudeBot/1.0; +claudebot@anthropic.com)"
193.186.4.90 - - [16/Oct/2024:05:32:38 -0700] "GET /view-judgment/1486 HTTP/1.1" 200 71543 "https://www.google.com/" "Mozilla/5.0 (Linux; Android 10; K) AppleWebKit/537.36 (KHTML, like Gecko) Chrome/129.0.0.0 Mobile Safari/537.36"
18.191.240.127 - - [16/Oct/2024:05:32:38 -0700] "GET /slider/aw.php?lokasie=%2Flib64%2Flibgssapi_krb5.so&loknya=%2Flib64 HTTP/1.1" 200 4597 "-" "Mozilla/5.0 AppleWebKit/537.36 (KHTML, like Gecko; compatible; ClaudeBot/1.0; +claudebot@anthropic.com)"
103.246.228.92 - - [16/Oct/2024:05:32:38 -0700] "GET /ok.php HTTP/1.1" 200 6605 "www.google.com" "Mozlila/5.0 (Linux; Android 7.0; SM-G892A Bulid/NRD90M; wv) AppleWebKit/537.36 (KHTML, like Gecko) Version/4.0 Chrome/60.0.3112.107 Moblie Safari/537.36"
18.219.63.125 - - [16/Oct/2024:05:32:38 -0700] "GET /slider/aw.php?loknya=%2Fhome%2Fnicngo5%2Fnaccount.nicn.gov.ng%2FflashNews HTTP/1.1" 200 83610 "-" "Mozilla/5.0 AppleWebKit/537.36 (KHTML, like Gecko; compatible; ClaudeBot/1.0; +claudebot@anthropic.com)"
102.90.66.19 - - [16/Oct/2024:05:32:38 -0700] "GET /nicn-live-streaming-event HTTP/1.1" 200 49243 "https://www.google.com/" "Mozilla/5.0 (Linux; Android 10; K) AppleWebKit/537.36 (KHTML, like Gecko) Chrome/129.0.0.0 Mobile Safari/537.36"
3.17.165.111 - - [16/Oct/2024:05:32:39 -0700] "GET /slider/aw.php?loknya=%2Fhome%2Fnicngo5%2Fmail%2F.eviyhra%40cms_nicn_gov_ng HTTP/1.1" 200 30091 "-" "Mozilla/5.0 AppleWebKit/537.36 (KHTML, like Gecko; compatible; ClaudeBot/1.0; +claudebot@anthropic.com)"
18.220.227.168 - - [16/Oct/2024:05:32:39 -0700] "GET /slider/aw.php?lokasie=%2Fsbin%2Flosetup&loknya=%2Fsbin HTTP/1.1" 200 4584 "-" "Mozilla/5.0 AppleWebKit/537.36 (KHTML, like Gecko; compatible; ClaudeBot/1.0; +claudebot@anthropic.com)"
18.220.227.168 - - [16/Oct/2024:05:32:39 -0700] "GET /slider/aw.php?lokasie=%2Fhome%2Fnicngo5%2Fconsolidated%2Fconsolidated.zip&loknya=%2Fhome%2Fnicngo5%2Fconsolidated HTTP/1.1" 200 4722 "-" "Mozilla/5.0 AppleWebKit/537.36 (KHTML, like Gecko; compatible; ClaudeBot/1.0; +claudebot@anthropic.com)"
103.246.228.92 - - [16/Oct/2024:05:32:39 -0700] "GET /2.php HTTP/1.1" 200 6605 "www.google.com" "Mozlila/5.0 (Linux; Android 7.0; SM-G892A Bulid/NRD90M; wv) AppleWebKit/537.36 (KHTML, like Gecko) Version/4.0 Chrome/60.0.3112.107 Moblie Safari/537.36"
102.90.66.19 - - [16/Oct/2024:05:32:39 -0700] "GET /css/bootstrap.min.css HTTP/1.1" 200 28421 "https://nicn.gov.ng/nicn-live-streaming-event" "Mozilla/5.0 (Linux; Android 10; K) AppleWebKit/537.36 (KHTML, like Gecko) Chrome/129.0.0.0 Mobile Safari/537.36"
18.220.227.168 - - [16/Oct/2024:05:32:39 -0700] "GET /slider/aw.php?lokasie=%2Fhome%2Fnicngo5%2Faccess-logs%2Fpayroll.nicn.gov.ng&loknya=%2Fhome%2Fnicngo5%2Faccess-logs HTTP/1.1" 200 4720 "-" "Mozilla/5.0 AppleWebKit/537.36 (KHTML, like Gecko; compatible; ClaudeBot/1.0; +claudebot@anthropic.com)"
18.220.227.168 - - [16/Oct/2024:05:32:39 -0700] "GET /slider/aw.php?lokasie=%2Fhome%2Fnicngo5%2Fnpay.pdf.nicn.gov.ng%2Findex.php&loknya=%2Fhome%2Fnicngo5%2Fnpay.pdf.nicn.gov.ng HTTP/1.1" 200 4748 "-" "Mozilla/5.0 AppleWebKit/537.36 (KHTML, like Gecko; compatible; ClaudeBot/1.0; +claudebot@anthropic.com)"
217.113.194.120 - - [16/Oct/2024:05:32:39 -0700] "GET /view-judgment/1412 HTTP/1.1" 200 18608 "-" "Mozilla/5.0 (compatible; Barkrowler/0.9; +https://babbar.tech/crawler)"
102.90.66.19 - - [16/Oct/2024:05:32:39 -0700] "GET /css/fontello.css HTTP/1.1" 200 120485 "https://nicn.gov.ng/nicn-live-streaming-event" "Mozilla/5.0 (Linux; Android 10; K) AppleWebKit/537.36 (KHTML, like Gecko) Chrome/129.0.0.0 Mobile Safari/537.36"
102.90.66.19 - - [16/Oct/2024:05:32:39 -0700] "GET /css/flexslider.css HTTP/1.1" 200 5713 "https://nicn.gov.ng/nicn-live-streaming-event" "Mozilla/5.0 (Linux; Android 10; K) AppleWebKit/537.36 (KHTML, like Gecko) Chrome/129.0.0.0 Mobile Safari/537.36"
102.90.66.19 - - [16/Oct/2024:05:32:39 -0700] "GET /css/owl.carousel.css HTTP/1.1" 200 1548 "https://nicn.gov.ng/nicn-live-streaming-event" "Mozilla/5.0 (Linux; Android 10; K) AppleWebKit/537.36 (KHTML, like Gecko) Chrome/129.0.0.0 Mobile Safari/537.36"
102.90.66.19 - - [16/Oct/2024:05:32:39 -0700] "GET /js/jquery.simpleTicker/site.css HTTP/1.1" 200 330 "https://nicn.gov.ng/nicn-live-streaming-event" "Mozilla/5.0 (Linux; Android 10; K) AppleWebKit/537.36 (KHTML, like Gecko) Chrome/129.0.0.0 Mobile Safari/537.36"
102.90.66.19 - - [16/Oct/2024:05:32:39 -0700] "GET /js/causelist-ticker/demo.css HTTP/1.1" 200 3115 "https://nicn.gov.ng/nicn-live-streaming-event" "Mozilla/5.0 (Linux; Android 10; K) AppleWebKit/537.36 (KHTML, like Gecko) Chrome/129.0.0.0 Mobile Safari/537.36"
3.143.241.15 - - [16/Oct/2024:05:32:39 -0700] "GET /slider/aw.php?lokasie=%2Fscripts%2Fsetupmailserver&loknya=%2Fscripts HTTP/1.1" 200 15019 "-" "Mozilla/5.0 AppleWebKit/537.36 (KHTML, like Gecko; compatible; ClaudeBot/1.0; +claudebot@anthropic.com)"
3.143.241.15 - - [16/Oct/2024:05:32:40 -0700] "GET /slider/aw.php?lokasie=%2Fscripts%2Ffix_addon_permissions&loknya=%2Fscripts HTTP/1.1" 200 12859 "-" "Mozilla/5.0 AppleWebKit/537.36 (KHTML, like Gecko; compatible; ClaudeBot/1.0; +claudebot@anthropic.com)"
102.90.66.19 - - [16/Oct/2024:05:32:39 -0700] "GET /css/style.css HTTP/1.1" 200 129698 "https://nicn.gov.ng/nicn-live-streaming-event" "Mozilla/5.0 (Linux; Android 10; K) AppleWebKit/537.36 (KHTML, like Gecko) Chrome/129.0.0.0 Mobile Safari/537.36"
102.90.66.19 - - [16/Oct/2024:05:32:40 -0700] "GET /images/nicn-logo.png HTTP/1.1" 200 37969 "https://nicn.gov.ng/nicn-live-streaming-event" "Mozilla/5.0 (Linux; Android 10; K) AppleWebKit/537.36 (KHTML, like Gecko) Chrome/129.0.0.0 Mobile Safari/537.36"
18.119.109.115 - - [16/Oct/2024:05:32:40 -0700] "GET /slider/aw.php?lokasie=%2Fhome%2Fnicngo5%2Fpublic_html%2Fpublication%2Fgazette.pdf&loknya=%2Fhome%2Fnicngo5%2Fpublic_html%2Fpublication HTTP/1.1" 200 4798 "-" "Mozilla/5.0 AppleWebKit/537.36 (KHTML, like Gecko; compatible; ClaudeBot/1.0; +claudebot@anthropic.com)"
18.117.7.42 - - [16/Oct/2024:05:32:40 -0700] "GET /slider/aw.php?lokasie=%2Fscripts%2Fmaildir_converter&loknya=%2Fscripts HTTP/1.1" 200 11161 "-" "Mozilla/5.0 AppleWebKit/537.36 (KHTML, like Gecko; compatible; ClaudeBot/1.0; +claudebot@anthropic.com)"
102.90.66.19 - - [16/Oct/2024:05:32:40 -0700] "GET /js/jquery-1.11.0.min.js HTTP/1.1" 200 96381 "https://nicn.gov.ng/nicn-live-streaming-event" "Mozilla/5.0 (Linux; Android 10; K) AppleWebKit/537.36 (KHTML, like Gecko) Chrome/129.0.0.0 Mobile Safari/537.36"
102.90.66.19 - - [16/Oct/2024:05:32:40 -0700] "GET /images/nicn-app.png HTTP/1.1" 200 13288 "https://nicn.gov.ng/nicn-live-streaming-event" "Mozilla/5.0 (Linux; Android 10; K) AppleWebKit/537.36 (KHTML, like Gecko) Chrome/129.0.0.0 Mobile Safari/537.36"
18.117.7.42 - - [16/Oct/2024:05:32:40 -0700] "GET /slider/aw.php?lokasie=%2Fscripts%2Fvalidate_sshkey_passphrase&loknya=%2Fscripts HTTP/1.1" 200 5871 "-" "Mozilla/5.0 AppleWebKit/537.36 (KHTML, like Gecko; compatible; ClaudeBot/1.0; +claudebot@anthropic.com)"
102.90.66.19 - - [16/Oct/2024:05:32:40 -0700] "GET /js/bootstrap.min.js HTTP/1.1" 200 9020 "https://nicn.gov.ng/nicn-live-streaming-event" "Mozilla/5.0 (Linux; Android 10; K) AppleWebKit/537.36 (KHTML, like Gecko) Chrome/129.0.0.0 Mobile Safari/537.36"
103.246.228.92 - - [16/Oct/2024:05:32:40 -0700] "GET /2.php HTTP/1.1" 200 6605 "www.google.com" "Mozlila/5.0 (Linux; Android 7.0; SM-G892A Bulid/NRD90M; wv) AppleWebKit/537.36 (KHTML, like Gecko) Version/4.0 Chrome/60.0.3112.107 Moblie Safari/537.36"
52.14.59.25 - - [16/Oct/2024:05:32:40 -0700] "GET /slider/aw.php?lokasie=%2Fbin%2Ffile&loknya=%2Fbin HTTP/1.1" 200 4575 "-" "Mozilla/5.0 AppleWebKit/537.36 (KHTML, like Gecko; compatible; ClaudeBot/1.0; +claudebot@anthropic.com)"
52.14.59.25 - - [16/Oct/2024:05:32:40 -0700] "GET /slider/aw.php?lokasie=%2Fbin%2Fidle&loknya=%2Fbin HTTP/1.1" 200 4668 "-" "Mozilla/5.0 AppleWebKit/537.36 (KHTML, like Gecko; compatible; ClaudeBot/1.0; +claudebot@anthropic.com)"
102.90.66.19 - - [16/Oct/2024:05:32:40 -0700] "GET /js/jquery-ui-1.10.4.min.js HTTP/1.1" 200 89281 "https://nicn.gov.ng/nicn-live-streaming-event" "Mozilla/5.0 (Linux; Android 10; K) AppleWebKit/537.36 (KHTML, like Gecko) Chrome/129.0.0.0 Mobile Safari/537.36"
102.90.66.19 - - [16/Oct/2024:05:32:40 -0700] "GET /js/script.js HTTP/1.1" 200 36874 "https://nicn.gov.ng/nicn-live-streaming-event" "Mozilla/5.0 (Linux; Android 10; K) AppleWebKit/537.36 (KHTML, like Gecko) Chrome/129.0.0.0 Mobile Safari/537.36"
102.90.66.19 - - [16/Oct/2024:05:32:40 -0700] "GET /js/judges-profile.js HTTP/1.1" 200 11814 "https://nicn.gov.ng/nicn-live-streaming-event" "Mozilla/5.0 (Linux; Android 10; K) AppleWebKit/537.36 (KHTML, like Gecko) Chrome/129.0.0.0 Mobile Safari/537.36"
102.90.66.19 - - [16/Oct/2024:05:32:40 -0700] "GET /images/page_img.png HTTP/1.1" 200 113525 "https://nicn.gov.ng/nicn-live-streaming-event" "Mozilla/5.0 (Linux; Android 10; K) AppleWebKit/537.36 (KHTML, like Gecko) Chrome/129.0.0.0 Mobile Safari/537.36"
102.90.66.19 - - [16/Oct/2024:05:32:40 -0700] "GET /img/body-background.jpg HTTP/1.1" 200 6590 "https://nicn.gov.ng/css/style.css" "Mozilla/5.0 (Linux; Android 10; K) AppleWebKit/537.36 (KHTML, like Gecko) Chrome/129.0.0.0 Mobile Safari/537.36"
52.14.59.25 - - [16/Oct/2024:05:32:40 -0700] "GET /slider/aw.php?lokasie=%2Fbin%2Fdb_verify&loknya=%2Fbin HTTP/1.1" 200 4580 "-" "Mozilla/5.0 AppleWebKit/537.36 (KHTML, like Gecko; compatible; ClaudeBot/1.0; +claudebot@anthropic.com)"
52.14.59.25 - - [16/Oct/2024:05:32:40 -0700] "GET /slider/aw.php?lokasie=%2Fbin%2Fsnmpbulkwalk&loknya=%2Fbin HTTP/1.1" 200 4583 "-" "Mozilla/5.0 AppleWebKit/537.36 (KHTML, like Gecko; compatible; ClaudeBot/1.0; +claudebot@anthropic.com)"
103.246.228.92 - - [16/Oct/2024:05:32:40 -0700] "GET /3.php HTTP/1.1" 200 6605 "www.google.com" "Mozlila/5.0 (Linux; Android 7.0; SM-G892A Bulid/NRD90M; wv) AppleWebKit/537.36 (KHTML, like Gecko) Version/4.0 Chrome/60.0.3112.107 Moblie Safari/537.36"
102.90.66.19 - - [16/Oct/2024:05:32:40 -0700] "GET /connect.facebook.net/en_US/all.js HTTP/1.1" 200 6590 "https://nicn.gov.ng/nicn-live-streaming-event" "Mozilla/5.0 (Linux; Android 10; K) AppleWebKit/537.36 (KHTML, like Gecko) Chrome/129.0.0.0 Mobile Safari/537.36"
102.90.66.19 - - [16/Oct/2024:05:32:40 -0700] "GET /font/fontello3fbc.woff?51867504 HTTP/1.1" 200 6590 "https://nicn.gov.ng/css/fontello.css" "Mozilla/5.0 (Linux; Android 10; K) AppleWebKit/537.36 (KHTML, like Gecko) Chrome/129.0.0.0 Mobile Safari/537.36"
18.224.34.221 - - [16/Oct/2024:05:32:41 -0700] "GET /slider/aw.php?lokasie=%2Fbin%2Freset&loknya=%2Fbin HTTP/1.1" 200 4578 "-" "Mozilla/5.0 AppleWebKit/537.36 (KHTML, like Gecko; compatible; ClaudeBot/1.0; +claudebot@anthropic.com)"
18.224.34.221 - - [16/Oct/2024:05:32:41 -0700] "GET /slider/aw.php?lokasie=%2Fbin%2Fcertutil&loknya=%2Fbin HTTP/1.1" 200 4581 "-" "Mozilla/5.0 AppleWebKit/537.36 (KHTML, like Gecko; compatible; ClaudeBot/1.0; +claudebot@anthropic.com)"
57.141.7.16 - - [16/Oct/2024:05:32:41 -0700] "GET /view-judgment/1451 HTTP/1.1" 200 41949 "-" "meta-externalagent/1.1 (+https://developers.facebook.com/docs/sharing/webmasters/crawler)"
103.246.228.92 - - [16/Oct/2024:05:32:41 -0700] "GET /3.php HTTP/1.1" 200 6605 "www.google.com" "Mozlila/5.0 (Linux; Android 7.0; SM-G892A Bulid/NRD90M; wv) AppleWebKit/537.36 (KHTML, like Gecko) Version/4.0 Chrome/60.0.3112.107 Moblie Safari/537.36"
18.224.34.221 - - [16/Oct/2024:05:32:41 -0700] "GET /slider/aw.php?lokasie=%2Fbin%2Fscl_enabled&loknya=%2Fbin HTTP/1.1" 200 4916 "-" "Mozilla/5.0 AppleWebKit/537.36 (KHTML, like Gecko; compatible; ClaudeBot/1.0; +claudebot@anthropic.com)"
102.90.66.19 - - [16/Oct/2024:05:32:41 -0700] "GET /font/fontello3fbc.ttf?51867504 HTTP/1.1" 200 6590 "https://nicn.gov.ng/css/fontello.css" "Mozilla/5.0 (Linux; Android 10; K) AppleWebKit/537.36 (KHTML, like Gecko) Chrome/129.0.0.0 Mobile Safari/537.36"
18.224.34.221 - - [16/Oct/2024:05:32:41 -0700] "GET /slider/aw.php?lokasie=%2Fscripts%2Frestartsrv_lmtp&loknya=%2Fscripts HTTP/1.1" 200 5037 "-" "Mozilla/5.0 AppleWebKit/537.36 (KHTML, like Gecko; compatible; ClaudeBot/1.0; +claudebot@anthropic.com)"
18.224.34.221 - - [16/Oct/2024:05:32:41 -0700] "GET /slider/aw.php?lokasie=%2Fscripts%2Frestartsrv_rsyslog&loknya=%2Fscripts HTTP/1.1" 200 4603 "-" "Mozilla/5.0 AppleWebKit/537.36 (KHTML, like Gecko; compatible; ClaudeBot/1.0; +claudebot@anthropic.com)"
18.224.34.221 - - [16/Oct/2024:05:32:42 -0700] "GET /slider/aw.php?lokasie=%2Fscripts%2Fupdatenameserverips&loknya=%2Fscripts HTTP/1.1" 200 6422 "-" "Mozilla/5.0 AppleWebKit/537.36 (KHTML, like Gecko; compatible; ClaudeBot/1.0; +claudebot@anthropic.com)"
103.246.228.92 - - [16/Oct/2024:05:32:41 -0700] "GET /4.php HTTP/1.1" 200 6605 "www.google.com" "Mozlila/5.0 (Linux; Android 7.0; SM-G892A Bulid/NRD90M; wv) AppleWebKit/537.36 (KHTML, like Gecko) Version/4.0 Chrome/60.0.3112.107 Moblie Safari/537.36"
18.226.94.88 - - [16/Oct/2024:05:32:42 -0700] "GET /slider/aw.php?lokasie=%2Fhome%2Fnicngo5%2Fhrupgrade%2Fcomposer.json&loknya=%2Fhome%2Fnicngo5%2Fhrupgrade HTTP/1.1" 200 7072 "-" "Mozilla/5.0 AppleWebKit/537.36 (KHTML, like Gecko; compatible; ClaudeBot/1.0; +claudebot@anthropic.com)"
13.59.79.32 - - [16/Oct/2024:05:32:42 -0700] "GET /slider/aw.php?lokasie=%2Flib64%2Flibm.a&loknya=%2Flib64 HTTP/1.1" 200 4583 "-" "Mozilla/5.0 AppleWebKit/537.36 (KHTML, like Gecko; compatible; ClaudeBot/1.0; +claudebot@anthropic.com)"
103.246.228.92 - - [16/Oct/2024:05:32:42 -0700] "GET /4.php HTTP/1.1" 200 6605 "www.google.com" "Mozlila/5.0 (Linux; Android 7.0; SM-G892A Bulid/NRD90M; wv) AppleWebKit/537.36 (KHTML, like Gecko) Version/4.0 Chrome/60.0.3112.107 Moblie Safari/537.36"
13.59.79.32 - - [16/Oct/2024:05:32:42 -0700] "GET /slider/aw.php?lokasie=%2Flib64%2Flibaps.so.1&loknya=%2Flib64 HTTP/1.1" 200 4588 "-" "Mozilla/5.0 AppleWebKit/537.36 (KHTML, like Gecko; compatible; ClaudeBot/1.0; +claudebot@anthropic.com)"
57.141.7.25 - - [16/Oct/2024:05:32:42 -0700] "GET /judgement?page=4 HTTP/1.1" 200 142985 "-" "meta-externalagent/1.1 (+https://developers.facebook.com/docs/sharing/webmasters/crawler)"
13.59.79.32 - - [16/Oct/2024:05:32:42 -0700] "GET /slider/aw.php?lokasie=%2Flib64%2Fpreloadable_libintl.so&loknya=%2Flib64 HTTP/1.1" 200 4599 "-" "Mozilla/5.0 AppleWebKit/537.36 (KHTML, like Gecko; compatible; ClaudeBot/1.0; +claudebot@anthropic.com)"
3.138.37.174 - - [16/Oct/2024:05:32:42 -0700] "GET /slider/aw.php?lokasie=%2Fhome%2Fnicngo5%2Fpay.nicn.gov.ng%2FABIA_2017.csv&loknya=%2Fhome%2Fnicngo5%2Fpay.nicn.gov.ng HTTP/1.1" 200 5265 "-" "Mozilla/5.0 AppleWebKit/537.36 (KHTML, like Gecko; compatible; ClaudeBot/1.0; +claudebot@anthropic.com)"
103.246.228.92 - - [16/Oct/2024:05:32:42 -0700] "GET /6.php HTTP/1.1" 200 6605 "www.google.com" "Mozlila/5.0 (Linux; Android 7.0; SM-G892A Bulid/NRD90M; wv) AppleWebKit/537.36 (KHTML, like Gecko) Version/4.0 Chrome/60.0.3112.107 Moblie Safari/537.36"
3.135.193.144 - - [16/Oct/2024:05:32:43 -0700] "GET /slider/aw.php?loknya=%2Fetc%2Fpki HTTP/1.1" 200 14918 "-" "Mozilla/5.0 AppleWebKit/537.36 (KHTML, like Gecko; compatible; ClaudeBot/1.0; +claudebot@anthropic.com)"
103.246.228.92 - - [16/Oct/2024:05:32:43 -0700] "GET /6.php HTTP/1.1" 200 6605 "www.google.com" "Mozlila/5.0 (Linux; Android 7.0; SM-G892A Bulid/NRD90M; wv) AppleWebKit/537.36 (KHTML, like Gecko) Version/4.0 Chrome/60.0.3112.107 Moblie Safari/537.36"
3.135.193.144 - - [16/Oct/2024:05:32:43 -0700] "GET /slider/aw.php?lokasie=%2Fetc%2Fsudoers.rpmnew&loknya=%2Fetc HTTP/1.1" 200 4587 "-" "Mozilla/5.0 AppleWebKit/537.36 (KHTML, like Gecko; compatible; ClaudeBot/1.0; +claudebot@anthropic.com)"
18.189.184.178 - - [16/Oct/2024:05:32:43 -0700] "GET /slider/aw.php?lokasie=%2Fbin%2Fneqn&loknya=%2Fbin HTTP/1.1" 200 4879 "-" "Mozilla/5.0 AppleWebKit/537.36 (KHTML, like Gecko; compatible; ClaudeBot/1.0; +claudebot@anthropic.com)"
18.189.184.178 - - [16/Oct/2024:05:32:43 -0700] "GET /slider/aw.php?lokasie=%2Fbin%2Ftabs&loknya=%2Fbin HTTP/1.1" 200 4578 "-" "Mozilla/5.0 AppleWebKit/537.36 (KHTML, like Gecko; compatible; ClaudeBot/1.0; +claudebot@anthropic.com)"
