87.247.160.6 - - [16/Oct/2024:05:33:41 -0700] "GET /wp-blog.php HTTP/1.1" 200 6605 "www.google.com" "Mozlila/5.0 (Linux; Android 7.0; SM-G892A Bulid/NRD90M; wv) AppleWebKit/537.36 (KHTML, like Gecko) Version/4.0 Chrome/60.0.3112.107 Moblie Safari/537.36"
102.91.4.135 - - [16/Oct/2024:05:33:41 -0700] "GET /cpsess7890799262/3rdparty/roundcube/?_task=mail&_action=pagenav&_uid=7&_mbox=INBOX&_remote=1&_unlock=loading1729082024640&_=1729082023473 HTTP/1.1" 200 213 "https://webmail.nicn.gov.ng/cpsess7890799262/3rdparty/roundcube/?_task=mail&_caps=pdf%3D1%2Cflash%3D0%2Ctiff%3D0%2Cwebp%3D1%2Cpgpmime%3D0&_uid=7&_mbox=INBOX&_action=show" "Mozilla/5.0 (Windows NT 10.0; Win64; x64; rv:131.0) Gecko/20100101 Firefox/131.0"
57.141.7.19 - - [16/Oct/2024:05:33:42 -0700] "GET /view-judgment/608 HTTP/1.1" 200 14324 "-" "facebookexternalhit/1.1 (+http://www.facebook.com/externalhit_uatext.php)"
87.247.160.6 - - [16/Oct/2024:05:33:42 -0700] "GET /gg.php HTTP/1.1" 200 6605 "www.google.com" "Mozlila/5.0 (Linux; Android 7.0; SM-G892A Bulid/NRD90M; wv) AppleWebKit/537.36 (KHTML, like Gecko) Version/4.0 Chrome/60.0.3112.107 Moblie Safari/537.36"
87.247.160.6 - - [16/Oct/2024:05:33:42 -0700] "GET /gg.php HTTP/1.1" 200 6605 "www.google.com" "Mozlila/5.0 (Linux; Android 7.0; SM-G892A Bulid/NRD90M; wv) AppleWebKit/537.36 (KHTML, like Gecko) Version/4.0 Chrome/60.0.3112.107 Moblie Safari/537.36"
87.247.160.6 - - [16/Oct/2024:05:33:43 -0700] "GET /alfa123.php HTTP/1.1" 200 6605 "www.google.com" "Mozlila/5.0 (Linux; Android 7.0; SM-G892A Bulid/NRD90M; wv) AppleWebKit/537.36 (KHTML, like Gecko) Version/4.0 Chrome/60.0.3112.107 Moblie Safari/537.36"
87.247.160.6 - - [16/Oct/2024:05:33:43 -0700] "GET /alfa123.php HTTP/1.1" 200 6605 "www.google.com" "Mozlila/5.0 (Linux; Android 7.0; SM-G892A Bulid/NRD90M; wv) AppleWebKit/537.36 (KHTML, like Gecko) Version/4.0 Chrome/60.0.3112.107 Moblie Safari/537.36"
217.113.194.117 - - [16/Oct/2024:05:33:45 -0700] "GET /view-judgment/1413 HTTP/1.1" 200 14965 "-" "Mozilla/5.0 (compatible; Barkrowler/0.9; +https://babbar.tech/crawler)"
102.91.4.135 - - [16/Oct/2024:05:33:46 -0700] "GET /cpsess7890799262/3rdparty/roundcube/?_task=mail&_frame=1&_mbox=INBOX&_uid=7&_part=2&_action=get&_extwin=1 HTTP/1.1" 200 3463 "https://webmail.nicn.gov.ng/cpsess7890799262/3rdparty/roundcube/?_task=mail&_caps=pdf%3D1%2Cflash%3D0%2Ctiff%3D0%2Cwebp%3D1%2Cpgpmime%3D0&_uid=7&_mbox=INBOX&_action=show" "Mozilla/5.0 (Windows NT 10.0; Win64; x64; rv:131.0) Gecko/20100101 Firefox/131.0"
113.211.211.165 - - [16/Oct/2024:05:33:47 -0700] "GET /view-judgment/1334 HTTP/1.1" 200 123903 "https://nicn.gov.ng/judgement?page=5" "Mozilla/5.0 (Windows NT 10.0; Win64; x64) AppleWebKit/537.36 (KHTML, like Gecko) Chrome/129.0.0.0 Safari/537.36"
113.211.211.165 - - [16/Oct/2024:05:33:48 -0700] "GET /favicon.ico HTTP/1.1" 200 6590 "https://nicn.gov.ng/view-judgment/1334" "Mozilla/5.0 (Windows NT 10.0; Win64; x64) AppleWebKit/537.36 (KHTML, like Gecko) Chrome/129.0.0.0 Safari/537.36"
102.91.4.135 - - [16/Oct/2024:05:33:48 -0700] "GET /cpsess7890799262/3rdparty/roundcube/?_task=mail&_mbox=INBOX&_uid=7&_part=2&_action=get&_extwin=1&_preload=1&_framed=1 HTTP/1.1" 200 337 "https://webmail.nicn.gov.ng/cpsess7890799262/3rdparty/roundcube/?_task=mail&_frame=1&_mbox=INBOX&_uid=7&_part=2&_action=get&_extwin=1" "Mozilla/5.0 (Windows NT 10.0; Win64; x64; rv:131.0) Gecko/20100101 Firefox/131.0"
102.91.4.135 - - [16/Oct/2024:05:33:50 -0700] "GET /cpsess7890799262/3rdparty/roundcube/?_task=mail&_mbox=INBOX&_uid=7&_part=2&_action=get&_extwin=1&_framed=1&_mimewarning=1&_embed=1 HTTP/1.1" 200 13960 "-" "Mozilla/5.0 (Windows NT 10.0; Win64; x64; rv:131.0) Gecko/20100101 Firefox/131.0"
217.113.194.120 - - [16/Oct/2024:05:33:55 -0700] "GET /view-judgment/1410 HTTP/1.1" 200 49004 "-" "Mozilla/5.0 (compatible; Barkrowler/0.9; +https://babbar.tech/crawler)"
57.141.7.20 - - [16/Oct/2024:05:34:05 -0700] "GET /view-judgment/17 HTTP/1.1" 200 16915 "-" "meta-externalagent/1.1 (+https://developers.facebook.com/docs/sharing/webmasters/crawler)"
217.113.194.118 - - [16/Oct/2024:05:34:06 -0700] "GET /view-judgment/1419 HTTP/1.1" 200 27020 "-" "Mozilla/5.0 (compatible; Barkrowler/0.9; +https://babbar.tech/crawler)"
57.141.7.30 - - [16/Oct/2024:05:34:07 -0700] "GET /view-judgment/423 HTTP/1.1" 200 66564 "-" "facebookexternalhit/1.1 (+http://www.facebook.com/externalhit_uatext.php)"
57.141.7.8 - - [16/Oct/2024:05:34:11 -0700] "GET /index.php/view-judgment/1693 HTTP/1.1" 200 25569 "-" "meta-externalagent/1.1 (+https://developers.facebook.com/docs/sharing/webmasters/crawler)"
72.14.201.90 - - [16/Oct/2024:05:34:14 -0700] "GET /judicial-cadre/40 HTTP/1.1" 200 53429 "https://www.google.com/" "Mozilla/5.0 (Windows NT 10.0; Win64; x64) AppleWebKit/537.36 (KHTML, like Gecko) Chrome/129.0.0.0 Safari/537.36"
217.113.194.114 - - [16/Oct/2024:05:34:16 -0700] "GET /view-judgment/1418 HTTP/1.1" 200 31954 "-" "Mozilla/5.0 (compatible; Barkrowler/0.9; +https://babbar.tech/crawler)"
113.211.211.165 - - [16/Oct/2024:05:34:19 -0700] "GET /view-judgment/1334 HTTP/1.1" 200 123903 "https://nicn.gov.ng/judgement?page=5" "Mozilla/5.0 (Windows NT 10.0; Win64; x64) AppleWebKit/537.36 (KHTML, like Gecko) Chrome/129.0.0.0 Safari/537.36"
113.211.211.165 - - [16/Oct/2024:05:34:19 -0700] "GET /favicon.ico HTTP/1.1" 200 6590 "https://nicn.gov.ng/view-judgment/1334" "Mozilla/5.0 (Windows NT 10.0; Win64; x64) AppleWebKit/537.36 (KHTML, like Gecko) Chrome/129.0.0.0 Safari/537.36"
113.211.211.165 - - [16/Oct/2024:05:34:21 -0700] "GET /view-judgment/1334 HTTP/1.1" 200 123903 "https://nicn.gov.ng/view-judgment/1334" "Mozilla/5.0 (Windows NT 10.0; Win64; x64) AppleWebKit/537.36 (KHTML, like Gecko) Chrome/129.0.0.0 Safari/537.36"
57.141.7.4 - - [16/Oct/2024:05:34:22 -0700] "GET /view-judgment/962 HTTP/1.1" 200 130545 "-" "meta-externalagent/1.1 (+https://developers.facebook.com/docs/sharing/webmasters/crawler)"
113.211.211.165 - - [16/Oct/2024:05:34:22 -0700] "GET /favicon.ico HTTP/1.1" 200 6590 "https://nicn.gov.ng/view-judgment/1334" "Mozilla/5.0 (Windows NT 10.0; Win64; x64) AppleWebKit/537.36 (KHTML, like Gecko) Chrome/129.0.0.0 Safari/537.36"
217.113.194.118 - - [16/Oct/2024:05:34:26 -0700] "GET /view-judgment/1635 HTTP/1.1" 200 21110 "-" "Mozilla/5.0 (compatible; Barkrowler/0.9; +https://babbar.tech/crawler)"
57.141.7.17 - - [16/Oct/2024:05:34:28 -0700] "GET /index.php/view-judgment/885 HTTP/1.1" 200 39076 "-" "meta-externalagent/1.1 (+https://developers.facebook.com/docs/sharing/webmasters/crawler)"
57.141.7.6 - - [16/Oct/2024:05:34:29 -0700] "GET /view-judgment/1793 HTTP/1.1" 200 22143 "-" "meta-externalagent/1.1 (+https://developers.facebook.com/docs/sharing/webmasters/crawler)"
113.211.211.165 - - [16/Oct/2024:05:34:29 -0700] "GET /view-judgment/1334 HTTP/1.1" 200 123903 "https://nicn.gov.ng/view-judgment/1334" "Mozilla/5.0 (Windows NT 10.0; Win64; x64) AppleWebKit/537.36 (KHTML, like Gecko) Chrome/129.0.0.0 Safari/537.36"
113.211.211.165 - - [16/Oct/2024:05:34:30 -0700] "GET /favicon.ico HTTP/1.1" 200 6590 "https://nicn.gov.ng/view-judgment/1334" "Mozilla/5.0 (Windows NT 10.0; Win64; x64) AppleWebKit/537.36 (KHTML, like Gecko) Chrome/129.0.0.0 Safari/537.36"
217.113.194.120 - - [16/Oct/2024:05:34:37 -0700] "GET /view-judgment/1636 HTTP/1.1" 200 57218 "-" "Mozilla/5.0 (compatible; Barkrowler/0.9; +https://babbar.tech/crawler)"
66.249.79.231 - - [16/Oct/2024:05:34:37 -0700] "GET /view-judgment/337 HTTP/1.1" 200 15750 "-" "Mozilla/5.0 (Linux; Android 6.0.1; Nexus 5X Build/MMB29P) AppleWebKit/537.36 (KHTML, like Gecko) Chrome/129.0.6668.89 Mobile Safari/537.36 (compatible; Googlebot/2.1; +http://www.google.com/bot.html)"
193.186.4.90 - - [16/Oct/2024:05:34:39 -0700] "GET /index.php/view-judgment/1812 HTTP/1.1" 200 27058 "https://www.google.com/" "Mozilla/5.0 (Linux; Android 10; K) AppleWebKit/537.36 (KHTML, like Gecko) Chrome/129.0.0.0 Mobile Safari/537.36"
213.109.151.19 - - [16/Oct/2024:05:34:42 -0700] "GET /view-judgment/1334 HTTP/1.1" 200 123903 "-" "Mozilla/5.0 (Windows NT 10.0; Win64; x64) AppleWebKit/537.36 (KHTML, like Gecko) Chrome/129.0.0.0 Safari/537.36"
213.109.151.19 - - [16/Oct/2024:05:34:43 -0700] "GET /favicon.ico HTTP/1.1" 200 6590 "https://nicn.gov.ng/view-judgment/1334" "Mozilla/5.0 (Windows NT 10.0; Win64; x64) AppleWebKit/537.36 (KHTML, like Gecko) Chrome/129.0.0.0 Safari/537.36"
102.91.4.135 - - [16/Oct/2024:05:34:43 -0700] "POST /cpsess7890799262/3rdparty/roundcube/?_task=mail&_action=refresh HTTP/1.1" 200 62 "https://webmail.nicn.gov.ng/cpsess7890799262/3rdparty/roundcube/?_task=mail&_caps=pdf%3D1%2Cflash%3D0%2Ctiff%3D0%2Cwebp%3D1%2Cpgpmime%3D0&_uid=7&_mbox=INBOX&_action=show" "Mozilla/5.0 (Windows NT 10.0; Win64; x64; rv:131.0) Gecko/20100101 Firefox/131.0"
213.109.151.19 - - [16/Oct/2024:05:34:45 -0700] "GET /view-judgment/1334 HTTP/1.1" 200 123903 "https://nicn.gov.ng/view-judgment/1334" "Mozilla/5.0 (Windows NT 10.0; Win64; x64) AppleWebKit/537.36 (KHTML, like Gecko) Chrome/129.0.0.0 Safari/537.36"
57.141.7.8 - - [16/Oct/2024:05:34:46 -0700] "GET /view-judgment/1629 HTTP/1.1" 200 13183 "-" "facebookexternalhit/1.1 (+http://www.facebook.com/externalhit_uatext.php)"
213.109.151.19 - - [16/Oct/2024:05:34:46 -0700] "GET /favicon.ico HTTP/1.1" 200 6590 "https://nicn.gov.ng/view-judgment/1334" "Mozilla/5.0 (Windows NT 10.0; Win64; x64) AppleWebKit/537.36 (KHTML, like Gecko) Chrome/129.0.0.0 Safari/537.36"
213.109.151.19 - - [16/Oct/2024:05:34:47 -0700] "GET /view-judgment/1334 HTTP/1.1" 200 123903 "https://nicn.gov.ng/view-judgment/1334" "Mozilla/5.0 (Windows NT 10.0; Win64; x64) AppleWebKit/537.36 (KHTML, like Gecko) Chrome/129.0.0.0 Safari/537.36"
217.113.194.114 - - [16/Oct/2024:05:34:47 -0700] "GET /view-judgment/1633 HTTP/1.1" 200 36546 "-" "Mozilla/5.0 (compatible; Barkrowler/0.9; +https://babbar.tech/crawler)"
213.109.151.19 - - [16/Oct/2024:05:34:48 -0700] "GET /favicon.ico HTTP/1.1" 200 6590 "https://nicn.gov.ng/view-judgment/1334" "Mozilla/5.0 (Windows NT 10.0; Win64; x64) AppleWebKit/537.36 (KHTML, like Gecko) Chrome/129.0.0.0 Safari/537.36"
213.109.151.19 - - [16/Oct/2024:05:34:49 -0700] "GET /view-judgment/1334 HTTP/1.1" 200 123903 "https://nicn.gov.ng/view-judgment/1334" "Mozilla/5.0 (Windows NT 10.0; Win64; x64) AppleWebKit/537.36 (KHTML, like Gecko) Chrome/129.0.0.0 Safari/537.36"
213.109.151.19 - - [16/Oct/2024:05:34:50 -0700] "GET /favicon.ico HTTP/1.1" 200 6590 "https://nicn.gov.ng/view-judgment/1334" "Mozilla/5.0 (Windows NT 10.0; Win64; x64) AppleWebKit/537.36 (KHTML, like Gecko) Chrome/129.0.0.0 Safari/537.36"
217.113.194.117 - - [16/Oct/2024:05:34:58 -0700] "GET /view-judgment/1630 HTTP/1.1" 200 23243 "-" "Mozilla/5.0 (compatible; Barkrowler/0.9; +https://babbar.tech/crawler)"
213.109.151.19 - - [16/Oct/2024:05:35:01 -0700] "GET /view-judgment/1335 HTTP/1.1" 200 127822 "https://nicn.gov.ng/judgement?page=5" "Mozilla/5.0 (Windows NT 10.0; Win64; x64) AppleWebKit/537.36 (KHTML, like Gecko) Chrome/129.0.0.0 Safari/537.36"
213.109.151.19 - - [16/Oct/2024:05:35:02 -0700] "GET /favicon.ico HTTP/1.1" 200 6590 "https://nicn.gov.ng/view-judgment/1335" "Mozilla/5.0 (Windows NT 10.0; Win64; x64) AppleWebKit/537.36 (KHTML, like Gecko) Chrome/129.0.0.0 Safari/537.36"
57.141.7.6 - - [16/Oct/2024:05:35:02 -0700] "GET /view-judgment/1686 HTTP/1.1" 200 17541 "-" "facebookexternalhit/1.1 (+http://www.facebook.com/externalhit_uatext.php)"
57.141.7.11 - - [16/Oct/2024:05:35:03 -0700] "GET /view-judgment/900 HTTP/1.1" 200 64136 "-" "meta-externalagent/1.1 (+https://developers.facebook.com/docs/sharing/webmasters/crawler)"
217.113.194.116 - - [16/Oct/2024:05:35:08 -0700] "GET /view-judgment/1632 HTTP/1.1" 200 12627 "-" "Mozilla/5.0 (compatible; Barkrowler/0.9; +https://babbar.tech/crawler)"
213.109.151.19 - - [16/Oct/2024:05:35:08 -0700] "GET /view-judgment/1335 HTTP/1.1" 200 127822 "https://nicn.gov.ng/view-judgment/1335" "Mozilla/5.0 (Windows NT 10.0; Win64; x64) AppleWebKit/537.36 (KHTML, like Gecko) Chrome/129.0.0.0 Safari/537.36"
57.141.7.8 - - [16/Oct/2024:05:35:09 -0700] "GET /judgement?page=15 HTTP/1.1" 200 144716 "-" "meta-externalagent/1.1 (+https://developers.facebook.com/docs/sharing/webmasters/crawler)"
213.109.151.19 - - [16/Oct/2024:05:35:09 -0700] "GET /favicon.ico HTTP/1.1" 200 6590 "https://nicn.gov.ng/view-judgment/1335" "Mozilla/5.0 (Windows NT 10.0; Win64; x64) AppleWebKit/537.36 (KHTML, like Gecko) Chrome/129.0.0.0 Safari/537.36"
57.141.7.16 - - [16/Oct/2024:05:35:16 -0700] "GET /index.php/view-judgment/1565 HTTP/1.1" 200 101627 "-" "facebookexternalhit/1.1 (+http://www.facebook.com/externalhit_uatext.php)"
154.54.249.204 - - [16/Oct/2024:05:35:19 -0700] "GET /view-judgment/1639 HTTP/1.1" 200 27721 "-" "Mozilla/5.0 (compatible; Barkrowler/0.9; +https://babbar.tech/crawler)"
57.141.7.28 - - [16/Oct/2024:05:35:21 -0700] "GET /view-judgment/1925 HTTP/1.1" 200 36009 "-" "meta-externalagent/1.1 (+https://developers.facebook.com/docs/sharing/webmasters/crawler)"
57.141.7.15 - - [16/Oct/2024:05:35:23 -0700] "GET /view-judgment/583 HTTP/1.1" 200 23910 "-" "meta-externalagent/1.1 (+https://developers.facebook.com/docs/sharing/webmasters/crawler)"
57.141.7.22 - - [16/Oct/2024:05:35:27 -0700] "GET /index.php/view-judgment/585 HTTP/1.1" 200 23939 "-" "meta-externalagent/1.1 (+https://developers.facebook.com/docs/sharing/webmasters/crawler)"
154.54.249.204 - - [16/Oct/2024:05:35:29 -0700] "GET /view-judgment/1631 HTTP/1.1" 200 13992 "-" "Mozilla/5.0 (compatible; Barkrowler/0.9; +https://babbar.tech/crawler)"
57.141.7.17 - - [16/Oct/2024:05:35:36 -0700] "GET /index.php/view-judgment/798 HTTP/1.1" 200 60277 "-" "facebookexternalhit/1.1 (+http://www.facebook.com/externalhit_uatext.php)"
57.141.7.26 - - [16/Oct/2024:05:35:37 -0700] "GET /view-judgment/1157 HTTP/1.1" 200 32341 "-" "meta-externalagent/1.1 (+https://developers.facebook.com/docs/sharing/webmasters/crawler)"
66.249.79.231 - - [16/Oct/2024:05:35:37 -0700] "GET /index.php/view-judgment/676 HTTP/1.1" 200 44732 "-" "Mozilla/5.0 (Linux; Android 6.0.1; Nexus 5X Build/MMB29P) AppleWebKit/537.36 (KHTML, like Gecko) Chrome/129.0.6668.89 Mobile Safari/537.36 (compatible; Googlebot/2.1; +http://www.google.com/bot.html)"
217.113.194.117 - - [16/Oct/2024:05:35:40 -0700] "GET /view-judgment/1638 HTTP/1.1" 200 32141 "-" "Mozilla/5.0 (compatible; Barkrowler/0.9; +https://babbar.tech/crawler)"
102.91.4.135 - - [16/Oct/2024:05:35:43 -0700] "POST /cpsess7890799262/3rdparty/roundcube/?_task=mail&_action=refresh HTTP/1.1" 200 62 "https://webmail.nicn.gov.ng/cpsess7890799262/3rdparty/roundcube/?_task=mail&_caps=pdf%3D1%2Cflash%3D0%2Ctiff%3D0%2Cwebp%3D1%2Cpgpmime%3D0&_uid=7&_mbox=INBOX&_action=show" "Mozilla/5.0 (Windows NT 10.0; Win64; x64; rv:131.0) Gecko/20100101 Firefox/131.0"
197.210.78.205 - - [16/Oct/2024:05:35:42 -0700] "GET /view-judgment/1220 HTTP/1.1" 200 212924 "https://www.google.com/" "Mozilla/5.0 (iPhone; CPU iPhone OS 17_6_1 like Mac OS X) AppleWebKit/605.1.15 (KHTML, like Gecko) Version/17.6 Mobile/15E148 Safari/604.1"
57.141.7.22 - - [16/Oct/2024:05:35:44 -0700] "GET /view-judgment/1158 HTTP/1.1" 200 224761 "-" "meta-externalagent/1.1 (+https://developers.facebook.com/docs/sharing/webmasters/crawler)"
57.141.7.17 - - [16/Oct/2024:05:35:48 -0700] "GET /view-judgment/1110 HTTP/1.1" 200 66619 "-" "facebookexternalhit/1.1 (+http://www.facebook.com/externalhit_uatext.php)"
57.141.7.27 - - [16/Oct/2024:05:35:49 -0700] "GET /index.php/view-judgment/1430 HTTP/1.1" 200 44126 "-" "facebookexternalhit/1.1 (+http://www.facebook.com/externalhit_uatext.php)"
57.141.7.26 - - [16/Oct/2024:05:35:50 -0700] "GET /judicial-cadre/72 HTTP/1.1" 200 50829 "-" "facebookexternalhit/1.1 (+http://www.facebook.com/externalhit_uatext.php)"
217.113.194.119 - - [16/Oct/2024:05:35:51 -0700] "GET /view-judgment/1634 HTTP/1.1" 200 14402 "-" "Mozilla/5.0 (compatible; Barkrowler/0.9; +https://babbar.tech/crawler)"
213.109.151.19 - - [16/Oct/2024:05:35:59 -0700] "GET /view-judgment/1334 HTTP/1.1" 200 123903 "https://nicn.gov.ng/judgement?page=5" "Mozilla/5.0 (Windows NT 10.0; Win64; x64) AppleWebKit/537.36 (KHTML, like Gecko) Chrome/129.0.0.0 Safari/537.36"
213.109.151.19 - - [16/Oct/2024:05:36:00 -0700] "GET /favicon.ico HTTP/1.1" 200 6590 "https://nicn.gov.ng/view-judgment/1334" "Mozilla/5.0 (Windows NT 10.0; Win64; x64) AppleWebKit/537.36 (KHTML, like Gecko) Chrome/129.0.0.0 Safari/537.36"
217.113.194.118 - - [16/Oct/2024:05:36:01 -0700] "GET /view-judgment/1637 HTTP/1.1" 200 61623 "-" "Mozilla/5.0 (compatible; Barkrowler/0.9; +https://babbar.tech/crawler)"
57.141.7.12 - - [16/Oct/2024:05:36:01 -0700] "GET /index.php/view-judgment/1057 HTTP/1.1" 200 101123 "-" "facebookexternalhit/1.1 (+http://www.facebook.com/externalhit_uatext.php)"
213.109.151.19 - - [16/Oct/2024:05:36:02 -0700] "GET /view-judgment/1334 HTTP/1.1" 200 123903 "https://nicn.gov.ng/view-judgment/1334" "Mozilla/5.0 (Windows NT 10.0; Win64; x64) AppleWebKit/537.36 (KHTML, like Gecko) Chrome/129.0.0.0 Safari/537.36"
213.109.151.19 - - [16/Oct/2024:05:36:03 -0700] "GET /favicon.ico HTTP/1.1" 200 6590 "https://nicn.gov.ng/view-judgment/1334" "Mozilla/5.0 (Windows NT 10.0; Win64; x64) AppleWebKit/537.36 (KHTML, like Gecko) Chrome/129.0.0.0 Safari/537.36"
57.141.7.3 - - [16/Oct/2024:05:36:06 -0700] "GET /nicn-forms HTTP/1.1" 200 67945 "-" "facebookexternalhit/1.1 (+http://www.facebook.com/externalhit_uatext.php)"
173.252.107.3 - - [16/Oct/2024:05:36:08 -0700] "GET /view-judgment/1239 HTTP/1.1" 200 103731 "-" "facebookexternalhit/1.1 (+http://www.facebook.com/externalhit_uatext.php)"
217.113.194.120 - - [16/Oct/2024:05:36:12 -0700] "GET /view-judgment/1122 HTTP/1.1" 200 20632 "-" "Mozilla/5.0 (compatible; Barkrowler/0.9; +https://babbar.tech/crawler)"
213.109.151.19 - - [16/Oct/2024:05:36:12 -0700] "GET /view-judgment/1334 HTTP/1.1" 200 123903 "https://nicn.gov.ng/judgement?page=5" "Mozilla/5.0 (Windows NT 10.0; Win64; x64) AppleWebKit/537.36 (KHTML, like Gecko) Chrome/129.0.0.0 Safari/537.36"
213.109.151.19 - - [16/Oct/2024:05:36:13 -0700] "GET /favicon.ico HTTP/1.1" 200 6590 "https://nicn.gov.ng/view-judgment/1334" "Mozilla/5.0 (Windows NT 10.0; Win64; x64) AppleWebKit/537.36 (KHTML, like Gecko) Chrome/129.0.0.0 Safari/537.36"
57.141.7.5 - - [16/Oct/2024:05:36:19 -0700] "GET /index.php/view-judgment/1886 HTTP/1.1" 200 12067 "-" "facebookexternalhit/1.1 (+http://www.facebook.com/externalhit_uatext.php)"
217.113.194.113 - - [16/Oct/2024:05:36:22 -0700] "GET /view-judgment/1121 HTTP/1.1" 200 22963 "-" "Mozilla/5.0 (compatible; Barkrowler/0.9; +https://babbar.tech/crawler)"
197.210.78.205 - - [16/Oct/2024:05:36:22 -0700] "GET /index.php/view-judgment/1930 HTTP/1.1" 200 45020 "https://www.google.com/" "Mozilla/5.0 (iPhone; CPU iPhone OS 17_6_1 like Mac OS X) AppleWebKit/605.1.15 (KHTML, like Gecko) Version/17.6 Mobile/15E148 Safari/604.1"
57.141.7.21 - - [16/Oct/2024:05:36:27 -0700] "GET /view-judgment/1943 HTTP/1.1" 200 49446 "-" "facebookexternalhit/1.1 (+http://www.facebook.com/externalhit_uatext.php)"
57.141.7.5 - - [16/Oct/2024:05:36:28 -0700] "GET /view-judgment/1769 HTTP/1.1" 200 47356 "-" "facebookexternalhit/1.1 (+http://www.facebook.com/externalhit_uatext.php)"
57.141.7.18 - - [16/Oct/2024:05:36:30 -0700] "GET /view-judgment/544 HTTP/1.1" 200 22676 "-" "facebookexternalhit/1.1 (+http://www.facebook.com/externalhit_uatext.php)"
217.113.194.119 - - [16/Oct/2024:05:36:33 -0700] "GET /view-judgment/1124 HTTP/1.1" 200 21277 "-" "Mozilla/5.0 (compatible; Barkrowler/0.9; +https://babbar.tech/crawler)"
173.252.107.114 - - [16/Oct/2024:05:36:37 -0700] "GET /view-judgment/283 HTTP/1.1" 200 8641 "-" "meta-externalagent/1.1 (+https://developers.facebook.com/docs/sharing/webmasters/crawler)"
173.252.107.1 - - [16/Oct/2024:05:36:37 -0700] "GET /index.php/view-judgment/1702 HTTP/1.1" 200 56842 "-" "meta-externalagent/1.1 (+https://developers.facebook.com/docs/sharing/webmasters/crawler)"
173.252.107.116 - - [16/Oct/2024:05:36:37 -0700] "GET /jurisdiction-and-power HTTP/1.1" 200 59233 "-" "meta-externalagent/1.1 (+https://developers.facebook.com/docs/sharing/webmasters/crawler)"
173.252.107.116 - - [16/Oct/2024:05:36:37 -0700] "GET /view-judgment/337 HTTP/1.1" 200 15750 "-" "meta-externalagent/1.1 (+https://developers.facebook.com/docs/sharing/webmasters/crawler)"
173.252.107.116 - - [16/Oct/2024:05:36:37 -0700] "GET /index.php/view-judgment/1397 HTTP/1.1" 200 25335 "-" "facebookexternalhit/1.1 (+http://www.facebook.com/externalhit_uatext.php)"
173.252.107.2 - - [16/Oct/2024:05:36:37 -0700] "GET /view-judgment/1505 HTTP/1.1" 200 24585 "-" "facebookexternalhit/1.1 (+http://www.facebook.com/externalhit_uatext.php)"
173.252.107.115 - - [16/Oct/2024:05:36:37 -0700] "GET /faq HTTP/1.1" 200 62090 "-" "meta-externalagent/1.1 (+https://developers.facebook.com/docs/sharing/webmasters/crawler)"
173.252.107.1 - - [16/Oct/2024:05:36:37 -0700] "GET / HTTP/1.1" 200 106707 "-" "meta-externalagent/1.1 (+https://developers.facebook.com/docs/sharing/webmasters/crawler)"
66.249.79.233 - - [16/Oct/2024:05:36:38 -0700] "GET /view-judgment/1965 HTTP/1.1" 200 26146 "-" "Mozilla/5.0 (Linux; Android 6.0.1; Nexus 5X Build/MMB29P) AppleWebKit/537.36 (KHTML, like Gecko) Chrome/129.0.6668.89 Mobile Safari/537.36 (compatible; Googlebot/2.1; +http://www.google.com/bot.html)"
66.249.79.230 - - [16/Oct/2024:05:36:39 -0700] "GET /view-judgment/1709 HTTP/1.1" 200 16419 "-" "Mozilla/5.0 (Linux; Android 6.0.1; Nexus 5X Build/MMB29P) AppleWebKit/537.36 (KHTML, like Gecko) Chrome/129.0.6668.89 Mobile Safari/537.36 (compatible; Googlebot/2.1; +http://www.google.com/bot.html)"
57.141.7.19 - - [16/Oct/2024:05:36:40 -0700] "GET /index.php/judicial-cadre/66 HTTP/1.1" 200 51182 "-" "meta-externalagent/1.1 (+https://developers.facebook.com/docs/sharing/webmasters/crawler)"
102.91.4.135 - - [16/Oct/2024:05:36:43 -0700] "POST /cpsess7890799262/3rdparty/roundcube/?_task=mail&_action=refresh HTTP/1.1" 200 62 "https://webmail.nicn.gov.ng/cpsess7890799262/3rdparty/roundcube/?_task=mail&_caps=pdf%3D1%2Cflash%3D0%2Ctiff%3D0%2Cwebp%3D1%2Cpgpmime%3D0&_uid=7&_mbox=INBOX&_action=show" "Mozilla/5.0 (Windows NT 10.0; Win64; x64; rv:131.0) Gecko/20100101 Firefox/131.0"
217.113.194.118 - - [16/Oct/2024:05:36:43 -0700] "GET /view-judgment/1127 HTTP/1.1" 200 35527 "-" "Mozilla/5.0 (compatible; Barkrowler/0.9; +https://babbar.tech/crawler)"
57.141.7.19 - - [16/Oct/2024:05:36:48 -0700] "GET /view-judgment/1798 HTTP/1.1" 200 129881 "-" "meta-externalagent/1.1 (+https://developers.facebook.com/docs/sharing/webmasters/crawler)"
57.141.7.9 - - [16/Oct/2024:05:36:51 -0700] "GET /court-division HTTP/1.1" 200 67868 "-" "facebookexternalhit/1.1 (+http://www.facebook.com/externalhit_uatext.php)"
57.141.7.22 - - [16/Oct/2024:05:36:52 -0700] "GET /judicial-cadre HTTP/1.1" 200 123760 "-" "meta-externalagent/1.1 (+https://developers.facebook.com/docs/sharing/webmasters/crawler)"
217.113.194.115 - - [16/Oct/2024:05:36:53 -0700] "GET /view-judgment/1125 HTTP/1.1" 200 48561 "-" "Mozilla/5.0 (compatible; Barkrowler/0.9; +https://babbar.tech/crawler)"
57.141.7.22 - - [16/Oct/2024:05:36:55 -0700] "GET /view-judgment/68 HTTP/1.1" 200 42865 "-" "facebookexternalhit/1.1 (+http://www.facebook.com/externalhit_uatext.php)"
57.141.7.12 - - [16/Oct/2024:05:36:56 -0700] "GET /court-registry HTTP/1.1" 200 55563 "-" "meta-externalagent/1.1 (+https://developers.facebook.com/docs/sharing/webmasters/crawler)"
57.141.7.12 - - [16/Oct/2024:05:37:03 -0700] "GET /view-judgment/1386 HTTP/1.1" 200 65478 "-" "facebookexternalhit/1.1 (+http://www.facebook.com/externalhit_uatext.php)"
57.141.7.18 - - [16/Oct/2024:05:37:04 -0700] "GET /view-judgment/1679 HTTP/1.1" 200 16507 "-" "meta-externalagent/1.1 (+https://developers.facebook.com/docs/sharing/webmasters/crawler)"
217.113.194.120 - - [16/Oct/2024:05:37:04 -0700] "GET /view-judgment/1126 HTTP/1.1" 200 10263 "-" "Mozilla/5.0 (compatible; Barkrowler/0.9; +https://babbar.tech/crawler)"
57.141.7.5 - - [16/Oct/2024:05:37:07 -0700] "GET /view-judgment/535 HTTP/1.1" 200 9033 "-" "facebookexternalhit/1.1 (+http://www.facebook.com/externalhit_uatext.php)"
57.141.7.17 - - [16/Oct/2024:05:37:07 -0700] "GET /index.php/view-judgment/634 HTTP/1.1" 200 85234 "-" "meta-externalagent/1.1 (+https://developers.facebook.com/docs/sharing/webmasters/crawler)"
57.141.7.29 - - [16/Oct/2024:05:37:07 -0700] "GET /view-judgment/1150 HTTP/1.1" 200 15073 "-" "facebookexternalhit/1.1 (+http://www.facebook.com/externalhit_uatext.php)"
213.109.151.19 - - [16/Oct/2024:05:37:10 -0700] "GET /view-judgment/1334 HTTP/1.1" 200 123903 "https://nicn.gov.ng/view-judgment/1334" "Mozilla/5.0 (Windows NT 10.0; Win64; x64) AppleWebKit/537.36 (KHTML, like Gecko) Chrome/129.0.0.0 Safari/537.36"
193.186.4.90 - - [16/Oct/2024:05:37:10 -0700] "GET /view-judgment/1132 HTTP/1.1" 200 61915 "https://www.google.com/" "Mozilla/5.0 (Windows NT 10.0; Win64; x64) AppleWebKit/537.36 (KHTML, like Gecko) Chrome/129.0.0.0 Safari/537.36"
213.109.151.19 - - [16/Oct/2024:05:37:11 -0700] "GET /favicon.ico HTTP/1.1" 200 6590 "https://nicn.gov.ng/view-judgment/1334" "Mozilla/5.0 (Windows NT 10.0; Win64; x64) AppleWebKit/537.36 (KHTML, like Gecko) Chrome/129.0.0.0 Safari/537.36"
57.141.7.4 - - [16/Oct/2024:05:37:12 -0700] "GET /index.php/view-judgment/936 HTTP/1.1" 200 2728 "-" "meta-externalagent/1.1 (+https://developers.facebook.com/docs/sharing/webmasters/crawler)"
217.113.194.116 - - [16/Oct/2024:05:37:14 -0700] "GET /view-judgment/1123 HTTP/1.1" 200 15730 "-" "Mozilla/5.0 (compatible; Barkrowler/0.9; +https://babbar.tech/crawler)"
217.113.194.113 - - [16/Oct/2024:05:37:25 -0700] "GET /view-judgment/1120 HTTP/1.1" 200 47067 "-" "Mozilla/5.0 (compatible; Barkrowler/0.9; +https://babbar.tech/crawler)"
57.141.7.17 - - [16/Oct/2024:05:37:27 -0700] "GET /index.php/view-judgment/950 HTTP/1.1" 200 20615 "-" "facebookexternalhit/1.1 (+http://www.facebook.com/externalhit_uatext.php)"
213.109.151.19 - - [16/Oct/2024:05:37:27 -0700] "GET /view-judgment/1335 HTTP/1.1" 200 127822 "https://nicn.gov.ng/judgement?page=5" "Mozilla/5.0 (Windows NT 10.0; Win64; x64) AppleWebKit/537.36 (KHTML, like Gecko) Chrome/129.0.0.0 Safari/537.36"
213.109.151.19 - - [16/Oct/2024:05:37:28 -0700] "GET /favicon.ico HTTP/1.1" 200 6590 "https://nicn.gov.ng/view-judgment/1335" "Mozilla/5.0 (Windows NT 10.0; Win64; x64) AppleWebKit/537.36 (KHTML, like Gecko) Chrome/129.0.0.0 Safari/537.36"
57.141.7.15 - - [16/Oct/2024:05:37:31 -0700] "GET /index.php/court-division?page=2 HTTP/1.1" 200 53182 "-" "facebookexternalhit/1.1 (+http://www.facebook.com/externalhit_uatext.php)"
217.113.194.112 - - [16/Oct/2024:05:37:36 -0700] "GET /view-judgment/1129 HTTP/1.1" 200 36526 "-" "Mozilla/5.0 (compatible; Barkrowler/0.9; +https://babbar.tech/crawler)"
57.141.7.13 - - [16/Oct/2024:05:37:36 -0700] "GET /index.php/view-judgment/765 HTTP/1.1" 200 36876 "-" "meta-externalagent/1.1 (+https://developers.facebook.com/docs/sharing/webmasters/crawler)"
57.141.7.2 - - [16/Oct/2024:05:37:37 -0700] "GET /view-judgment/1033 HTTP/1.1" 200 27109 "-" "facebookexternalhit/1.1 (+http://www.facebook.com/externalhit_uatext.php)"
156.59.198.136 - - [16/Oct/2024:05:37:38 -0700] "GET /nicnAdminPublic/public/nicnForms/FORM%2048.pdf HTTP/1.1" 200 6590 "http://nicn.gov.ng/nicnAdminPublic/public/nicnForms/FORM%2048.pdf" "Mozilla/5.0 (Linux; Android 5.0) AppleWebKit/537.36 (KHTML, like Gecko) Mobile Safari/537.36 (compatible; Bytespider; spider-feedback@bytedance.com)"
66.249.79.228 - - [16/Oct/2024:05:37:39 -0700] "GET /index.php/view-judgment/442 HTTP/1.1" 200 30285 "-" "Mozilla/5.0 (Linux; Android 6.0.1; Nexus 5X Build/MMB29P) AppleWebKit/537.36 (KHTML, like Gecko) Chrome/129.0.6668.89 Mobile Safari/537.36 (compatible; Googlebot/2.1; +http://www.google.com/bot.html)"
197.210.78.205 - - [16/Oct/2024:05:37:42 -0700] "GET /index.php/view-judgment/1930 HTTP/1.1" 200 45020 "-" "Mozilla/5.0 (Macintosh; Intel Mac OS X 10_15_7) AppleWebKit/605.1.15 (KHTML, like Gecko) Version/17.6 Safari/605.1.15"
102.91.4.135 - - [16/Oct/2024:05:37:43 -0700] "POST /cpsess7890799262/3rdparty/roundcube/?_task=mail&_action=refresh HTTP/1.1" 200 62 "https://webmail.nicn.gov.ng/cpsess7890799262/3rdparty/roundcube/?_task=mail&_caps=pdf%3D1%2Cflash%3D0%2Ctiff%3D0%2Cwebp%3D1%2Cpgpmime%3D0&_uid=7&_mbox=INBOX&_action=show" "Mozilla/5.0 (Windows NT 10.0; Win64; x64; rv:131.0) Gecko/20100101 Firefox/131.0"
57.141.7.12 - - [16/Oct/2024:05:37:43 -0700] "GET /index.php/view-judgment/1728 HTTP/1.1" 200 30945 "-" "meta-externalagent/1.1 (+https://developers.facebook.com/docs/sharing/webmasters/crawler)"
217.113.194.119 - - [16/Oct/2024:05:37:46 -0700] "GET /view-judgment/1128 HTTP/1.1" 200 5993 "-" "Mozilla/5.0 (compatible; Barkrowler/0.9; +https://babbar.tech/crawler)"
213.109.151.19 - - [16/Oct/2024:05:37:53 -0700] "GET /view-judgment/1336 HTTP/1.1" 200 121406 "https://nicn.gov.ng/judgement?page=5" "Mozilla/5.0 (Windows NT 10.0; Win64; x64) AppleWebKit/537.36 (KHTML, like Gecko) Chrome/129.0.0.0 Safari/537.36"
213.109.151.19 - - [16/Oct/2024:05:37:54 -0700] "GET /favicon.ico HTTP/1.1" 200 6590 "https://nicn.gov.ng/view-judgment/1336" "Mozilla/5.0 (Windows NT 10.0; Win64; x64) AppleWebKit/537.36 (KHTML, like Gecko) Chrome/129.0.0.0 Safari/537.36"
57.141.7.12 - - [16/Oct/2024:05:37:56 -0700] "GET /view-judgment/1413 HTTP/1.1" 200 14965 "-" "meta-externalagent/1.1 (+https://developers.facebook.com/docs/sharing/webmasters/crawler)"
217.113.194.119 - - [16/Oct/2024:05:37:57 -0700] "GET /view-judgment/1582 HTTP/1.1" 200 80109 "-" "Mozilla/5.0 (compatible; Barkrowler/0.9; +https://babbar.tech/crawler)"
57.141.7.24 - - [16/Oct/2024:05:38:00 -0700] "GET /view-judgment/390 HTTP/1.1" 200 15503 "-" "facebookexternalhit/1.1 (+http://www.facebook.com/externalhit_uatext.php)"
57.141.7.10 - - [16/Oct/2024:05:38:06 -0700] "GET /view-judgment/956 HTTP/1.1" 200 54710 "-" "facebookexternalhit/1.1 (+http://www.facebook.com/externalhit_uatext.php)"
217.113.194.121 - - [16/Oct/2024:05:38:08 -0700] "GET /view-judgment/1581 HTTP/1.1" 200 74463 "-" "Mozilla/5.0 (compatible; Barkrowler/0.9; +https://babbar.tech/crawler)"
57.141.7.29 - - [16/Oct/2024:05:38:18 -0700] "GET /view-judgment/1352 HTTP/1.1" 200 63558 "-" "facebookexternalhit/1.1 (+http://www.facebook.com/externalhit_uatext.php)"
217.113.194.119 - - [16/Oct/2024:05:38:19 -0700] "GET /view-judgment/1584 HTTP/1.1" 200 50141 "-" "Mozilla/5.0 (compatible; Barkrowler/0.9; +https://babbar.tech/crawler)"
57.141.7.4 - - [16/Oct/2024:05:38:19 -0700] "GET /index.php/view-judgment/606 HTTP/1.1" 200 20337 "-" "facebookexternalhit/1.1 (+http://www.facebook.com/externalhit_uatext.php)"
57.141.7.5 - - [16/Oct/2024:05:38:21 -0700] "GET /index.php/5/news-details HTTP/1.1" 200 52716 "-" "facebookexternalhit/1.1 (+http://www.facebook.com/externalhit_uatext.php)"
57.141.7.11 - - [16/Oct/2024:05:38:23 -0700] "GET /flash-news-details/5 HTTP/1.1" 200 49572 "-" "meta-externalagent/1.1 (+https://developers.facebook.com/docs/sharing/webmasters/crawler)"
57.141.7.14 - - [16/Oct/2024:05:38:26 -0700] "GET /view-judgment/1236 HTTP/1.1" 200 41361 "-" "facebookexternalhit/1.1 (+http://www.facebook.com/externalhit_uatext.php)"
217.113.194.113 - - [16/Oct/2024:05:38:30 -0700] "GET /view-judgment/1587 HTTP/1.1" 200 60855 "-" "Mozilla/5.0 (compatible; Barkrowler/0.9; +https://babbar.tech/crawler)"
66.249.79.232 - - [16/Oct/2024:05:38:40 -0700] "GET /view-judgment/1762 HTTP/1.1" 200 64087 "-" "Mozilla/5.0 (Linux; Android 6.0.1; Nexus 5X Build/MMB29P) AppleWebKit/537.36 (KHTML, like Gecko) Chrome/129.0.6668.89 Mobile Safari/537.36 (compatible; Googlebot/2.1; +http://www.google.com/bot.html)"
217.113.194.115 - - [16/Oct/2024:05:38:41 -0700] "GET /view-judgment/1585 HTTP/1.1" 200 22624 "-" "Mozilla/5.0 (compatible; Barkrowler/0.9; +https://babbar.tech/crawler)"
102.91.4.135 - - [16/Oct/2024:05:38:43 -0700] "POST /cpsess7890799262/3rdparty/roundcube/?_task=mail&_action=refresh HTTP/1.1" 200 62 "https://webmail.nicn.gov.ng/cpsess7890799262/3rdparty/roundcube/?_task=mail&_caps=pdf%3D1%2Cflash%3D0%2Ctiff%3D0%2Cwebp%3D1%2Cpgpmime%3D0&_uid=7&_mbox=INBOX&_action=show" "Mozilla/5.0 (Windows NT 10.0; Win64; x64; rv:131.0) Gecko/20100101 Firefox/131.0"
102.89.33.79 - - [16/Oct/2024:05:38:46 -0700] "GET /css/bootstrap.min.css HTTP/1.1" 200 28421 "https://nicn.gov.ng/judgement" "Mozilla/5.0 (Windows NT 10.0; Win64; x64) AppleWebKit/537.36 (KHTML, like Gecko) Chrome/129.0.0.0 Safari/537.36"
102.89.33.79 - - [16/Oct/2024:05:38:46 -0700] "GET /judgement HTTP/1.1" 200 141678 "https://www.google.com/" "Mozilla/5.0 (Windows NT 10.0; Win64; x64) AppleWebKit/537.36 (KHTML, like Gecko) Chrome/129.0.0.0 Safari/537.36"
102.89.33.79 - - [16/Oct/2024:05:38:46 -0700] "GET /css/fontello.css HTTP/1.1" 200 120485 "https://nicn.gov.ng/judgement" "Mozilla/5.0 (Windows NT 10.0; Win64; x64) AppleWebKit/537.36 (KHTML, like Gecko) Chrome/129.0.0.0 Safari/537.36"
102.89.33.79 - - [16/Oct/2024:05:38:47 -0700] "GET /css/flexslider.css HTTP/1.1" 200 5713 "https://nicn.gov.ng/judgement" "Mozilla/5.0 (Windows NT 10.0; Win64; x64) AppleWebKit/537.36 (KHTML, like Gecko) Chrome/129.0.0.0 Safari/537.36"
102.89.33.79 - - [16/Oct/2024:05:38:47 -0700] "GET /css/owl.carousel.css HTTP/1.1" 200 1548 "https://nicn.gov.ng/judgement" "Mozilla/5.0 (Windows NT 10.0; Win64; x64) AppleWebKit/537.36 (KHTML, like Gecko) Chrome/129.0.0.0 Safari/537.36"
102.89.33.79 - - [16/Oct/2024:05:38:47 -0700] "GET /js/jquery.simpleTicker/site.css HTTP/1.1" 200 330 "https://nicn.gov.ng/judgement" "Mozilla/5.0 (Windows NT 10.0; Win64; x64) AppleWebKit/537.36 (KHTML, like Gecko) Chrome/129.0.0.0 Safari/537.36"
102.89.33.79 - - [16/Oct/2024:05:38:47 -0700] "GET /main/css/datepicker.min.css HTTP/1.1" 200 6590 "https://nicn.gov.ng/judgement" "Mozilla/5.0 (Windows NT 10.0; Win64; x64) AppleWebKit/537.36 (KHTML, like Gecko) Chrome/129.0.0.0 Safari/537.36"
102.89.33.79 - - [16/Oct/2024:05:38:47 -0700] "GET /css/style.css HTTP/1.1" 200 129698 "https://nicn.gov.ng/judgement" "Mozilla/5.0 (Windows NT 10.0; Win64; x64) AppleWebKit/537.36 (KHTML, like Gecko) Chrome/129.0.0.0 Safari/537.36"
102.89.33.79 - - [16/Oct/2024:05:38:47 -0700] "GET /js/causelist-ticker/demo.css HTTP/1.1" 200 3115 "https://nicn.gov.ng/judgement" "Mozilla/5.0 (Windows NT 10.0; Win64; x64) AppleWebKit/537.36 (KHTML, like Gecko) Chrome/129.0.0.0 Safari/537.36"
102.89.33.79 - - [16/Oct/2024:05:38:47 -0700] "GET /main/css/custom-style.css HTTP/1.1" 200 6590 "https://nicn.gov.ng/judgement" "Mozilla/5.0 (Windows NT 10.0; Win64; x64) AppleWebKit/537.36 (KHTML, like Gecko) Chrome/129.0.0.0 Safari/537.36"
102.89.33.79 - - [16/Oct/2024:05:38:48 -0700] "GET /js/jquery-ui-1.10.4.min.js HTTP/1.1" 200 89281 "https://nicn.gov.ng/judgement" "Mozilla/5.0 (Windows NT 10.0; Win64; x64) AppleWebKit/537.36 (KHTML, like Gecko) Chrome/129.0.0.0 Safari/537.36"
102.89.33.79 - - [16/Oct/2024:05:38:48 -0700] "GET /images/nicn-logo.png HTTP/1.1" 200 37969 "https://nicn.gov.ng/judgement" "Mozilla/5.0 (Windows NT 10.0; Win64; x64) AppleWebKit/537.36 (KHTML, like Gecko) Chrome/129.0.0.0 Safari/537.36"
102.89.33.79 - - [16/Oct/2024:05:38:48 -0700] "GET /images/nicn-app.png HTTP/1.1" 200 13288 "https://nicn.gov.ng/judgement" "Mozilla/5.0 (Windows NT 10.0; Win64; x64) AppleWebKit/537.36 (KHTML, like Gecko) Chrome/129.0.0.0 Safari/537.36"
102.89.33.79 - - [16/Oct/2024:05:38:48 -0700] "GET /js/bootstrap.min.js HTTP/1.1" 200 9020 "https://nicn.gov.ng/judgement" "Mozilla/5.0 (Windows NT 10.0; Win64; x64) AppleWebKit/537.36 (KHTML, like Gecko) Chrome/129.0.0.0 Safari/537.36"
102.89.33.79 - - [16/Oct/2024:05:38:47 -0700] "GET /js/jquery-1.11.0.min.js HTTP/1.1" 200 96381 "https://nicn.gov.ng/judgement" "Mozilla/5.0 (Windows NT 10.0; Win64; x64) AppleWebKit/537.36 (KHTML, like Gecko) Chrome/129.0.0.0 Safari/537.36"
102.89.33.79 - - [16/Oct/2024:05:38:48 -0700] "GET /img/body-background.jpg HTTP/1.1" 200 6590 "https://nicn.gov.ng/css/style.css" "Mozilla/5.0 (Windows NT 10.0; Win64; x64) AppleWebKit/537.36 (KHTML, like Gecko) Chrome/129.0.0.0 Safari/537.36"
102.89.33.79 - - [16/Oct/2024:05:38:48 -0700] "GET /images/page_img.png HTTP/1.1" 200 113525 "https://nicn.gov.ng/judgement" "Mozilla/5.0 (Windows NT 10.0; Win64; x64) AppleWebKit/537.36 (KHTML, like Gecko) Chrome/129.0.0.0 Safari/537.36"
102.89.33.79 - - [16/Oct/2024:05:38:49 -0700] "GET /js/script.js HTTP/1.1" 200 36874 "https://nicn.gov.ng/judgement" "Mozilla/5.0 (Windows NT 10.0; Win64; x64) AppleWebKit/537.36 (KHTML, like Gecko) Chrome/129.0.0.0 Safari/537.36"
102.89.33.79 - - [16/Oct/2024:05:38:49 -0700] "GET /js/judges-profile.js HTTP/1.1" 200 11814 "https://nicn.gov.ng/judgement" "Mozilla/5.0 (Windows NT 10.0; Win64; x64) AppleWebKit/537.36 (KHTML, like Gecko) Chrome/129.0.0.0 Safari/537.36"
102.89.33.79 - - [16/Oct/2024:05:38:49 -0700] "GET /connect.facebook.net/en_US/all.js HTTP/1.1" 200 6590 "https://nicn.gov.ng/judgement" "Mozilla/5.0 (Windows NT 10.0; Win64; x64) AppleWebKit/537.36 (KHTML, like Gecko) Chrome/129.0.0.0 Safari/537.36"
102.89.33.79 - - [16/Oct/2024:05:38:50 -0700] "GET /font/fontello3fbc.woff?51867504 HTTP/1.1" 200 6590 "https://nicn.gov.ng/css/fontello.css" "Mozilla/5.0 (Windows NT 10.0; Win64; x64) AppleWebKit/537.36 (KHTML, like Gecko) Chrome/129.0.0.0 Safari/537.36"
102.89.33.79 - - [16/Oct/2024:05:38:50 -0700] "GET /font/fontello3fbc.ttf?51867504 HTTP/1.1" 200 6590 "https://nicn.gov.ng/css/fontello.css" "Mozilla/5.0 (Windows NT 10.0; Win64; x64) AppleWebKit/537.36 (KHTML, like Gecko) Chrome/129.0.0.0 Safari/537.36"
57.141.7.11 - - [16/Oct/2024:05:38:51 -0700] "GET /index.php/view-judgment/1392 HTTP/1.1" 200 16226 "-" "meta-externalagent/1.1 (+https://developers.facebook.com/docs/sharing/webmasters/crawler)"
102.89.33.79 - - [16/Oct/2024:05:38:52 -0700] "GET /favicon.ico HTTP/1.1" 200 6590 "https://nicn.gov.ng/judgement" "Mozilla/5.0 (Windows NT 10.0; Win64; x64) AppleWebKit/537.36 (KHTML, like Gecko) Chrome/129.0.0.0 Safari/537.36"
217.113.194.118 - - [16/Oct/2024:05:38:52 -0700] "GET /view-judgment/1586 HTTP/1.1" 200 34494 "-" "Mozilla/5.0 (compatible; Barkrowler/0.9; +https://babbar.tech/crawler)"
72.14.201.90 - - [16/Oct/2024:05:39:04 -0700] "GET /view-judgment/1497 HTTP/1.1" 200 37038 "https://www.google.com/" "Mozilla/5.0 (Linux; Android 10; K) AppleWebKit/537.36 (KHTML, like Gecko) Chrome/129.0.0.0 Mobile Safari/537.36"
217.113.194.118 - - [16/Oct/2024:05:39:03 -0700] "GET /view-judgment/1583 HTTP/1.1" 200 108074 "-" "Mozilla/5.0 (compatible; Barkrowler/0.9; +https://babbar.tech/crawler)"
102.91.4.135 - - [16/Oct/2024:05:39:06 -0700] "GET /cpsess7890799262/3rdparty/roundcube/?_task=mail&_download=1&_mbox=INBOX&_uid=7&_part=2&_action=get&_extwin=1&_token=qNEh7nx9MPQz6kv9xyrGJWIxpgpoHscf HTTP/1.1" 200 13960 "https://webmail.nicn.gov.ng/cpsess7890799262/3rdparty/roundcube/?_task=mail&_frame=1&_mbox=INBOX&_uid=7&_part=2&_action=get&_extwin=1" "Mozilla/5.0 (Windows NT 10.0; Win64; x64; rv:131.0) Gecko/20100101 Firefox/131.0"
102.89.33.79 - - [16/Oct/2024:05:39:06 -0700] "GET /view-judgment/1982 HTTP/1.1" 200 81827 "https://nicn.gov.ng/judgement" "Mozilla/5.0 (Windows NT 10.0; Win64; x64) AppleWebKit/537.36 (KHTML, like Gecko) Chrome/129.0.0.0 Safari/537.36"
102.89.33.79 - - [16/Oct/2024:05:39:07 -0700] "GET /favicon.ico HTTP/1.1" 200 6590 "https://nicn.gov.ng/view-judgment/1982" "Mozilla/5.0 (Windows NT 10.0; Win64; x64) AppleWebKit/537.36 (KHTML, like Gecko) Chrome/129.0.0.0 Safari/537.36"
57.141.7.30 - - [16/Oct/2024:05:39:11 -0700] "GET /adr-portal HTTP/1.1" 200 19084 "-" "facebookexternalhit/1.1 (+http://www.facebook.com/externalhit_uatext.php)"
57.141.7.28 - - [16/Oct/2024:05:39:12 -0700] "GET /view-judgment/237 HTTP/1.1" 200 7871 "-" "meta-externalagent/1.1 (+https://developers.facebook.com/docs/sharing/webmasters/crawler)"
217.113.194.114 - - [16/Oct/2024:05:39:14 -0700] "GET /view-judgment/1580 HTTP/1.1" 200 57960 "-" "Mozilla/5.0 (compatible; Barkrowler/0.9; +https://babbar.tech/crawler)"
72.14.201.90 - - [16/Oct/2024:05:39:18 -0700] "GET /view-judgment/1983 HTTP/1.1" 200 120192 "https://www.google.ng/" "Mozilla/5.0 (Linux; Android 10; K) AppleWebKit/537.36 (KHTML, like Gecko) Chrome/128.0.0.0 Mobile Safari/537.36"
57.141.7.27 - - [16/Oct/2024:05:39:21 -0700] "GET /view-judgment/1049 HTTP/1.1" 200 69967 "-" "facebookexternalhit/1.1 (+http://www.facebook.com/externalhit_uatext.php)"
57.141.7.30 - - [16/Oct/2024:05:39:21 -0700] "GET /view-judgment/1592 HTTP/1.1" 200 23797 "-" "facebookexternalhit/1.1 (+http://www.facebook.com/externalhit_uatext.php)"
72.14.201.90 - - [16/Oct/2024:05:39:23 -0700] "GET /view-judgment/945 HTTP/1.1" 200 66912 "https://www.google.com/" "Mozilla/5.0 (Linux; Android 10; K) AppleWebKit/537.36 (KHTML, like Gecko) Chrome/129.0.0.0 Mobile Safari/537.36"
217.113.194.114 - - [16/Oct/2024:05:39:26 -0700] "GET /view-judgment/1589 HTTP/1.1" 200 75596 "-" "Mozilla/5.0 (compatible; Barkrowler/0.9; +https://babbar.tech/crawler)"
156.59.198.135 - - [16/Oct/2024:05:39:28 -0700] "GET /nicnAdminPublic/public/nicnForms/FORM%2053.pdf HTTP/1.1" 200 6590 "http://nicn.gov.ng/nicnAdminPublic/public/nicnForms/FORM%2053.pdf" "Mozilla/5.0 (Linux; Android 5.0) AppleWebKit/537.36 (KHTML, like Gecko) Mobile Safari/537.36 (compatible; Bytespider; spider-feedback@bytedance.com)"
57.141.7.14 - - [16/Oct/2024:05:39:34 -0700] "GET /index.php/view-judgment/785 HTTP/1.1" 200 91618 "-" "facebookexternalhit/1.1 (+http://www.facebook.com/externalhit_uatext.php)"
217.113.194.119 - - [16/Oct/2024:05:39:36 -0700] "GET /view-judgment/1588 HTTP/1.1" 200 34461 "-" "Mozilla/5.0 (compatible; Barkrowler/0.9; +https://babbar.tech/crawler)"
66.249.79.232 - - [16/Oct/2024:05:39:40 -0700] "GET /view-judgment/1513 HTTP/1.1" 200 15946 "-" "Mozilla/5.0 (Linux; Android 6.0.1; Nexus 5X Build/MMB29P) AppleWebKit/537.36 (KHTML, like Gecko) Chrome/129.0.6668.89 Mobile Safari/537.36 (compatible; Googlebot/2.1; +http://www.google.com/bot.html)"
57.141.7.13 - - [16/Oct/2024:05:39:41 -0700] "GET /view-judgment/577 HTTP/1.1" 200 3006 "-" "meta-externalagent/1.1 (+https://developers.facebook.com/docs/sharing/webmasters/crawler)"
173.252.107.9 - - [16/Oct/2024:05:39:44 -0700] "GET /view-judgment/1653 HTTP/1.1" 200 37563 "-" "meta-externalagent/1.1 (+https://developers.facebook.com/docs/sharing/webmasters/crawler)"
173.252.107.5 - - [16/Oct/2024:05:39:44 -0700] "GET /view-judgment/483 HTTP/1.1" 200 50131 "-" "facebookexternalhit/1.1 (+http://www.facebook.com/externalhit_uatext.php)"
102.91.4.135 - - [16/Oct/2024:05:39:44 -0700] "POST /cpsess7890799262/3rdparty/roundcube/?_task=mail&_action=refresh HTTP/1.1" 200 62 "https://webmail.nicn.gov.ng/cpsess7890799262/3rdparty/roundcube/?_task=mail&_caps=pdf%3D1%2Cflash%3D0%2Ctiff%3D0%2Cwebp%3D1%2Cpgpmime%3D0&_uid=7&_mbox=INBOX&_action=show" "Mozilla/5.0 (Windows NT 10.0; Win64; x64; rv:131.0) Gecko/20100101 Firefox/131.0"
217.113.194.114 - - [16/Oct/2024:05:39:47 -0700] "GET /view-judgment/1022 HTTP/1.1" 200 85151 "-" "Mozilla/5.0 (compatible; Barkrowler/0.9; +https://babbar.tech/crawler)"
57.141.7.17 - - [16/Oct/2024:05:39:51 -0700] "GET /index.php/view-judgment/629 HTTP/1.1" 200 34233 "-" "facebookexternalhit/1.1 (+http://www.facebook.com/externalhit_uatext.php)"
72.14.201.90 - - [16/Oct/2024:05:39:57 -0700] "GET /view-judgment/822 HTTP/1.1" 200 47555 "https://www.google.com/" "Mozilla/5.0 (Linux; Android 10; K) AppleWebKit/537.36 (KHTML, like Gecko) Chrome/127.0.0.0 Mobile Safari/537.36"
217.113.194.118 - - [16/Oct/2024:05:39:59 -0700] "GET /view-judgment/1021 HTTP/1.1" 200 47010 "-" "Mozilla/5.0 (compatible; Barkrowler/0.9; +https://babbar.tech/crawler)"
57.141.7.23 - - [16/Oct/2024:05:39:59 -0700] "GET /view-judgment/1701 HTTP/1.1" 200 26609 "-" "facebookexternalhit/1.1 (+http://www.facebook.com/externalhit_uatext.php)"
173.252.107.113 - - [16/Oct/2024:05:40:05 -0700] "GET /jurisdiction-and-power HTTP/1.1" 200 59233 "-" "meta-externalagent/1.1 (+https://developers.facebook.com/docs/sharing/webmasters/crawler)"
217.113.194.117 - - [16/Oct/2024:05:40:10 -0700] "GET /view-judgment/1024 HTTP/1.1" 200 39717 "-" "Mozilla/5.0 (compatible; Barkrowler/0.9; +https://babbar.tech/crawler)"
57.141.7.18 - - [16/Oct/2024:05:40:12 -0700] "GET /view-judgment/673 HTTP/1.1" 200 90996 "-" "facebookexternalhit/1.1 (+http://www.facebook.com/externalhit_uatext.php)"
102.90.67.10 - - [16/Oct/2024:05:40:17 -0700] "GET /view-judgment/744 HTTP/1.1" 200 26826 "https://www.google.com/" "Mozilla/5.0 (iPhone; CPU iPhone OS 16_7_5 like Mac OS X) AppleWebKit/605.1.15 (KHTML, like Gecko) Version/16.6 Mobile/15E148 Safari/604.1"
57.141.7.1 - - [16/Oct/2024:05:40:17 -0700] "GET /view-judgment/1156 HTTP/1.1" 200 31306 "-" "meta-externalagent/1.1 (+https://developers.facebook.com/docs/sharing/webmasters/crawler)"
102.90.67.10 - - [16/Oct/2024:05:40:18 -0700] "GET /favicon.ico HTTP/1.1" 200 6590 "https://nicn.gov.ng/view-judgment/744" "Mozilla/5.0 (iPhone; CPU iPhone OS 16_7_5 like Mac OS X) AppleWebKit/605.1.15 (KHTML, like Gecko) Version/16.6 Mobile/15E148 Safari/604.1"
57.141.7.8 - - [16/Oct/2024:05:40:18 -0700] "GET /index.php/view-judgment/1400 HTTP/1.1" 200 22301 "-" "facebookexternalhit/1.1 (+http://www.facebook.com/externalhit_uatext.php)"
217.113.194.119 - - [16/Oct/2024:05:40:20 -0700] "GET /view-judgment/1027 HTTP/1.1" 200 41438 "-" "Mozilla/5.0 (compatible; Barkrowler/0.9; +https://babbar.tech/crawler)"
57.141.7.30 - - [16/Oct/2024:05:40:24 -0700] "GET /view-judgment/1616 HTTP/1.1" 200 18879 "-" "meta-externalagent/1.1 (+https://developers.facebook.com/docs/sharing/webmasters/crawler)"
57.141.7.14 - - [16/Oct/2024:05:40:25 -0700] "GET /view-judgment/154 HTTP/1.1" 200 6194 "-" "meta-externalagent/1.1 (+https://developers.facebook.com/docs/sharing/webmasters/crawler)"
57.141.7.3 - - [16/Oct/2024:05:40:26 -0700] "GET /view-judgment/545 HTTP/1.1" 200 14469 "-" "meta-externalagent/1.1 (+https://developers.facebook.com/docs/sharing/webmasters/crawler)"
57.141.7.8 - - [16/Oct/2024:05:40:26 -0700] "GET /view-judgment/1880 HTTP/1.1" 200 73169 "-" "facebookexternalhit/1.1 (+http://www.facebook.com/externalhit_uatext.php)"
57.141.7.25 - - [16/Oct/2024:05:40:27 -0700] "GET /index.php/view-judgment/1595 HTTP/1.1" 200 23194 "-" "meta-externalagent/1.1 (+https://developers.facebook.com/docs/sharing/webmasters/crawler)"
57.141.7.16 - - [16/Oct/2024:05:40:27 -0700] "GET /view-judgment/126 HTTP/1.1" 200 6721 "-" "meta-externalagent/1.1 (+https://developers.facebook.com/docs/sharing/webmasters/crawler)"
57.141.7.13 - - [16/Oct/2024:05:40:28 -0700] "GET /view-judgment/197 HTTP/1.1" 200 4764 "-" "meta-externalagent/1.1 (+https://developers.facebook.com/docs/sharing/webmasters/crawler)"
57.141.7.7 - - [16/Oct/2024:05:40:29 -0700] "GET /index.php/view-judgment/224 HTTP/1.1" 200 3564 "-" "meta-externalagent/1.1 (+https://developers.facebook.com/docs/sharing/webmasters/crawler)"
57.141.7.20 - - [16/Oct/2024:05:40:29 -0700] "GET /view-judgment/1631 HTTP/1.1" 200 13992 "-" "facebookexternalhit/1.1 (+http://www.facebook.com/externalhit_uatext.php)"
57.141.7.18 - - [16/Oct/2024:05:40:29 -0700] "GET /index.php/view-judgment/174 HTTP/1.1" 200 4555 "-" "facebookexternalhit/1.1 (+http://www.facebook.com/externalhit_uatext.php)"
57.141.7.2 - - [16/Oct/2024:05:40:30 -0700] "GET /view-judgment/1619 HTTP/1.1" 200 49331 "-" "meta-externalagent/1.1 (+https://developers.facebook.com/docs/sharing/webmasters/crawler)"
217.113.194.113 - - [16/Oct/2024:05:40:31 -0700] "GET /view-judgment/1025 HTTP/1.1" 200 87856 "-" "Mozilla/5.0 (compatible; Barkrowler/0.9; +https://babbar.tech/crawler)"
57.141.7.20 - - [16/Oct/2024:05:40:31 -0700] "GET /index.php/view-judgment/251 HTTP/1.1" 200 6632 "-" "meta-externalagent/1.1 (+https://developers.facebook.com/docs/sharing/webmasters/crawler)"
57.141.7.7 - - [16/Oct/2024:05:40:31 -0700] "GET /view-judgment/1505 HTTP/1.1" 200 24585 "-" "facebookexternalhit/1.1 (+http://www.facebook.com/externalhit_uatext.php)"
57.141.7.2 - - [16/Oct/2024:05:40:32 -0700] "GET /view-judgment/1974 HTTP/1.1" 200 13110 "-" "meta-externalagent/1.1 (+https://developers.facebook.com/docs/sharing/webmasters/crawler)"
57.141.7.13 - - [16/Oct/2024:05:40:33 -0700] "GET /view-judgment/1640 HTTP/1.1" 200 16108 "-" "facebookexternalhit/1.1 (+http://www.facebook.com/externalhit_uatext.php)"
57.141.7.4 - - [16/Oct/2024:05:40:33 -0700] "GET /view-judgment/205 HTTP/1.1" 200 2367 "-" "facebookexternalhit/1.1 (+http://www.facebook.com/externalhit_uatext.php)"
57.141.7.23 - - [16/Oct/2024:05:40:34 -0700] "GET /view-judgment/1601 HTTP/1.1" 200 26607 "-" "facebookexternalhit/1.1 (+http://www.facebook.com/externalhit_uatext.php)"
57.141.7.8 - - [16/Oct/2024:05:40:34 -0700] "GET /view-judgment/596 HTTP/1.1" 200 17083 "-" "meta-externalagent/1.1 (+https://developers.facebook.com/docs/sharing/webmasters/crawler)"
57.141.7.10 - - [16/Oct/2024:05:40:35 -0700] "GET /index.php/view-judgment/1603 HTTP/1.1" 200 46912 "-" "meta-externalagent/1.1 (+https://developers.facebook.com/docs/sharing/webmasters/crawler)"
57.141.7.3 - - [16/Oct/2024:05:40:35 -0700] "GET /department HTTP/1.1" 200 82501 "-" "facebookexternalhit/1.1 (+http://www.facebook.com/externalhit_uatext.php)"
57.141.7.2 - - [16/Oct/2024:05:40:36 -0700] "GET /view-judgment/348 HTTP/1.1" 200 41782 "-" "facebookexternalhit/1.1 (+http://www.facebook.com/externalhit_uatext.php)"
57.141.7.5 - - [16/Oct/2024:05:40:37 -0700] "GET /index.php/view-judgment/403 HTTP/1.1" 200 28157 "-" "facebookexternalhit/1.1 (+http://www.facebook.com/externalhit_uatext.php)"
57.141.7.22 - - [16/Oct/2024:05:40:38 -0700] "GET /view-judgment/1746 HTTP/1.1" 200 29736 "-" "meta-externalagent/1.1 (+https://developers.facebook.com/docs/sharing/webmasters/crawler)"
66.249.68.67 - - [16/Oct/2024:05:40:40 -0700] "GET /judicial-cadre/86 HTTP/1.1" 200 53242 "-" "Mozilla/5.0 (Linux; Android 6.0.1; Nexus 5X Build/MMB29P) AppleWebKit/537.36 (KHTML, like Gecko) Chrome/129.0.6668.89 Mobile Safari/537.36 (compatible; Googlebot/2.1; +http://www.google.com/bot.html)"
