57.141.7.14 - - [16/Oct/2024:05:49:08 -0700] "GET /view-judgment/1120 HTTP/1.1" 200 47067 "-" "meta-externalagent/1.1 (+https://developers.facebook.com/docs/sharing/webmasters/crawler)"
57.141.7.24 - - [16/Oct/2024:05:49:10 -0700] "GET /view-judgment/1457 HTTP/1.1" 200 13265 "-" "facebookexternalhit/1.1 (+http://www.facebook.com/externalhit_uatext.php)"
57.141.7.12 - - [16/Oct/2024:05:49:11 -0700] "GET /view-judgment/66 HTTP/1.1" 200 24791 "-" "meta-externalagent/1.1 (+https://developers.facebook.com/docs/sharing/webmasters/crawler)"
102.91.103.174 - - [16/Oct/2024:05:49:15 -0700] "GET /view-judgment/1385 HTTP/1.1" 200 37403 "https://www.google.com/" "Mozilla/5.0 (Windows NT 10.0; Win64; x64) AppleWebKit/537.36 (KHTML, like Gecko) Chrome/129.0.0.0 Safari/537.36"
102.91.103.174 - - [16/Oct/2024:05:49:16 -0700] "GET /favicon.ico HTTP/1.1" 200 6590 "https://nicn.gov.ng/view-judgment/1385" "Mozilla/5.0 (Windows NT 10.0; Win64; x64) AppleWebKit/537.36 (KHTML, like Gecko) Chrome/129.0.0.0 Safari/537.36"
154.54.249.204 - - [16/Oct/2024:05:49:19 -0700] "GET /view-judgment/984 HTTP/1.1" 200 44649 "-" "Mozilla/5.0 (compatible; Barkrowler/0.9; +https://babbar.tech/crawler)"
102.88.82.233 - - [16/Oct/2024:05:49:19 -0700] "GET /view-judgment/1446 HTTP/1.1" 200 104152 "https://www.google.com/" "Mozilla/5.0 (Windows NT 10.0; Win64; x64) AppleWebKit/537.36 (KHTML, like Gecko) Chrome/109.0.0.0 Safari/537.36"
102.88.82.233 - - [16/Oct/2024:05:49:22 -0700] "GET /favicon.ico HTTP/1.1" 200 6590 "https://nicn.gov.ng/view-judgment/1446" "Mozilla/5.0 (Windows NT 10.0; Win64; x64) AppleWebKit/537.36 (KHTML, like Gecko) Chrome/109.0.0.0 Safari/537.36"
197.210.55.35 - - [16/Oct/2024:05:49:25 -0700] "GET /view-judgment/744 HTTP/1.1" 200 26826 "https://www.google.com/" "Mozilla/5.0 (iPhone; CPU iPhone OS 16_7_5 like Mac OS X) AppleWebKit/605.1.15 (KHTML, like Gecko) Version/16.6 Mobile/15E148 Safari/604.1"
41.184.43.195 - - [16/Oct/2024:05:49:27 -0700] "GET /index.php/view-judgment/935 HTTP/1.1" 200 53055 "https://www.google.com/" "Mozilla/5.0 (Linux; Android 10; K) AppleWebKit/537.36 (KHTML, like Gecko) SamsungBrowser/26.0 Chrome/122.0.0.0 Mobile Safari/537.36"
41.184.43.195 - - [16/Oct/2024:05:49:28 -0700] "GET /favicon.ico HTTP/1.1" 200 6590 "https://nicn.gov.ng/index.php/view-judgment/935" "Mozilla/5.0 (Linux; Android 10; K) AppleWebKit/537.36 (KHTML, like Gecko) SamsungBrowser/26.0 Chrome/122.0.0.0 Mobile Safari/537.36"
217.113.194.115 - - [16/Oct/2024:05:49:29 -0700] "GET /view-judgment/987 HTTP/1.1" 200 24796 "-" "Mozilla/5.0 (compatible; Barkrowler/0.9; +https://babbar.tech/crawler)"
57.141.7.2 - - [16/Oct/2024:05:49:31 -0700] "GET /view-judgment/1952 HTTP/1.1" 200 54613 "-" "facebookexternalhit/1.1 (+http://www.facebook.com/externalhit_uatext.php)"
57.141.7.5 - - [16/Oct/2024:05:49:32 -0700] "GET /index.php/view-judgment/1326 HTTP/1.1" 200 34965 "-" "meta-externalagent/1.1 (+https://developers.facebook.com/docs/sharing/webmasters/crawler)"
57.141.7.21 - - [16/Oct/2024:05:49:32 -0700] "GET /index.php/view-judgment/1281 HTTP/1.1" 200 83991 "-" "meta-externalagent/1.1 (+https://developers.facebook.com/docs/sharing/webmasters/crawler)"
57.141.7.1 - - [16/Oct/2024:05:49:33 -0700] "GET /index.php/view-judgment/1261 HTTP/1.1" 200 39886 "-" "meta-externalagent/1.1 (+https://developers.facebook.com/docs/sharing/webmasters/crawler)"
57.141.7.5 - - [16/Oct/2024:05:49:34 -0700] "GET /view-judgment/1258 HTTP/1.1" 200 85179 "-" "facebookexternalhit/1.1 (+http://www.facebook.com/externalhit_uatext.php)"
57.141.7.1 - - [16/Oct/2024:05:49:34 -0700] "GET /view-judgment/1456 HTTP/1.1" 200 170732 "-" "facebookexternalhit/1.1 (+http://www.facebook.com/externalhit_uatext.php)"
57.141.7.26 - - [16/Oct/2024:05:49:39 -0700] "GET /index.php/view-judgment/1333 HTTP/1.1" 200 59388 "-" "meta-externalagent/1.1 (+https://developers.facebook.com/docs/sharing/webmasters/crawler)"
57.141.7.16 - - [16/Oct/2024:05:49:40 -0700] "GET /view-judgment/1262 HTTP/1.1" 200 54944 "-" "facebookexternalhit/1.1 (+http://www.facebook.com/externalhit_uatext.php)"
217.113.194.117 - - [16/Oct/2024:05:49:40 -0700] "GET /view-judgment/985 HTTP/1.1" 200 132103 "-" "Mozilla/5.0 (compatible; Barkrowler/0.9; +https://babbar.tech/crawler)"
57.141.7.29 - - [16/Oct/2024:05:49:42 -0700] "GET /view-judgment/1230 HTTP/1.1" 200 68043 "-" "meta-externalagent/1.1 (+https://developers.facebook.com/docs/sharing/webmasters/crawler)"
66.249.79.232 - - [16/Oct/2024:05:49:44 -0700] "GET /index.php/view-judgment/459 HTTP/1.1" 200 15814 "-" "Mozilla/5.0 (Linux; Android 6.0.1; Nexus 5X Build/MMB29P) AppleWebKit/537.36 (KHTML, like Gecko) Chrome/129.0.6668.89 Mobile Safari/537.36 (compatible; Googlebot/2.1; +http://www.google.com/bot.html)"
217.113.194.114 - - [16/Oct/2024:05:49:52 -0700] "GET /view-judgment/986 HTTP/1.1" 200 132071 "-" "Mozilla/5.0 (compatible; Barkrowler/0.9; +https://babbar.tech/crawler)"
102.91.4.135 - - [16/Oct/2024:05:49:54 -0700] "POST /cpsess7890799262/3rdparty/roundcube/?_task=mail&_action=refresh HTTP/1.1" 200 62 "https://webmail.nicn.gov.ng/cpsess7890799262/3rdparty/roundcube/?_task=mail&_caps=pdf%3D1%2Cflash%3D0%2Ctiff%3D0%2Cwebp%3D1%2Cpgpmime%3D0&_uid=7&_mbox=INBOX&_action=show" "Mozilla/5.0 (Windows NT 10.0; Win64; x64; rv:131.0) Gecko/20100101 Firefox/131.0"
217.113.194.114 - - [16/Oct/2024:05:50:03 -0700] "GET /view-judgment/983 HTTP/1.1" 200 132040 "-" "Mozilla/5.0 (compatible; Barkrowler/0.9; +https://babbar.tech/crawler)"
173.252.79.1 - - [16/Oct/2024:05:50:10 -0700] "GET /index.php/view-judgment/1676 HTTP/1.1" 200 32387 "-" "meta-externalagent/1.1 (+https://developers.facebook.com/docs/sharing/webmasters/crawler)"
173.252.79.113 - - [16/Oct/2024:05:50:10 -0700] "GET /view-judgment/1963 HTTP/1.1" 200 50360 "-" "facebookexternalhit/1.1 (+http://www.facebook.com/externalhit_uatext.php)"
173.252.79.7 - - [16/Oct/2024:05:50:10 -0700] "GET /view-judgment/983 HTTP/1.1" 200 132040 "-" "facebookexternalhit/1.1 (+http://www.facebook.com/externalhit_uatext.php)"
173.252.79.113 - - [16/Oct/2024:05:50:10 -0700] "GET /view-judgment/1907 HTTP/1.1" 200 103629 "-" "facebookexternalhit/1.1 (+http://www.facebook.com/externalhit_uatext.php)"
52.5.70.31 - - [16/Oct/2024:05:50:14 -0700] "GET /view-judgment/1849 HTTP/1.1" 200 13840 "-" "Grammarly/1.0 (http://www.grammarly.com)"
102.91.72.192 - - [16/Oct/2024:05:50:14 -0700] "GET /view-judgment/1917 HTTP/1.1" 200 63911 "https://www.google.com/" "Mozilla/5.0 (Linux; Android 10; K) AppleWebKit/537.36 (KHTML, like Gecko) Chrome/128.0.0.0 Mobile Safari/537.36"
102.91.72.192 - - [16/Oct/2024:05:50:15 -0700] "GET /favicon.ico HTTP/1.1" 200 6590 "https://nicn.gov.ng/view-judgment/1917" "Mozilla/5.0 (Linux; Android 10; K) AppleWebKit/537.36 (KHTML, like Gecko) Chrome/128.0.0.0 Mobile Safari/537.36"
217.113.194.114 - - [16/Oct/2024:05:50:16 -0700] "GET /view-judgment/980 HTTP/1.1" 200 131952 "-" "Mozilla/5.0 (compatible; Barkrowler/0.9; +https://babbar.tech/crawler)"
57.141.7.3 - - [16/Oct/2024:05:50:17 -0700] "GET /view-judgment/1926 HTTP/1.1" 200 62009 "-" "facebookexternalhit/1.1 (+http://www.facebook.com/externalhit_uatext.php)"
57.141.7.17 - - [16/Oct/2024:05:50:18 -0700] "GET /index.php/view-judgment/1133 HTTP/1.1" 200 56878 "-" "meta-externalagent/1.1 (+https://developers.facebook.com/docs/sharing/webmasters/crawler)"
57.141.7.2 - - [16/Oct/2024:05:50:18 -0700] "GET /view-judgment/694 HTTP/1.1" 200 76777 "-" "facebookexternalhit/1.1 (+http://www.facebook.com/externalhit_uatext.php)"
217.113.194.114 - - [16/Oct/2024:05:50:28 -0700] "GET /view-judgment/989 HTTP/1.1" 200 36672 "-" "Mozilla/5.0 (compatible; Barkrowler/0.9; +https://babbar.tech/crawler)"
57.141.7.7 - - [16/Oct/2024:05:50:30 -0700] "GET /view-judgment/731 HTTP/1.1" 200 57690 "-" "facebookexternalhit/1.1 (+http://www.facebook.com/externalhit_uatext.php)"
66.249.93.11 - - [16/Oct/2024:05:50:30 -0700] "GET /.well-known/traffic-advice HTTP/1.1" 200 6590 "-" "Chrome Privacy Preserving Prefetch Proxy"
193.186.4.90 - - [16/Oct/2024:05:50:31 -0700] "GET /index.php/view-judgment/1627 HTTP/1.1" 200 21156 "https://www.google.com/" "Mozilla/5.0 (Linux; Android 10; K) AppleWebKit/537.36 (KHTML, like Gecko) Chrome/129.0.0.0 Mobile Safari/537.36"
217.113.194.113 - - [16/Oct/2024:05:50:39 -0700] "GET /view-judgment/988 HTTP/1.1" 200 42082 "-" "Mozilla/5.0 (compatible; Barkrowler/0.9; +https://babbar.tech/crawler)"
66.249.79.233 - - [16/Oct/2024:05:50:45 -0700] "GET /view-judgment/1228 HTTP/1.1" 200 111496 "-" "Mozilla/5.0 (Linux; Android 6.0.1; Nexus 5X Build/MMB29P) AppleWebKit/537.36 (KHTML, like Gecko) Chrome/129.0.6668.89 Mobile Safari/537.36 (compatible; Googlebot/2.1; +http://www.google.com/bot.html)"
217.113.194.116 - - [16/Oct/2024:05:50:49 -0700] "GET /view-judgment/872 HTTP/1.1" 200 15768 "-" "Mozilla/5.0 (compatible; Barkrowler/0.9; +https://babbar.tech/crawler)"
102.91.4.135 - - [16/Oct/2024:05:50:54 -0700] "POST /cpsess7890799262/3rdparty/roundcube/?_task=mail&_action=refresh HTTP/1.1" 200 62 "https://webmail.nicn.gov.ng/cpsess7890799262/3rdparty/roundcube/?_task=mail&_caps=pdf%3D1%2Cflash%3D0%2Ctiff%3D0%2Cwebp%3D1%2Cpgpmime%3D0&_uid=7&_mbox=INBOX&_action=show" "Mozilla/5.0 (Windows NT 10.0; Win64; x64; rv:131.0) Gecko/20100101 Firefox/131.0"
57.141.7.1 - - [16/Oct/2024:05:50:56 -0700] "GET /2/news-details HTTP/1.1" 200 51432 "-" "facebookexternalhit/1.1 (+http://www.facebook.com/externalhit_uatext.php)"
217.113.194.116 - - [16/Oct/2024:05:51:00 -0700] "GET /view-judgment/871 HTTP/1.1" 200 20108 "-" "Mozilla/5.0 (compatible; Barkrowler/0.9; +https://babbar.tech/crawler)"
105.113.29.179 - - [16/Oct/2024:05:51:01 -0700] "GET /court-division HTTP/1.1" 200 67868 "https://www.google.com/" "Mozilla/5.0 (Linux; Android 10; K) AppleWebKit/537.36 (KHTML, like Gecko) Chrome/129.0.0.0 Mobile Safari/537.36"
105.113.29.179 - - [16/Oct/2024:05:51:02 -0700] "GET /css/bootstrap.min.css HTTP/1.1" 200 28421 "https://nicn.gov.ng/court-division" "Mozilla/5.0 (Linux; Android 10; K) AppleWebKit/537.36 (KHTML, like Gecko) Chrome/129.0.0.0 Mobile Safari/537.36"
105.113.29.179 - - [16/Oct/2024:05:51:02 -0700] "GET /css/fontello.css HTTP/1.1" 200 120485 "https://nicn.gov.ng/court-division" "Mozilla/5.0 (Linux; Android 10; K) AppleWebKit/537.36 (KHTML, like Gecko) Chrome/129.0.0.0 Mobile Safari/537.36"
105.113.29.179 - - [16/Oct/2024:05:51:02 -0700] "GET /css/flexslider.css HTTP/1.1" 200 5713 "https://nicn.gov.ng/court-division" "Mozilla/5.0 (Linux; Android 10; K) AppleWebKit/537.36 (KHTML, like Gecko) Chrome/129.0.0.0 Mobile Safari/537.36"
105.113.29.179 - - [16/Oct/2024:05:51:02 -0700] "GET /css/owl.carousel.css HTTP/1.1" 200 1548 "https://nicn.gov.ng/court-division" "Mozilla/5.0 (Linux; Android 10; K) AppleWebKit/537.36 (KHTML, like Gecko) Chrome/129.0.0.0 Mobile Safari/537.36"
105.113.29.179 - - [16/Oct/2024:05:51:02 -0700] "GET /js/jquery.simpleTicker/site.css HTTP/1.1" 200 330 "https://nicn.gov.ng/court-division" "Mozilla/5.0 (Linux; Android 10; K) AppleWebKit/537.36 (KHTML, like Gecko) Chrome/129.0.0.0 Mobile Safari/537.36"
105.113.29.179 - - [16/Oct/2024:05:51:02 -0700] "GET /js/causelist-ticker/demo.css HTTP/1.1" 200 3115 "https://nicn.gov.ng/court-division" "Mozilla/5.0 (Linux; Android 10; K) AppleWebKit/537.36 (KHTML, like Gecko) Chrome/129.0.0.0 Mobile Safari/537.36"
105.113.29.179 - - [16/Oct/2024:05:51:03 -0700] "GET /js/jquery-1.11.0.min.js HTTP/1.1" 200 96381 "https://nicn.gov.ng/court-division" "Mozilla/5.0 (Linux; Android 10; K) AppleWebKit/537.36 (KHTML, like Gecko) Chrome/129.0.0.0 Mobile Safari/537.36"
105.113.29.179 - - [16/Oct/2024:05:51:03 -0700] "GET /js/jquery-ui-1.10.4.min.js HTTP/1.1" 200 89281 "https://nicn.gov.ng/court-division" "Mozilla/5.0 (Linux; Android 10; K) AppleWebKit/537.36 (KHTML, like Gecko) Chrome/129.0.0.0 Mobile Safari/537.36"
105.113.29.179 - - [16/Oct/2024:05:51:02 -0700] "GET /css/style.css HTTP/1.1" 200 129698 "https://nicn.gov.ng/court-division" "Mozilla/5.0 (Linux; Android 10; K) AppleWebKit/537.36 (KHTML, like Gecko) Chrome/129.0.0.0 Mobile Safari/537.36"
105.113.29.179 - - [16/Oct/2024:05:51:03 -0700] "GET /images/nicn-logo.png HTTP/1.1" 200 37969 "https://nicn.gov.ng/court-division" "Mozilla/5.0 (Linux; Android 10; K) AppleWebKit/537.36 (KHTML, like Gecko) Chrome/129.0.0.0 Mobile Safari/537.36"
57.141.7.3 - - [16/Oct/2024:05:51:03 -0700] "GET /view-judgment/1326 HTTP/1.1" 200 34965 "-" "meta-externalagent/1.1 (+https://developers.facebook.com/docs/sharing/webmasters/crawler)"
105.113.29.179 - - [16/Oct/2024:05:51:03 -0700] "GET /js/bootstrap.min.js HTTP/1.1" 200 9020 "https://nicn.gov.ng/court-division" "Mozilla/5.0 (Linux; Android 10; K) AppleWebKit/537.36 (KHTML, like Gecko) Chrome/129.0.0.0 Mobile Safari/537.36"
105.113.29.179 - - [16/Oct/2024:05:51:03 -0700] "GET /images/nicn-app.png HTTP/1.1" 200 13288 "https://nicn.gov.ng/court-division" "Mozilla/5.0 (Linux; Android 10; K) AppleWebKit/537.36 (KHTML, like Gecko) Chrome/129.0.0.0 Mobile Safari/537.36"
105.113.29.179 - - [16/Oct/2024:05:51:03 -0700] "GET /js/script.js HTTP/1.1" 200 36874 "https://nicn.gov.ng/court-division" "Mozilla/5.0 (Linux; Android 10; K) AppleWebKit/537.36 (KHTML, like Gecko) Chrome/129.0.0.0 Mobile Safari/537.36"
57.141.7.27 - - [16/Oct/2024:05:51:03 -0700] "GET /view-judgment/440 HTTP/1.1" 200 73124 "-" "meta-externalagent/1.1 (+https://developers.facebook.com/docs/sharing/webmasters/crawler)"
105.113.29.179 - - [16/Oct/2024:05:51:04 -0700] "GET /js/judges-profile.js HTTP/1.1" 200 11814 "https://nicn.gov.ng/court-division" "Mozilla/5.0 (Linux; Android 10; K) AppleWebKit/537.36 (KHTML, like Gecko) Chrome/129.0.0.0 Mobile Safari/537.36"
105.113.29.179 - - [16/Oct/2024:05:51:03 -0700] "GET /images/page_img.png HTTP/1.1" 200 113525 "https://nicn.gov.ng/court-division" "Mozilla/5.0 (Linux; Android 10; K) AppleWebKit/537.36 (KHTML, like Gecko) Chrome/129.0.0.0 Mobile Safari/537.36"
105.113.29.179 - - [16/Oct/2024:05:51:04 -0700] "GET /img/body-background.jpg HTTP/1.1" 200 6590 "https://nicn.gov.ng/css/style.css" "Mozilla/5.0 (Linux; Android 10; K) AppleWebKit/537.36 (KHTML, like Gecko) Chrome/129.0.0.0 Mobile Safari/537.36"
105.113.29.179 - - [16/Oct/2024:05:51:04 -0700] "GET /connect.facebook.net/en_US/all.js HTTP/1.1" 200 6590 "https://nicn.gov.ng/court-division" "Mozilla/5.0 (Linux; Android 10; K) AppleWebKit/537.36 (KHTML, like Gecko) Chrome/129.0.0.0 Mobile Safari/537.36"
105.113.29.179 - - [16/Oct/2024:05:51:04 -0700] "GET /font/fontello3fbc.woff?51867504 HTTP/1.1" 200 6590 "https://nicn.gov.ng/css/fontello.css" "Mozilla/5.0 (Linux; Android 10; K) AppleWebKit/537.36 (KHTML, like Gecko) Chrome/129.0.0.0 Mobile Safari/537.36"
105.113.29.179 - - [16/Oct/2024:05:51:05 -0700] "GET /font/fontello3fbc.ttf?51867504 HTTP/1.1" 200 6590 "https://nicn.gov.ng/css/fontello.css" "Mozilla/5.0 (Linux; Android 10; K) AppleWebKit/537.36 (KHTML, like Gecko) Chrome/129.0.0.0 Mobile Safari/537.36"
105.113.29.179 - - [16/Oct/2024:05:51:07 -0700] "GET /favicon.ico HTTP/1.1" 200 6590 "https://nicn.gov.ng/court-division" "Mozilla/5.0 (Linux; Android 10; K) AppleWebKit/537.36 (KHTML, like Gecko) Chrome/129.0.0.0 Mobile Safari/537.36"
217.113.194.117 - - [16/Oct/2024:05:51:10 -0700] "GET /view-judgment/877 HTTP/1.1" 200 46123 "-" "Mozilla/5.0 (compatible; Barkrowler/0.9; +https://babbar.tech/crawler)"
57.141.7.13 - - [16/Oct/2024:05:51:12 -0700] "GET /view-judgment/1817 HTTP/1.1" 200 23470 "-" "meta-externalagent/1.1 (+https://developers.facebook.com/docs/sharing/webmasters/crawler)"
57.141.7.2 - - [16/Oct/2024:05:51:16 -0700] "GET /view-judgment/1286 HTTP/1.1" 200 46571 "-" "facebookexternalhit/1.1 (+http://www.facebook.com/externalhit_uatext.php)"
217.113.194.115 - - [16/Oct/2024:05:51:22 -0700] "GET /view-judgment/875 HTTP/1.1" 200 46852 "-" "Mozilla/5.0 (compatible; Barkrowler/0.9; +https://babbar.tech/crawler)"
57.141.7.16 - - [16/Oct/2024:05:51:26 -0700] "GET /index.php/view-judgment/1627 HTTP/1.1" 200 21156 "-" "facebookexternalhit/1.1 (+http://www.facebook.com/externalhit_uatext.php)"
57.141.7.1 - - [16/Oct/2024:05:51:28 -0700] "GET /view-judgment/884 HTTP/1.1" 200 26381 "-" "meta-externalagent/1.1 (+https://developers.facebook.com/docs/sharing/webmasters/crawler)"
57.141.7.19 - - [16/Oct/2024:05:51:30 -0700] "GET /view-judgment/846 HTTP/1.1" 200 33457 "-" "facebookexternalhit/1.1 (+http://www.facebook.com/externalhit_uatext.php)"
217.113.194.119 - - [16/Oct/2024:05:51:34 -0700] "GET /view-judgment/876 HTTP/1.1" 200 17350 "-" "Mozilla/5.0 (compatible; Barkrowler/0.9; +https://babbar.tech/crawler)"
57.141.7.17 - - [16/Oct/2024:05:51:35 -0700] "GET /view-judgment/1609 HTTP/1.1" 200 47400 "-" "facebookexternalhit/1.1 (+http://www.facebook.com/externalhit_uatext.php)"
57.141.7.24 - - [16/Oct/2024:05:51:37 -0700] "GET /view-judgment/677 HTTP/1.1" 200 30879 "-" "meta-externalagent/1.1 (+https://developers.facebook.com/docs/sharing/webmasters/crawler)"
57.141.7.6 - - [16/Oct/2024:05:51:38 -0700] "GET /index.php/view-judgment/519 HTTP/1.1" 200 46403 "-" "meta-externalagent/1.1 (+https://developers.facebook.com/docs/sharing/webmasters/crawler)"
57.141.7.8 - - [16/Oct/2024:05:51:38 -0700] "GET /index.php/speeches-papers HTTP/1.1" 200 54360 "-" "meta-externalagent/1.1 (+https://developers.facebook.com/docs/sharing/webmasters/crawler)"
217.113.194.115 - - [16/Oct/2024:05:51:44 -0700] "GET /view-judgment/873 HTTP/1.1" 200 21796 "-" "Mozilla/5.0 (compatible; Barkrowler/0.9; +https://babbar.tech/crawler)"
66.249.79.230 - - [16/Oct/2024:05:51:46 -0700] "GET /view-judgment/565 HTTP/1.1" 200 28148 "-" "Mozilla/5.0 (Linux; Android 6.0.1; Nexus 5X Build/MMB29P) AppleWebKit/537.36 (KHTML, like Gecko) Chrome/129.0.6668.89 Mobile Safari/537.36 (compatible; Googlebot/2.1; +http://www.google.com/bot.html)"
57.141.7.28 - - [16/Oct/2024:05:51:46 -0700] "GET /index.php/view-judgment/1901 HTTP/1.1" 200 34819 "-" "meta-externalagent/1.1 (+https://developers.facebook.com/docs/sharing/webmasters/crawler)"
57.141.7.5 - - [16/Oct/2024:05:51:47 -0700] "GET /judicial-cadre/17 HTTP/1.1" 200 51277 "-" "facebookexternalhit/1.1 (+http://www.facebook.com/externalhit_uatext.php)"
57.141.7.29 - - [16/Oct/2024:05:51:54 -0700] "GET /view-judgment/1257 HTTP/1.1" 200 94211 "-" "facebookexternalhit/1.1 (+http://www.facebook.com/externalhit_uatext.php)"
217.113.194.114 - - [16/Oct/2024:05:51:55 -0700] "GET /view-judgment/870 HTTP/1.1" 200 20108 "-" "Mozilla/5.0 (compatible; Barkrowler/0.9; +https://babbar.tech/crawler)"
102.91.4.135 - - [16/Oct/2024:05:52:00 -0700] "POST /cpsess7890799262/3rdparty/roundcube/?_task=mail&_action=refresh HTTP/1.1" 200 62 "https://webmail.nicn.gov.ng/cpsess7890799262/3rdparty/roundcube/?_task=mail&_caps=pdf%3D1%2Cflash%3D0%2Ctiff%3D0%2Cwebp%3D1%2Cpgpmime%3D0&_uid=7&_mbox=INBOX&_action=show" "Mozilla/5.0 (Windows NT 10.0; Win64; x64; rv:131.0) Gecko/20100101 Firefox/131.0"
57.141.7.24 - - [16/Oct/2024:05:52:00 -0700] "GET /view-judgment/115 HTTP/1.1" 200 4351 "-" "facebookexternalhit/1.1 (+http://www.facebook.com/externalhit_uatext.php)"
57.141.7.3 - - [16/Oct/2024:05:52:02 -0700] "GET /view-judgment/37 HTTP/1.1" 200 44291 "-" "facebookexternalhit/1.1 (+http://www.facebook.com/externalhit_uatext.php)"
57.141.7.1 - - [16/Oct/2024:05:52:03 -0700] "GET /view-judgment/1971 HTTP/1.1" 200 26085 "-" "facebookexternalhit/1.1 (+http://www.facebook.com/externalhit_uatext.php)"
156.59.198.136 - - [16/Oct/2024:05:52:03 -0700] "GET /nicnAdminPublic/public/nicnForms/FORM%2080.pdf HTTP/1.1" 200 6590 "http://nicn.gov.ng/nicnAdminPublic/public/nicnForms/FORM%2080.pdf" "Mozilla/5.0 (Linux; Android 5.0) AppleWebKit/537.36 (KHTML, like Gecko) Mobile Safari/537.36 (compatible; Bytespider; spider-feedback@bytedance.com)"
217.113.194.119 - - [16/Oct/2024:05:52:05 -0700] "GET /view-judgment/879 HTTP/1.1" 200 28632 "-" "Mozilla/5.0 (compatible; Barkrowler/0.9; +https://babbar.tech/crawler)"
57.141.7.15 - - [16/Oct/2024:05:52:07 -0700] "GET /index.php/view-judgment/115 HTTP/1.1" 200 4351 "-" "meta-externalagent/1.1 (+https://developers.facebook.com/docs/sharing/webmasters/crawler)"
57.141.7.20 - - [16/Oct/2024:05:52:12 -0700] "GET /index.php/view-judgment/603 HTTP/1.1" 200 47884 "-" "facebookexternalhit/1.1 (+http://www.facebook.com/externalhit_uatext.php)"
197.210.78.204 - - [16/Oct/2024:05:52:13 -0700] "GET /view-judgment/1984 HTTP/1.1" 200 126299 "https://www.google.com/" "Mozilla/5.0 (Linux; Android 10; K) AppleWebKit/537.36 (KHTML, like Gecko) Chrome/129.0.0.0 Mobile Safari/537.36"
197.210.78.204 - - [16/Oct/2024:05:52:14 -0700] "GET /favicon.ico HTTP/1.1" 200 6590 "https://nicn.gov.ng/view-judgment/1984" "Mozilla/5.0 (Linux; Android 10; K) AppleWebKit/537.36 (KHTML, like Gecko) Chrome/129.0.0.0 Mobile Safari/537.36"
57.141.7.8 - - [16/Oct/2024:05:52:15 -0700] "GET /view-judgment/1855 HTTP/1.1" 200 87447 "-" "facebookexternalhit/1.1 (+http://www.facebook.com/externalhit_uatext.php)"
154.54.249.204 - - [16/Oct/2024:05:52:17 -0700] "GET /view-judgment/878 HTTP/1.1" 200 49378 "-" "Mozilla/5.0 (compatible; Barkrowler/0.9; +https://babbar.tech/crawler)"
57.141.7.5 - - [16/Oct/2024:05:52:17 -0700] "GET /index.php/view-judgment/1275 HTTP/1.1" 200 133538 "-" "facebookexternalhit/1.1 (+http://www.facebook.com/externalhit_uatext.php)"
57.141.7.17 - - [16/Oct/2024:05:52:18 -0700] "GET /view-judgment/892 HTTP/1.1" 200 26402 "-" "facebookexternalhit/1.1 (+http://www.facebook.com/externalhit_uatext.php)"
185.69.144.48 - - [16/Oct/2024:05:52:19 -0700] "GET /favicon.ico HTTP/1.1" 200 6590 "https://nicn.gov.ng/index.php/view-judgment/1077" "Mozilla/5.0 (Linux; Android 10; K) AppleWebKit/537.36 (KHTML, like Gecko) Chrome/129.0.0.0 Mobile Safari/537.36"
173.252.79.2 - - [16/Oct/2024:05:52:20 -0700] "GET /court-registry HTTP/1.1" 200 55563 "-" "meta-externalagent/1.1 (+https://developers.facebook.com/docs/sharing/webmasters/crawler)"
57.141.7.14 - - [16/Oct/2024:05:52:25 -0700] "GET /index.php/view-judgment/482 HTTP/1.1" 200 267516 "-" "meta-externalagent/1.1 (+https://developers.facebook.com/docs/sharing/webmasters/crawler)"
217.113.194.118 - - [16/Oct/2024:05:52:28 -0700] "GET /view-judgment/1426 HTTP/1.1" 200 30582 "-" "Mozilla/5.0 (compatible; Barkrowler/0.9; +https://babbar.tech/crawler)"
57.141.7.28 - - [16/Oct/2024:05:52:32 -0700] "GET /view-judgment/860 HTTP/1.1" 200 29232 "-" "facebookexternalhit/1.1 (+http://www.facebook.com/externalhit_uatext.php)"
57.141.7.21 - - [16/Oct/2024:05:52:34 -0700] "GET /view-judgment/709 HTTP/1.1" 200 97812 "-" "meta-externalagent/1.1 (+https://developers.facebook.com/docs/sharing/webmasters/crawler)"
57.141.7.14 - - [16/Oct/2024:05:52:37 -0700] "GET /view-judgment/635 HTTP/1.1" 200 31400 "-" "facebookexternalhit/1.1 (+http://www.facebook.com/externalhit_uatext.php)"
217.113.194.114 - - [16/Oct/2024:05:52:38 -0700] "GET /view-judgment/1424 HTTP/1.1" 200 31938 "-" "Mozilla/5.0 (compatible; Barkrowler/0.9; +https://babbar.tech/crawler)"
57.141.7.24 - - [16/Oct/2024:05:52:42 -0700] "GET /view-judgment/1625 HTTP/1.1" 200 89668 "-" "meta-externalagent/1.1 (+https://developers.facebook.com/docs/sharing/webmasters/crawler)"
66.249.79.233 - - [16/Oct/2024:05:52:47 -0700] "GET /judgement?page=19 HTTP/1.1" 200 155419 "-" "Mozilla/5.0 (Linux; Android 6.0.1; Nexus 5X Build/MMB29P) AppleWebKit/537.36 (KHTML, like Gecko) Chrome/129.0.6668.89 Mobile Safari/537.36 (compatible; Googlebot/2.1; +http://www.google.com/bot.html)"
217.113.194.115 - - [16/Oct/2024:05:52:49 -0700] "GET /view-judgment/1422 HTTP/1.1" 200 44189 "-" "Mozilla/5.0 (compatible; Barkrowler/0.9; +https://babbar.tech/crawler)"
102.89.33.211 - - [16/Oct/2024:05:52:50 -0700] "GET /view-judgment/1968 HTTP/1.1" 200 22595 "-" "Mozilla/5.0 (Linux; Android 10; K) AppleWebKit/537.36 (KHTML, like Gecko) Chrome/129.0.0.0 Mobile Safari/537.36"
102.89.33.211 - - [16/Oct/2024:05:52:51 -0700] "GET /favicon.ico HTTP/1.1" 200 6590 "https://nicn.gov.ng/view-judgment/1968" "Mozilla/5.0 (Linux; Android 10; K) AppleWebKit/537.36 (KHTML, like Gecko) Chrome/129.0.0.0 Mobile Safari/537.36"
57.141.7.16 - - [16/Oct/2024:05:52:51 -0700] "GET /view-judgment/539 HTTP/1.1" 200 68575 "-" "facebookexternalhit/1.1 (+http://www.facebook.com/externalhit_uatext.php)"
193.186.4.144 - - [16/Oct/2024:05:52:53 -0700] "GET /judicial-cadre/11 HTTP/1.1" 200 51154 "https://www.google.com/" "Mozilla/5.0 (Linux; Android 10; K) AppleWebKit/537.36 (KHTML, like Gecko) Chrome/129.0.0.0 Mobile Safari/537.36"
57.141.7.29 - - [16/Oct/2024:05:52:53 -0700] "GET /view-judgment/1767 HTTP/1.1" 200 98308 "-" "facebookexternalhit/1.1 (+http://www.facebook.com/externalhit_uatext.php)"
193.186.4.146 - - [16/Oct/2024:05:52:55 -0700] "GET /judicial-cadre/37 HTTP/1.1" 200 52783 "https://www.google.com/" "Mozilla/5.0 (Linux; Android 10; K) AppleWebKit/537.36 (KHTML, like Gecko) Chrome/129.0.0.0 Mobile Safari/537.36"
217.113.194.117 - - [16/Oct/2024:05:53:00 -0700] "GET /view-judgment/1427 HTTP/1.1" 200 16607 "-" "Mozilla/5.0 (compatible; Barkrowler/0.9; +https://babbar.tech/crawler)"
102.91.4.135 - - [16/Oct/2024:05:53:00 -0700] "POST /cpsess7890799262/3rdparty/roundcube/?_task=mail&_action=refresh HTTP/1.1" 200 62 "https://webmail.nicn.gov.ng/cpsess7890799262/3rdparty/roundcube/?_task=mail&_caps=pdf%3D1%2Cflash%3D0%2Ctiff%3D0%2Cwebp%3D1%2Cpgpmime%3D0&_uid=7&_mbox=INBOX&_action=show" "Mozilla/5.0 (Windows NT 10.0; Win64; x64; rv:131.0) Gecko/20100101 Firefox/131.0"
57.141.7.18 - - [16/Oct/2024:05:53:00 -0700] "GET /view-judgment/1541 HTTP/1.1" 200 43742 "-" "facebookexternalhit/1.1 (+http://www.facebook.com/externalhit_uatext.php)"
217.113.194.116 - - [16/Oct/2024:05:53:10 -0700] "GET /view-judgment/1428 HTTP/1.1" 200 34516 "-" "Mozilla/5.0 (compatible; Barkrowler/0.9; +https://babbar.tech/crawler)"
193.142.146.226 - - [16/Oct/2024:05:53:17 -0700] "GET /wp-login.php HTTP/1.1" 200 6590 "-" "Mozilla/5.0 (compatible; MSIE 9.0; Windows NT 6.1; Trident/5.0)"
193.142.146.226 - - [16/Oct/2024:05:53:17 -0700] "GET /view-judgment/wp-login.php HTTP/1.1" 200 43388 "-" "Mozilla/5.0 (compatible; MSIE 9.0; Windows NT 6.1; Trident/5.0)"
217.113.194.120 - - [16/Oct/2024:05:53:21 -0700] "GET /view-judgment/1423 HTTP/1.1" 200 21178 "-" "Mozilla/5.0 (compatible; Barkrowler/0.9; +https://babbar.tech/crawler)"
102.88.68.195 - - [16/Oct/2024:05:53:28 -0700] "GET /nicnForms/FORM%201.pdf HTTP/1.1" 200 284287 "https://www.google.com/" "Mozilla/5.0 (Linux; Android 10; K) AppleWebKit/537.36 (KHTML, like Gecko) Chrome/125.0.0.0 Mobile Safari/537.36"
57.141.7.7 - - [16/Oct/2024:05:53:31 -0700] "GET /judicial-cadre/2 HTTP/1.1" 200 53055 "-" "meta-externalagent/1.1 (+https://developers.facebook.com/docs/sharing/webmasters/crawler)"
217.113.194.116 - - [16/Oct/2024:05:53:32 -0700] "GET /view-judgment/1421 HTTP/1.1" 200 55714 "-" "Mozilla/5.0 (compatible; Barkrowler/0.9; +https://babbar.tech/crawler)"
105.119.1.113 - - [16/Oct/2024:05:53:36 -0700] "GET /favicon.ico HTTP/1.1" 200 6590 "https://nicn.gov.ng/index.php/view-judgment/1835" "Mozilla/5.0 (Windows NT 10.0; Win64; x64) AppleWebKit/537.36 (KHTML, like Gecko) Chrome/109.0.0.0 Safari/537.36"
52.167.144.231 - - [16/Oct/2024:05:53:37 -0700] "GET /view-judgment/1890 HTTP/1.1" 200 14904 "-" "Mozilla/5.0 AppleWebKit/537.36 (KHTML, like Gecko; compatible; bingbot/2.0; +http://www.bing.com/bingbot.htm) Chrome/116.0.1938.76 Safari/537.36"
72.14.201.146 - - [16/Oct/2024:05:53:41 -0700] "GET /judicial-cadre/11 HTTP/1.1" 200 51154 "https://www.google.com/" "Mozilla/5.0 (Linux; Android 10; K) AppleWebKit/537.36 (KHTML, like Gecko) Chrome/129.0.0.0 Mobile Safari/537.36"
57.141.7.1 - - [16/Oct/2024:05:53:42 -0700] "GET /view-judgment/890 HTTP/1.1" 200 9823 "-" "meta-externalagent/1.1 (+https://developers.facebook.com/docs/sharing/webmasters/crawler)"
217.113.194.116 - - [16/Oct/2024:05:53:43 -0700] "GET /view-judgment/1420 HTTP/1.1" 200 50993 "-" "Mozilla/5.0 (compatible; Barkrowler/0.9; +https://babbar.tech/crawler)"
66.249.68.68 - - [16/Oct/2024:05:53:47 -0700] "GET /view-judgment/1176 HTTP/1.1" 200 54002 "-" "Mozilla/5.0 (Linux; Android 6.0.1; Nexus 5X Build/MMB29P) AppleWebKit/537.36 (KHTML, like Gecko) Chrome/129.0.6668.89 Mobile Safari/537.36 (compatible; Googlebot/2.1; +http://www.google.com/bot.html)"
217.113.194.120 - - [16/Oct/2024:05:53:54 -0700] "GET /view-judgment/1429 HTTP/1.1" 200 33625 "-" "Mozilla/5.0 (compatible; Barkrowler/0.9; +https://babbar.tech/crawler)"
57.141.7.14 - - [16/Oct/2024:05:53:58 -0700] "GET /view-judgment/853 HTTP/1.1" 200 31835 "-" "meta-externalagent/1.1 (+https://developers.facebook.com/docs/sharing/webmasters/crawler)"
139.59.114.76 - - [16/Oct/2024:05:54:00 -0700] "GET / HTTP/1.1" 200 106707 "-" "Mozilla/5.0 (Windows NT 10.0; Win64; x64) AppleWebKit/537.36 (KHTML, like Gecko) Chrome/88.0.4240.193 Safari/537.36"
102.91.4.135 - - [16/Oct/2024:05:54:00 -0700] "POST /cpsess7890799262/3rdparty/roundcube/?_task=mail&_action=refresh HTTP/1.1" 200 62 "https://webmail.nicn.gov.ng/cpsess7890799262/3rdparty/roundcube/?_task=mail&_caps=pdf%3D1%2Cflash%3D0%2Ctiff%3D0%2Cwebp%3D1%2Cpgpmime%3D0&_uid=7&_mbox=INBOX&_action=show" "Mozilla/5.0 (Windows NT 10.0; Win64; x64; rv:131.0) Gecko/20100101 Firefox/131.0"
45.207.211.133 - - [16/Oct/2024:05:54:02 -0700] "POST /ui/api/v1/ui/auth/login HTTP/1.1" 200 6602 "-" "Mozilla/5.0 (Windows NT 10.0; Win64; x64; rv:100.0) Gecko/20100101 Firefox/100.0"
45.207.211.133 - - [16/Oct/2024:05:54:03 -0700] "GET /wp-content/plugins/visualizer/readme.txt HTTP/1.1" 200 6602 "-" "Mozilla/5.0 (Macintosh; Intel Mac OS X 10_15_7) AppleWebKit/605.1.15 (KHTML, like Gecko) Version/17.4.1 Safari/605.6.21"
154.54.249.204 - - [16/Oct/2024:05:54:04 -0700] "GET /view-judgment/1425 HTTP/1.1" 200 17689 "-" "Mozilla/5.0 (compatible; Barkrowler/0.9; +https://babbar.tech/crawler)"
45.207.211.133 - - [16/Oct/2024:05:54:06 -0700] "POST /admin/?n=language&c=language_general&a=doExportPack HTTP/1.1" 200 6602 "-" "Mozilla/5.0 (Ubuntu; Linux x86_64; rv:126.0) Gecko/20100101 Firefox/126.0"
45.207.211.133 - - [16/Oct/2024:05:54:10 -0700] "POST /apply_sec.cgi HTTP/1.1" 200 6602 "https://www.nicn.gov.ng" "Mozilla/5.0 (SS; Linux x86_64; rv:123.0) Gecko/20100101 Firefox/123.0"
45.207.211.133 - - [16/Oct/2024:05:54:11 -0700] "POST /apply_sec.cgi HTTP/1.1" 200 6602 "https://www.nicn.gov.ng/login_pic.asp" "Mozilla/5.0 (X11; U; Linux i686; pt-BR; rv:1.9.0.3) Gecko/2008092510 Ubuntu/8.04 (hardy) Firefox/3.0.3"
45.207.211.133 - - [16/Oct/2024:05:54:11 -0700] "POST /apply_sec.cgi HTTP/1.1" 200 6602 "https://www.nicn.gov.ng/login_pic.asp" "Mozilla/5.0 (Macintosh; Intel Mac OS X 10_15_7) AppleWebKit/605.1.15 (KHTML, like Gecko) Version/17.4.1 Safari/605.8.24"
57.141.7.20 - - [16/Oct/2024:05:54:12 -0700] "GET /view-judgment/1381 HTTP/1.1" 200 45001 "-" "meta-externalagent/1.1 (+https://developers.facebook.com/docs/sharing/webmasters/crawler)"
57.141.7.11 - - [16/Oct/2024:05:54:13 -0700] "GET /view-judgment/1429 HTTP/1.1" 200 33625 "-" "meta-externalagent/1.1 (+https://developers.facebook.com/docs/sharing/webmasters/crawler)"
217.113.194.118 - - [16/Oct/2024:05:54:15 -0700] "GET /view-judgment/882 HTTP/1.1" 200 15320 "-" "Mozilla/5.0 (compatible; Barkrowler/0.9; +https://babbar.tech/crawler)"
57.141.7.9 - - [16/Oct/2024:05:54:20 -0700] "GET /view-judgment/1095 HTTP/1.1" 200 16494 "-" "meta-externalagent/1.1 (+https://developers.facebook.com/docs/sharing/webmasters/crawler)"
154.54.249.204 - - [16/Oct/2024:05:54:26 -0700] "GET /view-judgment/881 HTTP/1.1" 200 10877 "-" "Mozilla/5.0 (compatible; Barkrowler/0.9; +https://babbar.tech/crawler)"
57.141.7.28 - - [16/Oct/2024:05:54:31 -0700] "GET /index.php/44/news-details HTTP/1.1" 200 51371 "-" "facebookexternalhit/1.1 (+http://www.facebook.com/externalhit_uatext.php)"
72.14.201.90 - - [16/Oct/2024:05:54:36 -0700] "GET /index.php/view-judgment/772 HTTP/1.1" 200 10752 "https://www.google.com/" "Mozilla/5.0 (Linux; Android 10; K) AppleWebKit/537.36 (KHTML, like Gecko) Chrome/129.0.0.0 Mobile Safari/537.36"
217.113.194.120 - - [16/Oct/2024:05:54:36 -0700] "GET /view-judgment/884 HTTP/1.1" 200 26381 "-" "Mozilla/5.0 (compatible; Barkrowler/0.9; +https://babbar.tech/crawler)"
57.141.7.25 - - [16/Oct/2024:05:54:36 -0700] "GET /view-judgment/1022 HTTP/1.1" 200 85151 "-" "meta-externalagent/1.1 (+https://developers.facebook.com/docs/sharing/webmasters/crawler)"
57.141.7.21 - - [16/Oct/2024:05:54:37 -0700] "GET /view-judgment/1487 HTTP/1.1" 200 36924 "-" "facebookexternalhit/1.1 (+http://www.facebook.com/externalhit_uatext.php)"
72.14.201.90 - - [16/Oct/2024:05:54:45 -0700] "GET /view-judgment/1967 HTTP/1.1" 200 14409 "https://www.google.com/" "Mozilla/5.0 (Linux; Android 10; K) AppleWebKit/537.36 (KHTML, like Gecko) Chrome/129.0.0.0 Mobile Safari/537.36"
217.113.194.119 - - [16/Oct/2024:05:54:47 -0700] "GET /view-judgment/887 HTTP/1.1" 200 16422 "-" "Mozilla/5.0 (compatible; Barkrowler/0.9; +https://babbar.tech/crawler)"
57.141.7.4 - - [16/Oct/2024:05:54:47 -0700] "GET /view-judgment/706 HTTP/1.1" 200 27069 "-" "meta-externalagent/1.1 (+https://developers.facebook.com/docs/sharing/webmasters/crawler)"
66.249.79.232 - - [16/Oct/2024:05:54:47 -0700] "GET /view-judgment/1481 HTTP/1.1" 200 43467 "-" "Mozilla/5.0 (Linux; Android 6.0.1; Nexus 5X Build/MMB29P) AppleWebKit/537.36 (KHTML, like Gecko) Chrome/129.0.6668.89 Mobile Safari/537.36 (compatible; Googlebot/2.1; +http://www.google.com/bot.html)"
57.141.7.9 - - [16/Oct/2024:05:54:49 -0700] "GET /view-judgment/1566 HTTP/1.1" 200 20805 "-" "facebookexternalhit/1.1 (+http://www.facebook.com/externalhit_uatext.php)"
217.113.194.117 - - [16/Oct/2024:05:54:57 -0700] "GET /view-judgment/885 HTTP/1.1" 200 39076 "-" "Mozilla/5.0 (compatible; Barkrowler/0.9; +https://babbar.tech/crawler)"
57.141.7.8 - - [16/Oct/2024:05:55:03 -0700] "GET /view-judgment/542 HTTP/1.1" 200 12580 "-" "meta-externalagent/1.1 (+https://developers.facebook.com/docs/sharing/webmasters/crawler)"
57.141.7.1 - - [16/Oct/2024:05:55:03 -0700] "GET /view-judgment/1304 HTTP/1.1" 200 62026 "-" "meta-externalagent/1.1 (+https://developers.facebook.com/docs/sharing/webmasters/crawler)"
102.91.4.135 - - [16/Oct/2024:05:55:07 -0700] "POST /cpsess7890799262/3rdparty/roundcube/?_task=mail&_action=refresh HTTP/1.1" 200 62 "https://webmail.nicn.gov.ng/cpsess7890799262/3rdparty/roundcube/?_task=mail&_caps=pdf%3D1%2Cflash%3D0%2Ctiff%3D0%2Cwebp%3D1%2Cpgpmime%3D0&_uid=7&_mbox=INBOX&_action=show" "Mozilla/5.0 (Windows NT 10.0; Win64; x64; rv:131.0) Gecko/20100101 Firefox/131.0"
217.113.194.113 - - [16/Oct/2024:05:55:08 -0700] "GET /view-judgment/886 HTTP/1.1" 200 35228 "-" "Mozilla/5.0 (compatible; Barkrowler/0.9; +https://babbar.tech/crawler)"
157.97.126.224 - - [16/Oct/2024:05:55:09 -0700] "GET /index.php/view-judgment/1608 HTTP/1.1" 200 48622 "-" "Mozilla/5.0 AppleWebKit/537.36 (KHTML, like Gecko; compatible; PerplexityBot/1.0; +https://docs.perplexity.ai/docs/perplexity-bot)"
192.30.80.217 - - [16/Oct/2024:05:55:09 -0700] "GET /view-judgment/1793 HTTP/1.1" 200 22143 "-" "Mozilla/5.0 AppleWebKit/537.36 (KHTML, like Gecko; compatible; PerplexityBot/1.0; +https://docs.perplexity.ai/docs/perplexity-bot)"
57.141.7.2 - - [16/Oct/2024:05:55:10 -0700] "GET /index.php/view-judgment/111 HTTP/1.1" 200 15989 "-" "facebookexternalhit/1.1 (+http://www.facebook.com/externalhit_uatext.php)"
102.91.71.35 - - [16/Oct/2024:05:55:11 -0700] "GET /index.php/view-judgment/1937 HTTP/1.1" 200 13740 "-" "Mozilla/5.0 (Linux; Android 10; K) AppleWebKit/537.36 (KHTML, like Gecko) Chrome/129.0.0.0 Mobile Safari/537.36"
102.91.71.35 - - [16/Oct/2024:05:55:12 -0700] "GET /favicon.ico HTTP/1.1" 200 6590 "https://nicn.gov.ng/index.php/view-judgment/1937" "Mozilla/5.0 (Linux; Android 10; K) AppleWebKit/537.36 (KHTML, like Gecko) Chrome/129.0.0.0 Mobile Safari/537.36"
57.141.7.27 - - [16/Oct/2024:05:55:14 -0700] "GET /view-judgment/921 HTTP/1.1" 200 63476 "-" "facebookexternalhit/1.1 (+http://www.facebook.com/externalhit_uatext.php)"
102.91.71.35 - - [16/Oct/2024:05:55:15 -0700] "GET /index.php/view-judgment/1937 HTTP/1.1" 200 13740 "-" "Mozilla/5.0 (Linux; Android 10; K) AppleWebKit/537.36 (KHTML, like Gecko) Chrome/129.0.0.0 Mobile Safari/537.36"
102.91.71.35 - - [16/Oct/2024:05:55:16 -0700] "GET /favicon.ico HTTP/1.1" 200 6590 "https://nicn.gov.ng/index.php/view-judgment/1937" "Mozilla/5.0 (Linux; Android 10; K) AppleWebKit/537.36 (KHTML, like Gecko) Chrome/129.0.0.0 Mobile Safari/537.36"
217.113.194.121 - - [16/Oct/2024:05:55:18 -0700] "GET /view-judgment/883 HTTP/1.1" 200 14401 "-" "Mozilla/5.0 (compatible; Barkrowler/0.9; +https://babbar.tech/crawler)"
57.141.7.19 - - [16/Oct/2024:05:55:20 -0700] "GET /view-judgment/1072 HTTP/1.1" 200 36457 "-" "meta-externalagent/1.1 (+https://developers.facebook.com/docs/sharing/webmasters/crawler)"
193.186.4.90 - - [16/Oct/2024:05:55:29 -0700] "GET /view-judgment/1938 HTTP/1.1" 200 27126 "https://www.google.com/" "Mozilla/5.0 (Linux; Android 10; K) AppleWebKit/537.36 (KHTML, like Gecko) Chrome/129.0.0.0 Mobile Safari/537.36"
217.113.194.118 - - [16/Oct/2024:05:55:29 -0700] "GET /view-judgment/880 HTTP/1.1" 200 13975 "-" "Mozilla/5.0 (compatible; Barkrowler/0.9; +https://babbar.tech/crawler)"
72.14.201.90 - - [16/Oct/2024:05:55:30 -0700] "GET /index.php/view-judgment/863 HTTP/1.1" 200 8669 "https://www.google.com/" "Mozilla/5.0 (Linux; Android 10; K) AppleWebKit/537.36 (KHTML, like Gecko) Chrome/129.0.0.0 Mobile Safari/537.36"
139.59.114.76 - - [16/Oct/2024:05:55:34 -0700] "GET //wp-includes/wlwmanifest.xml HTTP/1.1" 200 6590 "-" "Mozilla/5.0 (Windows NT 10.0; Win64; x64) AppleWebKit/537.36 (KHTML, like Gecko) Chrome/88.0.4240.193 Safari/537.36"
139.59.114.76 - - [16/Oct/2024:05:55:35 -0700] "GET //xmlrpc.php?rsd HTTP/1.1" 200 6590 "-" "Mozilla/5.0 (Windows NT 10.0; Win64; x64) AppleWebKit/537.36 (KHTML, like Gecko) Chrome/88.0.4240.193 Safari/537.36"
57.141.7.24 - - [16/Oct/2024:05:55:35 -0700] "GET /view-judgment/544 HTTP/1.1" 200 22676 "-" "meta-externalagent/1.1 (+https://developers.facebook.com/docs/sharing/webmasters/crawler)"
139.59.114.76 - - [16/Oct/2024:05:55:35 -0700] "GET / HTTP/1.1" 200 106707 "-" "Mozilla/5.0 (Windows NT 10.0; Win64; x64) AppleWebKit/537.36 (KHTML, like Gecko) Chrome/88.0.4240.193 Safari/537.36"
139.59.114.76 - - [16/Oct/2024:05:55:37 -0700] "GET //blog/wp-includes/wlwmanifest.xml HTTP/1.1" 200 6590 "-" "Mozilla/5.0 (Windows NT 10.0; Win64; x64) AppleWebKit/537.36 (KHTML, like Gecko) Chrome/88.0.4240.193 Safari/537.36"
217.113.194.112 - - [16/Oct/2024:05:55:40 -0700] "GET /view-judgment/889 HTTP/1.1" 200 20204 "-" "Mozilla/5.0 (compatible; Barkrowler/0.9; +https://babbar.tech/crawler)"
154.113.165.98 - - [16/Oct/2024:05:55:42 -0700] "GET /publication/EFFECTS_OF_BUSINESS_COMBINATIONS.pdf HTTP/1.1" 200 91095 "-" "Mozilla/5.0 (Windows NT 10.0; Win64; x64) AppleWebKit/537.36 (KHTML, like Gecko) Chrome/129.0.0.0 Safari/537.36"
57.141.7.5 - - [16/Oct/2024:05:55:42 -0700] "GET /view-judgment/1343 HTTP/1.1" 200 84553 "-" "meta-externalagent/1.1 (+https://developers.facebook.com/docs/sharing/webmasters/crawler)"
66.249.79.233 - - [16/Oct/2024:05:55:47 -0700] "GET /index.php/view-judgment/1604 HTTP/1.1" 200 25358 "-" "Mozilla/5.0 (Linux; Android 6.0.1; Nexus 5X Build/MMB29P) AppleWebKit/537.36 (KHTML, like Gecko) Chrome/129.0.6668.89 Mobile Safari/537.36 (compatible; Googlebot/2.1; +http://www.google.com/bot.html)"
217.113.194.117 - - [16/Oct/2024:05:55:50 -0700] "GET /view-judgment/888 HTTP/1.1" 200 33431 "-" "Mozilla/5.0 (compatible; Barkrowler/0.9; +https://babbar.tech/crawler)"
57.141.7.4 - - [16/Oct/2024:05:55:51 -0700] "GET /view-judgment/1488 HTTP/1.1" 200 39337 "-" "facebookexternalhit/1.1 (+http://www.facebook.com/externalhit_uatext.php)"
57.141.7.22 - - [16/Oct/2024:05:55:55 -0700] "GET /view-judgment/1594 HTTP/1.1" 200 51029 "-" "meta-externalagent/1.1 (+https://developers.facebook.com/docs/sharing/webmasters/crawler)"
217.113.194.112 - - [16/Oct/2024:05:56:00 -0700] "GET /view-judgment/1082 HTTP/1.1" 200 52503 "-" "Mozilla/5.0 (compatible; Barkrowler/0.9; +https://babbar.tech/crawler)"
57.141.7.27 - - [16/Oct/2024:05:56:00 -0700] "GET /view-judgment/568 HTTP/1.1" 200 36441 "-" "facebookexternalhit/1.1 (+http://www.facebook.com/externalhit_uatext.php)"
102.89.22.45 - - [16/Oct/2024:05:56:02 -0700] "GET /view-judgment/1908 HTTP/1.1" 200 30176 "https://www.google.com/" "Mozilla/5.0 (iPhone; CPU iPhone OS 16_6 like Mac OS X) AppleWebKit/605.1.15 (KHTML, like Gecko) Version/16.6 Mobile/15E148 Safari/604.1"
102.91.4.135 - - [16/Oct/2024:05:56:07 -0700] "POST /cpsess7890799262/3rdparty/roundcube/?_task=mail&_action=refresh HTTP/1.1" 200 62 "https://webmail.nicn.gov.ng/cpsess7890799262/3rdparty/roundcube/?_task=mail&_caps=pdf%3D1%2Cflash%3D0%2Ctiff%3D0%2Cwebp%3D1%2Cpgpmime%3D0&_uid=7&_mbox=INBOX&_action=show" "Mozilla/5.0 (Windows NT 10.0; Win64; x64; rv:131.0) Gecko/20100101 Firefox/131.0"
217.113.194.112 - - [16/Oct/2024:05:56:11 -0700] "GET /view-judgment/1081 HTTP/1.1" 200 116640 "-" "Mozilla/5.0 (compatible; Barkrowler/0.9; +https://babbar.tech/crawler)"
57.141.7.15 - - [16/Oct/2024:05:56:12 -0700] "GET /view-judgment/1971 HTTP/1.1" 200 26085 "-" "meta-externalagent/1.1 (+https://developers.facebook.com/docs/sharing/webmasters/crawler)"
57.141.7.5 - - [16/Oct/2024:05:56:20 -0700] "GET /view-judgment/1303 HTTP/1.1" 200 99108 "-" "facebookexternalhit/1.1 (+http://www.facebook.com/externalhit_uatext.php)"
217.113.194.113 - - [16/Oct/2024:05:56:23 -0700] "GET /view-judgment/1084 HTTP/1.1" 200 31401 "-" "Mozilla/5.0 (compatible; Barkrowler/0.9; +https://babbar.tech/crawler)"
57.141.7.19 - - [16/Oct/2024:05:56:33 -0700] "GET /view-judgment/419 HTTP/1.1" 200 45738 "-" "facebookexternalhit/1.1 (+http://www.facebook.com/externalhit_uatext.php)"
217.113.194.119 - - [16/Oct/2024:05:56:34 -0700] "GET /view-judgment/1087 HTTP/1.1" 200 34128 "-" "Mozilla/5.0 (compatible; Barkrowler/0.9; +https://babbar.tech/crawler)"
217.113.194.118 - - [16/Oct/2024:05:56:44 -0700] "GET /view-judgment/1085 HTTP/1.1" 200 32801 "-" "Mozilla/5.0 (compatible; Barkrowler/0.9; +https://babbar.tech/crawler)"
57.141.7.14 - - [16/Oct/2024:05:56:47 -0700] "GET /index.php/view-judgment/1862 HTTP/1.1" 200 22595 "-" "facebookexternalhit/1.1 (+http://www.facebook.com/externalhit_uatext.php)"
57.141.7.4 - - [16/Oct/2024:05:56:52 -0700] "GET /vision HTTP/1.1" 200 55113 "-" "facebookexternalhit/1.1 (+http://www.facebook.com/externalhit_uatext.php)"
217.113.194.112 - - [16/Oct/2024:05:56:55 -0700] "GET /view-judgment/1086 HTTP/1.1" 200 15334 "-" "Mozilla/5.0 (compatible; Barkrowler/0.9; +https://babbar.tech/crawler)"
57.141.7.1 - - [16/Oct/2024:05:57:04 -0700] "GET /view-judgment/602 HTTP/1.1" 200 32615 "-" "meta-externalagent/1.1 (+https://developers.facebook.com/docs/sharing/webmasters/crawler)"
217.113.194.120 - - [16/Oct/2024:05:57:06 -0700] "GET /view-judgment/1083 HTTP/1.1" 200 88987 "-" "Mozilla/5.0 (compatible; Barkrowler/0.9; +https://babbar.tech/crawler)"
139.59.114.76 - - [16/Oct/2024:05:57:07 -0700] "GET //web/wp-includes/wlwmanifest.xml HTTP/1.1" 200 6590 "-" "Mozilla/5.0 (Windows NT 10.0; Win64; x64) AppleWebKit/537.36 (KHTML, like Gecko) Chrome/88.0.4240.193 Safari/537.36"
102.91.4.135 - - [16/Oct/2024:05:57:07 -0700] "POST /cpsess7890799262/3rdparty/roundcube/?_task=mail&_action=refresh HTTP/1.1" 200 62 "https://webmail.nicn.gov.ng/cpsess7890799262/3rdparty/roundcube/?_task=mail&_caps=pdf%3D1%2Cflash%3D0%2Ctiff%3D0%2Cwebp%3D1%2Cpgpmime%3D0&_uid=7&_mbox=INBOX&_action=show" "Mozilla/5.0 (Windows NT 10.0; Win64; x64; rv:131.0) Gecko/20100101 Firefox/131.0"
57.141.7.2 - - [16/Oct/2024:05:57:07 -0700] "GET / HTTP/1.1" 200 106707 "-" "meta-externalagent/1.1 (+https://developers.facebook.com/docs/sharing/webmasters/crawler)"
57.141.7.11 - - [16/Oct/2024:05:57:08 -0700] "GET /view-judgment/1851 HTTP/1.1" 200 20490 "-" "meta-externalagent/1.1 (+https://developers.facebook.com/docs/sharing/webmasters/crawler)"
139.59.114.76 - - [16/Oct/2024:05:57:09 -0700] "GET //wordpress/wp-includes/wlwmanifest.xml HTTP/1.1" 200 6590 "-" "Mozilla/5.0 (Windows NT 10.0; Win64; x64) AppleWebKit/537.36 (KHTML, like Gecko) Chrome/88.0.4240.193 Safari/537.36"
139.59.114.76 - - [16/Oct/2024:05:57:13 -0700] "GET //website/wp-includes/wlwmanifest.xml HTTP/1.1" 200 6590 "-" "Mozilla/5.0 (Windows NT 10.0; Win64; x64) AppleWebKit/537.36 (KHTML, like Gecko) Chrome/88.0.4240.193 Safari/537.36"
139.59.114.76 - - [16/Oct/2024:05:57:13 -0700] "GET //wp/wp-includes/wlwmanifest.xml HTTP/1.1" 200 6590 "-" "Mozilla/5.0 (Windows NT 10.0; Win64; x64) AppleWebKit/537.36 (KHTML, like Gecko) Chrome/88.0.4240.193 Safari/537.36"
57.141.7.5 - - [16/Oct/2024:05:57:18 -0700] "GET /view-judgment/1425 HTTP/1.1" 200 17689 "-" "facebookexternalhit/1.1 (+http://www.facebook.com/externalhit_uatext.php)"
217.113.194.118 - - [16/Oct/2024:05:57:18 -0700] "GET /view-judgment/1080 HTTP/1.1" 200 129143 "-" "Mozilla/5.0 (compatible; Barkrowler/0.9; +https://babbar.tech/crawler)"
45.207.211.133 - - [16/Oct/2024:05:57:18 -0700] "GET /objects/getImage.php?base64Url=YGlkID4gbGFiemEudHh0YA===&format=png HTTP/1.1" 503 - "-" "Mozilla/5.0 (Ubuntu; Linux i686; rv:125.0) Gecko/20100101 Firefox/125.0"
45.207.211.133 - - [16/Oct/2024:05:57:19 -0700] "GET /objects/getImageMP4.php?base64Url=YGlkID4gbGFiemEudHh0YA===&format=jpg HTTP/1.1" 503 - "-" "Mozilla/5.0 (Macintosh; Intel Mac OS X 10_15_7) AppleWebKit/605.1.15 (KHTML, like Gecko) LoiLoNote/22.0.0 Version/17.3.1 Safari/605.1.15"
45.207.211.133 - - [16/Oct/2024:05:57:19 -0700] "GET /objects/getSpiritsFromVideo.php?base64Url=YGlkID4gbGFiemEudHh0YA===&format=jpg HTTP/1.1" 503 - "-" "Mozilla/5.0 (Macintosh; Intel Mac OS X 10_15_7) AppleWebKit/605.1.15 (KHTML, like Gecko) Version/17.4.1 Safari/605.1.18"
45.207.211.133 - - [16/Oct/2024:05:57:20 -0700] "GET /objects/labza.txt HTTP/1.1" 503 - "-" "Mozilla/5.0 (Windows NT 6.3; Win64; x64) AppleWebKit/537.36 (KHTML, like Gecko) Chrome/49.0.2623.87 Safari/537.36"
57.141.7.21 - - [16/Oct/2024:05:57:21 -0700] "GET /index.php/judicial-cadre HTTP/1.1" 200 124460 "-" "meta-externalagent/1.1 (+https://developers.facebook.com/docs/sharing/webmasters/crawler)"
139.59.114.76 - - [16/Oct/2024:05:57:22 -0700] "GET //news/wp-includes/wlwmanifest.xml HTTP/1.1" 200 6590 "-" "Mozilla/5.0 (Windows NT 10.0; Win64; x64) AppleWebKit/537.36 (KHTML, like Gecko) Chrome/88.0.4240.193 Safari/537.36"
139.59.114.76 - - [16/Oct/2024:05:57:23 -0700] "GET //2020/wp-includes/wlwmanifest.xml HTTP/1.1" 200 6590 "-" "Mozilla/5.0 (Windows NT 10.0; Win64; x64) AppleWebKit/537.36 (KHTML, like Gecko) Chrome/88.0.4240.193 Safari/537.36"
139.59.114.76 - - [16/Oct/2024:05:57:25 -0700] "GET //2019/wp-includes/wlwmanifest.xml HTTP/1.1" 200 6590 "-" "Mozilla/5.0 (Windows NT 10.0; Win64; x64) AppleWebKit/537.36 (KHTML, like Gecko) Chrome/88.0.4240.193 Safari/537.36"
139.59.114.76 - - [16/Oct/2024:05:57:26 -0700] "GET //shop/wp-includes/wlwmanifest.xml HTTP/1.1" 200 6590 "-" "Mozilla/5.0 (Windows NT 10.0; Win64; x64) AppleWebKit/537.36 (KHTML, like Gecko) Chrome/88.0.4240.193 Safari/537.36"
139.59.114.76 - - [16/Oct/2024:05:57:26 -0700] "GET //wp1/wp-includes/wlwmanifest.xml HTTP/1.1" 200 6590 "-" "Mozilla/5.0 (Windows NT 10.0; Win64; x64) AppleWebKit/537.36 (KHTML, like Gecko) Chrome/88.0.4240.193 Safari/537.36"
139.59.114.76 - - [16/Oct/2024:05:57:28 -0700] "GET //test/wp-includes/wlwmanifest.xml HTTP/1.1" 200 6590 "-" "Mozilla/5.0 (Windows NT 10.0; Win64; x64) AppleWebKit/537.36 (KHTML, like Gecko) Chrome/88.0.4240.193 Safari/537.36"
139.59.114.76 - - [16/Oct/2024:05:57:29 -0700] "GET //wp2/wp-includes/wlwmanifest.xml HTTP/1.1" 200 6590 "-" "Mozilla/5.0 (Windows NT 10.0; Win64; x64) AppleWebKit/537.36 (KHTML, like Gecko) Chrome/88.0.4240.193 Safari/537.36"
139.59.114.76 - - [16/Oct/2024:05:57:29 -0700] "GET //site/wp-includes/wlwmanifest.xml HTTP/1.1" 200 6590 "-" "Mozilla/5.0 (Windows NT 10.0; Win64; x64) AppleWebKit/537.36 (KHTML, like Gecko) Chrome/88.0.4240.193 Safari/537.36"
217.113.194.112 - - [16/Oct/2024:05:57:29 -0700] "GET /view-judgment/1089 HTTP/1.1" 200 27024 "-" "Mozilla/5.0 (compatible; Barkrowler/0.9; +https://babbar.tech/crawler)"
139.59.114.76 - - [16/Oct/2024:05:57:30 -0700] "GET //cms/wp-includes/wlwmanifest.xml HTTP/1.1" 200 6590 "-" "Mozilla/5.0 (Windows NT 10.0; Win64; x64) AppleWebKit/537.36 (KHTML, like Gecko) Chrome/88.0.4240.193 Safari/537.36"
139.59.114.76 - - [16/Oct/2024:05:57:31 -0700] "GET //sito/wp-includes/wlwmanifest.xml HTTP/1.1" 200 6590 "-" "Mozilla/5.0 (Windows NT 10.0; Win64; x64) AppleWebKit/537.36 (KHTML, like Gecko) Chrome/88.0.4240.193 Safari/537.36"
57.141.7.1 - - [16/Oct/2024:05:57:34 -0700] "GET /index.php/view-judgment/494 HTTP/1.1" 200 50432 "-" "meta-externalagent/1.1 (+https://developers.facebook.com/docs/sharing/webmasters/crawler)"
66.249.68.66 - - [16/Oct/2024:05:57:36 -0700] "GET /view-judgment/1140 HTTP/1.1" 200 34098 "-" "Mozilla/5.0 (Linux; Android 6.0.1; Nexus 5X Build/MMB29P) AppleWebKit/537.36 (KHTML, like Gecko) Chrome/129.0.6668.89 Mobile Safari/537.36 (compatible; Googlebot/2.1; +http://www.google.com/bot.html)"
57.141.7.1 - - [16/Oct/2024:05:57:40 -0700] "GET /view-judgment/724 HTTP/1.1" 200 101813 "-" "meta-externalagent/1.1 (+https://developers.facebook.com/docs/sharing/webmasters/crawler)"
57.141.7.2 - - [16/Oct/2024:05:57:40 -0700] "GET /view-judgment/435 HTTP/1.1" 200 21031 "-" "facebookexternalhit/1.1 (+http://www.facebook.com/externalhit_uatext.php)"
217.113.194.121 - - [16/Oct/2024:05:57:40 -0700] "GET /view-judgment/1088 HTTP/1.1" 200 18151 "-" "Mozilla/5.0 (compatible; Barkrowler/0.9; +https://babbar.tech/crawler)"
57.141.7.6 - - [16/Oct/2024:05:57:45 -0700] "GET /index.php/view-judgment/939 HTTP/1.1" 200 21397 "-" "meta-externalagent/1.1 (+https://developers.facebook.com/docs/sharing/webmasters/crawler)"
217.113.194.114 - - [16/Oct/2024:05:57:51 -0700] "GET /view-judgment/1252 HTTP/1.1" 200 317472 "-" "Mozilla/5.0 (compatible; Barkrowler/0.9; +https://babbar.tech/crawler)"
57.141.7.14 - - [16/Oct/2024:05:58:04 -0700] "GET /index.php/judicial-cadre/34 HTTP/1.1" 200 52036 "-" "facebookexternalhit/1.1 (+http://www.facebook.com/externalhit_uatext.php)"
