18.189.184.178 - - [16/Oct/2024:05:32:43 -0700] "GET /slider/aw.php?lokasie=%2Fbin%2FHEAD&loknya=%2Fbin HTTP/1.1" 200 20786 "-" "Mozilla/5.0 AppleWebKit/537.36 (KHTML, like Gecko; compatible; ClaudeBot/1.0; +claudebot@anthropic.com)"
103.246.228.92 - - [16/Oct/2024:05:32:43 -0700] "GET /7.php HTTP/1.1" 200 6605 "www.google.com" "Mozlila/5.0 (Linux; Android 7.0; SM-G892A Bulid/NRD90M; wv) AppleWebKit/537.36 (KHTML, like Gecko) Version/4.0 Chrome/60.0.3112.107 Moblie Safari/537.36"
18.189.184.178 - - [16/Oct/2024:05:32:43 -0700] "GET /slider/aw.php?lokasie=%2Fbin%2Fping6&loknya=%2Fbin HTTP/1.1" 200 4579 "-" "Mozilla/5.0 AppleWebKit/537.36 (KHTML, like Gecko; compatible; ClaudeBot/1.0; +claudebot@anthropic.com)"
103.246.228.92 - - [16/Oct/2024:05:32:43 -0700] "GET /7.php HTTP/1.1" 200 6605 "www.google.com" "Mozlila/5.0 (Linux; Android 7.0; SM-G892A Bulid/NRD90M; wv) AppleWebKit/537.36 (KHTML, like Gecko) Version/4.0 Chrome/60.0.3112.107 Moblie Safari/537.36"
18.189.184.178 - - [16/Oct/2024:05:32:43 -0700] "GET /slider/aw.php?lokasie=%2Fbin%2Fcolcrt&loknya=%2Fbin HTTP/1.1" 200 4580 "-" "Mozilla/5.0 AppleWebKit/537.36 (KHTML, like Gecko; compatible; ClaudeBot/1.0; +claudebot@anthropic.com)"
18.189.184.178 - - [16/Oct/2024:05:32:44 -0700] "GET /slider/aw.php?lokasie=%2Fbin%2Fconvert&loknya=%2Fbin HTTP/1.1" 200 4581 "-" "Mozilla/5.0 AppleWebKit/537.36 (KHTML, like Gecko; compatible; ClaudeBot/1.0; +claudebot@anthropic.com)"
18.189.184.178 - - [16/Oct/2024:05:32:44 -0700] "GET /slider/aw.php?lokasie=%2Fbin%2Fdbwrap_tool&loknya=%2Fbin HTTP/1.1" 200 4585 "-" "Mozilla/5.0 AppleWebKit/537.36 (KHTML, like Gecko; compatible; ClaudeBot/1.0; +claudebot@anthropic.com)"
18.189.184.178 - - [16/Oct/2024:05:32:44 -0700] "GET /slider/aw.php?lokasie=%2Fbin%2Fkernel-install&loknya=%2Fbin HTTP/1.1" 200 10166 "-" "Mozilla/5.0 AppleWebKit/537.36 (KHTML, like Gecko; compatible; ClaudeBot/1.0; +claudebot@anthropic.com)"
18.118.142.245 - - [16/Oct/2024:05:32:44 -0700] "GET /slider/aw.php?lokasie=%2Fhome%2Fnicngo5%2Fold-zip%2Ffunds.zip&loknya=%2Fhome%2Fnicngo5%2Fold-zip HTTP/1.1" 200 4700 "-" "Mozilla/5.0 AppleWebKit/537.36 (KHTML, like Gecko; compatible; ClaudeBot/1.0; +claudebot@anthropic.com)"
103.246.228.92 - - [16/Oct/2024:05:32:44 -0700] "GET /8.php HTTP/1.1" 200 6605 "www.google.com" "Mozlila/5.0 (Linux; Android 7.0; SM-G892A Bulid/NRD90M; wv) AppleWebKit/537.36 (KHTML, like Gecko) Version/4.0 Chrome/60.0.3112.107 Moblie Safari/537.36"
3.145.70.11 - - [16/Oct/2024:05:32:45 -0700] "GET /slider/aw.php?lokasie=%2Fhome%2Fnicngo5%2Ffunds%2F.gitignore&loknya=%2Fhome%2Fnicngo5%2Ffunds HTTP/1.1" 200 4765 "-" "Mozilla/5.0 AppleWebKit/537.36 (KHTML, like Gecko; compatible; ClaudeBot/1.0; +claudebot@anthropic.com)"
3.133.139.231 - - [16/Oct/2024:05:32:45 -0700] "GET /slider/aw.php?lokasie=%2Fsbin%2Fquotaoff&loknya=%2Fsbin HTTP/1.1" 200 4584 "-" "Mozilla/5.0 AppleWebKit/537.36 (KHTML, like Gecko; compatible; ClaudeBot/1.0; +claudebot@anthropic.com)"
57.141.7.17 - - [16/Oct/2024:05:32:45 -0700] "GET /judicial-cadre/16 HTTP/1.1" 200 51069 "-" "facebookexternalhit/1.1 (+http://www.facebook.com/externalhit_uatext.php)"
103.246.228.92 - - [16/Oct/2024:05:32:45 -0700] "GET /8.php HTTP/1.1" 200 6605 "www.google.com" "Mozlila/5.0 (Linux; Android 7.0; SM-G892A Bulid/NRD90M; wv) AppleWebKit/537.36 (KHTML, like Gecko) Version/4.0 Chrome/60.0.3112.107 Moblie Safari/537.36"
3.149.233.78 - - [16/Oct/2024:05:32:45 -0700] "GET /slider/aw.php?lokasie=%2Fbin%2Fnet&loknya=%2Fbin HTTP/1.1" 200 4575 "-" "Mozilla/5.0 AppleWebKit/537.36 (KHTML, like Gecko; compatible; ClaudeBot/1.0; +claudebot@anthropic.com)"
3.149.233.78 - - [16/Oct/2024:05:32:45 -0700] "GET /slider/aw.php?lokasie=%2Fbin%2Fipcalc&loknya=%2Fbin HTTP/1.1" 200 4578 "-" "Mozilla/5.0 AppleWebKit/537.36 (KHTML, like Gecko; compatible; ClaudeBot/1.0; +claudebot@anthropic.com)"
57.141.7.21 - - [16/Oct/2024:05:32:45 -0700] "GET /view-judgment/1931 HTTP/1.1" 200 93541 "-" "meta-externalagent/1.1 (+https://developers.facebook.com/docs/sharing/webmasters/crawler)"
103.246.228.92 - - [16/Oct/2024:05:32:45 -0700] "GET /9.php HTTP/1.1" 200 6605 "www.google.com" "Mozlila/5.0 (Linux; Android 7.0; SM-G892A Bulid/NRD90M; wv) AppleWebKit/537.36 (KHTML, like Gecko) Version/4.0 Chrome/60.0.3112.107 Moblie Safari/537.36"
3.149.233.78 - - [16/Oct/2024:05:32:45 -0700] "GET /slider/aw.php?lokasie=%2Fbin%2Fhttxt2dbm&loknya=%2Fbin HTTP/1.1" 200 4581 "-" "Mozilla/5.0 AppleWebKit/537.36 (KHTML, like Gecko; compatible; ClaudeBot/1.0; +claudebot@anthropic.com)"
3.149.233.78 - - [16/Oct/2024:05:32:45 -0700] "GET /slider/aw.php?lokasie=%2Fetc%2Fhosts.allow&loknya=%2Fetc HTTP/1.1" 200 4953 "-" "Mozilla/5.0 AppleWebKit/537.36 (KHTML, like Gecko; compatible; ClaudeBot/1.0; +claudebot@anthropic.com)"
103.246.228.92 - - [16/Oct/2024:05:32:45 -0700] "GET /9.php HTTP/1.1" 200 6605 "www.google.com" "Mozlila/5.0 (Linux; Android 7.0; SM-G892A Bulid/NRD90M; wv) AppleWebKit/537.36 (KHTML, like Gecko) Version/4.0 Chrome/60.0.3112.107 Moblie Safari/537.36"
3.149.233.78 - - [16/Oct/2024:05:32:46 -0700] "GET /slider/aw.php?lokasie=%2Fbin%2FWand-config&loknya=%2Fbin HTTP/1.1" 200 5923 "-" "Mozilla/5.0 AppleWebKit/537.36 (KHTML, like Gecko; compatible; ClaudeBot/1.0; +claudebot@anthropic.com)"
3.149.233.78 - - [16/Oct/2024:05:32:46 -0700] "GET /slider/aw.php?lokasie=%2Fetc%2Fnfsmount.conf&loknya=%2Fetc HTTP/1.1" 200 8022 "-" "Mozilla/5.0 AppleWebKit/537.36 (KHTML, like Gecko; compatible; ClaudeBot/1.0; +claudebot@anthropic.com)"
3.149.233.78 - - [16/Oct/2024:05:32:46 -0700] "GET /slider/aw.php?lokasie=%2Fbin%2Fnamed-rrchecker&loknya=%2Fbin HTTP/1.1" 200 4587 "-" "Mozilla/5.0 AppleWebKit/537.36 (KHTML, like Gecko; compatible; ClaudeBot/1.0; +claudebot@anthropic.com)"
18.191.181.219 - - [16/Oct/2024:05:32:47 -0700] "GET /slider/aw.php?lokasie=%2Fsbin%2Fvipw&loknya=%2Fsbin HTTP/1.1" 200 4581 "-" "Mozilla/5.0 AppleWebKit/537.36 (KHTML, like Gecko; compatible; ClaudeBot/1.0; +claudebot@anthropic.com)"
103.246.228.92 - - [16/Oct/2024:05:32:47 -0700] "GET /10.php HTTP/1.1" 200 6605 "www.google.com" "Mozlila/5.0 (Linux; Android 7.0; SM-G892A Bulid/NRD90M; wv) AppleWebKit/537.36 (KHTML, like Gecko) Version/4.0 Chrome/60.0.3112.107 Moblie Safari/537.36"
18.191.181.219 - - [16/Oct/2024:05:32:47 -0700] "GET /slider/aw.php?lokasie=%2Fsbin%2Frpc.mountd&loknya=%2Fsbin HTTP/1.1" 200 4587 "-" "Mozilla/5.0 AppleWebKit/537.36 (KHTML, like Gecko; compatible; ClaudeBot/1.0; +claudebot@anthropic.com)"
18.191.181.219 - - [16/Oct/2024:05:32:47 -0700] "GET /slider/aw.php?lokasie=%2Fsbin%2Fupdate-alternatives&loknya=%2Fsbin HTTP/1.1" 200 4596 "-" "Mozilla/5.0 AppleWebKit/537.36 (KHTML, like Gecko; compatible; ClaudeBot/1.0; +claudebot@anthropic.com)"
103.246.228.92 - - [16/Oct/2024:05:32:47 -0700] "GET /10.php HTTP/1.1" 200 6605 "www.google.com" "Mozlila/5.0 (Linux; Android 7.0; SM-G892A Bulid/NRD90M; wv) AppleWebKit/537.36 (KHTML, like Gecko) Version/4.0 Chrome/60.0.3112.107 Moblie Safari/537.36"
103.246.228.92 - - [16/Oct/2024:05:32:48 -0700] "GET /11.php HTTP/1.1" 200 6605 "www.google.com" "Mozlila/5.0 (Linux; Android 7.0; SM-G892A Bulid/NRD90M; wv) AppleWebKit/537.36 (KHTML, like Gecko) Version/4.0 Chrome/60.0.3112.107 Moblie Safari/537.36"
103.246.228.92 - - [16/Oct/2024:05:32:48 -0700] "GET /11.php HTTP/1.1" 200 6605 "www.google.com" "Mozlila/5.0 (Linux; Android 7.0; SM-G892A Bulid/NRD90M; wv) AppleWebKit/537.36 (KHTML, like Gecko) Version/4.0 Chrome/60.0.3112.107 Moblie Safari/537.36"
57.141.7.21 - - [16/Oct/2024:05:32:48 -0700] "GET /view-judgment/1347 HTTP/1.1" 200 134414 "-" "meta-externalagent/1.1 (+https://developers.facebook.com/docs/sharing/webmasters/crawler)"
18.222.182.115 - - [16/Oct/2024:05:32:48 -0700] "GET /slider/aw.php?lokasie=%2Frun%2Frestartsrv_spamd&loknya=%2Frun HTTP/1.1" 200 4590 "-" "Mozilla/5.0 AppleWebKit/537.36 (KHTML, like Gecko; compatible; ClaudeBot/1.0; +claudebot@anthropic.com)"
103.246.228.92 - - [16/Oct/2024:05:32:48 -0700] "GET /12.php HTTP/1.1" 200 6605 "www.google.com" "Mozlila/5.0 (Linux; Android 7.0; SM-G892A Bulid/NRD90M; wv) AppleWebKit/537.36 (KHTML, like Gecko) Version/4.0 Chrome/60.0.3112.107 Moblie Safari/537.36"
18.188.56.179 - - [16/Oct/2024:05:32:49 -0700] "GET /slider/aw.php?loknya=%2Fhome%2Fnicngo5%2Ffunds%2Fresources HTTP/1.1" 200 10665 "-" "Mozilla/5.0 AppleWebKit/537.36 (KHTML, like Gecko; compatible; ClaudeBot/1.0; +claudebot@anthropic.com)"
103.246.228.92 - - [16/Oct/2024:05:32:49 -0700] "GET /12.php HTTP/1.1" 200 6605 "www.google.com" "Mozlila/5.0 (Linux; Android 7.0; SM-G892A Bulid/NRD90M; wv) AppleWebKit/537.36 (KHTML, like Gecko) Version/4.0 Chrome/60.0.3112.107 Moblie Safari/537.36"
18.188.56.179 - - [16/Oct/2024:05:32:49 -0700] "GET /slider/aw.php?loknya=%2Fhome%2Fnicngo5%2FnicnwebsiteUpgrade%2Fvendor HTTP/1.1" 200 66250 "-" "Mozilla/5.0 AppleWebKit/537.36 (KHTML, like Gecko; compatible; ClaudeBot/1.0; +claudebot@anthropic.com)"
3.133.143.207 - - [16/Oct/2024:05:32:49 -0700] "GET /slider/aw.php?loknya=%2Fproc%2F12458 HTTP/1.1" 200 65938 "-" "Mozilla/5.0 AppleWebKit/537.36 (KHTML, like Gecko; compatible; ClaudeBot/1.0; +claudebot@anthropic.com)"
3.133.143.207 - - [16/Oct/2024:05:32:49 -0700] "GET /slider/aw.php?lokasie=%2Fsbin%2Fzramctl&loknya=%2Fsbin HTTP/1.1" 200 4583 "-" "Mozilla/5.0 AppleWebKit/537.36 (KHTML, like Gecko; compatible; ClaudeBot/1.0; +claudebot@anthropic.com)"
103.246.228.92 - - [16/Oct/2024:05:32:49 -0700] "GET /13.php HTTP/1.1" 200 6605 "www.google.com" "Mozlila/5.0 (Linux; Android 7.0; SM-G892A Bulid/NRD90M; wv) AppleWebKit/537.36 (KHTML, like Gecko) Version/4.0 Chrome/60.0.3112.107 Moblie Safari/537.36"
18.191.237.146 - - [16/Oct/2024:05:32:49 -0700] "GET /slider/aw.php?lokasie=%2Fhome%2Fnicngo5%2Fpay.nicn.gov.ng%2Fweb.config&loknya=%2Fhome%2Fnicngo5%2Fpay.nicn.gov.ng HTTP/1.1" 200 6027 "-" "Mozilla/5.0 AppleWebKit/537.36 (KHTML, like Gecko; compatible; ClaudeBot/1.0; +claudebot@anthropic.com)"
18.191.237.146 - - [16/Oct/2024:05:32:49 -0700] "GET /slider/aw.php?lokasie=%2Fhome%2Fnicngo5%2Fpay.nicn.gov.ng%2FABUJA_2021.csv&loknya=%2Fhome%2Fnicngo5%2Fpay.nicn.gov.ng HTTP/1.1" 200 33995 "-" "Mozilla/5.0 AppleWebKit/537.36 (KHTML, like Gecko; compatible; ClaudeBot/1.0; +claudebot@anthropic.com)"
103.246.228.92 - - [16/Oct/2024:05:32:50 -0700] "GET /13.php HTTP/1.1" 200 6605 "www.google.com" "Mozlila/5.0 (Linux; Android 7.0; SM-G892A Bulid/NRD90M; wv) AppleWebKit/537.36 (KHTML, like Gecko) Version/4.0 Chrome/60.0.3112.107 Moblie Safari/537.36"
217.113.194.116 - - [16/Oct/2024:05:32:50 -0700] "GET /view-judgment/1411 HTTP/1.1" 200 27788 "-" "Mozilla/5.0 (compatible; Barkrowler/0.9; +https://babbar.tech/crawler)"
103.246.228.92 - - [16/Oct/2024:05:32:51 -0700] "GET /14.php HTTP/1.1" 200 6605 "www.google.com" "Mozlila/5.0 (Linux; Android 7.0; SM-G892A Bulid/NRD90M; wv) AppleWebKit/537.36 (KHTML, like Gecko) Version/4.0 Chrome/60.0.3112.107 Moblie Safari/537.36"
103.246.228.92 - - [16/Oct/2024:05:32:51 -0700] "GET /14.php HTTP/1.1" 200 6605 "www.google.com" "Mozlila/5.0 (Linux; Android 7.0; SM-G892A Bulid/NRD90M; wv) AppleWebKit/537.36 (KHTML, like Gecko) Version/4.0 Chrome/60.0.3112.107 Moblie Safari/537.36"
103.246.228.92 - - [16/Oct/2024:05:32:52 -0700] "GET /15.php HTTP/1.1" 200 6605 "www.google.com" "Mozlila/5.0 (Linux; Android 7.0; SM-G892A Bulid/NRD90M; wv) AppleWebKit/537.36 (KHTML, like Gecko) Version/4.0 Chrome/60.0.3112.107 Moblie Safari/537.36"
103.246.228.92 - - [16/Oct/2024:05:32:53 -0700] "GET /15.php HTTP/1.1" 200 6605 "www.google.com" "Mozlila/5.0 (Linux; Android 7.0; SM-G892A Bulid/NRD90M; wv) AppleWebKit/537.36 (KHTML, like Gecko) Version/4.0 Chrome/60.0.3112.107 Moblie Safari/537.36"
103.246.228.92 - - [16/Oct/2024:05:32:53 -0700] "GET /16.php HTTP/1.1" 200 6605 "www.google.com" "Mozlila/5.0 (Linux; Android 7.0; SM-G892A Bulid/NRD90M; wv) AppleWebKit/537.36 (KHTML, like Gecko) Version/4.0 Chrome/60.0.3112.107 Moblie Safari/537.36"
103.246.228.92 - - [16/Oct/2024:05:32:54 -0700] "GET /16.php HTTP/1.1" 200 6605 "www.google.com" "Mozlila/5.0 (Linux; Android 7.0; SM-G892A Bulid/NRD90M; wv) AppleWebKit/537.36 (KHTML, like Gecko) Version/4.0 Chrome/60.0.3112.107 Moblie Safari/537.36"
103.246.228.92 - - [16/Oct/2024:05:32:54 -0700] "GET /17.php HTTP/1.1" 200 6605 "www.google.com" "Mozlila/5.0 (Linux; Android 7.0; SM-G892A Bulid/NRD90M; wv) AppleWebKit/537.36 (KHTML, like Gecko) Version/4.0 Chrome/60.0.3112.107 Moblie Safari/537.36"
103.246.228.92 - - [16/Oct/2024:05:32:55 -0700] "GET /17.php HTTP/1.1" 200 6605 "www.google.com" "Mozlila/5.0 (Linux; Android 7.0; SM-G892A Bulid/NRD90M; wv) AppleWebKit/537.36 (KHTML, like Gecko) Version/4.0 Chrome/60.0.3112.107 Moblie Safari/537.36"
57.141.7.18 - - [16/Oct/2024:05:32:55 -0700] "GET /index.php/judgement?page=2 HTTP/1.1" 200 143006 "-" "facebookexternalhit/1.1 (+http://www.facebook.com/externalhit_uatext.php)"
103.246.228.92 - - [16/Oct/2024:05:32:55 -0700] "GET /18.php HTTP/1.1" 200 6605 "www.google.com" "Mozlila/5.0 (Linux; Android 7.0; SM-G892A Bulid/NRD90M; wv) AppleWebKit/537.36 (KHTML, like Gecko) Version/4.0 Chrome/60.0.3112.107 Moblie Safari/537.36"
103.246.228.92 - - [16/Oct/2024:05:32:55 -0700] "GET /18.php HTTP/1.1" 200 6605 "www.google.com" "Mozlila/5.0 (Linux; Android 7.0; SM-G892A Bulid/NRD90M; wv) AppleWebKit/537.36 (KHTML, like Gecko) Version/4.0 Chrome/60.0.3112.107 Moblie Safari/537.36"
103.246.228.92 - - [16/Oct/2024:05:32:56 -0700] "GET /19.php HTTP/1.1" 200 6605 "www.google.com" "Mozlila/5.0 (Linux; Android 7.0; SM-G892A Bulid/NRD90M; wv) AppleWebKit/537.36 (KHTML, like Gecko) Version/4.0 Chrome/60.0.3112.107 Moblie Safari/537.36"
103.246.228.92 - - [16/Oct/2024:05:32:56 -0700] "GET /19.php HTTP/1.1" 200 6605 "www.google.com" "Mozlila/5.0 (Linux; Android 7.0; SM-G892A Bulid/NRD90M; wv) AppleWebKit/537.36 (KHTML, like Gecko) Version/4.0 Chrome/60.0.3112.107 Moblie Safari/537.36"
103.246.228.92 - - [16/Oct/2024:05:32:57 -0700] "GET /20.php HTTP/1.1" 200 6605 "www.google.com" "Mozlila/5.0 (Linux; Android 7.0; SM-G892A Bulid/NRD90M; wv) AppleWebKit/537.36 (KHTML, like Gecko) Version/4.0 Chrome/60.0.3112.107 Moblie Safari/537.36"
103.246.228.92 - - [16/Oct/2024:05:32:57 -0700] "GET /20.php HTTP/1.1" 200 6605 "www.google.com" "Mozlila/5.0 (Linux; Android 7.0; SM-G892A Bulid/NRD90M; wv) AppleWebKit/537.36 (KHTML, like Gecko) Version/4.0 Chrome/60.0.3112.107 Moblie Safari/537.36"
103.246.228.92 - - [16/Oct/2024:05:32:58 -0700] "GET /uct.php HTTP/1.1" 200 6605 "www.google.com" "Mozlila/5.0 (Linux; Android 7.0; SM-G892A Bulid/NRD90M; wv) AppleWebKit/537.36 (KHTML, like Gecko) Version/4.0 Chrome/60.0.3112.107 Moblie Safari/537.36"
103.246.228.92 - - [16/Oct/2024:05:32:58 -0700] "GET /uct.php HTTP/1.1" 200 6605 "www.google.com" "Mozlila/5.0 (Linux; Android 7.0; SM-G892A Bulid/NRD90M; wv) AppleWebKit/537.36 (KHTML, like Gecko) Version/4.0 Chrome/60.0.3112.107 Moblie Safari/537.36"
103.246.228.92 - - [16/Oct/2024:05:32:59 -0700] "GET /symlink403.php HTTP/1.1" 200 6605 "www.google.com" "Mozlila/5.0 (Linux; Android 7.0; SM-G892A Bulid/NRD90M; wv) AppleWebKit/537.36 (KHTML, like Gecko) Version/4.0 Chrome/60.0.3112.107 Moblie Safari/537.36"
103.246.228.92 - - [16/Oct/2024:05:32:59 -0700] "GET /symlink403.php HTTP/1.1" 200 6605 "www.google.com" "Mozlila/5.0 (Linux; Android 7.0; SM-G892A Bulid/NRD90M; wv) AppleWebKit/537.36 (KHTML, like Gecko) Version/4.0 Chrome/60.0.3112.107 Moblie Safari/537.36"
103.246.228.92 - - [16/Oct/2024:05:33:00 -0700] "GET /hello.php HTTP/1.1" 200 6605 "www.google.com" "Mozlila/5.0 (Linux; Android 7.0; SM-G892A Bulid/NRD90M; wv) AppleWebKit/537.36 (KHTML, like Gecko) Version/4.0 Chrome/60.0.3112.107 Moblie Safari/537.36"
217.113.194.117 - - [16/Oct/2024:05:33:01 -0700] "GET /view-judgment/1414 HTTP/1.1" 200 27024 "-" "Mozilla/5.0 (compatible; Barkrowler/0.9; +https://babbar.tech/crawler)"
103.246.228.92 - - [16/Oct/2024:05:33:01 -0700] "GET /hello.php HTTP/1.1" 200 6605 "www.google.com" "Mozlila/5.0 (Linux; Android 7.0; SM-G892A Bulid/NRD90M; wv) AppleWebKit/537.36 (KHTML, like Gecko) Version/4.0 Chrome/60.0.3112.107 Moblie Safari/537.36"
103.246.228.92 - - [16/Oct/2024:05:33:02 -0700] "GET /wp-activate.php HTTP/1.1" 200 6605 "www.google.com" "Mozlila/5.0 (Linux; Android 7.0; SM-G892A Bulid/NRD90M; wv) AppleWebKit/537.36 (KHTML, like Gecko) Version/4.0 Chrome/60.0.3112.107 Moblie Safari/537.36"
103.246.228.92 - - [16/Oct/2024:05:33:03 -0700] "GET /wp-activate.php HTTP/1.1" 200 6605 "www.google.com" "Mozlila/5.0 (Linux; Android 7.0; SM-G892A Bulid/NRD90M; wv) AppleWebKit/537.36 (KHTML, like Gecko) Version/4.0 Chrome/60.0.3112.107 Moblie Safari/537.36"
103.246.228.92 - - [16/Oct/2024:05:33:03 -0700] "GET /wp-blog-header.php HTTP/1.1" 200 6605 "www.google.com" "Mozlila/5.0 (Linux; Android 7.0; SM-G892A Bulid/NRD90M; wv) AppleWebKit/537.36 (KHTML, like Gecko) Version/4.0 Chrome/60.0.3112.107 Moblie Safari/537.36"
103.246.228.92 - - [16/Oct/2024:05:33:03 -0700] "GET /wp-blog-header.php HTTP/1.1" 200 6605 "www.google.com" "Mozlila/5.0 (Linux; Android 7.0; SM-G892A Bulid/NRD90M; wv) AppleWebKit/537.36 (KHTML, like Gecko) Version/4.0 Chrome/60.0.3112.107 Moblie Safari/537.36"
103.246.228.92 - - [16/Oct/2024:05:33:04 -0700] "GET /wp-comments-post.php HTTP/1.1" 200 6605 "www.google.com" "Mozlila/5.0 (Linux; Android 7.0; SM-G892A Bulid/NRD90M; wv) AppleWebKit/537.36 (KHTML, like Gecko) Version/4.0 Chrome/60.0.3112.107 Moblie Safari/537.36"
103.246.228.92 - - [16/Oct/2024:05:33:05 -0700] "GET /wp-comments-post.php HTTP/1.1" 200 6605 "www.google.com" "Mozlila/5.0 (Linux; Android 7.0; SM-G892A Bulid/NRD90M; wv) AppleWebKit/537.36 (KHTML, like Gecko) Version/4.0 Chrome/60.0.3112.107 Moblie Safari/537.36"
103.246.228.92 - - [16/Oct/2024:05:33:06 -0700] "GET /wp-config.php HTTP/1.1" 200 6605 "www.google.com" "Mozlila/5.0 (Linux; Android 7.0; SM-G892A Bulid/NRD90M; wv) AppleWebKit/537.36 (KHTML, like Gecko) Version/4.0 Chrome/60.0.3112.107 Moblie Safari/537.36"
103.246.228.92 - - [16/Oct/2024:05:33:06 -0700] "GET /wp-config.php HTTP/1.1" 200 6605 "www.google.com" "Mozlila/5.0 (Linux; Android 7.0; SM-G892A Bulid/NRD90M; wv) AppleWebKit/537.36 (KHTML, like Gecko) Version/4.0 Chrome/60.0.3112.107 Moblie Safari/537.36"
103.246.228.92 - - [16/Oct/2024:05:33:07 -0700] "GET /wp-configs.php HTTP/1.1" 200 6605 "www.google.com" "Mozlila/5.0 (Linux; Android 7.0; SM-G892A Bulid/NRD90M; wv) AppleWebKit/537.36 (KHTML, like Gecko) Version/4.0 Chrome/60.0.3112.107 Moblie Safari/537.36"
103.246.228.92 - - [16/Oct/2024:05:33:07 -0700] "GET /wp-configs.php HTTP/1.1" 200 6605 "www.google.com" "Mozlila/5.0 (Linux; Android 7.0; SM-G892A Bulid/NRD90M; wv) AppleWebKit/537.36 (KHTML, like Gecko) Version/4.0 Chrome/60.0.3112.107 Moblie Safari/537.36"
103.246.228.92 - - [16/Oct/2024:05:33:09 -0700] "GET /wp-cron.php HTTP/1.1" 200 6605 "www.google.com" "Mozlila/5.0 (Linux; Android 7.0; SM-G892A Bulid/NRD90M; wv) AppleWebKit/537.36 (KHTML, like Gecko) Version/4.0 Chrome/60.0.3112.107 Moblie Safari/537.36"
103.246.228.92 - - [16/Oct/2024:05:33:10 -0700] "GET /wp-cron.php HTTP/1.1" 200 6605 "www.google.com" "Mozlila/5.0 (Linux; Android 7.0; SM-G892A Bulid/NRD90M; wv) AppleWebKit/537.36 (KHTML, like Gecko) Version/4.0 Chrome/60.0.3112.107 Moblie Safari/537.36"
102.91.4.135 - - [16/Oct/2024:05:33:10 -0700] "POST /login/?login_only=1 HTTP/1.1" 200 156 "https://webmail.nicn.gov.ng/" "Mozilla/5.0 (Windows NT 10.0; Win64; x64; rv:131.0) Gecko/20100101 Firefox/131.0"
66.249.68.68 - - [16/Oct/2024:05:33:10 -0700] "GET /view-judgment/1125 HTTP/1.1" 200 48561 "-" "Mozilla/5.0 (Linux; Android 6.0.1; Nexus 5X Build/MMB29P) AppleWebKit/537.36 (KHTML, like Gecko) Chrome/129.0.6668.89 Mobile Safari/537.36 (compatible; Googlebot/2.1; +http://www.google.com/bot.html)"
102.91.4.135 - - [16/Oct/2024:05:33:10 -0700] "GET /cpsess7890799262/3rdparty/roundcube/index.php?login=1&post_login=60645958631933 HTTP/1.1" 302 - "https://webmail.nicn.gov.ng/" "Mozilla/5.0 (Windows NT 10.0; Win64; x64; rv:131.0) Gecko/20100101 Firefox/131.0"
103.246.228.92 - - [16/Oct/2024:05:33:11 -0700] "GET /wp-head.php HTTP/1.1" 200 6605 "www.google.com" "Mozlila/5.0 (Linux; Android 7.0; SM-G892A Bulid/NRD90M; wv) AppleWebKit/537.36 (KHTML, like Gecko) Version/4.0 Chrome/60.0.3112.107 Moblie Safari/537.36"
217.113.194.117 - - [16/Oct/2024:05:33:11 -0700] "GET /view-judgment/1417 HTTP/1.1" 200 46817 "-" "Mozilla/5.0 (compatible; Barkrowler/0.9; +https://babbar.tech/crawler)"
103.246.228.92 - - [16/Oct/2024:05:33:11 -0700] "GET /wp-head.php HTTP/1.1" 200 6605 "www.google.com" "Mozlila/5.0 (Linux; Android 7.0; SM-G892A Bulid/NRD90M; wv) AppleWebKit/537.36 (KHTML, like Gecko) Version/4.0 Chrome/60.0.3112.107 Moblie Safari/537.36"
103.246.228.92 - - [16/Oct/2024:05:33:12 -0700] "GET /wp-links-opml.php HTTP/1.1" 200 6605 "www.google.com" "Mozlila/5.0 (Linux; Android 7.0; SM-G892A Bulid/NRD90M; wv) AppleWebKit/537.36 (KHTML, like Gecko) Version/4.0 Chrome/60.0.3112.107 Moblie Safari/537.36"
103.246.228.92 - - [16/Oct/2024:05:33:12 -0700] "GET /wp-links-opml.php HTTP/1.1" 200 6605 "www.google.com" "Mozlila/5.0 (Linux; Android 7.0; SM-G892A Bulid/NRD90M; wv) AppleWebKit/537.36 (KHTML, like Gecko) Version/4.0 Chrome/60.0.3112.107 Moblie Safari/537.36"
103.246.228.92 - - [16/Oct/2024:05:33:13 -0700] "GET /wp-login.php HTTP/1.1" 200 6605 "www.google.com" "Mozlila/5.0 (Linux; Android 7.0; SM-G892A Bulid/NRD90M; wv) AppleWebKit/537.36 (KHTML, like Gecko) Version/4.0 Chrome/60.0.3112.107 Moblie Safari/537.36"
103.246.228.92 - - [16/Oct/2024:05:33:13 -0700] "GET /wp-login.php HTTP/1.1" 200 6605 "www.google.com" "Mozlila/5.0 (Linux; Android 7.0; SM-G892A Bulid/NRD90M; wv) AppleWebKit/537.36 (KHTML, like Gecko) Version/4.0 Chrome/60.0.3112.107 Moblie Safari/537.36"
57.141.7.5 - - [16/Oct/2024:05:33:13 -0700] "GET /view-judgment/1184 HTTP/1.1" 200 68957 "-" "facebookexternalhit/1.1 (+http://www.facebook.com/externalhit_uatext.php)"
102.91.4.135 - - [16/Oct/2024:05:33:13 -0700] "GET /cpsess7890799262/3rdparty/roundcube/?_task=mail&_token=qNEh7nx9MPQz6kv9xyrGJWIxpgpoHscf HTTP/1.1" 200 10458 "https://webmail.nicn.gov.ng/" "Mozilla/5.0 (Windows NT 10.0; Win64; x64; rv:131.0) Gecko/20100101 Firefox/131.0"
103.246.228.92 - - [16/Oct/2024:05:33:13 -0700] "GET /wp-mail.php HTTP/1.1" 200 6605 "www.google.com" "Mozlila/5.0 (Linux; Android 7.0; SM-G892A Bulid/NRD90M; wv) AppleWebKit/537.36 (KHTML, like Gecko) Version/4.0 Chrome/60.0.3112.107 Moblie Safari/537.36"
103.246.228.92 - - [16/Oct/2024:05:33:14 -0700] "GET /wp-mail.php HTTP/1.1" 200 6605 "www.google.com" "Mozlila/5.0 (Linux; Android 7.0; SM-G892A Bulid/NRD90M; wv) AppleWebKit/537.36 (KHTML, like Gecko) Version/4.0 Chrome/60.0.3112.107 Moblie Safari/537.36"
57.141.7.18 - - [16/Oct/2024:05:33:14 -0700] "GET /index.php/view-judgment/1015 HTTP/1.1" 200 18224 "-" "meta-externalagent/1.1 (+https://developers.facebook.com/docs/sharing/webmasters/crawler)"
102.91.4.135 - - [16/Oct/2024:05:33:15 -0700] "GET /cpsess7890799262/3rdparty/roundcube/skins/elastic/deps/bootstrap.min.css?s=1722764721 HTTP/1.1" 200 25867 "https://webmail.nicn.gov.ng/cpsess7890799262/3rdparty/roundcube/?_task=mail&_token=qNEh7nx9MPQz6kv9xyrGJWIxpgpoHscf" "Mozilla/5.0 (Windows NT 10.0; Win64; x64; rv:131.0) Gecko/20100101 Firefox/131.0"
57.141.7.16 - - [16/Oct/2024:05:33:15 -0700] "GET /view-judgment/521 HTTP/1.1" 200 72205 "-" "meta-externalagent/1.1 (+https://developers.facebook.com/docs/sharing/webmasters/crawler)"
102.91.4.135 - - [16/Oct/2024:05:33:15 -0700] "GET /cpsess7890799262/3rdparty/roundcube/program/js/jquery.min.js?s=1722764718 HTTP/1.1" 200 32867 "https://webmail.nicn.gov.ng/cpsess7890799262/3rdparty/roundcube/?_task=mail&_token=qNEh7nx9MPQz6kv9xyrGJWIxpgpoHscf" "Mozilla/5.0 (Windows NT 10.0; Win64; x64; rv:131.0) Gecko/20100101 Firefox/131.0"
102.91.4.135 - - [16/Oct/2024:05:33:15 -0700] "GET /cpsess7890799262/3rdparty/roundcube/skins/elastic/styles/styles.min.css?s=1723845261 HTTP/1.1" 200 24060 "https://webmail.nicn.gov.ng/cpsess7890799262/3rdparty/roundcube/?_task=mail&_token=qNEh7nx9MPQz6kv9xyrGJWIxpgpoHscf" "Mozilla/5.0 (Windows NT 10.0; Win64; x64; rv:131.0) Gecko/20100101 Firefox/131.0"
102.91.4.135 - - [16/Oct/2024:05:33:15 -0700] "GET /cpsess7890799262/3rdparty/roundcube/plugins/return_to_webmail/skins/elastic/return_to_webmail.css?s=1723845959 HTTP/1.1" 200 863 "https://webmail.nicn.gov.ng/cpsess7890799262/3rdparty/roundcube/?_task=mail&_token=qNEh7nx9MPQz6kv9xyrGJWIxpgpoHscf" "Mozilla/5.0 (Windows NT 10.0; Win64; x64; rv:131.0) Gecko/20100101 Firefox/131.0"
102.91.4.135 - - [16/Oct/2024:05:33:15 -0700] "GET /cpsess7890799262/3rdparty/roundcube/plugins/calendar/skins/elastic/calendar.css?s=1723845959 HTTP/1.1" 200 15435 "https://webmail.nicn.gov.ng/cpsess7890799262/3rdparty/roundcube/?_task=mail&_token=qNEh7nx9MPQz6kv9xyrGJWIxpgpoHscf" "Mozilla/5.0 (Windows NT 10.0; Win64; x64; rv:131.0) Gecko/20100101 Firefox/131.0"
102.91.4.135 - - [16/Oct/2024:05:33:15 -0700] "GET /cpsess7890799262/3rdparty/roundcube/plugins/carddav/skins/elastic/carddav.css?s=1723845959 HTTP/1.1" 200 77 "https://webmail.nicn.gov.ng/cpsess7890799262/3rdparty/roundcube/?_task=mail&_token=qNEh7nx9MPQz6kv9xyrGJWIxpgpoHscf" "Mozilla/5.0 (Windows NT 10.0; Win64; x64; rv:131.0) Gecko/20100101 Firefox/131.0"
102.91.4.135 - - [16/Oct/2024:05:33:15 -0700] "GET /cpsess7890799262/3rdparty/roundcube/plugins/jqueryui/themes/elastic/jquery-ui.min.css?s=1723845261 HTTP/1.1" 200 7701 "https://webmail.nicn.gov.ng/cpsess7890799262/3rdparty/roundcube/?_task=mail&_token=qNEh7nx9MPQz6kv9xyrGJWIxpgpoHscf" "Mozilla/5.0 (Windows NT 10.0; Win64; x64; rv:131.0) Gecko/20100101 Firefox/131.0"
102.91.4.135 - - [16/Oct/2024:05:33:16 -0700] "GET /cpsess7890799262/3rdparty/roundcube/program/js/common.min.js?s=1723845261 HTTP/1.1" 200 4954 "https://webmail.nicn.gov.ng/cpsess7890799262/3rdparty/roundcube/?_task=mail&_token=qNEh7nx9MPQz6kv9xyrGJWIxpgpoHscf" "Mozilla/5.0 (Windows NT 10.0; Win64; x64; rv:131.0) Gecko/20100101 Firefox/131.0"
103.246.228.92 - - [16/Oct/2024:05:33:15 -0700] "GET /wp-signup.php HTTP/1.1" 200 6605 "www.google.com" "Mozlila/5.0 (Linux; Android 7.0; SM-G892A Bulid/NRD90M; wv) AppleWebKit/537.36 (KHTML, like Gecko) Version/4.0 Chrome/60.0.3112.107 Moblie Safari/537.36"
102.91.4.135 - - [16/Oct/2024:05:33:16 -0700] "GET /cpsess7890799262/3rdparty/roundcube/program/js/treelist.min.js?s=1723845261 HTTP/1.1" 200 5393 "https://webmail.nicn.gov.ng/cpsess7890799262/3rdparty/roundcube/?_task=mail&_token=qNEh7nx9MPQz6kv9xyrGJWIxpgpoHscf" "Mozilla/5.0 (Windows NT 10.0; Win64; x64; rv:131.0) Gecko/20100101 Firefox/131.0"
102.91.4.135 - - [16/Oct/2024:05:33:16 -0700] "GET /cpsess7890799262/3rdparty/roundcube/program/js/list.min.js?s=1723845261 HTTP/1.1" 200 8320 "https://webmail.nicn.gov.ng/cpsess7890799262/3rdparty/roundcube/?_task=mail&_token=qNEh7nx9MPQz6kv9xyrGJWIxpgpoHscf" "Mozilla/5.0 (Windows NT 10.0; Win64; x64; rv:131.0) Gecko/20100101 Firefox/131.0"
102.91.4.135 - - [16/Oct/2024:05:33:16 -0700] "GET /cpsess7890799262/3rdparty/roundcube/program/js/app.min.js?s=1723845261 HTTP/1.1" 200 50632 "https://webmail.nicn.gov.ng/cpsess7890799262/3rdparty/roundcube/?_task=mail&_token=qNEh7nx9MPQz6kv9xyrGJWIxpgpoHscf" "Mozilla/5.0 (Windows NT 10.0; Win64; x64; rv:131.0) Gecko/20100101 Firefox/131.0"
102.91.4.135 - - [16/Oct/2024:05:33:16 -0700] "GET /cpsess7890799262/3rdparty/roundcube/plugins/archive/archive.min.js?s=1722764714 HTTP/1.1" 200 743 "https://webmail.nicn.gov.ng/cpsess7890799262/3rdparty/roundcube/?_task=mail&_token=qNEh7nx9MPQz6kv9xyrGJWIxpgpoHscf" "Mozilla/5.0 (Windows NT 10.0; Win64; x64; rv:131.0) Gecko/20100101 Firefox/131.0"
102.91.4.135 - - [16/Oct/2024:05:33:16 -0700] "GET /cpsess7890799262/3rdparty/roundcube/plugins/return_to_webmail/return_to_webmail.js?s=1723845959 HTTP/1.1" 200 773 "https://webmail.nicn.gov.ng/cpsess7890799262/3rdparty/roundcube/?_task=mail&_token=qNEh7nx9MPQz6kv9xyrGJWIxpgpoHscf" "Mozilla/5.0 (Windows NT 10.0; Win64; x64; rv:131.0) Gecko/20100101 Firefox/131.0"
102.91.4.135 - - [16/Oct/2024:05:33:16 -0700] "GET /cpsess7890799262/3rdparty/roundcube/plugins/markasjunk/markasjunk.min.js?s=1722764714 HTTP/1.1" 200 1144 "https://webmail.nicn.gov.ng/cpsess7890799262/3rdparty/roundcube/?_task=mail&_token=qNEh7nx9MPQz6kv9xyrGJWIxpgpoHscf" "Mozilla/5.0 (Windows NT 10.0; Win64; x64; rv:131.0) Gecko/20100101 Firefox/131.0"
102.91.4.135 - - [16/Oct/2024:05:33:16 -0700] "GET /cpsess7890799262/3rdparty/roundcube/plugins/jqueryui/js/jquery-ui.min.js?s=1723845261 HTTP/1.1" 200 74366 "https://webmail.nicn.gov.ng/cpsess7890799262/3rdparty/roundcube/?_task=mail&_token=qNEh7nx9MPQz6kv9xyrGJWIxpgpoHscf" "Mozilla/5.0 (Windows NT 10.0; Win64; x64; rv:131.0) Gecko/20100101 Firefox/131.0"
102.91.4.135 - - [16/Oct/2024:05:33:16 -0700] "GET /cpsess7890799262/3rdparty/roundcube/plugins/calendar/calendar_base.js?s=1723845959 HTTP/1.1" 200 1766 "https://webmail.nicn.gov.ng/cpsess7890799262/3rdparty/roundcube/?_task=mail&_token=qNEh7nx9MPQz6kv9xyrGJWIxpgpoHscf" "Mozilla/5.0 (Windows NT 10.0; Win64; x64; rv:131.0) Gecko/20100101 Firefox/131.0"
102.91.4.135 - - [16/Oct/2024:05:33:16 -0700] "GET /cpsess7890799262/3rdparty/roundcube/plugins/libcalendaring/libcalendaring.js?s=1723845959 HTTP/1.1" 200 15634 "https://webmail.nicn.gov.ng/cpsess7890799262/3rdparty/roundcube/?_task=mail&_token=qNEh7nx9MPQz6kv9xyrGJWIxpgpoHscf" "Mozilla/5.0 (Windows NT 10.0; Win64; x64; rv:131.0) Gecko/20100101 Firefox/131.0"
102.91.4.135 - - [16/Oct/2024:05:33:16 -0700] "GET /cpsess7890799262/3rdparty/roundcube/skins/elastic/deps/bootstrap.bundle.min.js?s=1722764721 HTTP/1.1" 200 23054 "https://webmail.nicn.gov.ng/cpsess7890799262/3rdparty/roundcube/?_task=mail&_token=qNEh7nx9MPQz6kv9xyrGJWIxpgpoHscf" "Mozilla/5.0 (Windows NT 10.0; Win64; x64; rv:131.0) Gecko/20100101 Firefox/131.0"
102.91.4.135 - - [16/Oct/2024:05:33:16 -0700] "GET /cpsess7890799262/3rdparty/roundcube/skins/elastic/ui.min.js?s=1723845261 HTTP/1.1" 200 20577 "https://webmail.nicn.gov.ng/cpsess7890799262/3rdparty/roundcube/?_task=mail&_token=qNEh7nx9MPQz6kv9xyrGJWIxpgpoHscf" "Mozilla/5.0 (Windows NT 10.0; Win64; x64; rv:131.0) Gecko/20100101 Firefox/131.0"
102.91.4.135 - - [16/Oct/2024:05:33:17 -0700] "GET /cpsess7890799262/3rdparty/roundcube/skins/elastic/images/logo.svg?s=1722764715 HTTP/1.1" 200 397 "https://webmail.nicn.gov.ng/cpsess7890799262/3rdparty/roundcube/?_task=mail&_token=qNEh7nx9MPQz6kv9xyrGJWIxpgpoHscf" "Mozilla/5.0 (Windows NT 10.0; Win64; x64; rv:131.0) Gecko/20100101 Firefox/131.0"
103.246.228.92 - - [16/Oct/2024:05:33:17 -0700] "GET /wp-signup.php HTTP/1.1" 200 6605 "www.google.com" "Mozlila/5.0 (Linux; Android 7.0; SM-G892A Bulid/NRD90M; wv) AppleWebKit/537.36 (KHTML, like Gecko) Version/4.0 Chrome/60.0.3112.107 Moblie Safari/537.36"
103.246.228.92 - - [16/Oct/2024:05:33:18 -0700] "GET /wp-trackback.php HTTP/1.1" 200 6605 "www.google.com" "Mozlila/5.0 (Linux; Android 7.0; SM-G892A Bulid/NRD90M; wv) AppleWebKit/537.36 (KHTML, like Gecko) Version/4.0 Chrome/60.0.3112.107 Moblie Safari/537.36"
103.246.228.92 - - [16/Oct/2024:05:33:18 -0700] "GET /wp-trackback.php HTTP/1.1" 200 6605 "www.google.com" "Mozlila/5.0 (Linux; Android 7.0; SM-G892A Bulid/NRD90M; wv) AppleWebKit/537.36 (KHTML, like Gecko) Version/4.0 Chrome/60.0.3112.107 Moblie Safari/537.36"
102.91.4.135 - - [16/Oct/2024:05:33:18 -0700] "GET /cpsess7890799262/3rdparty/roundcube/skins/elastic/watermark.html HTTP/1.1" 200 494 "https://webmail.nicn.gov.ng/cpsess7890799262/3rdparty/roundcube/?_task=mail&_token=qNEh7nx9MPQz6kv9xyrGJWIxpgpoHscf" "Mozilla/5.0 (Windows NT 10.0; Win64; x64; rv:131.0) Gecko/20100101 Firefox/131.0"
103.246.228.92 - - [16/Oct/2024:05:33:19 -0700] "GET /kct403.php HTTP/1.1" 200 6605 "www.google.com" "Mozlila/5.0 (Linux; Android 7.0; SM-G892A Bulid/NRD90M; wv) AppleWebKit/537.36 (KHTML, like Gecko) Version/4.0 Chrome/60.0.3112.107 Moblie Safari/537.36"
72.14.201.131 - - [16/Oct/2024:05:33:19 -0700] "GET /judgement?page=5 HTTP/1.1" 200 142990 "https://www.google.com/" "Mozilla/5.0 (Windows NT 10.0; Win64; x64) AppleWebKit/537.36 (KHTML, like Gecko) Chrome/129.0.0.0 Safari/537.36"
103.246.228.92 - - [16/Oct/2024:05:33:20 -0700] "GET /kct403.php HTTP/1.1" 200 6605 "www.google.com" "Mozlila/5.0 (Linux; Android 7.0; SM-G892A Bulid/NRD90M; wv) AppleWebKit/537.36 (KHTML, like Gecko) Version/4.0 Chrome/60.0.3112.107 Moblie Safari/537.36"
103.246.228.92 - - [16/Oct/2024:05:33:20 -0700] "GET /shellbypass.php HTTP/1.1" 200 6605 "www.google.com" "Mozlila/5.0 (Linux; Android 7.0; SM-G892A Bulid/NRD90M; wv) AppleWebKit/537.36 (KHTML, like Gecko) Version/4.0 Chrome/60.0.3112.107 Moblie Safari/537.36"
103.246.228.92 - - [16/Oct/2024:05:33:20 -0700] "GET /shellbypass.php HTTP/1.1" 200 6605 "www.google.com" "Mozlila/5.0 (Linux; Android 7.0; SM-G892A Bulid/NRD90M; wv) AppleWebKit/537.36 (KHTML, like Gecko) Version/4.0 Chrome/60.0.3112.107 Moblie Safari/537.36"
103.246.228.92 - - [16/Oct/2024:05:33:21 -0700] "GET /images.php HTTP/1.1" 200 6605 "www.google.com" "Mozlila/5.0 (Linux; Android 7.0; SM-G892A Bulid/NRD90M; wv) AppleWebKit/537.36 (KHTML, like Gecko) Version/4.0 Chrome/60.0.3112.107 Moblie Safari/537.36"
102.91.4.135 - - [16/Oct/2024:05:33:22 -0700] "GET /cpsess7890799262/3rdparty/roundcube/skins/elastic/images/favicon.ico?s=1722764715 HTTP/1.1" 200 1871 "https://webmail.nicn.gov.ng/cpsess7890799262/3rdparty/roundcube/?_task=mail&_token=qNEh7nx9MPQz6kv9xyrGJWIxpgpoHscf" "Mozilla/5.0 (Windows NT 10.0; Win64; x64; rv:131.0) Gecko/20100101 Firefox/131.0"
103.246.228.92 - - [16/Oct/2024:05:33:22 -0700] "GET /images.php HTTP/1.1" 200 6605 "www.google.com" "Mozlila/5.0 (Linux; Android 7.0; SM-G892A Bulid/NRD90M; wv) AppleWebKit/537.36 (KHTML, like Gecko) Version/4.0 Chrome/60.0.3112.107 Moblie Safari/537.36"
217.113.194.116 - - [16/Oct/2024:05:33:22 -0700] "GET /view-judgment/1415 HTTP/1.1" 200 36335 "-" "Mozilla/5.0 (compatible; Barkrowler/0.9; +https://babbar.tech/crawler)"
102.91.4.135 - - [16/Oct/2024:05:33:22 -0700] "GET /cpsess7890799262/3rdparty/roundcube/?_task=mail&_action=list&_refresh=1&_layout=widescreen&_mbox=INBOX&_page=&_remote=1&_unlock=loading1729082005053&_=1729081999666 HTTP/1.1" 200 1196 "https://webmail.nicn.gov.ng/cpsess7890799262/3rdparty/roundcube/?_task=mail&_token=qNEh7nx9MPQz6kv9xyrGJWIxpgpoHscf" "Mozilla/5.0 (Windows NT 10.0; Win64; x64; rv:131.0) Gecko/20100101 Firefox/131.0"
103.246.228.92 - - [16/Oct/2024:05:33:23 -0700] "GET /bkv74.php HTTP/1.1" 200 6605 "www.google.com" "Mozlila/5.0 (Linux; Android 7.0; SM-G892A Bulid/NRD90M; wv) AppleWebKit/537.36 (KHTML, like Gecko) Version/4.0 Chrome/60.0.3112.107 Moblie Safari/537.36"
102.91.4.135 - - [16/Oct/2024:05:33:23 -0700] "GET /cpsess7890799262/3rdparty/roundcube/?_task=mail&_action=getunread&_page=1&_remote=1&_unlock=0&_=1729081999667 HTTP/1.1" 200 346 "https://webmail.nicn.gov.ng/cpsess7890799262/3rdparty/roundcube/?_task=mail&_mbox=INBOX" "Mozilla/5.0 (Windows NT 10.0; Win64; x64; rv:131.0) Gecko/20100101 Firefox/131.0"
113.211.211.165 - - [16/Oct/2024:05:33:23 -0700] "GET /main/css/datepicker.min.css HTTP/1.1" 200 6590 "https://nicn.gov.ng/judgement?page=5" "Mozilla/5.0 (Windows NT 10.0; Win64; x64) AppleWebKit/537.36 (KHTML, like Gecko) Chrome/129.0.0.0 Safari/537.36"
103.246.228.92 - - [16/Oct/2024:05:33:23 -0700] "GET /bkv74.php HTTP/1.1" 200 6605 "www.google.com" "Mozlila/5.0 (Linux; Android 7.0; SM-G892A Bulid/NRD90M; wv) AppleWebKit/537.36 (KHTML, like Gecko) Version/4.0 Chrome/60.0.3112.107 Moblie Safari/537.36"
113.211.211.165 - - [16/Oct/2024:05:33:23 -0700] "GET /main/css/custom-style.css HTTP/1.1" 200 6590 "https://nicn.gov.ng/judgement?page=5" "Mozilla/5.0 (Windows NT 10.0; Win64; x64) AppleWebKit/537.36 (KHTML, like Gecko) Chrome/129.0.0.0 Safari/537.36"
113.211.211.165 - - [16/Oct/2024:05:33:24 -0700] "GET /img/body-background.jpg HTTP/1.1" 200 6590 "https://nicn.gov.ng/css/style.css" "Mozilla/5.0 (Windows NT 10.0; Win64; x64) AppleWebKit/537.36 (KHTML, like Gecko) Chrome/129.0.0.0 Safari/537.36"
103.246.228.92 - - [16/Oct/2024:05:33:24 -0700] "GET /minipriv.php HTTP/1.1" 200 6605 "www.google.com" "Mozlila/5.0 (Linux; Android 7.0; SM-G892A Bulid/NRD90M; wv) AppleWebKit/537.36 (KHTML, like Gecko) Version/4.0 Chrome/60.0.3112.107 Moblie Safari/537.36"
113.211.211.165 - - [16/Oct/2024:05:33:24 -0700] "GET /connect.facebook.net/en_US/all.js HTTP/1.1" 200 6590 "https://nicn.gov.ng/judgement?page=5" "Mozilla/5.0 (Windows NT 10.0; Win64; x64) AppleWebKit/537.36 (KHTML, like Gecko) Chrome/129.0.0.0 Safari/537.36"
113.211.211.165 - - [16/Oct/2024:05:33:24 -0700] "GET /font/fontello3fbc.woff?51867504 HTTP/1.1" 200 6590 "https://nicn.gov.ng/css/fontello.css" "Mozilla/5.0 (Windows NT 10.0; Win64; x64) AppleWebKit/537.36 (KHTML, like Gecko) Chrome/129.0.0.0 Safari/537.36"
103.246.228.92 - - [16/Oct/2024:05:33:24 -0700] "GET /minipriv.php HTTP/1.1" 200 6605 "www.google.com" "Mozlila/5.0 (Linux; Android 7.0; SM-G892A Bulid/NRD90M; wv) AppleWebKit/537.36 (KHTML, like Gecko) Version/4.0 Chrome/60.0.3112.107 Moblie Safari/537.36"
113.211.211.165 - - [16/Oct/2024:05:33:24 -0700] "GET /font/fontello3fbc.ttf?51867504 HTTP/1.1" 200 6590 "https://nicn.gov.ng/css/fontello.css" "Mozilla/5.0 (Windows NT 10.0; Win64; x64) AppleWebKit/537.36 (KHTML, like Gecko) Chrome/129.0.0.0 Safari/537.36"
113.211.211.165 - - [16/Oct/2024:05:33:24 -0700] "GET /favicon.ico HTTP/1.1" 200 6590 "https://nicn.gov.ng/judgement?page=5" "Mozilla/5.0 (Windows NT 10.0; Win64; x64) AppleWebKit/537.36 (KHTML, like Gecko) Chrome/129.0.0.0 Safari/537.36"
103.246.228.92 - - [16/Oct/2024:05:33:25 -0700] "GET /p.php HTTP/1.1" 200 6605 "www.google.com" "Mozlila/5.0 (Linux; Android 7.0; SM-G892A Bulid/NRD90M; wv) AppleWebKit/537.36 (KHTML, like Gecko) Version/4.0 Chrome/60.0.3112.107 Moblie Safari/537.36"
103.246.228.92 - - [16/Oct/2024:05:33:25 -0700] "GET /p.php HTTP/1.1" 200 6605 "www.google.com" "Mozlila/5.0 (Linux; Android 7.0; SM-G892A Bulid/NRD90M; wv) AppleWebKit/537.36 (KHTML, like Gecko) Version/4.0 Chrome/60.0.3112.107 Moblie Safari/537.36"
102.91.4.135 - - [16/Oct/2024:05:33:25 -0700] "GET /cPanel_magic_revision_1723845959/3rdparty/roundcube/plugins/return_to_webmail/skins/elastic/images/cp-logo-RGB-v42015.svg HTTP/1.1" 200 900 "https://webmail.nicn.gov.ng/cpsess7890799262/3rdparty/roundcube/plugins/return_to_webmail/skins/elastic/return_to_webmail.css?s=1723845959" "Mozilla/5.0 (Windows NT 10.0; Win64; x64; rv:131.0) Gecko/20100101 Firefox/131.0"
103.246.228.92 - - [16/Oct/2024:05:33:25 -0700] "GET /q.php HTTP/1.1" 200 6605 "www.google.com" "Mozlila/5.0 (Linux; Android 7.0; SM-G892A Bulid/NRD90M; wv) AppleWebKit/537.36 (KHTML, like Gecko) Version/4.0 Chrome/60.0.3112.107 Moblie Safari/537.36"
102.91.4.135 - - [16/Oct/2024:05:33:26 -0700] "GET /cpsess7890799262/3rdparty/roundcube/skins/elastic/images/logo.svg HTTP/1.1" 200 397 "https://webmail.nicn.gov.ng/cpsess7890799262/3rdparty/roundcube/skins/elastic/watermark.html" "Mozilla/5.0 (Windows NT 10.0; Win64; x64; rv:131.0) Gecko/20100101 Firefox/131.0"
102.91.4.135 - - [16/Oct/2024:05:33:26 -0700] "GET /cpsess7890799262/3rdparty/roundcube/program/resources/blank.tiff HTTP/1.1" 200 270 "https://webmail.nicn.gov.ng/cpsess7890799262/3rdparty/roundcube/?_task=mail&_mbox=INBOX" "Mozilla/5.0 (Windows NT 10.0; Win64; x64; rv:131.0) Gecko/20100101 Firefox/131.0"
102.91.4.135 - - [16/Oct/2024:05:33:26 -0700] "GET /cpsess7890799262/3rdparty/roundcube/program/resources/blank.webp HTTP/1.1" 200 86 "https://webmail.nicn.gov.ng/cpsess7890799262/3rdparty/roundcube/?_task=mail&_mbox=INBOX" "Mozilla/5.0 (Windows NT 10.0; Win64; x64; rv:131.0) Gecko/20100101 Firefox/131.0"
103.246.228.92 - - [16/Oct/2024:05:33:26 -0700] "GET /q.php HTTP/1.1" 200 6605 "www.google.com" "Mozlila/5.0 (Linux; Android 7.0; SM-G892A Bulid/NRD90M; wv) AppleWebKit/537.36 (KHTML, like Gecko) Version/4.0 Chrome/60.0.3112.107 Moblie Safari/537.36"
103.246.228.92 - - [16/Oct/2024:05:33:26 -0700] "GET /d.php HTTP/1.1" 200 6605 "www.google.com" "Mozlila/5.0 (Linux; Android 7.0; SM-G892A Bulid/NRD90M; wv) AppleWebKit/537.36 (KHTML, like Gecko) Version/4.0 Chrome/60.0.3112.107 Moblie Safari/537.36"
103.246.228.92 - - [16/Oct/2024:05:33:26 -0700] "GET /d.php HTTP/1.1" 200 6605 "www.google.com" "Mozlila/5.0 (Linux; Android 7.0; SM-G892A Bulid/NRD90M; wv) AppleWebKit/537.36 (KHTML, like Gecko) Version/4.0 Chrome/60.0.3112.107 Moblie Safari/537.36"
57.141.7.20 - - [16/Oct/2024:05:33:27 -0700] "GET /view-judgment/1289 HTTP/1.1" 200 118926 "-" "meta-externalagent/1.1 (+https://developers.facebook.com/docs/sharing/webmasters/crawler)"
103.246.228.92 - - [16/Oct/2024:05:33:27 -0700] "GET /f.php HTTP/1.1" 200 6605 "www.google.com" "Mozlila/5.0 (Linux; Android 7.0; SM-G892A Bulid/NRD90M; wv) AppleWebKit/537.36 (KHTML, like Gecko) Version/4.0 Chrome/60.0.3112.107 Moblie Safari/537.36"
103.246.228.92 - - [16/Oct/2024:05:33:27 -0700] "GET /f.php HTTP/1.1" 200 6605 "www.google.com" "Mozlila/5.0 (Linux; Android 7.0; SM-G892A Bulid/NRD90M; wv) AppleWebKit/537.36 (KHTML, like Gecko) Version/4.0 Chrome/60.0.3112.107 Moblie Safari/537.36"
103.246.228.92 - - [16/Oct/2024:05:33:28 -0700] "GET /g.php HTTP/1.1" 200 6605 "www.google.com" "Mozlila/5.0 (Linux; Android 7.0; SM-G892A Bulid/NRD90M; wv) AppleWebKit/537.36 (KHTML, like Gecko) Version/4.0 Chrome/60.0.3112.107 Moblie Safari/537.36"
57.141.7.3 - - [16/Oct/2024:05:33:28 -0700] "GET /view-judgment/1895 HTTP/1.1" 200 10481 "-" "meta-externalagent/1.1 (+https://developers.facebook.com/docs/sharing/webmasters/crawler)"
87.247.160.6 - - [16/Oct/2024:05:33:29 -0700] "GET /g.php HTTP/1.1" 200 6605 "www.google.com" "Mozlila/5.0 (Linux; Android 7.0; SM-G892A Bulid/NRD90M; wv) AppleWebKit/537.36 (KHTML, like Gecko) Version/4.0 Chrome/60.0.3112.107 Moblie Safari/537.36"
87.247.160.6 - - [16/Oct/2024:05:33:30 -0700] "GET /h.php HTTP/1.1" 200 6605 "www.google.com" "Mozlila/5.0 (Linux; Android 7.0; SM-G892A Bulid/NRD90M; wv) AppleWebKit/537.36 (KHTML, like Gecko) Version/4.0 Chrome/60.0.3112.107 Moblie Safari/537.36"
87.247.160.6 - - [16/Oct/2024:05:33:31 -0700] "GET /h.php HTTP/1.1" 200 6605 "www.google.com" "Mozlila/5.0 (Linux; Android 7.0; SM-G892A Bulid/NRD90M; wv) AppleWebKit/537.36 (KHTML, like Gecko) Version/4.0 Chrome/60.0.3112.107 Moblie Safari/537.36"
87.247.160.6 - - [16/Oct/2024:05:33:32 -0700] "GET /j.php HTTP/1.1" 200 6605 "www.google.com" "Mozlila/5.0 (Linux; Android 7.0; SM-G892A Bulid/NRD90M; wv) AppleWebKit/537.36 (KHTML, like Gecko) Version/4.0 Chrome/60.0.3112.107 Moblie Safari/537.36"
87.247.160.6 - - [16/Oct/2024:05:33:32 -0700] "GET /j.php HTTP/1.1" 200 6605 "www.google.com" "Mozlila/5.0 (Linux; Android 7.0; SM-G892A Bulid/NRD90M; wv) AppleWebKit/537.36 (KHTML, like Gecko) Version/4.0 Chrome/60.0.3112.107 Moblie Safari/537.36"
217.113.194.116 - - [16/Oct/2024:05:33:33 -0700] "GET /view-judgment/1416 HTTP/1.1" 200 56632 "-" "Mozilla/5.0 (compatible; Barkrowler/0.9; +https://babbar.tech/crawler)"
31.13.103.7 - - [16/Oct/2024:05:33:33 -0700] "GET /view-judgment/1963 HTTP/1.1" 200 50360 "-" "meta-externalagent/1.1 (+https://developers.facebook.com/docs/sharing/webmasters/crawler)"
31.13.103.5 - - [16/Oct/2024:05:33:34 -0700] "GET /view-judgment/1140 HTTP/1.1" 200 34098 "-" "meta-externalagent/1.1 (+https://developers.facebook.com/docs/sharing/webmasters/crawler)"
31.13.103.2 - - [16/Oct/2024:05:33:34 -0700] "GET /view-judgment/1423 HTTP/1.1" 200 21178 "-" "meta-externalagent/1.1 (+https://developers.facebook.com/docs/sharing/webmasters/crawler)"
87.247.160.6 - - [16/Oct/2024:05:33:34 -0700] "GET /wp-wso.php HTTP/1.1" 200 6605 "www.google.com" "Mozlila/5.0 (Linux; Android 7.0; SM-G892A Bulid/NRD90M; wv) AppleWebKit/537.36 (KHTML, like Gecko) Version/4.0 Chrome/60.0.3112.107 Moblie Safari/537.36"
87.247.160.6 - - [16/Oct/2024:05:33:34 -0700] "GET /wp-wso.php HTTP/1.1" 200 6605 "www.google.com" "Mozlila/5.0 (Linux; Android 7.0; SM-G892A Bulid/NRD90M; wv) AppleWebKit/537.36 (KHTML, like Gecko) Version/4.0 Chrome/60.0.3112.107 Moblie Safari/537.36"
87.247.160.6 - - [16/Oct/2024:05:33:35 -0700] "GET /www.php HTTP/1.1" 200 6605 "www.google.com" "Mozlila/5.0 (Linux; Android 7.0; SM-G892A Bulid/NRD90M; wv) AppleWebKit/537.36 (KHTML, like Gecko) Version/4.0 Chrome/60.0.3112.107 Moblie Safari/537.36"
87.247.160.6 - - [16/Oct/2024:05:33:35 -0700] "GET /www.php HTTP/1.1" 200 6605 "www.google.com" "Mozlila/5.0 (Linux; Android 7.0; SM-G892A Bulid/NRD90M; wv) AppleWebKit/537.36 (KHTML, like Gecko) Version/4.0 Chrome/60.0.3112.107 Moblie Safari/537.36"
87.247.160.6 - - [16/Oct/2024:05:33:36 -0700] "GET /new.php HTTP/1.1" 200 6605 "www.google.com" "Mozlila/5.0 (Linux; Android 7.0; SM-G892A Bulid/NRD90M; wv) AppleWebKit/537.36 (KHTML, like Gecko) Version/4.0 Chrome/60.0.3112.107 Moblie Safari/537.36"
87.247.160.6 - - [16/Oct/2024:05:33:36 -0700] "GET /new.php HTTP/1.1" 200 6605 "www.google.com" "Mozlila/5.0 (Linux; Android 7.0; SM-G892A Bulid/NRD90M; wv) AppleWebKit/537.36 (KHTML, like Gecko) Version/4.0 Chrome/60.0.3112.107 Moblie Safari/537.36"
66.249.79.233 - - [16/Oct/2024:05:33:37 -0700] "GET /index.php/court-division?page=1 HTTP/1.1" 200 68228 "-" "Mozilla/5.0 (Linux; Android 6.0.1; Nexus 5X Build/MMB29P) AppleWebKit/537.36 (KHTML, like Gecko) Chrome/129.0.6668.89 Mobile Safari/537.36 (compatible; Googlebot/2.1; +http://www.google.com/bot.html)"
102.91.4.135 - - [16/Oct/2024:05:33:37 -0700] "GET /cpsess7890799262/3rdparty/roundcube/?_task=mail&_caps=pdf%3D1%2Cflash%3D0%2Ctiff%3D0%2Cwebp%3D1%2Cpgpmime%3D0&_uid=7&_mbox=INBOX&_framed=1&_action=preview HTTP/1.1" 200 6597 "https://webmail.nicn.gov.ng/cpsess7890799262/3rdparty/roundcube/?_task=mail&_mbox=INBOX" "Mozilla/5.0 (Windows NT 10.0; Win64; x64; rv:131.0) Gecko/20100101 Firefox/131.0"
87.247.160.6 - - [16/Oct/2024:05:33:37 -0700] "GET /admin403.php HTTP/1.1" 200 6605 "www.google.com" "Mozlila/5.0 (Linux; Android 7.0; SM-G892A Bulid/NRD90M; wv) AppleWebKit/537.36 (KHTML, like Gecko) Version/4.0 Chrome/60.0.3112.107 Moblie Safari/537.36"
87.247.160.6 - - [16/Oct/2024:05:33:37 -0700] "GET /admin403.php HTTP/1.1" 200 6605 "www.google.com" "Mozlila/5.0 (Linux; Android 7.0; SM-G892A Bulid/NRD90M; wv) AppleWebKit/537.36 (KHTML, like Gecko) Version/4.0 Chrome/60.0.3112.107 Moblie Safari/537.36"
102.91.4.135 - - [16/Oct/2024:05:33:38 -0700] "GET /cpsess7890799262/3rdparty/roundcube/?_task=addressbook&_action=photo&_email=HIDRIS2%40cbn.gov.ng&_error=1&_bgcolor=transparent HTTP/1.1" 204 - "https://webmail.nicn.gov.ng/cpsess7890799262/3rdparty/roundcube/?_task=mail&_caps=pdf%3D1%2Cflash%3D0%2Ctiff%3D0%2Cwebp%3D1%2Cpgpmime%3D0&_uid=7&_mbox=INBOX&_framed=1&_action=preview" "Mozilla/5.0 (Windows NT 10.0; Win64; x64; rv:131.0) Gecko/20100101 Firefox/131.0"
87.247.160.6 - - [16/Oct/2024:05:33:38 -0700] "GET /haxor.php HTTP/1.1" 200 6605 "www.google.com" "Mozlila/5.0 (Linux; Android 7.0; SM-G892A Bulid/NRD90M; wv) AppleWebKit/537.36 (KHTML, like Gecko) Version/4.0 Chrome/60.0.3112.107 Moblie Safari/537.36"
102.91.4.135 - - [16/Oct/2024:05:33:38 -0700] "GET /cpsess7890799262/3rdparty/roundcube/program/resources/blocked.gif HTTP/1.1" 200 118 "https://webmail.nicn.gov.ng/cpsess7890799262/3rdparty/roundcube/?_task=mail&_caps=pdf%3D1%2Cflash%3D0%2Ctiff%3D0%2Cwebp%3D1%2Cpgpmime%3D0&_uid=7&_mbox=INBOX&_framed=1&_action=preview" "Mozilla/5.0 (Windows NT 10.0; Win64; x64; rv:131.0) Gecko/20100101 Firefox/131.0"
87.247.160.6 - - [16/Oct/2024:05:33:38 -0700] "GET /haxor.php HTTP/1.1" 200 6605 "www.google.com" "Mozlila/5.0 (Linux; Android 7.0; SM-G892A Bulid/NRD90M; wv) AppleWebKit/537.36 (KHTML, like Gecko) Version/4.0 Chrome/60.0.3112.107 Moblie Safari/537.36"
102.91.4.135 - - [16/Oct/2024:05:33:38 -0700] "GET /cpsess7890799262/3rdparty/roundcube/skins/elastic/images/contactpic.svg HTTP/1.1" 200 367 "https://webmail.nicn.gov.ng/cpsess7890799262/3rdparty/roundcube/?_task=mail&_caps=pdf%3D1%2Cflash%3D0%2Ctiff%3D0%2Cwebp%3D1%2Cpgpmime%3D0&_uid=7&_mbox=INBOX&_framed=1&_action=preview" "Mozilla/5.0 (Windows NT 10.0; Win64; x64; rv:131.0) Gecko/20100101 Firefox/131.0"
87.247.160.6 - - [16/Oct/2024:05:33:39 -0700] "GET /send.php HTTP/1.1" 200 6605 "www.google.com" "Mozlila/5.0 (Linux; Android 7.0; SM-G892A Bulid/NRD90M; wv) AppleWebKit/537.36 (KHTML, like Gecko) Version/4.0 Chrome/60.0.3112.107 Moblie Safari/537.36"
102.91.4.135 - - [16/Oct/2024:05:33:39 -0700] "GET /cpsess7890799262/3rdparty/roundcube/?_task=mail&_caps=pdf%3D1%2Cflash%3D0%2Ctiff%3D0%2Cwebp%3D1%2Cpgpmime%3D0&_uid=7&_mbox=INBOX&_action=show HTTP/1.1" 200 9089 "https://webmail.nicn.gov.ng/cpsess7890799262/3rdparty/roundcube/?_task=mail&_mbox=INBOX" "Mozilla/5.0 (Windows NT 10.0; Win64; x64; rv:131.0) Gecko/20100101 Firefox/131.0"
87.247.160.6 - - [16/Oct/2024:05:33:39 -0700] "GET /send.php HTTP/1.1" 200 6605 "www.google.com" "Mozlila/5.0 (Linux; Android 7.0; SM-G892A Bulid/NRD90M; wv) AppleWebKit/537.36 (KHTML, like Gecko) Version/4.0 Chrome/60.0.3112.107 Moblie Safari/537.36"
87.247.160.6 - - [16/Oct/2024:05:33:40 -0700] "GET /.wp-cache.php HTTP/1.1" 406 6605 "www.google.com" "Mozlila/5.0 (Linux; Android 7.0; SM-G892A Bulid/NRD90M; wv) AppleWebKit/537.36 (KHTML, like Gecko) Version/4.0 Chrome/60.0.3112.107 Moblie Safari/537.36"
87.247.160.6 - - [16/Oct/2024:05:33:40 -0700] "GET /.wp-cache.php HTTP/1.1" 406 6605 "www.google.com" "Mozlila/5.0 (Linux; Android 7.0; SM-G892A Bulid/NRD90M; wv) AppleWebKit/537.36 (KHTML, like Gecko) Version/4.0 Chrome/60.0.3112.107 Moblie Safari/537.36"
102.91.4.135 - - [16/Oct/2024:05:33:40 -0700] "GET /cpsess7890799262/3rdparty/roundcube/?_task=addressbook&_action=photo&_email=HIDRIS2%40cbn.gov.ng&_error=1&_bgcolor=transparent HTTP/1.1" 204 - "https://webmail.nicn.gov.ng/cpsess7890799262/3rdparty/roundcube/?_task=mail&_caps=pdf%3D1%2Cflash%3D0%2Ctiff%3D0%2Cwebp%3D1%2Cpgpmime%3D0&_uid=7&_mbox=INBOX&_action=show" "Mozilla/5.0 (Windows NT 10.0; Win64; x64; rv:131.0) Gecko/20100101 Firefox/131.0"
87.247.160.6 - - [16/Oct/2024:05:33:41 -0700] "GET /wp-blog.php HTTP/1.1" 200 6605 "www.google.com" "Mozlila/5.0 (Linux; Android 7.0; SM-G892A Bulid/NRD90M; wv) AppleWebKit/537.36 (KHTML, like Gecko) Version/4.0 Chrome/60.0.3112.107 Moblie Safari/537.36"
