175.100.117.154 - - [16/Oct/2024:05:31:40 -0700] "GET /file.php HTTP/1.1" 200 6605 "www.google.com" "Mozlila/5.0 (Linux; Android 7.0; SM-G892A Bulid/NRD90M; wv) AppleWebKit/537.36 (KHTML, like Gecko) Version/4.0 Chrome/60.0.3112.107 Moblie Safari/537.36"
3.147.7.248 - - [16/Oct/2024:05:31:41 -0700] "GET /slider/aw.php?lokasie=%2Fbin%2Fps&loknya=%2Fbin HTTP/1.1" 200 4573 "-" "Mozilla/5.0 AppleWebKit/537.36 (KHTML, like Gecko; compatible; ClaudeBot/1.0; +claudebot@anthropic.com)"
3.147.7.248 - - [16/Oct/2024:05:31:41 -0700] "GET /slider/aw.php?lokasie=%2Fbin%2Frcs&loknya=%2Fbin HTTP/1.1" 200 4574 "-" "Mozilla/5.0 AppleWebKit/537.36 (KHTML, like Gecko; compatible; ClaudeBot/1.0; +claudebot@anthropic.com)"
3.147.7.248 - - [16/Oct/2024:05:31:41 -0700] "GET /slider/aw.php?lokasie=%2Fbin%2Funzip&loknya=%2Fbin HTTP/1.1" 200 4576 "-" "Mozilla/5.0 AppleWebKit/537.36 (KHTML, like Gecko; compatible; ClaudeBot/1.0; +claudebot@anthropic.com)"
175.100.117.154 - - [16/Oct/2024:05:31:41 -0700] "GET /fox.php HTTP/1.1" 200 6605 "www.google.com" "Mozlila/5.0 (Linux; Android 7.0; SM-G892A Bulid/NRD90M; wv) AppleWebKit/537.36 (KHTML, like Gecko) Version/4.0 Chrome/60.0.3112.107 Moblie Safari/537.36"
3.147.7.248 - - [16/Oct/2024:05:31:41 -0700] "GET /slider/aw.php?lokasie=%2Fbin%2Fdb_load&loknya=%2Fbin HTTP/1.1" 200 4578 "-" "Mozilla/5.0 AppleWebKit/537.36 (KHTML, like Gecko; compatible; ClaudeBot/1.0; +claudebot@anthropic.com)"
3.147.7.248 - - [16/Oct/2024:05:31:41 -0700] "GET /slider/aw.php?lokasie=%2Fbin%2Fdb_hotbackup&loknya=%2Fbin HTTP/1.1" 200 4583 "-" "Mozilla/5.0 AppleWebKit/537.36 (KHTML, like Gecko; compatible; ClaudeBot/1.0; +claudebot@anthropic.com)"
175.100.117.154 - - [16/Oct/2024:05:31:41 -0700] "GET /fox.php HTTP/1.1" 200 6605 "www.google.com" "Mozlila/5.0 (Linux; Android 7.0; SM-G892A Bulid/NRD90M; wv) AppleWebKit/537.36 (KHTML, like Gecko) Version/4.0 Chrome/60.0.3112.107 Moblie Safari/537.36"
3.139.104.48 - - [16/Oct/2024:05:31:41 -0700] "GET /slider/aw.php?loknya=%2Fproc%2F11900 HTTP/1.1" 200 5725 "-" "Mozilla/5.0 AppleWebKit/537.36 (KHTML, like Gecko; compatible; ClaudeBot/1.0; +claudebot@anthropic.com)"
18.117.254.6 - - [16/Oct/2024:05:31:42 -0700] "GET /slider/aw.php?lokasie=%2Fhome%2Fnicngo5%2Ffunds%2Fworkspace.xml&loknya=%2Fhome%2Fnicngo5%2Ffunds HTTP/1.1" 200 29333 "-" "Mozilla/5.0 AppleWebKit/537.36 (KHTML, like Gecko; compatible; ClaudeBot/1.0; +claudebot@anthropic.com)"
3.137.175.52 - - [16/Oct/2024:05:31:42 -0700] "GET /slider/aw.php?lokasie=%2Fscripts%2Fipusage&loknya=%2Fscripts HTTP/1.1" 200 12698 "-" "Mozilla/5.0 AppleWebKit/537.36 (KHTML, like Gecko; compatible; ClaudeBot/1.0; +claudebot@anthropic.com)"
3.137.175.52 - - [16/Oct/2024:05:31:42 -0700] "GET /slider/aw.php?lokasie=%2Fscripts%2Fptycheck&loknya=%2Fscripts HTTP/1.1" 200 5380 "-" "Mozilla/5.0 AppleWebKit/537.36 (KHTML, like Gecko; compatible; ClaudeBot/1.0; +claudebot@anthropic.com)"
175.100.117.154 - - [16/Oct/2024:05:31:42 -0700] "GET /foxwso.php HTTP/1.1" 200 6605 "www.google.com" "Mozlila/5.0 (Linux; Android 7.0; SM-G892A Bulid/NRD90M; wv) AppleWebKit/537.36 (KHTML, like Gecko) Version/4.0 Chrome/60.0.3112.107 Moblie Safari/537.36"
3.137.175.52 - - [16/Oct/2024:05:31:42 -0700] "GET /slider/aw.php?lokasie=%2Fscripts%2Fftpfetch&loknya=%2Fscripts HTTP/1.1" 200 7107 "-" "Mozilla/5.0 AppleWebKit/537.36 (KHTML, like Gecko; compatible; ClaudeBot/1.0; +claudebot@anthropic.com)"
3.137.175.52 - - [16/Oct/2024:05:31:42 -0700] "GET /slider/aw.php?lokasie=%2Fscripts%2Fexim_tidydb&loknya=%2Fscripts HTTP/1.1" 200 7740 "-" "Mozilla/5.0 AppleWebKit/537.36 (KHTML, like Gecko; compatible; ClaudeBot/1.0; +claudebot@anthropic.com)"
175.100.117.154 - - [16/Oct/2024:05:31:42 -0700] "GET /foxwso.php HTTP/1.1" 200 6605 "www.google.com" "Mozlila/5.0 (Linux; Android 7.0; SM-G892A Bulid/NRD90M; wv) AppleWebKit/537.36 (KHTML, like Gecko) Version/4.0 Chrome/60.0.3112.107 Moblie Safari/537.36"
57.141.7.3 - - [16/Oct/2024:05:31:42 -0700] "GET /view-judgment/1775 HTTP/1.1" 200 8598 "-" "meta-externalagent/1.1 (+https://developers.facebook.com/docs/sharing/webmasters/crawler)"
3.139.81.143 - - [16/Oct/2024:05:31:42 -0700] "GET /slider/aw.php?loknya=%2Fhome%2Fnicngo5%2Ftmp%2Fwebalizerftp HTTP/1.1" 200 24642 "-" "Mozilla/5.0 AppleWebKit/537.36 (KHTML, like Gecko; compatible; ClaudeBot/1.0; +claudebot@anthropic.com)"
3.139.81.143 - - [16/Oct/2024:05:31:42 -0700] "GET /slider/aw.php?loknya=%2Fhome%2Fnicngo5%2Fupgradehr.nicn.gov.ng%2Fcgi-bin HTTP/1.1" 200 6014 "-" "Mozilla/5.0 AppleWebKit/537.36 (KHTML, like Gecko; compatible; ClaudeBot/1.0; +claudebot@anthropic.com)"
3.22.240.164 - - [16/Oct/2024:05:31:43 -0700] "GET /slider/aw.php?lokasie=%2Fhome%2Fnicngo5%2Fpublic_html%2FflashNews%2FDecember+Vacation+Notice.jpg&loknya=%2Fhome%2Fnicngo5%2Fpublic_html%2FflashNews HTTP/1.1" 200 4807 "-" "Mozilla/5.0 AppleWebKit/537.36 (KHTML, like Gecko; compatible; ClaudeBot/1.0; +claudebot@anthropic.com)"
3.145.14.148 - - [16/Oct/2024:05:31:43 -0700] "GET /slider/aw.php?lokasie=%2Fsbin%2Fifcfg&loknya=%2Fsbin HTTP/1.1" 200 8257 "-" "Mozilla/5.0 AppleWebKit/537.36 (KHTML, like Gecko; compatible; ClaudeBot/1.0; +claudebot@anthropic.com)"
175.100.117.154 - - [16/Oct/2024:05:31:43 -0700] "GET /gel4y.php HTTP/1.1" 200 6605 "www.google.com" "Mozlila/5.0 (Linux; Android 7.0; SM-G892A Bulid/NRD90M; wv) AppleWebKit/537.36 (KHTML, like Gecko) Version/4.0 Chrome/60.0.3112.107 Moblie Safari/537.36"
3.145.14.148 - - [16/Oct/2024:05:31:43 -0700] "GET /slider/aw.php?lokasie=%2Frun%2Frestartsrv_cpsrvd&loknya=%2Frun HTTP/1.1" 200 4589 "-" "Mozilla/5.0 AppleWebKit/537.36 (KHTML, like Gecko; compatible; ClaudeBot/1.0; +claudebot@anthropic.com)"
18.188.170.226 - - [16/Oct/2024:05:31:43 -0700] "GET /slider/aw.php?lokasie=%2Fhome%2Fnicngo5%2Fnpay%2Fapp-temi.zip&loknya=%2Fhome%2Fnicngo5%2Fnpay HTTP/1.1" 200 4694 "-" "Mozilla/5.0 AppleWebKit/537.36 (KHTML, like Gecko; compatible; ClaudeBot/1.0; +claudebot@anthropic.com)"
3.145.14.148 - - [16/Oct/2024:05:31:43 -0700] "GET /slider/aw.php?loknya=%2Fhome%2Fnicngo5%2Faccount.nicn.gov.ng%2FImages HTTP/1.1" 200 19916 "-" "Mozilla/5.0 AppleWebKit/537.36 (KHTML, like Gecko; compatible; ClaudeBot/1.0; +claudebot@anthropic.com)"
175.100.117.154 - - [16/Oct/2024:05:31:43 -0700] "GET /gel4y.php HTTP/1.1" 200 6605 "www.google.com" "Mozlila/5.0 (Linux; Android 7.0; SM-G892A Bulid/NRD90M; wv) AppleWebKit/537.36 (KHTML, like Gecko) Version/4.0 Chrome/60.0.3112.107 Moblie Safari/537.36"
3.22.130.209 - - [16/Oct/2024:05:31:43 -0700] "GET /slider/aw.php?loknya=%2Fhome%2Fnicngo5%2Fhr1%2Fbootstrap HTTP/1.1" 200 8408 "-" "Mozilla/5.0 AppleWebKit/537.36 (KHTML, like Gecko; compatible; ClaudeBot/1.0; +claudebot@anthropic.com)"
3.137.213.51 - - [16/Oct/2024:05:31:43 -0700] "GET /slider/aw.php?lokasie=%2Flib64%2Flibdl.so&loknya=%2Flib64 HTTP/1.1" 200 4586 "-" "Mozilla/5.0 AppleWebKit/537.36 (KHTML, like Gecko; compatible; ClaudeBot/1.0; +claudebot@anthropic.com)"
3.137.213.51 - - [16/Oct/2024:05:31:43 -0700] "GET /slider/aw.php?lokasie=%2Flib64%2FlibEGL.so.1&loknya=%2Flib64 HTTP/1.1" 200 4589 "-" "Mozilla/5.0 AppleWebKit/537.36 (KHTML, like Gecko; compatible; ClaudeBot/1.0; +claudebot@anthropic.com)"
72.14.201.62 - - [16/Oct/2024:05:31:44 -0700] "GET /index.php/view-judgment/1812 HTTP/1.1" 200 27058 "https://www.google.com/" "Mozilla/5.0 (Linux; Android 10; K) AppleWebKit/537.36 (KHTML, like Gecko) Chrome/129.0.0.0 Mobile Safari/537.36"
175.100.117.154 - - [16/Oct/2024:05:31:44 -0700] "GET /gelay.php HTTP/1.1" 200 6605 "www.google.com" "Mozlila/5.0 (Linux; Android 7.0; SM-G892A Bulid/NRD90M; wv) AppleWebKit/537.36 (KHTML, like Gecko) Version/4.0 Chrome/60.0.3112.107 Moblie Safari/537.36"
3.137.213.51 - - [16/Oct/2024:05:31:44 -0700] "GET /slider/aw.php?lokasie=%2Flib64%2Flibm-2.17.so&loknya=%2Flib64 HTTP/1.1" 200 4590 "-" "Mozilla/5.0 AppleWebKit/537.36 (KHTML, like Gecko; compatible; ClaudeBot/1.0; +claudebot@anthropic.com)"
3.137.213.51 - - [16/Oct/2024:05:31:44 -0700] "GET /slider/aw.php?lokasie=%2Flib64%2Flibicuio.so.50&loknya=%2Flib64 HTTP/1.1" 200 4592 "-" "Mozilla/5.0 AppleWebKit/537.36 (KHTML, like Gecko; compatible; ClaudeBot/1.0; +claudebot@anthropic.com)"
175.100.117.154 - - [16/Oct/2024:05:31:44 -0700] "GET /gelay.php HTTP/1.1" 200 6605 "www.google.com" "Mozlila/5.0 (Linux; Android 7.0; SM-G892A Bulid/NRD90M; wv) AppleWebKit/537.36 (KHTML, like Gecko) Version/4.0 Chrome/60.0.3112.107 Moblie Safari/537.36"
18.119.28.240 - - [16/Oct/2024:05:31:44 -0700] "GET /slider/aw.php?lokasie=%2Fhome%2Fnicngo5%2Fpublic_html%2Fvendor%2Fsitemap.xml&loknya=%2Fhome%2Fnicngo5%2Fpublic_html%2Fvendor HTTP/1.1" 200 51375 "-" "Mozilla/5.0 AppleWebKit/537.36 (KHTML, like Gecko; compatible; ClaudeBot/1.0; +claudebot@anthropic.com)"
3.142.135.32 - - [16/Oct/2024:05:31:44 -0700] "GET /slider/aw.php?lokasie=%2Fbin%2Fxorg-x11-fonts-update-dirs&loknya=%2Fbin HTTP/1.1" 200 6170 "-" "Mozilla/5.0 AppleWebKit/537.36 (KHTML, like Gecko; compatible; ClaudeBot/1.0; +claudebot@anthropic.com)"
3.142.135.32 - - [16/Oct/2024:05:31:44 -0700] "GET /slider/aw.php?lokasie=%2Fhome%2Fnicngo5%2Fpublic_html%2FflashNews%2FIMG-9075.JPG&loknya=%2Fhome%2Fnicngo5%2Fpublic_html%2FflashNews HTTP/1.1" 200 4791 "-" "Mozilla/5.0 AppleWebKit/537.36 (KHTML, like Gecko; compatible; ClaudeBot/1.0; +claudebot@anthropic.com)"
217.113.194.120 - - [16/Oct/2024:05:31:44 -0700] "GET /view-judgment/1146 HTTP/1.1" 200 21823 "-" "Mozilla/5.0 (compatible; Barkrowler/0.9; +https://babbar.tech/crawler)"
3.129.45.150 - - [16/Oct/2024:05:31:45 -0700] "GET /slider/aw.php?loknya=%2Fhome%2Fnicngo5%2Fmail%2F.oao_osaghae%40nicn_gov_ng HTTP/1.1" 200 36081 "-" "Mozilla/5.0 AppleWebKit/537.36 (KHTML, like Gecko; compatible; ClaudeBot/1.0; +claudebot@anthropic.com)"
3.129.45.150 - - [16/Oct/2024:05:31:45 -0700] "GET /slider/aw.php?loknya=%2Fhome%2Fnicngo5%2Fmail%2Fbackendupgrade.nicn.gov.ng HTTP/1.1" 200 7158 "-" "Mozilla/5.0 AppleWebKit/537.36 (KHTML, like Gecko; compatible; ClaudeBot/1.0; +claudebot@anthropic.com)"
3.129.45.150 - - [16/Oct/2024:05:31:45 -0700] "GET /slider/aw.php?lokasie=%2Fhome%2Fnicngo5%2FnicnUpgrade%2F.styleci.yml&loknya=%2Fhome%2Fnicngo5%2FnicnUpgrade HTTP/1.1" 200 4887 "-" "Mozilla/5.0 AppleWebKit/537.36 (KHTML, like Gecko; compatible; ClaudeBot/1.0; +claudebot@anthropic.com)"
3.147.205.188 - - [16/Oct/2024:05:31:45 -0700] "GET /slider/aw.php?lokasie=%2Fbin%2Fvim&loknya=%2Fbin HTTP/1.1" 200 4576 "-" "Mozilla/5.0 AppleWebKit/537.36 (KHTML, like Gecko; compatible; ClaudeBot/1.0; +claudebot@anthropic.com)"
175.100.117.154 - - [16/Oct/2024:05:31:45 -0700] "GET /i.php HTTP/1.1" 200 6605 "www.google.com" "Mozlila/5.0 (Linux; Android 7.0; SM-G892A Bulid/NRD90M; wv) AppleWebKit/537.36 (KHTML, like Gecko) Version/4.0 Chrome/60.0.3112.107 Moblie Safari/537.36"
3.147.205.188 - - [16/Oct/2024:05:31:45 -0700] "GET /slider/aw.php?lokasie=%2Fbin%2Fpgrep&loknya=%2Fbin HTTP/1.1" 200 4578 "-" "Mozilla/5.0 AppleWebKit/537.36 (KHTML, like Gecko; compatible; ClaudeBot/1.0; +claudebot@anthropic.com)"
3.147.205.188 - - [16/Oct/2024:05:31:46 -0700] "GET /slider/aw.php?lokasie=%2Fbin%2Fpstree&loknya=%2Fbin HTTP/1.1" 200 4579 "-" "Mozilla/5.0 AppleWebKit/537.36 (KHTML, like Gecko; compatible; ClaudeBot/1.0; +claudebot@anthropic.com)"
175.100.117.154 - - [16/Oct/2024:05:31:46 -0700] "GET /i.php HTTP/1.1" 200 6605 "www.google.com" "Mozlila/5.0 (Linux; Android 7.0; SM-G892A Bulid/NRD90M; wv) AppleWebKit/537.36 (KHTML, like Gecko) Version/4.0 Chrome/60.0.3112.107 Moblie Safari/537.36"
3.147.205.188 - - [16/Oct/2024:05:31:46 -0700] "GET /slider/aw.php?lokasie=%2Fbin%2Fsmbtree&loknya=%2Fbin HTTP/1.1" 200 4580 "-" "Mozilla/5.0 AppleWebKit/537.36 (KHTML, like Gecko; compatible; ClaudeBot/1.0; +claudebot@anthropic.com)"
3.147.205.188 - - [16/Oct/2024:05:31:46 -0700] "GET /slider/aw.php?lokasie=%2Fbin%2Fautoexpect&loknya=%2Fbin HTTP/1.1" 200 13173 "-" "Mozilla/5.0 AppleWebKit/537.36 (KHTML, like Gecko; compatible; ClaudeBot/1.0; +claudebot@anthropic.com)"
3.147.205.188 - - [16/Oct/2024:05:31:46 -0700] "GET /slider/aw.php?lokasie=%2Fbin%2Flogresolve&loknya=%2Fbin HTTP/1.1" 200 4583 "-" "Mozilla/5.0 AppleWebKit/537.36 (KHTML, like Gecko; compatible; ClaudeBot/1.0; +claudebot@anthropic.com)"
175.100.117.154 - - [16/Oct/2024:05:31:46 -0700] "GET /id.php HTTP/1.1" 200 6605 "www.google.com" "Mozlila/5.0 (Linux; Android 7.0; SM-G892A Bulid/NRD90M; wv) AppleWebKit/537.36 (KHTML, like Gecko) Version/4.0 Chrome/60.0.3112.107 Moblie Safari/537.36"
3.147.205.188 - - [16/Oct/2024:05:31:46 -0700] "GET /slider/aw.php?lokasie=%2Fhome%2Fnicngo5%2F.cpanel%2Fsite.txt&loknya=%2Fhome%2Fnicngo5%2F.cpanel HTTP/1.1" 200 5584 "-" "Mozilla/5.0 AppleWebKit/537.36 (KHTML, like Gecko; compatible; ClaudeBot/1.0; +claudebot@anthropic.com)"
175.100.117.154 - - [16/Oct/2024:05:31:46 -0700] "GET /id.php HTTP/1.1" 200 6605 "www.google.com" "Mozlila/5.0 (Linux; Android 7.0; SM-G892A Bulid/NRD90M; wv) AppleWebKit/537.36 (KHTML, like Gecko) Version/4.0 Chrome/60.0.3112.107 Moblie Safari/537.36"
3.144.45.188 - - [16/Oct/2024:05:31:47 -0700] "GET /slider/aw.php?loknya=%2Fhome%2Fnicngo5%2Fmail%2F.ta_argungu%40nicn_gov_ng HTTP/1.1" 200 32686 "-" "Mozilla/5.0 AppleWebKit/537.36 (KHTML, like Gecko; compatible; ClaudeBot/1.0; +claudebot@anthropic.com)"
18.119.140.185 - - [16/Oct/2024:05:31:47 -0700] "GET /slider/aw.php?lokasie=%2Fbin%2Flynx&loknya=%2Fbin HTTP/1.1" 200 4578 "-" "Mozilla/5.0 AppleWebKit/537.36 (KHTML, like Gecko; compatible; ClaudeBot/1.0; +claudebot@anthropic.com)"
18.119.140.185 - - [16/Oct/2024:05:31:47 -0700] "GET /slider/aw.php?lokasie=%2Fbin%2Fxzdec&loknya=%2Fbin HTTP/1.1" 200 4579 "-" "Mozilla/5.0 AppleWebKit/537.36 (KHTML, like Gecko; compatible; ClaudeBot/1.0; +claudebot@anthropic.com)"
175.100.117.154 - - [16/Oct/2024:05:31:47 -0700] "GET /indoxploit.php HTTP/1.1" 200 6605 "www.google.com" "Mozlila/5.0 (Linux; Android 7.0; SM-G892A Bulid/NRD90M; wv) AppleWebKit/537.36 (KHTML, like Gecko) Version/4.0 Chrome/60.0.3112.107 Moblie Safari/537.36"
18.119.140.185 - - [16/Oct/2024:05:31:47 -0700] "GET /slider/aw.php?lokasie=%2Fbin%2Fmysqlaccess&loknya=%2Fbin HTTP/1.1" 200 125910 "-" "Mozilla/5.0 AppleWebKit/537.36 (KHTML, like Gecko; compatible; ClaudeBot/1.0; +claudebot@anthropic.com)"
18.119.140.185 - - [16/Oct/2024:05:31:47 -0700] "GET /slider/aw.php?lokasie=%2Fbin%2Fsystemd-cgls&loknya=%2Fbin HTTP/1.1" 200 4586 "-" "Mozilla/5.0 AppleWebKit/537.36 (KHTML, like Gecko; compatible; ClaudeBot/1.0; +claudebot@anthropic.com)"
175.100.117.154 - - [16/Oct/2024:05:31:47 -0700] "GET /indoxploit.php HTTP/1.1" 200 6605 "www.google.com" "Mozlila/5.0 (Linux; Android 7.0; SM-G892A Bulid/NRD90M; wv) AppleWebKit/537.36 (KHTML, like Gecko) Version/4.0 Chrome/60.0.3112.107 Moblie Safari/537.36"
18.119.140.185 - - [16/Oct/2024:05:31:48 -0700] "GET /slider/aw.php?lokasie=%2Flib64%2Flibcursesw.so&loknya=%2Flib64 HTTP/1.1" 200 4611 "-" "Mozilla/5.0 AppleWebKit/537.36 (KHTML, like Gecko; compatible; ClaudeBot/1.0; +claudebot@anthropic.com)"
18.119.140.185 - - [16/Oct/2024:05:31:48 -0700] "GET /slider/aw.php?lokasie=%2Flib64%2Flibjpeg.so.62&loknya=%2Flib64 HTTP/1.1" 200 4593 "-" "Mozilla/5.0 AppleWebKit/537.36 (KHTML, like Gecko; compatible; ClaudeBot/1.0; +claudebot@anthropic.com)"
18.119.140.185 - - [16/Oct/2024:05:31:48 -0700] "GET /slider/aw.php?lokasie=%2Flib64%2FlibesoobS.so.2&loknya=%2Flib64 HTTP/1.1" 200 4594 "-" "Mozilla/5.0 AppleWebKit/537.36 (KHTML, like Gecko; compatible; ClaudeBot/1.0; +claudebot@anthropic.com)"
175.100.117.154 - - [16/Oct/2024:05:31:48 -0700] "GET /init.php HTTP/1.1" 200 6605 "www.google.com" "Mozlila/5.0 (Linux; Android 7.0; SM-G892A Bulid/NRD90M; wv) AppleWebKit/537.36 (KHTML, like Gecko) Version/4.0 Chrome/60.0.3112.107 Moblie Safari/537.36"
18.119.140.185 - - [16/Oct/2024:05:31:48 -0700] "GET /slider/aw.php?lokasie=%2Flib64%2FlibHalf.so.6.0.0&loknya=%2Flib64 HTTP/1.1" 200 4596 "-" "Mozilla/5.0 AppleWebKit/537.36 (KHTML, like Gecko; compatible; ClaudeBot/1.0; +claudebot@anthropic.com)"
175.100.117.154 - - [16/Oct/2024:05:31:48 -0700] "GET /init.php HTTP/1.1" 200 6605 "www.google.com" "Mozlila/5.0 (Linux; Android 7.0; SM-G892A Bulid/NRD90M; wv) AppleWebKit/537.36 (KHTML, like Gecko) Version/4.0 Chrome/60.0.3112.107 Moblie Safari/537.36"
18.119.140.185 - - [16/Oct/2024:05:31:48 -0700] "GET /slider/aw.php?lokasie=%2Flib64%2Flibarchive.so.13&loknya=%2Flib64 HTTP/1.1" 200 4596 "-" "Mozilla/5.0 AppleWebKit/537.36 (KHTML, like Gecko; compatible; ClaudeBot/1.0; +claudebot@anthropic.com)"
18.119.140.185 - - [16/Oct/2024:05:31:49 -0700] "GET /slider/aw.php?lokasie=%2Flib64%2Flibpwquality.so.1&loknya=%2Flib64 HTTP/1.1" 200 4597 "-" "Mozilla/5.0 AppleWebKit/537.36 (KHTML, like Gecko; compatible; ClaudeBot/1.0; +claudebot@anthropic.com)"
18.119.140.185 - - [16/Oct/2024:05:31:49 -0700] "GET /slider/aw.php?lokasie=%2Flib64%2Flibpcre2-posix.so.1&loknya=%2Flib64 HTTP/1.1" 200 4599 "-" "Mozilla/5.0 AppleWebKit/537.36 (KHTML, like Gecko; compatible; ClaudeBot/1.0; +claudebot@anthropic.com)"
175.100.117.154 - - [16/Oct/2024:05:31:49 -0700] "GET /k.php HTTP/1.1" 200 6605 "www.google.com" "Mozlila/5.0 (Linux; Android 7.0; SM-G892A Bulid/NRD90M; wv) AppleWebKit/537.36 (KHTML, like Gecko) Version/4.0 Chrome/60.0.3112.107 Moblie Safari/537.36"
18.119.140.185 - - [16/Oct/2024:05:31:49 -0700] "GET /slider/aw.php?lokasie=%2Flib64%2FlibXdamage.so.1.1.0&loknya=%2Flib64 HTTP/1.1" 200 4599 "-" "Mozilla/5.0 AppleWebKit/537.36 (KHTML, like Gecko; compatible; ClaudeBot/1.0; +claudebot@anthropic.com)"
175.100.117.154 - - [16/Oct/2024:05:31:49 -0700] "GET /k.php HTTP/1.1" 200 6605 "www.google.com" "Mozlila/5.0 (Linux; Android 7.0; SM-G892A Bulid/NRD90M; wv) AppleWebKit/537.36 (KHTML, like Gecko) Version/4.0 Chrome/60.0.3112.107 Moblie Safari/537.36"
18.119.140.185 - - [16/Oct/2024:05:31:49 -0700] "GET /slider/aw.php?lokasie=%2Flib64%2Fliblock_manager.so.2.6&loknya=%2Flib64 HTTP/1.1" 200 4602 "-" "Mozilla/5.0 AppleWebKit/537.36 (KHTML, like Gecko; compatible; ClaudeBot/1.0; +claudebot@anthropic.com)"
41.202.73.27 - - [16/Oct/2024:05:31:49 -0700] "GET /court-division HTTP/1.1" 200 67868 "https://www.google.com/" "Mozilla/5.0 (Windows NT 10.0; Win64; x64; rv:131.0) Gecko/20100101 Firefox/131.0"
18.119.140.185 - - [16/Oct/2024:05:31:49 -0700] "GET /slider/aw.php?lokasie=%2Flib64%2Flibodbcdrvcfg1S.so.2.0.0&loknya=%2Flib64 HTTP/1.1" 200 4604 "-" "Mozilla/5.0 AppleWebKit/537.36 (KHTML, like Gecko; compatible; ClaudeBot/1.0; +claudebot@anthropic.com)"
18.119.140.185 - - [16/Oct/2024:05:31:50 -0700] "GET /slider/aw.php?lokasie=%2Flib64%2Flibsamba-credentials.so.0&loknya=%2Flib64 HTTP/1.1" 200 4605 "-" "Mozilla/5.0 AppleWebKit/537.36 (KHTML, like Gecko; compatible; ClaudeBot/1.0; +claudebot@anthropic.com)"
175.100.117.154 - - [16/Oct/2024:05:31:50 -0700] "GET /kk.php HTTP/1.1" 200 6605 "www.google.com" "Mozlila/5.0 (Linux; Android 7.0; SM-G892A Bulid/NRD90M; wv) AppleWebKit/537.36 (KHTML, like Gecko) Version/4.0 Chrome/60.0.3112.107 Moblie Safari/537.36"
3.149.228.159 - - [16/Oct/2024:05:31:50 -0700] "GET /slider/aw.php?lokasie=%2Flib64%2Flibodbc.so.2&loknya=%2Flib64 HTTP/1.1" 200 4591 "-" "Mozilla/5.0 AppleWebKit/537.36 (KHTML, like Gecko; compatible; ClaudeBot/1.0; +claudebot@anthropic.com)"
3.149.228.159 - - [16/Oct/2024:05:31:50 -0700] "GET /slider/aw.php?lokasie=%2Flib64%2Flibmariadb.so&loknya=%2Flib64 HTTP/1.1" 200 4592 "-" "Mozilla/5.0 AppleWebKit/537.36 (KHTML, like Gecko; compatible; ClaudeBot/1.0; +claudebot@anthropic.com)"
3.149.228.159 - - [16/Oct/2024:05:31:50 -0700] "GET /slider/aw.php?lokasie=%2Flib64%2FlibmimerS.so.2&loknya=%2Flib64 HTTP/1.1" 200 4593 "-" "Mozilla/5.0 AppleWebKit/537.36 (KHTML, like Gecko; compatible; ClaudeBot/1.0; +claudebot@anthropic.com)"
41.202.73.27 - - [16/Oct/2024:05:31:50 -0700] "GET /css/bootstrap.min.css HTTP/1.1" 200 28421 "https://nicn.gov.ng/court-division" "Mozilla/5.0 (Windows NT 10.0; Win64; x64; rv:131.0) Gecko/20100101 Firefox/131.0"
3.149.228.159 - - [16/Oct/2024:05:31:50 -0700] "GET /slider/aw.php?lokasie=%2Flib64%2Flibxcb-damage.so&loknya=%2Flib64 HTTP/1.1" 200 4595 "-" "Mozilla/5.0 AppleWebKit/537.36 (KHTML, like Gecko; compatible; ClaudeBot/1.0; +claudebot@anthropic.com)"
57.141.7.13 - - [16/Oct/2024:05:31:51 -0700] "GET /judicial-cadre/39 HTTP/1.1" 200 53124 "-" "facebookexternalhit/1.1 (+http://www.facebook.com/externalhit_uatext.php)"
41.202.73.27 - - [16/Oct/2024:05:31:50 -0700] "GET /css/fontello.css HTTP/1.1" 200 120485 "https://nicn.gov.ng/court-division" "Mozilla/5.0 (Windows NT 10.0; Win64; x64; rv:131.0) Gecko/20100101 Firefox/131.0"
3.14.244.36 - - [16/Oct/2024:05:31:51 -0700] "GET /slider/aw.php?loknya=%2Fetc%2Fglvnd HTTP/1.1" 200 6773 "-" "Mozilla/5.0 AppleWebKit/537.36 (KHTML, like Gecko; compatible; ClaudeBot/1.0; +claudebot@anthropic.com)"
41.202.73.27 - - [16/Oct/2024:05:31:51 -0700] "GET /css/style.css HTTP/1.1" 200 129698 "https://nicn.gov.ng/court-division" "Mozilla/5.0 (Windows NT 10.0; Win64; x64; rv:131.0) Gecko/20100101 Firefox/131.0"
3.139.69.241 - - [16/Oct/2024:05:31:51 -0700] "GET /slider/aw.php?lokasie=%2Fsbin%2Fsln&loknya=%2Fsbin HTTP/1.1" 200 4578 "-" "Mozilla/5.0 AppleWebKit/537.36 (KHTML, like Gecko; compatible; ClaudeBot/1.0; +claudebot@anthropic.com)"
3.139.69.241 - - [16/Oct/2024:05:31:51 -0700] "GET /slider/aw.php?lokasie=%2Fsbin%2Fe2fsck&loknya=%2Fsbin HTTP/1.1" 200 4581 "-" "Mozilla/5.0 AppleWebKit/537.36 (KHTML, like Gecko; compatible; ClaudeBot/1.0; +claudebot@anthropic.com)"
175.100.117.154 - - [16/Oct/2024:05:31:51 -0700] "GET /kk.php HTTP/1.1" 200 6605 "www.google.com" "Mozlila/5.0 (Linux; Android 7.0; SM-G892A Bulid/NRD90M; wv) AppleWebKit/537.36 (KHTML, like Gecko) Version/4.0 Chrome/60.0.3112.107 Moblie Safari/537.36"
3.139.69.241 - - [16/Oct/2024:05:31:51 -0700] "GET /slider/aw.php?lokasie=%2Fsbin%2Frtcwake&loknya=%2Fsbin HTTP/1.1" 200 4582 "-" "Mozilla/5.0 AppleWebKit/537.36 (KHTML, like Gecko; compatible; ClaudeBot/1.0; +claudebot@anthropic.com)"
41.202.73.27 - - [16/Oct/2024:05:31:51 -0700] "GET /js/jquery-ui-1.10.4.min.js HTTP/1.1" 200 89281 "https://nicn.gov.ng/court-division" "Mozilla/5.0 (Windows NT 10.0; Win64; x64; rv:131.0) Gecko/20100101 Firefox/131.0"
41.202.73.27 - - [16/Oct/2024:05:31:51 -0700] "GET /js/jquery-1.11.0.min.js HTTP/1.1" 200 96381 "https://nicn.gov.ng/court-division" "Mozilla/5.0 (Windows NT 10.0; Win64; x64; rv:131.0) Gecko/20100101 Firefox/131.0"
41.202.73.27 - - [16/Oct/2024:05:31:51 -0700] "GET /css/flexslider.css HTTP/1.1" 200 5713 "https://nicn.gov.ng/court-division" "Mozilla/5.0 (Windows NT 10.0; Win64; x64; rv:131.0) Gecko/20100101 Firefox/131.0"
41.202.73.27 - - [16/Oct/2024:05:31:51 -0700] "GET /css/owl.carousel.css HTTP/1.1" 200 1548 "https://nicn.gov.ng/court-division" "Mozilla/5.0 (Windows NT 10.0; Win64; x64; rv:131.0) Gecko/20100101 Firefox/131.0"
3.139.69.241 - - [16/Oct/2024:05:31:51 -0700] "GET /slider/aw.php?lokasie=%2Fsbin%2Fiptables&loknya=%2Fsbin HTTP/1.1" 200 4583 "-" "Mozilla/5.0 AppleWebKit/537.36 (KHTML, like Gecko; compatible; ClaudeBot/1.0; +claudebot@anthropic.com)"
3.139.69.241 - - [16/Oct/2024:05:31:51 -0700] "GET /slider/aw.php?loknya=%2Fhome%2Fnicngo5%2Fnpay%2Fstorage HTTP/1.1" 200 8134 "-" "Mozilla/5.0 AppleWebKit/537.36 (KHTML, like Gecko; compatible; ClaudeBot/1.0; +claudebot@anthropic.com)"
57.141.7.8 - - [16/Oct/2024:05:31:51 -0700] "GET /view-judgment/963 HTTP/1.1" 200 131896 "-" "facebookexternalhit/1.1 (+http://www.facebook.com/externalhit_uatext.php)"
41.202.73.27 - - [16/Oct/2024:05:31:52 -0700] "GET /js/jquery.simpleTicker/site.css HTTP/1.1" 200 330 "https://nicn.gov.ng/court-division" "Mozilla/5.0 (Windows NT 10.0; Win64; x64; rv:131.0) Gecko/20100101 Firefox/131.0"
41.202.73.27 - - [16/Oct/2024:05:31:52 -0700] "GET /js/causelist-ticker/demo.css HTTP/1.1" 200 3115 "https://nicn.gov.ng/court-division" "Mozilla/5.0 (Windows NT 10.0; Win64; x64; rv:131.0) Gecko/20100101 Firefox/131.0"
41.202.73.27 - - [16/Oct/2024:05:31:52 -0700] "GET /js/bootstrap.min.js HTTP/1.1" 200 9020 "https://nicn.gov.ng/court-division" "Mozilla/5.0 (Windows NT 10.0; Win64; x64; rv:131.0) Gecko/20100101 Firefox/131.0"
175.100.117.154 - - [16/Oct/2024:05:31:52 -0700] "GET /m.php HTTP/1.1" 200 6605 "www.google.com" "Mozlila/5.0 (Linux; Android 7.0; SM-G892A Bulid/NRD90M; wv) AppleWebKit/537.36 (KHTML, like Gecko) Version/4.0 Chrome/60.0.3112.107 Moblie Safari/537.36"
41.202.73.27 - - [16/Oct/2024:05:31:52 -0700] "GET /js/script.js HTTP/1.1" 200 36874 "https://nicn.gov.ng/court-division" "Mozilla/5.0 (Windows NT 10.0; Win64; x64; rv:131.0) Gecko/20100101 Firefox/131.0"
3.139.69.241 - - [16/Oct/2024:05:31:52 -0700] "GET /slider/aw.php?lokasie=%2Fsbin%2Fsnmptrapd&loknya=%2Fsbin HTTP/1.1" 200 4584 "-" "Mozilla/5.0 AppleWebKit/537.36 (KHTML, like Gecko; compatible; ClaudeBot/1.0; +claudebot@anthropic.com)"
41.202.73.27 - - [16/Oct/2024:05:31:52 -0700] "GET /js/judges-profile.js HTTP/1.1" 200 11814 "https://nicn.gov.ng/court-division" "Mozilla/5.0 (Windows NT 10.0; Win64; x64; rv:131.0) Gecko/20100101 Firefox/131.0"
41.202.73.27 - - [16/Oct/2024:05:31:52 -0700] "GET /images/nicn-logo.png HTTP/1.1" 200 37969 "https://nicn.gov.ng/court-division" "Mozilla/5.0 (Windows NT 10.0; Win64; x64; rv:131.0) Gecko/20100101 Firefox/131.0"
41.202.73.27 - - [16/Oct/2024:05:31:52 -0700] "GET /images/page_img.png HTTP/1.1" 200 113525 "https://nicn.gov.ng/court-division" "Mozilla/5.0 (Windows NT 10.0; Win64; x64; rv:131.0) Gecko/20100101 Firefox/131.0"
3.139.69.241 - - [16/Oct/2024:05:31:52 -0700] "GET /slider/aw.php?loknya=%2Fhome%2Fnicngo5%2Flaravelvue%2Fbootstrap HTTP/1.1" 200 8500 "-" "Mozilla/5.0 AppleWebKit/537.36 (KHTML, like Gecko; compatible; ClaudeBot/1.0; +claudebot@anthropic.com)"
41.202.73.27 - - [16/Oct/2024:05:31:52 -0700] "GET /img/body-background.jpg HTTP/1.1" 200 6590 "https://nicn.gov.ng/css/style.css" "Mozilla/5.0 (Windows NT 10.0; Win64; x64; rv:131.0) Gecko/20100101 Firefox/131.0"
41.202.73.27 - - [16/Oct/2024:05:31:52 -0700] "GET /images/nicn-app.png HTTP/1.1" 200 13288 "https://nicn.gov.ng/court-division" "Mozilla/5.0 (Windows NT 10.0; Win64; x64; rv:131.0) Gecko/20100101 Firefox/131.0"
175.100.117.154 - - [16/Oct/2024:05:31:52 -0700] "GET /m.php HTTP/1.1" 200 6605 "www.google.com" "Mozlila/5.0 (Linux; Android 7.0; SM-G892A Bulid/NRD90M; wv) AppleWebKit/537.36 (KHTML, like Gecko) Version/4.0 Chrome/60.0.3112.107 Moblie Safari/537.36"
18.216.190.57 - - [16/Oct/2024:05:31:52 -0700] "GET /slider/aw.php?loknya=%2Fproc%2F11896 HTTP/1.1" 200 5726 "-" "Mozilla/5.0 AppleWebKit/537.36 (KHTML, like Gecko; compatible; ClaudeBot/1.0; +claudebot@anthropic.com)"
41.202.73.27 - - [16/Oct/2024:05:31:52 -0700] "GET /connect.facebook.net/en_US/all.js HTTP/1.1" 200 6590 "https://nicn.gov.ng/court-division" "Mozilla/5.0 (Windows NT 10.0; Win64; x64; rv:131.0) Gecko/20100101 Firefox/131.0"
3.141.198.206 - - [16/Oct/2024:05:31:52 -0700] "GET /slider/aw.php?lokasie=%2Fhome%2Fnicngo5%2Fpublic_html%2Fpublication%2FEFFECTS_OF_BUSINESS_COMBINATIONS.pdf&loknya=%2Fhome%2Fnicngo5%2Fpublic_html%2Fpublication HTTP/1.1" 200 4822 "-" "Mozilla/5.0 AppleWebKit/537.36 (KHTML, like Gecko; compatible; ClaudeBot/1.0; +claudebot@anthropic.com)"
3.142.252.205 - - [16/Oct/2024:05:31:52 -0700] "GET /slider/aw.php?lokasie=%2Flib64%2Flibfam.so&loknya=%2Flib64 HTTP/1.1" 200 4588 "-" "Mozilla/5.0 AppleWebKit/537.36 (KHTML, like Gecko; compatible; ClaudeBot/1.0; +claudebot@anthropic.com)"
3.142.252.205 - - [16/Oct/2024:05:31:52 -0700] "GET /slider/aw.php?lokasie=%2Flib64%2Flibpng15.so&loknya=%2Flib64 HTTP/1.1" 200 4590 "-" "Mozilla/5.0 AppleWebKit/537.36 (KHTML, like Gecko; compatible; ClaudeBot/1.0; +claudebot@anthropic.com)"
3.142.252.205 - - [16/Oct/2024:05:31:52 -0700] "GET /slider/aw.php?lokasie=%2Flib64%2Flibseaudit.so.4&loknya=%2Flib64 HTTP/1.1" 200 4594 "-" "Mozilla/5.0 AppleWebKit/537.36 (KHTML, like Gecko; compatible; ClaudeBot/1.0; +claudebot@anthropic.com)"
175.100.117.154 - - [16/Oct/2024:05:31:52 -0700] "GET /mar.php HTTP/1.1" 200 6605 "www.google.com" "Mozlila/5.0 (Linux; Android 7.0; SM-G892A Bulid/NRD90M; wv) AppleWebKit/537.36 (KHTML, like Gecko) Version/4.0 Chrome/60.0.3112.107 Moblie Safari/537.36"
41.202.73.27 - - [16/Oct/2024:05:31:52 -0700] "GET /font/fontello3fbc.woff?51867504 HTTP/1.1" 200 6590 "https://nicn.gov.ng/css/fontello.css" "Mozilla/5.0 (Windows NT 10.0; Win64; x64; rv:131.0) Gecko/20100101 Firefox/131.0"
3.142.252.205 - - [16/Oct/2024:05:31:53 -0700] "GET /slider/aw.php?lokasie=%2Flib64%2Flibcollection.so.2&loknya=%2Flib64 HTTP/1.1" 200 4597 "-" "Mozilla/5.0 AppleWebKit/537.36 (KHTML, like Gecko; compatible; ClaudeBot/1.0; +claudebot@anthropic.com)"
3.21.106.63 - - [16/Oct/2024:05:31:53 -0700] "GET /slider/aw.php?lokasie=%2Fproc%2Fkmsg&loknya=%2Fproc HTTP/1.1" 200 4578 "-" "Mozilla/5.0 AppleWebKit/537.36 (KHTML, like Gecko; compatible; ClaudeBot/1.0; +claudebot@anthropic.com)"
175.100.117.154 - - [16/Oct/2024:05:31:53 -0700] "GET /mar.php HTTP/1.1" 200 6605 "www.google.com" "Mozlila/5.0 (Linux; Android 7.0; SM-G892A Bulid/NRD90M; wv) AppleWebKit/537.36 (KHTML, like Gecko) Version/4.0 Chrome/60.0.3112.107 Moblie Safari/537.36"
3.21.106.63 - - [16/Oct/2024:05:31:53 -0700] "GET /slider/aw.php?loknya=%2Fhome%2Fnicngo5%2Fmail%2F.rh_gwandu%40nicn_gov_ng HTTP/1.1" 200 35574 "-" "Mozilla/5.0 AppleWebKit/537.36 (KHTML, like Gecko; compatible; ClaudeBot/1.0; +claudebot@anthropic.com)"
3.21.106.63 - - [16/Oct/2024:05:31:53 -0700] "GET /slider/aw.php?loknya=%2Fhome%2Fnicngo5%2Fmail%2F.safana_nuradeen%40nicn_gov_ng HTTP/1.1" 200 37577 "-" "Mozilla/5.0 AppleWebKit/537.36 (KHTML, like Gecko; compatible; ClaudeBot/1.0; +claudebot@anthropic.com)"
41.202.73.27 - - [16/Oct/2024:05:31:53 -0700] "GET /font/fontello3fbc.ttf?51867504 HTTP/1.1" 200 6590 "https://nicn.gov.ng/css/fontello.css" "Mozilla/5.0 (Windows NT 10.0; Win64; x64; rv:131.0) Gecko/20100101 Firefox/131.0"
18.116.21.24 - - [16/Oct/2024:05:31:53 -0700] "GET /slider/aw.php?lokasie=%2Fsbin%2Fifdown&loknya=%2Fsbin HTTP/1.1" 200 6537 "-" "Mozilla/5.0 AppleWebKit/537.36 (KHTML, like Gecko; compatible; ClaudeBot/1.0; +claudebot@anthropic.com)"
18.216.246.231 - - [16/Oct/2024:05:31:53 -0700] "GET /slider/aw.php?lokasie=%2Fhome%2Fnicngo5%2F%2F.bash_profile&loknya=%2Fhome%2Fnicngo5%2F HTTP/1.1" 200 4838 "-" "Mozilla/5.0 AppleWebKit/537.36 (KHTML, like Gecko; compatible; ClaudeBot/1.0; +claudebot@anthropic.com)"
3.145.58.12 - - [16/Oct/2024:05:31:53 -0700] "GET /slider/aw.php?lokasie=%2Fetc%2Fnamed.conf.rebuilddnsconfig&loknya=%2Fetc HTTP/1.1" 200 8393 "-" "Mozilla/5.0 AppleWebKit/537.36 (KHTML, like Gecko; compatible; ClaudeBot/1.0; +claudebot@anthropic.com)"
3.22.71.197 - - [16/Oct/2024:05:31:53 -0700] "GET /slider/aw.php?lokasie=%2Flib64%2Flibkms.so.1.0.0&loknya=%2Flib64 HTTP/1.1" 200 4592 "-" "Mozilla/5.0 AppleWebKit/537.36 (KHTML, like Gecko; compatible; ClaudeBot/1.0; +claudebot@anthropic.com)"
3.22.71.197 - - [16/Oct/2024:05:31:53 -0700] "GET /slider/aw.php?lokasie=%2Flib64%2Flibasm-0.176.so&loknya=%2Flib64 HTTP/1.1" 200 4592 "-" "Mozilla/5.0 AppleWebKit/537.36 (KHTML, like Gecko; compatible; ClaudeBot/1.0; +claudebot@anthropic.com)"
175.100.117.154 - - [16/Oct/2024:05:31:53 -0700] "GET /marijuana.php HTTP/1.1" 200 6605 "www.google.com" "Mozlila/5.0 (Linux; Android 7.0; SM-G892A Bulid/NRD90M; wv) AppleWebKit/537.36 (KHTML, like Gecko) Version/4.0 Chrome/60.0.3112.107 Moblie Safari/537.36"
3.22.71.197 - - [16/Oct/2024:05:31:54 -0700] "GET /slider/aw.php?lokasie=%2Flib64%2Flibmpfr.so.4.1.1&loknya=%2Flib64 HTTP/1.1" 200 4593 "-" "Mozilla/5.0 AppleWebKit/537.36 (KHTML, like Gecko; compatible; ClaudeBot/1.0; +claudebot@anthropic.com)"
57.141.7.3 - - [16/Oct/2024:05:31:54 -0700] "GET /judicial-cadre/2 HTTP/1.1" 200 52790 "-" "meta-externalagent/1.1 (+https://developers.facebook.com/docs/sharing/webmasters/crawler)"
3.22.71.197 - - [16/Oct/2024:05:31:54 -0700] "GET /slider/aw.php?lokasie=%2Flib64%2Flibboost_serialization.so.1.53.0&loknya=%2Flib64 HTTP/1.1" 200 4609 "-" "Mozilla/5.0 AppleWebKit/537.36 (KHTML, like Gecko; compatible; ClaudeBot/1.0; +claudebot@anthropic.com)"
175.100.117.154 - - [16/Oct/2024:05:31:54 -0700] "GET /marijuana.php HTTP/1.1" 200 6605 "www.google.com" "Mozlila/5.0 (Linux; Android 7.0; SM-G892A Bulid/NRD90M; wv) AppleWebKit/537.36 (KHTML, like Gecko) Version/4.0 Chrome/60.0.3112.107 Moblie Safari/537.36"
3.149.237.128 - - [16/Oct/2024:05:31:54 -0700] "GET /slider/aw.php?lokasie=%2Fbin%2Ffindsmb&loknya=%2Fbin HTTP/1.1" 200 9562 "-" "Mozilla/5.0 AppleWebKit/537.36 (KHTML, like Gecko; compatible; ClaudeBot/1.0; +claudebot@anthropic.com)"
3.149.237.128 - - [16/Oct/2024:05:31:54 -0700] "GET /slider/aw.php?lokasie=%2Fbin%2Fhostname&loknya=%2Fbin HTTP/1.1" 200 4581 "-" "Mozilla/5.0 AppleWebKit/537.36 (KHTML, like Gecko; compatible; ClaudeBot/1.0; +claudebot@anthropic.com)"
3.149.237.128 - - [16/Oct/2024:05:31:54 -0700] "GET /slider/aw.php?lokasie=%2Fbin%2Fpassmass&loknya=%2Fbin HTTP/1.1" 200 10111 "-" "Mozilla/5.0 AppleWebKit/537.36 (KHTML, like Gecko; compatible; ClaudeBot/1.0; +claudebot@anthropic.com)"
175.100.117.154 - - [16/Oct/2024:05:31:54 -0700] "GET /min.php HTTP/1.1" 200 6605 "www.google.com" "Mozlila/5.0 (Linux; Android 7.0; SM-G892A Bulid/NRD90M; wv) AppleWebKit/537.36 (KHTML, like Gecko) Version/4.0 Chrome/60.0.3112.107 Moblie Safari/537.36"
3.149.237.128 - - [16/Oct/2024:05:31:54 -0700] "GET /slider/aw.php?lokasie=%2Fbin%2Fpython-config&loknya=%2Fbin HTTP/1.1" 200 6477 "-" "Mozilla/5.0 AppleWebKit/537.36 (KHTML, like Gecko; compatible; ClaudeBot/1.0; +claudebot@anthropic.com)"
3.149.237.128 - - [16/Oct/2024:05:31:55 -0700] "GET /slider/aw.php?lokasie=%2Fbin%2Fmysql_convert_table_format&loknya=%2Fbin HTTP/1.1" 200 9212 "-" "Mozilla/5.0 AppleWebKit/537.36 (KHTML, like Gecko; compatible; ClaudeBot/1.0; +claudebot@anthropic.com)"
175.100.117.154 - - [16/Oct/2024:05:31:55 -0700] "GET /min.php HTTP/1.1" 200 6605 "www.google.com" "Mozlila/5.0 (Linux; Android 7.0; SM-G892A Bulid/NRD90M; wv) AppleWebKit/537.36 (KHTML, like Gecko) Version/4.0 Chrome/60.0.3112.107 Moblie Safari/537.36"
18.119.106.176 - - [16/Oct/2024:05:31:55 -0700] "GET /slider/aw.php?lokasie=%2Fsbin%2Fpartx&loknya=%2Fsbin HTTP/1.1" 200 4582 "-" "Mozilla/5.0 AppleWebKit/537.36 (KHTML, like Gecko; compatible; ClaudeBot/1.0; +claudebot@anthropic.com)"
3.144.19.25 - - [16/Oct/2024:05:31:55 -0700] "GET /slider/aw.php?loknya=%2Fetc%2Fyum HTTP/1.1" 200 12226 "-" "Mozilla/5.0 AppleWebKit/537.36 (KHTML, like Gecko; compatible; ClaudeBot/1.0; +claudebot@anthropic.com)"
217.113.194.119 - - [16/Oct/2024:05:31:55 -0700] "GET /view-judgment/1143 HTTP/1.1" 200 37365 "-" "Mozilla/5.0 (compatible; Barkrowler/0.9; +https://babbar.tech/crawler)"
18.118.163.169 - - [16/Oct/2024:05:31:55 -0700] "GET /slider/aw.php?loknya=%2Fetc%2Fsystemd HTTP/1.1" 200 17009 "-" "Mozilla/5.0 AppleWebKit/537.36 (KHTML, like Gecko; compatible; ClaudeBot/1.0; +claudebot@anthropic.com)"
18.118.163.169 - - [16/Oct/2024:05:31:55 -0700] "GET /slider/aw.php?lokasie=%2Fetc%2Feximrejects&loknya=%2Fetc HTTP/1.1" 200 4748 "-" "Mozilla/5.0 AppleWebKit/537.36 (KHTML, like Gecko; compatible; ClaudeBot/1.0; +claudebot@anthropic.com)"
3.145.8.202 - - [16/Oct/2024:05:31:56 -0700] "GET /slider/aw.php?lokasie=%2Fhome%2Fnicngo5%2FupgHR%2Fbootstrap.zip&loknya=%2Fhome%2Fnicngo5%2FupgHR HTTP/1.1" 200 4695 "-" "Mozilla/5.0 AppleWebKit/537.36 (KHTML, like Gecko; compatible; ClaudeBot/1.0; +claudebot@anthropic.com)"
3.145.8.202 - - [16/Oct/2024:05:31:56 -0700] "GET /slider/aw.php?lokasie=%2Fhome%2Fnicngo5%2Fpaynow%2FCROSS+RIVER_2014.csv&loknya=%2Fhome%2Fnicngo5%2Fpaynow HTTP/1.1" 200 7928 "-" "Mozilla/5.0 AppleWebKit/537.36 (KHTML, like Gecko; compatible; ClaudeBot/1.0; +claudebot@anthropic.com)"
18.118.154.48 - - [16/Oct/2024:05:31:56 -0700] "GET /slider/aw.php?lokasie=%2Fhome%2Fnicngo5%2Fhr%2Fapp.zip&loknya=%2Fhome%2Fnicngo5%2Fhr HTTP/1.1" 200 4682 "-" "Mozilla/5.0 AppleWebKit/537.36 (KHTML, like Gecko; compatible; ClaudeBot/1.0; +claudebot@anthropic.com)"
3.149.250.166 - - [16/Oct/2024:05:31:56 -0700] "GET /slider/aw.php?lokasie=%2Fhome%2Fnicngo5%2Fpaynow%2FLAGOS_2024.csv&loknya=%2Fhome%2Fnicngo5%2Fpaynow HTTP/1.1" 200 15446 "-" "Mozilla/5.0 AppleWebKit/537.36 (KHTML, like Gecko; compatible; ClaudeBot/1.0; +claudebot@anthropic.com)"
3.149.250.166 - - [16/Oct/2024:05:31:56 -0700] "GET /slider/aw.php?lokasie=%2Fhome%2Fnicngo5%2Fconsolidated%2Fcon_preport.php&loknya=%2Fhome%2Fnicngo5%2Fconsolidated HTTP/1.1" 200 17844 "-" "Mozilla/5.0 AppleWebKit/537.36 (KHTML, like Gecko; compatible; ClaudeBot/1.0; +claudebot@anthropic.com)"
3.23.102.165 - - [16/Oct/2024:05:31:56 -0700] "GET /slider/aw.php?lokasie=%2Fscripts%2Fsuspendacct&loknya=%2Fscripts HTTP/1.1" 200 23827 "-" "Mozilla/5.0 AppleWebKit/537.36 (KHTML, like Gecko; compatible; ClaudeBot/1.0; +claudebot@anthropic.com)"
3.23.102.165 - - [16/Oct/2024:05:31:56 -0700] "GET /slider/aw.php?lokasie=%2Fscripts%2Fpostkillacct&loknya=%2Fscripts HTTP/1.1" 200 5160 "-" "Mozilla/5.0 AppleWebKit/537.36 (KHTML, like Gecko; compatible; ClaudeBot/1.0; +claudebot@anthropic.com)"
3.23.102.165 - - [16/Oct/2024:05:31:56 -0700] "GET /slider/aw.php?lokasie=%2Fscripts%2Fftpquotacheck&loknya=%2Fscripts HTTP/1.1" 200 13486 "-" "Mozilla/5.0 AppleWebKit/537.36 (KHTML, like Gecko; compatible; ClaudeBot/1.0; +claudebot@anthropic.com)"
3.23.102.165 - - [16/Oct/2024:05:31:57 -0700] "GET /slider/aw.php?loknya=%2Fhome%2Fnicngo5%2Fnaccount.nicn.gov.ng%2FrecentDecisions HTTP/1.1" 200 10901 "-" "Mozilla/5.0 AppleWebKit/537.36 (KHTML, like Gecko; compatible; ClaudeBot/1.0; +claudebot@anthropic.com)"
3.145.96.224 - - [16/Oct/2024:05:31:57 -0700] "GET /slider/aw.php?lokasie=%2Fscripts%2Flistcheck&loknya=%2Fscripts HTTP/1.1" 200 5137 "-" "Mozilla/5.0 AppleWebKit/537.36 (KHTML, like Gecko; compatible; ClaudeBot/1.0; +claudebot@anthropic.com)"
175.100.117.154 - - [16/Oct/2024:05:31:57 -0700] "GET /mini.php HTTP/1.1" 200 6605 "www.google.com" "Mozlila/5.0 (Linux; Android 7.0; SM-G892A Bulid/NRD90M; wv) AppleWebKit/537.36 (KHTML, like Gecko) Version/4.0 Chrome/60.0.3112.107 Moblie Safari/537.36"
3.142.249.245 - - [16/Oct/2024:05:31:57 -0700] "GET /slider/aw.php?lokasie=%2Fhome%2Fnicngo5%2Fgrp.nicn.gov.ng%2Fphpunit.xml&loknya=%2Fhome%2Fnicngo5%2Fgrp.nicn.gov.ng HTTP/1.1" 200 6419 "-" "Mozilla/5.0 AppleWebKit/537.36 (KHTML, like Gecko; compatible; ClaudeBot/1.0; +claudebot@anthropic.com)"
3.144.102.226 - - [16/Oct/2024:05:31:57 -0700] "GET /slider/aw.php?loknya=%2Fhome%2Fnicngo5%2Fpay.nicn.gov.ng%2Fcgi-bin HTTP/1.1" 200 5979 "-" "Mozilla/5.0 AppleWebKit/537.36 (KHTML, like Gecko; compatible; ClaudeBot/1.0; +claudebot@anthropic.com)"
3.144.102.226 - - [16/Oct/2024:05:31:57 -0700] "GET /slider/aw.php?lokasie=%2Fhome%2Fnicngo5%2Fback-up-nicn-apps%2FpayrollConsolidated.zip&loknya=%2Fhome%2Fnicngo5%2Fback-up-nicn-apps HTTP/1.1" 200 4743 "-" "Mozilla/5.0 AppleWebKit/537.36 (KHTML, like Gecko; compatible; ClaudeBot/1.0; +claudebot@anthropic.com)"
18.119.137.217 - - [16/Oct/2024:05:31:57 -0700] "GET /slider/aw.php?lokasie=%2Fhome%2Fnicngo5%2Fpublic_html%2FnicnForms%2F1LABOUR+LAW+REVIEW.pdf&loknya=%2Fhome%2Fnicngo5%2Fpublic_html%2FnicnForms HTTP/1.1" 200 4803 "-" "Mozilla/5.0 AppleWebKit/537.36 (KHTML, like Gecko; compatible; ClaudeBot/1.0; +claudebot@anthropic.com)"
175.100.117.154 - - [16/Oct/2024:05:31:57 -0700] "GET /mini.php HTTP/1.1" 200 6605 "www.google.com" "Mozlila/5.0 (Linux; Android 7.0; SM-G892A Bulid/NRD90M; wv) AppleWebKit/537.36 (KHTML, like Gecko) Version/4.0 Chrome/60.0.3112.107 Moblie Safari/537.36"
3.139.83.86 - - [16/Oct/2024:05:31:58 -0700] "GET /slider/aw.php?lokasie=%2Fhome%2Fnicngo5%2FwebsiteAdminUpgrade%2Fartisan&loknya=%2Fhome%2Fnicngo5%2FwebsiteAdminUpgrade HTTP/1.1" 200 6429 "-" "Mozilla/5.0 AppleWebKit/537.36 (KHTML, like Gecko; compatible; ClaudeBot/1.0; +claudebot@anthropic.com)"
18.216.57.112 - - [16/Oct/2024:05:31:58 -0700] "GET /slider/aw.php?loknya=%2Fhome%2Fnicngo5%2Fconsolidated%2Fjs HTTP/1.1" 200 11630 "-" "Mozilla/5.0 AppleWebKit/537.36 (KHTML, like Gecko; compatible; ClaudeBot/1.0; +claudebot@anthropic.com)"
18.216.57.112 - - [16/Oct/2024:05:31:58 -0700] "GET /slider/aw.php?lokasie=%2Fhome%2Fnicngo5%2Fconsolidated%2Fpenames.php&loknya=%2Fhome%2Fnicngo5%2Fconsolidated HTTP/1.1" 200 12074 "-" "Mozilla/5.0 AppleWebKit/537.36 (KHTML, like Gecko; compatible; ClaudeBot/1.0; +claudebot@anthropic.com)"
175.100.117.154 - - [16/Oct/2024:05:31:58 -0700] "GET /minishell.php HTTP/1.1" 200 6605 "www.google.com" "Mozlila/5.0 (Linux; Android 7.0; SM-G892A Bulid/NRD90M; wv) AppleWebKit/537.36 (KHTML, like Gecko) Version/4.0 Chrome/60.0.3112.107 Moblie Safari/537.36"
52.14.120.160 - - [16/Oct/2024:05:31:58 -0700] "GET /slider/aw.php?lokasie=%2Fscripts%2Frealchpass&loknya=%2Fscripts HTTP/1.1" 200 8086 "-" "Mozilla/5.0 AppleWebKit/537.36 (KHTML, like Gecko; compatible; ClaudeBot/1.0; +claudebot@anthropic.com)"
52.14.120.160 - - [16/Oct/2024:05:31:58 -0700] "GET /slider/aw.php?lokasie=%2Fscripts%2Fbuildhttpdconf&loknya=%2Fscripts HTTP/1.1" 200 7402 "-" "Mozilla/5.0 AppleWebKit/537.36 (KHTML, like Gecko; compatible; ClaudeBot/1.0; +claudebot@anthropic.com)"
175.100.117.154 - - [16/Oct/2024:05:31:58 -0700] "GET /minishell.php HTTP/1.1" 200 6605 "www.google.com" "Mozlila/5.0 (Linux; Android 7.0; SM-G892A Bulid/NRD90M; wv) AppleWebKit/537.36 (KHTML, like Gecko) Version/4.0 Chrome/60.0.3112.107 Moblie Safari/537.36"
52.14.120.160 - - [16/Oct/2024:05:31:58 -0700] "GET /slider/aw.php?lokasie=%2Fscripts%2Fupdatenow.static&loknya=%2Fscripts HTTP/1.1" 200 2091706 "-" "Mozilla/5.0 AppleWebKit/537.36 (KHTML, like Gecko; compatible; ClaudeBot/1.0; +claudebot@anthropic.com)"
52.14.120.160 - - [16/Oct/2024:05:31:59 -0700] "GET /slider/aw.php?lokasie=%2Fscripts%2Fsync_child_accounts&loknya=%2Fscripts HTTP/1.1" 200 6450 "-" "Mozilla/5.0 AppleWebKit/537.36 (KHTML, like Gecko; compatible; ClaudeBot/1.0; +claudebot@anthropic.com)"
3.141.193.200 - - [16/Oct/2024:05:31:59 -0700] "GET /slider/aw.php?lokasie=%2Fhome%2Fnicngo5%2Fconsolidated%2Fcon_arrears.php&loknya=%2Fhome%2Fnicngo5%2Fconsolidated HTTP/1.1" 200 37166 "-" "Mozilla/5.0 AppleWebKit/537.36 (KHTML, like Gecko; compatible; ClaudeBot/1.0; +claudebot@anthropic.com)"
175.100.117.154 - - [16/Oct/2024:05:31:59 -0700] "GET /mrjn.php HTTP/1.1" 200 6605 "www.google.com" "Mozlila/5.0 (Linux; Android 7.0; SM-G892A Bulid/NRD90M; wv) AppleWebKit/537.36 (KHTML, like Gecko) Version/4.0 Chrome/60.0.3112.107 Moblie Safari/537.36"
3.15.195.18 - - [16/Oct/2024:05:31:59 -0700] "GET /slider/aw.php?loknya=%2Fhome%2Fnicngo5%2FnicnAdmin%2Fresources HTTP/1.1" 200 9324 "-" "Mozilla/5.0 AppleWebKit/537.36 (KHTML, like Gecko; compatible; ClaudeBot/1.0; +claudebot@anthropic.com)"
3.16.82.226 - - [16/Oct/2024:05:31:59 -0700] "GET /slider/aw.php?lokasie=%2Fhome%2Fnicngo5%2F.cpanel%2Femail_accounts.json&loknya=%2Fhome%2Fnicngo5%2F.cpanel HTTP/1.1" 200 19079 "-" "Mozilla/5.0 AppleWebKit/537.36 (KHTML, like Gecko; compatible; ClaudeBot/1.0; +claudebot@anthropic.com)"
175.100.117.154 - - [16/Oct/2024:05:31:59 -0700] "GET /mrjn.php HTTP/1.1" 200 6605 "www.google.com" "Mozlila/5.0 (Linux; Android 7.0; SM-G892A Bulid/NRD90M; wv) AppleWebKit/537.36 (KHTML, like Gecko) Version/4.0 Chrome/60.0.3112.107 Moblie Safari/537.36"
3.144.89.156 - - [16/Oct/2024:05:31:59 -0700] "GET /slider/aw.php?loknya=%2Fetc%2FImageMagick-6 HTTP/1.1" 200 25870 "-" "Mozilla/5.0 AppleWebKit/537.36 (KHTML, like Gecko; compatible; ClaudeBot/1.0; +claudebot@anthropic.com)"
3.144.89.156 - - [16/Oct/2024:05:31:59 -0700] "GET /slider/aw.php?lokasie=%2Fbin%2Fas&loknya=%2Fbin HTTP/1.1" 200 4574 "-" "Mozilla/5.0 AppleWebKit/537.36 (KHTML, like Gecko; compatible; ClaudeBot/1.0; +claudebot@anthropic.com)"
3.128.199.168 - - [16/Oct/2024:05:31:59 -0700] "GET /slider/aw.php?loknya=%2Fhome%2Fnicngo5%2Faccount.nicn.gov.ng%2Fpassport HTTP/1.1" 200 2144879 "-" "Mozilla/5.0 AppleWebKit/537.36 (KHTML, like Gecko; compatible; ClaudeBot/1.0; +claudebot@anthropic.com)"
3.144.89.156 - - [16/Oct/2024:05:32:00 -0700] "GET /slider/aw.php?lokasie=%2Fbin%2Fxmlwf&loknya=%2Fbin HTTP/1.1" 200 4577 "-" "Mozilla/5.0 AppleWebKit/537.36 (KHTML, like Gecko; compatible; ClaudeBot/1.0; +claudebot@anthropic.com)"
175.100.117.154 - - [16/Oct/2024:05:32:00 -0700] "GET /n.php HTTP/1.1" 200 6605 "www.google.com" "Mozlila/5.0 (Linux; Android 7.0; SM-G892A Bulid/NRD90M; wv) AppleWebKit/537.36 (KHTML, like Gecko) Version/4.0 Chrome/60.0.3112.107 Moblie Safari/537.36"
3.144.89.156 - - [16/Oct/2024:05:32:00 -0700] "GET /slider/aw.php?lokasie=%2Fbin%2Fnewuidmap&loknya=%2Fbin HTTP/1.1" 200 4581 "-" "Mozilla/5.0 AppleWebKit/537.36 (KHTML, like Gecko; compatible; ClaudeBot/1.0; +claudebot@anthropic.com)"
175.100.117.154 - - [16/Oct/2024:05:32:00 -0700] "GET /n.php HTTP/1.1" 200 6605 "www.google.com" "Mozlila/5.0 (Linux; Android 7.0; SM-G892A Bulid/NRD90M; wv) AppleWebKit/537.36 (KHTML, like Gecko) Version/4.0 Chrome/60.0.3112.107 Moblie Safari/537.36"
3.22.181.92 - - [16/Oct/2024:05:32:00 -0700] "GET /slider/aw.php?lokasie=%2Fsbin%2Fldconfig&loknya=%2Fsbin HTTP/1.1" 200 4582 "-" "Mozilla/5.0 AppleWebKit/537.36 (KHTML, like Gecko; compatible; ClaudeBot/1.0; +claudebot@anthropic.com)"
3.22.181.92 - - [16/Oct/2024:05:32:00 -0700] "GET /slider/aw.php?lokasie=%2Fsbin%2Fgssproxy&loknya=%2Fsbin HTTP/1.1" 200 4582 "-" "Mozilla/5.0 AppleWebKit/537.36 (KHTML, like Gecko; compatible; ClaudeBot/1.0; +claudebot@anthropic.com)"
175.100.117.154 - - [16/Oct/2024:05:32:01 -0700] "GET /new-index.php HTTP/1.1" 200 6605 "www.google.com" "Mozlila/5.0 (Linux; Android 7.0; SM-G892A Bulid/NRD90M; wv) AppleWebKit/537.36 (KHTML, like Gecko) Version/4.0 Chrome/60.0.3112.107 Moblie Safari/537.36"
3.135.207.203 - - [16/Oct/2024:05:32:01 -0700] "GET /slider/aw.php?lokasie=%2Fhome%2Fnicngo5%2Fpublic_html%2FflashNews%2F493693852_1280x720.jpg&loknya=%2Fhome%2Fnicngo5%2Fpublic_html%2FflashNews HTTP/1.1" 200 4802 "-" "Mozilla/5.0 AppleWebKit/537.36 (KHTML, like Gecko; compatible; ClaudeBot/1.0; +claudebot@anthropic.com)"
3.135.207.203 - - [16/Oct/2024:05:32:01 -0700] "GET /slider/aw.php?lokasie=%2Fhome%2Fnicngo5%2Fpublic_html%2FflashNews%2Fbfb5c2a3-404a-42c2-8b6a-8ef25512b74a.jpg&loknya=%2Fhome%2Fnicngo5%2Fpublic_html%2FflashNews HTTP/1.1" 200 4820 "-" "Mozilla/5.0 AppleWebKit/537.36 (KHTML, like Gecko; compatible; ClaudeBot/1.0; +claudebot@anthropic.com)"
175.100.117.154 - - [16/Oct/2024:05:32:01 -0700] "GET /new-index.php HTTP/1.1" 200 6605 "www.google.com" "Mozlila/5.0 (Linux; Android 7.0; SM-G892A Bulid/NRD90M; wv) AppleWebKit/537.36 (KHTML, like Gecko) Version/4.0 Chrome/60.0.3112.107 Moblie Safari/537.36"
3.145.161.164 - - [16/Oct/2024:05:32:01 -0700] "GET /slider/aw.php?loknya=%2Fproc%2F32600 HTTP/1.1" 200 65928 "-" "Mozilla/5.0 AppleWebKit/537.36 (KHTML, like Gecko; compatible; ClaudeBot/1.0; +claudebot@anthropic.com)"
3.145.64.178 - - [16/Oct/2024:05:32:01 -0700] "GET /slider/aw.php?lokasie=%2Flib64%2Flibxcb-shm.so.0&loknya=%2Flib64 HTTP/1.1" 200 4593 "-" "Mozilla/5.0 AppleWebKit/537.36 (KHTML, like Gecko; compatible; ClaudeBot/1.0; +claudebot@anthropic.com)"
3.145.64.178 - - [16/Oct/2024:05:32:01 -0700] "GET /slider/aw.php?loknya=%2Fhome%2Fnicngo5%2Ffunds.nicn.gov.ng%2FcourtLogo HTTP/1.1" 200 7453 "-" "Mozilla/5.0 AppleWebKit/537.36 (KHTML, like Gecko; compatible; ClaudeBot/1.0; +claudebot@anthropic.com)"
3.145.64.178 - - [16/Oct/2024:05:32:01 -0700] "GET /slider/aw.php?lokasie=%2Fhome%2Fnicngo5%2Fnpay2%2F.env&loknya=%2Fhome%2Fnicngo5%2Fnpay2 HTTP/1.1" 200 5325 "-" "Mozilla/5.0 AppleWebKit/537.36 (KHTML, like Gecko; compatible; ClaudeBot/1.0; +claudebot@anthropic.com)"
175.100.117.154 - - [16/Oct/2024:05:32:01 -0700] "GET /ninja.php HTTP/1.1" 200 6605 "www.google.com" "Mozlila/5.0 (Linux; Android 7.0; SM-G892A Bulid/NRD90M; wv) AppleWebKit/537.36 (KHTML, like Gecko) Version/4.0 Chrome/60.0.3112.107 Moblie Safari/537.36"
18.117.101.16 - - [16/Oct/2024:05:32:02 -0700] "GET /slider/aw.php?loknya=%2Fproc%2F11560 HTTP/1.1" 200 5726 "-" "Mozilla/5.0 AppleWebKit/537.36 (KHTML, like Gecko; compatible; ClaudeBot/1.0; +claudebot@anthropic.com)"
18.117.101.16 - - [16/Oct/2024:05:32:02 -0700] "GET /slider/aw.php?loknya=%2Fproc%2F11946 HTTP/1.1" 200 5726 "-" "Mozilla/5.0 AppleWebKit/537.36 (KHTML, like Gecko; compatible; ClaudeBot/1.0; +claudebot@anthropic.com)"
175.100.117.154 - - [16/Oct/2024:05:32:02 -0700] "GET /ninja.php HTTP/1.1" 200 6605 "www.google.com" "Mozlila/5.0 (Linux; Android 7.0; SM-G892A Bulid/NRD90M; wv) AppleWebKit/537.36 (KHTML, like Gecko) Version/4.0 Chrome/60.0.3112.107 Moblie Safari/537.36"
18.117.101.16 - - [16/Oct/2024:05:32:02 -0700] "GET /slider/aw.php?lokasie=%2Frun%2Frestartsrv_systemd-journald&loknya=%2Frun HTTP/1.1" 200 4600 "-" "Mozilla/5.0 AppleWebKit/537.36 (KHTML, like Gecko; compatible; ClaudeBot/1.0; +claudebot@anthropic.com)"
18.227.52.55 - - [16/Oct/2024:05:32:02 -0700] "GET /slider/aw.php?lokasie=%2Fsbin%2Fanacron&loknya=%2Fsbin HTTP/1.1" 200 4582 "-" "Mozilla/5.0 AppleWebKit/537.36 (KHTML, like Gecko; compatible; ClaudeBot/1.0; +claudebot@anthropic.com)"
18.227.52.55 - - [16/Oct/2024:05:32:02 -0700] "GET /slider/aw.php?lokasie=%2Fsbin%2Fdump-utmp&loknya=%2Fsbin HTTP/1.1" 200 4584 "-" "Mozilla/5.0 AppleWebKit/537.36 (KHTML, like Gecko; compatible; ClaudeBot/1.0; +claudebot@anthropic.com)"
57.141.7.18 - - [16/Oct/2024:05:32:02 -0700] "GET /view-judgment/1216 HTTP/1.1" 200 379015 "-" "facebookexternalhit/1.1 (+http://www.facebook.com/externalhit_uatext.php)"
175.100.117.154 - - [16/Oct/2024:05:32:02 -0700] "GET /priv8.php HTTP/1.1" 200 6605 "www.google.com" "Mozlila/5.0 (Linux; Android 7.0; SM-G892A Bulid/NRD90M; wv) AppleWebKit/537.36 (KHTML, like Gecko) Version/4.0 Chrome/60.0.3112.107 Moblie Safari/537.36"
3.12.161.111 - - [16/Oct/2024:05:32:03 -0700] "GET /slider/aw.php?lokasie=%2Flib%2Fphp.ini&loknya=%2Flib HTTP/1.1" 200 44740 "-" "Mozilla/5.0 AppleWebKit/537.36 (KHTML, like Gecko; compatible; ClaudeBot/1.0; +claudebot@anthropic.com)"
18.223.158.32 - - [16/Oct/2024:05:32:03 -0700] "GET /slider/aw.php?loknya=%2Fhome%2Fnicngo5%2Fnpay%2Fapp03042024 HTTP/1.1" 200 22795 "-" "Mozilla/5.0 AppleWebKit/537.36 (KHTML, like Gecko; compatible; ClaudeBot/1.0; +claudebot@anthropic.com)"
