ÿØÿàJFIFÿáExifMM*ÿÛC  Dre4m Was Here
Dre4m Shell
Server IP : 199.250.214.225  /  Your IP : 18.118.138.191
Web Server : Apache
System : Linux vps64074.inmotionhosting.com 3.10.0-1160.105.1.vz7.214.3 #1 SMP Tue Jan 9 19:45:01 MSK 2024 x86_64
User : nicngo5 ( 1001)
PHP Version : 7.4.33
Disable Function : exec,passthru,shell_exec,system
MySQL : OFF  |  cURL : ON  |  WGET : ON  |  Perl : ON  |  Python : ON  |  Sudo : ON  |  Pkexec : OFF
Directory :  /home/nicngo5/access-logs/

Upload File :
current_dir [ Writeable ] document_root [ Writeable ]

 

Command :


[ HOME SHELL ]     

Current File : /home/nicngo5//access-logs/nicn.gov.ng-ssl_log
57.141.7.1 - - [16/Oct/2024:05:06:14 -0700] "GET /index.php/view-judgment/662 HTTP/1.1" 200 18468 "-" "meta-externalagent/1.1 (+https://developers.facebook.com/docs/sharing/webmasters/crawler)"
57.141.7.12 - - [16/Oct/2024:05:06:21 -0700] "GET /view-judgment/860 HTTP/1.1" 200 29232 "-" "meta-externalagent/1.1 (+https://developers.facebook.com/docs/sharing/webmasters/crawler)"
57.141.7.12 - - [16/Oct/2024:05:06:26 -0700] "GET /index.php/view-judgment/329 HTTP/1.1" 200 41451 "-" "meta-externalagent/1.1 (+https://developers.facebook.com/docs/sharing/webmasters/crawler)"
57.141.7.7 - - [16/Oct/2024:05:06:29 -0700] "GET /index.php/view-judgment/916 HTTP/1.1" 200 39768 "-" "meta-externalagent/1.1 (+https://developers.facebook.com/docs/sharing/webmasters/crawler)"
57.141.7.6 - - [16/Oct/2024:05:06:30 -0700] "GET /judgement?page=17 HTTP/1.1" 200 157020 "-" "facebookexternalhit/1.1 (+http://www.facebook.com/externalhit_uatext.php)"
57.141.7.22 - - [16/Oct/2024:05:06:30 -0700] "GET /view-judgment/1898 HTTP/1.1" 200 40684 "-" "meta-externalagent/1.1 (+https://developers.facebook.com/docs/sharing/webmasters/crawler)"
57.141.7.17 - - [16/Oct/2024:05:06:34 -0700] "GET /court-division?page=2 HTTP/1.1" 200 53038 "-" "meta-externalagent/1.1 (+https://developers.facebook.com/docs/sharing/webmasters/crawler)"
57.141.7.12 - - [16/Oct/2024:05:06:38 -0700] "GET /view-judgment/1198 HTTP/1.1" 200 115764 "-" "facebookexternalhit/1.1 (+http://www.facebook.com/externalhit_uatext.php)"
57.141.7.11 - - [16/Oct/2024:05:06:40 -0700] "GET /index.php/view-judgment/912 HTTP/1.1" 200 13639 "-" "meta-externalagent/1.1 (+https://developers.facebook.com/docs/sharing/webmasters/crawler)"
57.141.7.21 - - [16/Oct/2024:05:06:42 -0700] "GET /index.php/view-judgment/1425 HTTP/1.1" 200 17689 "-" "facebookexternalhit/1.1 (+http://www.facebook.com/externalhit_uatext.php)"
57.141.7.11 - - [16/Oct/2024:05:06:46 -0700] "GET /view-judgment/404 HTTP/1.1" 200 6280 "-" "facebookexternalhit/1.1 (+http://www.facebook.com/externalhit_uatext.php)"
41.73.14.162 - - [16/Oct/2024:05:06:49 -0700] "GET /view-judgment/1479 HTTP/1.1" 200 59569 "https://www.google.com/" "Mozilla/5.0 (Linux; Android 10; K) AppleWebKit/537.36 (KHTML, like Gecko) Chrome/129.0.0.0 Mobile Safari/537.36"
72.14.201.90 - - [16/Oct/2024:05:06:49 -0700] "GET /court-division HTTP/1.1" 200 67868 "https://www.google.com/" "Mozilla/5.0 (Linux; Android 10; K) AppleWebKit/537.36 (KHTML, like Gecko) Chrome/129.0.0.0 Mobile Safari/537.36"
57.141.7.14 - - [16/Oct/2024:05:06:50 -0700] "GET /view-judgment/1148 HTTP/1.1" 200 41643 "-" "meta-externalagent/1.1 (+https://developers.facebook.com/docs/sharing/webmasters/crawler)"
41.73.14.162 - - [16/Oct/2024:05:06:50 -0700] "GET /favicon.ico HTTP/1.1" 200 6590 "https://nicn.gov.ng/view-judgment/1479" "Mozilla/5.0 (Linux; Android 10; K) AppleWebKit/537.36 (KHTML, like Gecko) Chrome/129.0.0.0 Mobile Safari/537.36"
193.186.4.90 - - [16/Oct/2024:05:06:50 -0700] "GET /view-judgment/1199 HTTP/1.1" 200 79721 "https://www.google.com/" "Mozilla/5.0 (Linux; Android 10; K) AppleWebKit/537.36 (KHTML, like Gecko) Chrome/129.0.0.0 Mobile Safari/537.36"
57.141.7.6 - - [16/Oct/2024:05:06:55 -0700] "GET /view-judgment/1298 HTTP/1.1" 200 23951 "-" "facebookexternalhit/1.1 (+http://www.facebook.com/externalhit_uatext.php)"
57.141.7.27 - - [16/Oct/2024:05:06:57 -0700] "GET /index.php/view-judgment/39 HTTP/1.1" 200 44028 "-" "facebookexternalhit/1.1 (+http://www.facebook.com/externalhit_uatext.php)"
57.141.7.4 - - [16/Oct/2024:05:07:09 -0700] "GET /view-judgment/307 HTTP/1.1" 200 10534 "-" "meta-externalagent/1.1 (+https://developers.facebook.com/docs/sharing/webmasters/crawler)"
72.14.201.90 - - [16/Oct/2024:05:07:22 -0700] "GET /index.php/view-judgment/1830 HTTP/1.1" 200 114657 "https://www.google.com/" "Mozilla/5.0 (Linux; Android 10; K) AppleWebKit/537.36 (KHTML, like Gecko) Chrome/129.0.0.0 Mobile Safari/537.36"
57.141.7.13 - - [16/Oct/2024:05:07:33 -0700] "GET /index.php/view-judgment/1316 HTTP/1.1" 200 71475 "-" "facebookexternalhit/1.1 (+http://www.facebook.com/externalhit_uatext.php)"
66.249.79.232 - - [16/Oct/2024:05:07:36 -0700] "GET /view-judgment/1169 HTTP/1.1" 200 45267 "-" "Mozilla/5.0 (Linux; Android 6.0.1; Nexus 5X Build/MMB29P) AppleWebKit/537.36 (KHTML, like Gecko) Chrome/129.0.6668.89 Mobile Safari/537.36 (compatible; Googlebot/2.1; +http://www.google.com/bot.html)"
57.141.7.19 - - [16/Oct/2024:05:07:40 -0700] "GET /view-judgment/1345 HTTP/1.1" 200 35853 "-" "meta-externalagent/1.1 (+https://developers.facebook.com/docs/sharing/webmasters/crawler)"
105.112.215.39 - - [16/Oct/2024:05:07:42 -0700] "GET /favicon.ico HTTP/1.1" 200 6590 "https://nicn.gov.ng/index.php/view-judgment/1830" "Mozilla/5.0 (Linux; Android 10; K) AppleWebKit/537.36 (KHTML, like Gecko) Chrome/129.0.0.0 Mobile Safari/537.36"
57.141.7.11 - - [16/Oct/2024:05:07:43 -0700] "GET /view-judgment/522 HTTP/1.1" 200 39062 "-" "facebookexternalhit/1.1 (+http://www.facebook.com/externalhit_uatext.php)"
31.6.17.11 - - [16/Oct/2024:05:07:46 -0700] "GET / HTTP/1.1" 200 106707 "-" "Mozilla/5.0 (X11; Ubuntu; Linux x86_64; rv:126.0) Gecko/20100101 Firefox/126.0"
105.120.0.183 - - [16/Oct/2024:05:07:48 -0700] "GET /view-judgment/930 HTTP/1.1" 200 35616 "https://www.google.com/" "Mozilla/5.0 (Linux; Android 9; Infinix X625C) AppleWebKit/537.36 (KHTML, like Gecko) Chrome/72.0.3626.121 Mobile Safari/537.36"
105.120.0.183 - - [16/Oct/2024:05:07:50 -0700] "GET /favicon.ico HTTP/1.1" 200 6590 "https://nicn.gov.ng/view-judgment/930" "Mozilla/5.0 (Linux; Android 9; Infinix X625C) AppleWebKit/537.36 (KHTML, like Gecko) Chrome/72.0.3626.121 Mobile Safari/537.36"
31.6.17.11 - - [16/Oct/2024:05:07:50 -0700] "GET / HTTP/1.1" 200 107071 "-" "Mozilla/5.0 (X11; Ubuntu; Linux x86_64; rv:126.0) Gecko/20100101 Firefox/126.0"
57.141.7.7 - - [16/Oct/2024:05:07:54 -0700] "GET /view-judgment/500 HTTP/1.1" 200 25900 "-" "facebookexternalhit/1.1 (+http://www.facebook.com/externalhit_uatext.php)"
31.6.17.11 - - [16/Oct/2024:05:07:54 -0700] "GET / HTTP/1.1" 200 106707 "-" "Mozilla/5.0 (X11; Ubuntu; Linux x86_64; rv:126.0) Gecko/20100101 Firefox/126.0"
57.141.7.26 - - [16/Oct/2024:05:07:55 -0700] "GET /view-judgment/1404 HTTP/1.1" 200 72124 "-" "facebookexternalhit/1.1 (+http://www.facebook.com/externalhit_uatext.php)"
57.141.7.18 - - [16/Oct/2024:05:07:59 -0700] "GET /index.php/view-judgment/41 HTTP/1.1" 200 24677 "-" "facebookexternalhit/1.1 (+http://www.facebook.com/externalhit_uatext.php)"
31.6.17.11 - - [16/Oct/2024:05:07:58 -0700] "GET / HTTP/1.1" 200 107071 "-" "Mozilla/5.0 (X11; Ubuntu; Linux x86_64; rv:126.0) Gecko/20100101 Firefox/126.0"
57.141.7.4 - - [16/Oct/2024:05:08:00 -0700] "GET /index.php/view-judgment/1461 HTTP/1.1" 200 138124 "-" "meta-externalagent/1.1 (+https://developers.facebook.com/docs/sharing/webmasters/crawler)"
72.14.201.90 - - [16/Oct/2024:05:08:00 -0700] "GET /index.php/view-judgment/1830 HTTP/1.1" 200 114657 "https://www.google.com/" "Mozilla/5.0 (Linux; Android 10; K) AppleWebKit/537.36 (KHTML, like Gecko) Chrome/129.0.0.0 Mobile Safari/537.36"
173.252.107.112 - - [16/Oct/2024:05:08:02 -0700] "GET / HTTP/1.1" 200 106707 "-" "meta-externalagent/1.1 (+https://developers.facebook.com/docs/sharing/webmasters/crawler)"
193.186.4.90 - - [16/Oct/2024:05:08:06 -0700] "GET /view-judgment/1900 HTTP/1.1" 200 22521 "https://www.google.com/" "Mozilla/5.0 (Linux; Android 10; K) AppleWebKit/537.36 (KHTML, like Gecko) Chrome/129.0.0.0 Mobile Safari/537.36"
57.141.7.21 - - [16/Oct/2024:05:08:12 -0700] "GET /index.php/view-judgment/639 HTTP/1.1" 200 36345 "-" "facebookexternalhit/1.1 (+http://www.facebook.com/externalhit_uatext.php)"
197.210.29.117 - - [16/Oct/2024:05:08:23 -0700] "GET /view-judgment/1461 HTTP/1.1" 200 138124 "https://www.google.com/" "Mozilla/5.0 (Linux; Android 10; K) AppleWebKit/537.36 (KHTML, like Gecko) Chrome/129.0.0.0 Mobile Safari/537.36"
197.210.29.117 - - [16/Oct/2024:05:08:24 -0700] "GET /favicon.ico HTTP/1.1" 200 6590 "https://nicn.gov.ng/view-judgment/1461" "Mozilla/5.0 (Linux; Android 10; K) AppleWebKit/537.36 (KHTML, like Gecko) Chrome/129.0.0.0 Mobile Safari/537.36"
57.141.7.20 - - [16/Oct/2024:05:08:24 -0700] "GET /view-judgment/1659 HTTP/1.1" 200 46410 "-" "meta-externalagent/1.1 (+https://developers.facebook.com/docs/sharing/webmasters/crawler)"
57.141.7.9 - - [16/Oct/2024:05:08:26 -0700] "GET /view-judgment/221 HTTP/1.1" 200 3499 "-" "meta-externalagent/1.1 (+https://developers.facebook.com/docs/sharing/webmasters/crawler)"
57.141.7.1 - - [16/Oct/2024:05:08:27 -0700] "GET /index.php/view-judgment/861 HTTP/1.1" 200 42503 "-" "facebookexternalhit/1.1 (+http://www.facebook.com/externalhit_uatext.php)"
57.141.7.20 - - [16/Oct/2024:05:08:29 -0700] "GET /view-judgment/513 HTTP/1.1" 200 53690 "-" "meta-externalagent/1.1 (+https://developers.facebook.com/docs/sharing/webmasters/crawler)"
66.249.79.231 - - [16/Oct/2024:05:08:37 -0700] "GET /view-judgment/1805 HTTP/1.1" 200 24917 "-" "Mozilla/5.0 (Linux; Android 6.0.1; Nexus 5X Build/MMB29P) AppleWebKit/537.36 (KHTML, like Gecko) Chrome/129.0.6668.89 Mobile Safari/537.36 (compatible; Googlebot/2.1; +http://www.google.com/bot.html)"
57.141.7.21 - - [16/Oct/2024:05:08:52 -0700] "GET /view-judgment/614 HTTP/1.1" 200 14992 "-" "facebookexternalhit/1.1 (+http://www.facebook.com/externalhit_uatext.php)"
57.141.7.9 - - [16/Oct/2024:05:09:12 -0700] "GET /view-judgment/1930 HTTP/1.1" 200 45020 "-" "meta-externalagent/1.1 (+https://developers.facebook.com/docs/sharing/webmasters/crawler)"
57.141.7.17 - - [16/Oct/2024:05:09:19 -0700] "GET /view-judgment/1078 HTTP/1.1" 200 61583 "-" "meta-externalagent/1.1 (+https://developers.facebook.com/docs/sharing/webmasters/crawler)"
57.141.7.9 - - [16/Oct/2024:05:09:25 -0700] "GET /index.php/judicial-cadre/39 HTTP/1.1" 200 53464 "-" "facebookexternalhit/1.1 (+http://www.facebook.com/externalhit_uatext.php)"
57.141.7.11 - - [16/Oct/2024:05:09:26 -0700] "GET /view-judgment/1510 HTTP/1.1" 200 33548 "-" "meta-externalagent/1.1 (+https://developers.facebook.com/docs/sharing/webmasters/crawler)"
66.249.79.233 - - [16/Oct/2024:05:09:37 -0700] "GET /index.php/view-judgment/686 HTTP/1.1" 200 27181 "-" "Mozilla/5.0 (Linux; Android 6.0.1; Nexus 5X Build/MMB29P) AppleWebKit/537.36 (KHTML, like Gecko) Chrome/129.0.6668.89 Mobile Safari/537.36 (compatible; Googlebot/2.1; +http://www.google.com/bot.html)"
66.249.79.233 - - [16/Oct/2024:05:09:38 -0700] "GET /view-judgment/1501 HTTP/1.1" 200 42275 "-" "Mozilla/5.0 (Linux; Android 6.0.1; Nexus 5X Build/MMB29P) AppleWebKit/537.36 (KHTML, like Gecko) Chrome/129.0.6668.89 Mobile Safari/537.36 (compatible; Googlebot/2.1; +http://www.google.com/bot.html)"
57.141.7.26 - - [16/Oct/2024:05:09:38 -0700] "GET /index.php/view-judgment/1593 HTTP/1.1" 200 91700 "-" "facebookexternalhit/1.1 (+http://www.facebook.com/externalhit_uatext.php)"
57.141.7.8 - - [16/Oct/2024:05:09:53 -0700] "GET /view-judgment/251 HTTP/1.1" 200 6632 "-" "meta-externalagent/1.1 (+https://developers.facebook.com/docs/sharing/webmasters/crawler)"
57.141.7.6 - - [16/Oct/2024:05:09:59 -0700] "GET /view-judgment/1663 HTTP/1.1" 200 46117 "-" "facebookexternalhit/1.1 (+http://www.facebook.com/externalhit_uatext.php)"
72.14.201.90 - - [16/Oct/2024:05:10:05 -0700] "GET /view-judgment/1894 HTTP/1.1" 200 62574 "https://www.google.com/" "Mozilla/5.0 (Windows NT 10.0; Win64; x64) AppleWebKit/537.36 (KHTML, like Gecko) Chrome/129.0.0.0 Safari/537.36"
57.141.7.7 - - [16/Oct/2024:05:10:09 -0700] "GET /view-judgment/1098 HTTP/1.1" 200 32196 "-" "facebookexternalhit/1.1 (+http://www.facebook.com/externalhit_uatext.php)"
57.141.7.23 - - [16/Oct/2024:05:10:37 -0700] "GET /view-judgment/286 HTTP/1.1" 200 12898 "-" "meta-externalagent/1.1 (+https://developers.facebook.com/docs/sharing/webmasters/crawler)"
69.171.251.4 - - [16/Oct/2024:05:10:37 -0700] "GET /view-judgment/1483 HTTP/1.1" 200 23577 "-" "facebookexternalhit/1.1 (+http://www.facebook.com/externalhit_uatext.php)"
69.171.251.1 - - [16/Oct/2024:05:10:37 -0700] "GET /view-judgment/586 HTTP/1.1" 200 23953 "-" "facebookexternalhit/1.1 (+http://www.facebook.com/externalhit_uatext.php)"
69.171.251.2 - - [16/Oct/2024:05:10:37 -0700] "GET /view-judgment/1878 HTTP/1.1" 200 23580 "-" "meta-externalagent/1.1 (+https://developers.facebook.com/docs/sharing/webmasters/crawler)"
69.171.251.17 - - [16/Oct/2024:05:10:37 -0700] "GET /view-judgment/965 HTTP/1.1" 200 131657 "-" "meta-externalagent/1.1 (+https://developers.facebook.com/docs/sharing/webmasters/crawler)"
69.171.251.13 - - [16/Oct/2024:05:10:37 -0700] "GET /view-judgment/321 HTTP/1.1" 200 24497 "-" "meta-externalagent/1.1 (+https://developers.facebook.com/docs/sharing/webmasters/crawler)"
66.249.68.68 - - [16/Oct/2024:05:10:38 -0700] "GET /view-judgment/1897 HTTP/1.1" 200 27267 "-" "Mozilla/5.0 (Linux; Android 6.0.1; Nexus 5X Build/MMB29P) AppleWebKit/537.36 (KHTML, like Gecko) Chrome/129.0.6668.89 Mobile Safari/537.36 (compatible; Googlebot/2.1; +http://www.google.com/bot.html)"
57.141.7.14 - - [16/Oct/2024:05:10:39 -0700] "GET /view-judgment/1454 HTTP/1.1" 200 94671 "-" "meta-externalagent/1.1 (+https://developers.facebook.com/docs/sharing/webmasters/crawler)"
57.141.7.18 - - [16/Oct/2024:05:10:58 -0700] "GET /view-judgment/456 HTTP/1.1" 200 47500 "-" "facebookexternalhit/1.1 (+http://www.facebook.com/externalhit_uatext.php)"
57.141.7.10 - - [16/Oct/2024:05:11:03 -0700] "GET /view-judgment/777 HTTP/1.1" 200 55187 "-" "meta-externalagent/1.1 (+https://developers.facebook.com/docs/sharing/webmasters/crawler)"
57.141.7.12 - - [16/Oct/2024:05:11:03 -0700] "GET /index.php/view-judgment/1011 HTTP/1.1" 200 16839 "-" "meta-externalagent/1.1 (+https://developers.facebook.com/docs/sharing/webmasters/crawler)"
57.141.7.12 - - [16/Oct/2024:05:11:10 -0700] "GET /index.php/view-judgment/1709 HTTP/1.1" 200 16419 "-" "meta-externalagent/1.1 (+https://developers.facebook.com/docs/sharing/webmasters/crawler)"
40.77.167.9 - - [16/Oct/2024:05:11:10 -0700] "GET /view-judgment/1240 HTTP/1.1" 200 60705 "-" "Mozilla/5.0 AppleWebKit/537.36 (KHTML, like Gecko; compatible; bingbot/2.0; +http://www.bing.com/bingbot.htm) Chrome/116.0.1938.76 Safari/537.36"
57.141.7.19 - - [16/Oct/2024:05:11:11 -0700] "GET /index.php/view-judgment/727 HTTP/1.1" 200 55762 "-" "meta-externalagent/1.1 (+https://developers.facebook.com/docs/sharing/webmasters/crawler)"
57.141.7.4 - - [16/Oct/2024:05:11:13 -0700] "GET /view-judgment/588 HTTP/1.1" 200 37278 "-" "meta-externalagent/1.1 (+https://developers.facebook.com/docs/sharing/webmasters/crawler)"
57.141.7.18 - - [16/Oct/2024:05:11:15 -0700] "GET /view-judgment/1351 HTTP/1.1" 200 207212 "-" "meta-externalagent/1.1 (+https://developers.facebook.com/docs/sharing/webmasters/crawler)"
57.141.7.22 - - [16/Oct/2024:05:11:20 -0700] "GET /index.php/view-judgment/1515 HTTP/1.1" 200 29899 "-" "facebookexternalhit/1.1 (+http://www.facebook.com/externalhit_uatext.php)"
57.141.7.3 - - [16/Oct/2024:05:11:26 -0700] "GET /index.php/view-judgment/178 HTTP/1.1" 200 5770 "-" "facebookexternalhit/1.1 (+http://www.facebook.com/externalhit_uatext.php)"
57.141.7.9 - - [16/Oct/2024:05:11:27 -0700] "GET /index.php/view-judgment/1557 HTTP/1.1" 200 33409 "-" "facebookexternalhit/1.1 (+http://www.facebook.com/externalhit_uatext.php)"
57.141.7.15 - - [16/Oct/2024:05:11:29 -0700] "GET /index.php/judicial-cadre/86 HTTP/1.1" 200 53322 "-" "meta-externalagent/1.1 (+https://developers.facebook.com/docs/sharing/webmasters/crawler)"
57.141.7.21 - - [16/Oct/2024:05:11:33 -0700] "GET /view-judgment/1658 HTTP/1.1" 200 21665 "-" "facebookexternalhit/1.1 (+http://www.facebook.com/externalhit_uatext.php)"
45.207.211.133 - - [16/Oct/2024:05:11:33 -0700] "GET /wp-content/plugins/visualizer/readme.txt HTTP/1.1" 200 12130 "-" "Mozilla/5.0 (Windows NT 10.0; rv:109.0) Gecko/20100101 Firefox/117.0"
45.207.211.133 - - [16/Oct/2024:05:11:36 -0700] "POST /admin/?n=language&c=language_general&a=doExportPack HTTP/1.1" 200 12136 "-" "Mozilla/5.0 (X11; Linux i686; rv:128.0) Gecko/20100101 Firefox/128.0"
45.207.211.133 - - [16/Oct/2024:05:11:36 -0700] "POST /ui/api/v1/ui/auth/login HTTP/1.1" 200 12120 "-" "Mozilla/5.0 (Macintosh; Intel Mac OS X 14_3) AppleWebKit/605.1.15 (KHTML, like Gecko) Version/17.2 Safari/605.1.15"
66.249.79.233 - - [16/Oct/2024:05:11:38 -0700] "GET /judgement?page=16 HTTP/1.1" 200 156778 "-" "Mozilla/5.0 (Linux; Android 6.0.1; Nexus 5X Build/MMB29P) AppleWebKit/537.36 (KHTML, like Gecko) Chrome/129.0.6668.89 Mobile Safari/537.36 (compatible; Googlebot/2.1; +http://www.google.com/bot.html)"
66.249.79.232 - - [16/Oct/2024:05:11:39 -0700] "GET /index.php/view-judgment/1932 HTTP/1.1" 200 25003 "-" "Mozilla/5.0 (Linux; Android 6.0.1; Nexus 5X Build/MMB29P) AppleWebKit/537.36 (KHTML, like Gecko) Chrome/129.0.6668.89 Mobile Safari/537.36 (compatible; Googlebot/2.1; +http://www.google.com/bot.html)"
57.141.7.22 - - [16/Oct/2024:05:11:40 -0700] "GET /view-judgment/1102 HTTP/1.1" 200 15134 "-" "facebookexternalhit/1.1 (+http://www.facebook.com/externalhit_uatext.php)"
57.141.7.8 - - [16/Oct/2024:05:11:41 -0700] "GET /view-judgment/723 HTTP/1.1" 200 32465 "-" "meta-externalagent/1.1 (+https://developers.facebook.com/docs/sharing/webmasters/crawler)"
45.207.211.133 - - [16/Oct/2024:05:11:44 -0700] "POST /apply_sec.cgi HTTP/1.1" 200 12118 "https://whm.nicn.gov.ng" "Mozilla/5.0 (X11; Ubuntu; Linux x86_64; rv:109.0) Gecko/20100101 Firefox/111.0"
173.252.107.116 - - [16/Oct/2024:05:11:45 -0700] "GET /view-judgment/893 HTTP/1.1" 200 21141 "-" "meta-externalagent/1.1 (+https://developers.facebook.com/docs/sharing/webmasters/crawler)"
45.207.211.133 - - [16/Oct/2024:05:11:45 -0700] "POST /apply_sec.cgi HTTP/1.1" 200 12114 "https://whm.nicn.gov.ng/login_pic.asp" "Mozilla/5.0 (X11; Linux i686) AppleWebKit/537.36 (KHTML, like Gecko) Chrome/123.0.0.0 Safari/537.36"
45.207.211.133 - - [16/Oct/2024:05:11:46 -0700] "POST /apply_sec.cgi HTTP/1.1" 200 12108 "https://whm.nicn.gov.ng/login_pic.asp" "Mozilla/5.0 (ZZ; Linux x86_64) AppleWebKit/537.36 (KHTML, like Gecko) Chrome/126.0.0.0 Safari/537.36"
57.141.7.14 - - [16/Oct/2024:05:11:47 -0700] "GET /index.php/view-judgment/36 HTTP/1.1" 200 21205 "-" "facebookexternalhit/1.1 (+http://www.facebook.com/externalhit_uatext.php)"
66.249.79.232 - - [16/Oct/2024:05:11:48 -0700] "GET /slider/IMG-20201006-WA0009.jpg HTTP/1.1" 304 - "-" "Googlebot-Image/1.0"
57.141.7.1 - - [16/Oct/2024:05:11:51 -0700] "GET /view-judgment/1209 HTTP/1.1" 200 42903 "-" "facebookexternalhit/1.1 (+http://www.facebook.com/externalhit_uatext.php)"
102.90.67.199 - - [16/Oct/2024:05:11:52 -0700] "GET /view-judgment/1802 HTTP/1.1" 200 18787 "https://www.google.com/" "Mozilla/5.0 (Linux; U; Android 14; en-gb; SM-A055F Build/UP1A.231005.007) AppleWebKit/537.36 (KHTML, like Gecko) Chrome/111.0.5563.116 Mobile Safari/537.36 PHX/16.7"
102.90.67.199 - - [16/Oct/2024:05:11:52 -0700] "GET /favicon.ico HTTP/1.1" 200 6590 "https://nicn.gov.ng/view-judgment/1802" "Mozilla/5.0 (Linux; U; Android 14; en-gb; SM-A055F Build/UP1A.231005.007) AppleWebKit/537.36 (KHTML, like Gecko) Chrome/111.0.5563.116 Mobile Safari/537.36 PHX/16.7"
102.90.67.199 - - [16/Oct/2024:05:11:53 -0700] "GET /favicon.ico HTTP/1.1" 200 6590 "-" "okhttp/4.10.0"
193.186.4.90 - - [16/Oct/2024:05:11:55 -0700] "GET /view-judgment/1896 HTTP/1.1" 200 54408 "https://www.google.com/" "Mozilla/5.0 (Linux; Android 10; K) AppleWebKit/537.36 (KHTML, like Gecko) Chrome/129.0.0.0 Mobile Safari/537.36"
57.141.7.27 - - [16/Oct/2024:05:11:57 -0700] "GET /judgement?page=9 HTTP/1.1" 200 143010 "-" "meta-externalagent/1.1 (+https://developers.facebook.com/docs/sharing/webmasters/crawler)"
57.141.7.13 - - [16/Oct/2024:05:11:58 -0700] "GET /view-judgment/802 HTTP/1.1" 200 82961 "-" "facebookexternalhit/1.1 (+http://www.facebook.com/externalhit_uatext.php)"
197.210.53.80 - - [16/Oct/2024:05:11:58 -0700] "GET / HTTP/1.1" 200 106707 "https://www.google.com/" "Mozilla/5.0 (Linux; Android 10; K) AppleWebKit/537.36 (KHTML, like Gecko) Chrome/129.0.0.0 Mobile Safari/537.36"
197.210.53.80 - - [16/Oct/2024:05:11:59 -0700] "GET /css/bootstrap.min.css HTTP/1.1" 200 28421 "https://nicn.gov.ng/" "Mozilla/5.0 (Linux; Android 10; K) AppleWebKit/537.36 (KHTML, like Gecko) Chrome/129.0.0.0 Mobile Safari/537.36"
197.210.53.80 - - [16/Oct/2024:05:11:59 -0700] "GET /css/owl.carousel.css HTTP/1.1" 200 1548 "https://nicn.gov.ng/" "Mozilla/5.0 (Linux; Android 10; K) AppleWebKit/537.36 (KHTML, like Gecko) Chrome/129.0.0.0 Mobile Safari/537.36"
197.210.53.80 - - [16/Oct/2024:05:11:59 -0700] "GET /js/causelist-ticker/demo.css HTTP/1.1" 200 3115 "https://nicn.gov.ng/" "Mozilla/5.0 (Linux; Android 10; K) AppleWebKit/537.36 (KHTML, like Gecko) Chrome/129.0.0.0 Mobile Safari/537.36"
57.141.7.27 - - [16/Oct/2024:05:11:59 -0700] "GET /index.php/view-judgment/1285 HTTP/1.1" 200 55577 "-" "meta-externalagent/1.1 (+https://developers.facebook.com/docs/sharing/webmasters/crawler)"
197.210.53.80 - - [16/Oct/2024:05:11:59 -0700] "GET /js/jquery-ui-1.10.4.min.js HTTP/1.1" 200 89281 "https://nicn.gov.ng/" "Mozilla/5.0 (Linux; Android 10; K) AppleWebKit/537.36 (KHTML, like Gecko) Chrome/129.0.0.0 Mobile Safari/537.36"
197.210.53.80 - - [16/Oct/2024:05:11:59 -0700] "GET /css/fontello.css HTTP/1.1" 200 120485 "https://nicn.gov.ng/" "Mozilla/5.0 (Linux; Android 10; K) AppleWebKit/537.36 (KHTML, like Gecko) Chrome/129.0.0.0 Mobile Safari/537.36"
197.210.53.80 - - [16/Oct/2024:05:11:59 -0700] "GET /images/nicn-logo.png HTTP/1.1" 200 37969 "https://nicn.gov.ng/" "Mozilla/5.0 (Linux; Android 10; K) AppleWebKit/537.36 (KHTML, like Gecko) Chrome/129.0.0.0 Mobile Safari/537.36"
57.141.7.5 - - [16/Oct/2024:05:11:59 -0700] "GET /view-judgment/25 HTTP/1.1" 200 22038 "-" "meta-externalagent/1.1 (+https://developers.facebook.com/docs/sharing/webmasters/crawler)"
197.210.53.80 - - [16/Oct/2024:05:11:59 -0700] "GET /js/jquery-1.11.0.min.js HTTP/1.1" 200 96381 "https://nicn.gov.ng/" "Mozilla/5.0 (Linux; Android 10; K) AppleWebKit/537.36 (KHTML, like Gecko) Chrome/129.0.0.0 Mobile Safari/537.36"
197.210.53.80 - - [16/Oct/2024:05:12:00 -0700] "GET /js/jssor.slider-27.1.0.min.js HTTP/1.1" 200 50313 "https://nicn.gov.ng/" "Mozilla/5.0 (Linux; Android 10; K) AppleWebKit/537.36 (KHTML, like Gecko) Chrome/129.0.0.0 Mobile Safari/537.36"
197.210.53.80 - - [16/Oct/2024:05:12:00 -0700] "GET /slider/4.jpg HTTP/1.1" 200 157174 "https://nicn.gov.ng/" "Mozilla/5.0 (Linux; Android 10; K) AppleWebKit/537.36 (KHTML, like Gecko) Chrome/129.0.0.0 Mobile Safari/537.36"
197.210.53.80 - - [16/Oct/2024:05:12:00 -0700] "GET /slider/Swearing%20In%201.JPG HTTP/1.1" 200 79763 "https://nicn.gov.ng/" "Mozilla/5.0 (Linux; Android 10; K) AppleWebKit/537.36 (KHTML, like Gecko) Chrome/129.0.0.0 Mobile Safari/537.36"
197.210.53.80 - - [16/Oct/2024:05:11:59 -0700] "GET /css/style.css HTTP/1.1" 200 129698 "https://nicn.gov.ng/" "Mozilla/5.0 (Linux; Android 10; K) AppleWebKit/537.36 (KHTML, like Gecko) Chrome/129.0.0.0 Mobile Safari/537.36"
197.210.53.80 - - [16/Oct/2024:05:12:00 -0700] "GET /slider/PHOTO-2018-06-12-15-11-31.jpg HTTP/1.1" 200 91995 "https://nicn.gov.ng/" "Mozilla/5.0 (Linux; Android 10; K) AppleWebKit/537.36 (KHTML, like Gecko) Chrome/129.0.0.0 Mobile Safari/537.36"
197.210.53.80 - - [16/Oct/2024:05:12:00 -0700] "GET /js/script.js HTTP/1.1" 200 36874 "https://nicn.gov.ng/" "Mozilla/5.0 (Linux; Android 10; K) AppleWebKit/537.36 (KHTML, like Gecko) Chrome/129.0.0.0 Mobile Safari/537.36"
197.210.53.80 - - [16/Oct/2024:05:12:00 -0700] "GET /js/judges-profile.js HTTP/1.1" 200 11814 "https://nicn.gov.ng/" "Mozilla/5.0 (Linux; Android 10; K) AppleWebKit/537.36 (KHTML, like Gecko) Chrome/129.0.0.0 Mobile Safari/537.36"
197.210.53.80 - - [16/Oct/2024:05:12:00 -0700] "GET /slider/9753b853-4815-402e-af70-32f6b0181371.JPG HTTP/1.1" 200 80730 "https://nicn.gov.ng/" "Mozilla/5.0 (Linux; Android 10; K) AppleWebKit/537.36 (KHTML, like Gecko) Chrome/129.0.0.0 Mobile Safari/537.36"
197.210.53.80 - - [16/Oct/2024:05:12:00 -0700] "GET /js/jquery.simpleTicker/jquery.bootstrap.newsbox.min.js HTTP/1.1" 200 6590 "https://nicn.gov.ng/" "Mozilla/5.0 (Linux; Android 10; K) AppleWebKit/537.36 (KHTML, like Gecko) Chrome/129.0.0.0 Mobile Safari/537.36"
197.210.53.80 - - [16/Oct/2024:05:12:00 -0700] "GET /slider/5.jpg HTTP/1.1" 200 125371 "https://nicn.gov.ng/" "Mozilla/5.0 (Linux; Android 10; K) AppleWebKit/537.36 (KHTML, like Gecko) Chrome/129.0.0.0 Mobile Safari/537.36"
197.210.53.80 - - [16/Oct/2024:05:12:01 -0700] "GET /slider/Court3.jpeg HTTP/1.1" 200 156711 "https://nicn.gov.ng/" "Mozilla/5.0 (Linux; Android 10; K) AppleWebKit/537.36 (KHTML, like Gecko) Chrome/129.0.0.0 Mobile Safari/537.36"
197.210.53.80 - - [16/Oct/2024:05:12:00 -0700] "GET /slider/Court2.jpeg HTTP/1.1" 200 189089 "https://nicn.gov.ng/" "Mozilla/5.0 (Linux; Android 10; K) AppleWebKit/537.36 (KHTML, like Gecko) Chrome/129.0.0.0 Mobile Safari/537.36"
197.210.53.80 - - [16/Oct/2024:05:12:01 -0700] "GET /slider/Court4.jpeg HTTP/1.1" 200 189793 "https://nicn.gov.ng/" "Mozilla/5.0 (Linux; Android 10; K) AppleWebKit/537.36 (KHTML, like Gecko) Chrome/129.0.0.0 Mobile Safari/537.36"
197.210.53.80 - - [16/Oct/2024:05:12:01 -0700] "GET /font/fontello3fbc.woff?51867504 HTTP/1.1" 200 6590 "https://nicn.gov.ng/css/fontello.css" "Mozilla/5.0 (Linux; Android 10; K) AppleWebKit/537.36 (KHTML, like Gecko) Chrome/129.0.0.0 Mobile Safari/537.36"
197.210.53.80 - - [16/Oct/2024:05:12:01 -0700] "GET /img/body-background.jpg HTTP/1.1" 200 6590 "https://nicn.gov.ng/css/style.css" "Mozilla/5.0 (Linux; Android 10; K) AppleWebKit/537.36 (KHTML, like Gecko) Chrome/129.0.0.0 Mobile Safari/537.36"
197.210.53.80 - - [16/Oct/2024:05:12:01 -0700] "GET /slider/Maiduguri%20(2).jpg HTTP/1.1" 200 101996 "https://nicn.gov.ng/" "Mozilla/5.0 (Linux; Android 10; K) AppleWebKit/537.36 (KHTML, like Gecko) Chrome/129.0.0.0 Mobile Safari/537.36"
197.210.53.80 - - [16/Oct/2024:05:12:01 -0700] "GET /slider/74c14df7-f94e-4bad-b201-fb1e063efba4.JPG HTTP/1.1" 200 68614 "https://nicn.gov.ng/" "Mozilla/5.0 (Linux; Android 10; K) AppleWebKit/537.36 (KHTML, like Gecko) Chrome/129.0.0.0 Mobile Safari/537.36"
197.210.53.80 - - [16/Oct/2024:05:12:01 -0700] "GET /slider/Swearing%20In%202.JPG HTTP/1.1" 200 73156 "https://nicn.gov.ng/" "Mozilla/5.0 (Linux; Android 10; K) AppleWebKit/537.36 (KHTML, like Gecko) Chrome/129.0.0.0 Mobile Safari/537.36"
197.210.53.80 - - [16/Oct/2024:05:12:01 -0700] "GET /slider/aw.php HTTP/1.1" 200 102979 "https://nicn.gov.ng/" "Mozilla/5.0 (Linux; Android 10; K) AppleWebKit/537.36 (KHTML, like Gecko) Chrome/129.0.0.0 Mobile Safari/537.36"
197.210.53.80 - - [16/Oct/2024:05:12:01 -0700] "GET /slider/Swearing%20In%207.JPG HTTP/1.1" 200 66189 "https://nicn.gov.ng/" "Mozilla/5.0 (Linux; Android 10; K) AppleWebKit/537.36 (KHTML, like Gecko) Chrome/129.0.0.0 Mobile Safari/537.36"
197.210.53.80 - - [16/Oct/2024:05:12:01 -0700] "GET /slider/Swearing%20In%205.JPG HTTP/1.1" 200 54541 "https://nicn.gov.ng/" "Mozilla/5.0 (Linux; Android 10; K) AppleWebKit/537.36 (KHTML, like Gecko) Chrome/129.0.0.0 Mobile Safari/537.36"
197.210.53.80 - - [16/Oct/2024:05:12:01 -0700] "GET /slider/Ibadan.jpg HTTP/1.1" 200 97451 "https://nicn.gov.ng/" "Mozilla/5.0 (Linux; Android 10; K) AppleWebKit/537.36 (KHTML, like Gecko) Chrome/129.0.0.0 Mobile Safari/537.36"
197.210.53.80 - - [16/Oct/2024:05:12:02 -0700] "GET /slider/IMG-20201006-WA0015.jpg HTTP/1.1" 200 48277 "https://nicn.gov.ng/" "Mozilla/5.0 (Linux; Android 10; K) AppleWebKit/537.36 (KHTML, like Gecko) Chrome/129.0.0.0 Mobile Safari/537.36"
197.210.53.80 - - [16/Oct/2024:05:12:02 -0700] "GET /slider/Swearing%20In%206.JPG HTTP/1.1" 200 58127 "https://nicn.gov.ng/" "Mozilla/5.0 (Linux; Android 10; K) AppleWebKit/537.36 (KHTML, like Gecko) Chrome/129.0.0.0 Mobile Safari/537.36"
197.210.53.80 - - [16/Oct/2024:05:12:02 -0700] "GET /slider/IMG-20201006-WA0009.jpg HTTP/1.1" 200 59622 "https://nicn.gov.ng/" "Mozilla/5.0 (Linux; Android 10; K) AppleWebKit/537.36 (KHTML, like Gecko) Chrome/129.0.0.0 Mobile Safari/537.36"
197.210.53.80 - - [16/Oct/2024:05:12:02 -0700] "GET /slider/Benin%20Division.jpg HTTP/1.1" 200 124899 "https://nicn.gov.ng/" "Mozilla/5.0 (Linux; Android 10; K) AppleWebKit/537.36 (KHTML, like Gecko) Chrome/129.0.0.0 Mobile Safari/537.36"
197.210.53.80 - - [16/Oct/2024:05:12:02 -0700] "GET /slider/New%20Group%20NicN%20Jugde%20-%20Slider%202.JPG HTTP/1.1" 200 132002 "https://nicn.gov.ng/" "Mozilla/5.0 (Linux; Android 10; K) AppleWebKit/537.36 (KHTML, like Gecko) Chrome/129.0.0.0 Mobile Safari/537.36"
197.210.53.80 - - [16/Oct/2024:05:12:02 -0700] "GET /font/fontello3fbc.ttf?51867504 HTTP/1.1" 200 6590 "https://nicn.gov.ng/css/fontello.css" "Mozilla/5.0 (Linux; Android 10; K) AppleWebKit/537.36 (KHTML, like Gecko) Chrome/129.0.0.0 Mobile Safari/537.36"
197.210.53.80 - - [16/Oct/2024:05:12:02 -0700] "GET /slider/a.jpg HTTP/1.1" 200 78683 "https://nicn.gov.ng/" "Mozilla/5.0 (Linux; Android 10; K) AppleWebKit/537.36 (KHTML, like Gecko) Chrome/129.0.0.0 Mobile Safari/537.36"
197.210.53.80 - - [16/Oct/2024:05:12:02 -0700] "GET /slider/IMG-20201006-WA0012.jpg HTTP/1.1" 200 41767 "https://nicn.gov.ng/" "Mozilla/5.0 (Linux; Android 10; K) AppleWebKit/537.36 (KHTML, like Gecko) Chrome/129.0.0.0 Mobile Safari/537.36"
197.210.53.80 - - [16/Oct/2024:05:12:02 -0700] "GET /slider/Swearing%20In%203.JPG HTTP/1.1" 200 43835 "https://nicn.gov.ng/" "Mozilla/5.0 (Linux; Android 10; K) AppleWebKit/537.36 (KHTML, like Gecko) Chrome/129.0.0.0 Mobile Safari/537.36"
197.210.53.80 - - [16/Oct/2024:05:12:02 -0700] "GET /slider/Jos.jpg HTTP/1.1" 200 102543 "https://nicn.gov.ng/" "Mozilla/5.0 (Linux; Android 10; K) AppleWebKit/537.36 (KHTML, like Gecko) Chrome/129.0.0.0 Mobile Safari/537.36"
197.210.53.80 - - [16/Oct/2024:05:12:02 -0700] "GET /slider/Enugu.jpg HTTP/1.1" 200 101163 "https://nicn.gov.ng/" "Mozilla/5.0 (Linux; Android 10; K) AppleWebKit/537.36 (KHTML, like Gecko) Chrome/129.0.0.0 Mobile Safari/537.36"
57.141.7.7 - - [16/Oct/2024:05:12:02 -0700] "GET /view-judgment/1725 HTTP/1.1" 200 23907 "-" "meta-externalagent/1.1 (+https://developers.facebook.com/docs/sharing/webmasters/crawler)"
197.210.53.80 - - [16/Oct/2024:05:12:02 -0700] "GET /slider/5bac350f-6267-47ed-a498-0f34a3077d04.JPG HTTP/1.1" 200 72252 "https://nicn.gov.ng/" "Mozilla/5.0 (Linux; Android 10; K) AppleWebKit/537.36 (KHTML, like Gecko) Chrome/129.0.0.0 Mobile Safari/537.36"
197.210.53.80 - - [16/Oct/2024:05:12:02 -0700] "GET /slider/IMG-20201006-WA0003.jpg HTTP/1.1" 200 76315 "https://nicn.gov.ng/" "Mozilla/5.0 (Linux; Android 10; K) AppleWebKit/537.36 (KHTML, like Gecko) Chrome/129.0.0.0 Mobile Safari/537.36"
197.210.53.80 - - [16/Oct/2024:05:12:02 -0700] "GET /slider/Kano.jpg HTTP/1.1" 200 83664 "https://nicn.gov.ng/" "Mozilla/5.0 (Linux; Android 10; K) AppleWebKit/537.36 (KHTML, like Gecko) Chrome/129.0.0.0 Mobile Safari/537.36"
197.210.53.80 - - [16/Oct/2024:05:12:02 -0700] "GET /slider/de71d8eb-aba2-4971-bb0f-238caf219368.jpg HTTP/1.1" 200 59104 "https://nicn.gov.ng/" "Mozilla/5.0 (Linux; Android 10; K) AppleWebKit/537.36 (KHTML, like Gecko) Chrome/129.0.0.0 Mobile Safari/537.36"
197.210.53.80 - - [16/Oct/2024:05:12:03 -0700] "GET /slider/Swearing%20In%204.JPG HTTP/1.1" 200 66189 "https://nicn.gov.ng/" "Mozilla/5.0 (Linux; Android 10; K) AppleWebKit/537.36 (KHTML, like Gecko) Chrome/129.0.0.0 Mobile Safari/537.36"
197.210.53.80 - - [16/Oct/2024:05:12:03 -0700] "GET /slider/IMG-20201006-WA0014.jpg HTTP/1.1" 200 68572 "https://nicn.gov.ng/" "Mozilla/5.0 (Linux; Android 10; K) AppleWebKit/537.36 (KHTML, like Gecko) Chrome/129.0.0.0 Mobile Safari/537.36"
197.210.53.80 - - [16/Oct/2024:05:12:03 -0700] "GET /slider/1b0424b2-1669-4eef-a0a1-ba4f35384469.JPG HTTP/1.1" 200 63597 "https://nicn.gov.ng/" "Mozilla/5.0 (Linux; Android 10; K) AppleWebKit/537.36 (KHTML, like Gecko) Chrome/129.0.0.0 Mobile Safari/537.36"
197.210.53.80 - - [16/Oct/2024:05:12:03 -0700] "GET /slider/IMG_3417.JPG HTTP/1.1" 200 66262 "https://nicn.gov.ng/" "Mozilla/5.0 (Linux; Android 10; K) AppleWebKit/537.36 (KHTML, like Gecko) Chrome/129.0.0.0 Mobile Safari/537.36"
197.210.53.80 - - [16/Oct/2024:05:12:03 -0700] "GET /images/slider-bg.jpg HTTP/1.1" 200 34357 "https://nicn.gov.ng/" "Mozilla/5.0 (Linux; Android 10; K) AppleWebKit/537.36 (KHTML, like Gecko) Chrome/129.0.0.0 Mobile Safari/537.36"
197.210.53.80 - - [16/Oct/2024:05:12:03 -0700] "GET /slider/as.php HTTP/1.1" 200 1005 "https://nicn.gov.ng/" "Mozilla/5.0 (Linux; Android 10; K) AppleWebKit/537.36 (KHTML, like Gecko) Chrome/129.0.0.0 Mobile Safari/537.36"
197.210.53.80 - - [16/Oct/2024:05:12:03 -0700] "GET /slider/a.php HTTP/1.1" 200 419 "https://nicn.gov.ng/" "Mozilla/5.0 (Linux; Android 10; K) AppleWebKit/537.36 (KHTML, like Gecko) Chrome/129.0.0.0 Mobile Safari/537.36"
197.210.53.80 - - [16/Oct/2024:05:12:03 -0700] "GET /images/judges/2-73491461.jpg HTTP/1.1" 200 84210 "https://nicn.gov.ng/" "Mozilla/5.0 (Linux; Android 10; K) AppleWebKit/537.36 (KHTML, like Gecko) Chrome/129.0.0.0 Mobile Safari/537.36"
197.210.53.80 - - [16/Oct/2024:05:12:03 -0700] "GET /images/judges/6.jpg HTTP/1.1" 200 24831 "https://nicn.gov.ng/" "Mozilla/5.0 (Linux; Android 10; K) AppleWebKit/537.36 (KHTML, like Gecko) Chrome/129.0.0.0 Mobile Safari/537.36"
197.210.53.80 - - [16/Oct/2024:05:12:03 -0700] "GET /images/judges/3.jpg HTTP/1.1" 200 24950 "https://nicn.gov.ng/" "Mozilla/5.0 (Linux; Android 10; K) AppleWebKit/537.36 (KHTML, like Gecko) Chrome/129.0.0.0 Mobile Safari/537.36"
197.210.53.80 - - [16/Oct/2024:05:12:03 -0700] "GET /images/judges/5.jpg HTTP/1.1" 200 24932 "https://nicn.gov.ng/" "Mozilla/5.0 (Linux; Android 10; K) AppleWebKit/537.36 (KHTML, like Gecko) Chrome/129.0.0.0 Mobile Safari/537.36"
197.210.53.80 - - [16/Oct/2024:05:12:03 -0700] "GET /images/nicn-app.png HTTP/1.1" 200 13288 "https://nicn.gov.ng/" "Mozilla/5.0 (Linux; Android 10; K) AppleWebKit/537.36 (KHTML, like Gecko) Chrome/129.0.0.0 Mobile Safari/537.36"
197.210.53.80 - - [16/Oct/2024:05:12:03 -0700] "GET /connect.facebook.net/en_US/all.js HTTP/1.1" 200 6590 "https://nicn.gov.ng/" "Mozilla/5.0 (Linux; Android 10; K) AppleWebKit/537.36 (KHTML, like Gecko) Chrome/129.0.0.0 Mobile Safari/537.36"
102.90.67.199 - - [16/Oct/2024:05:12:03 -0700] "GET /view-judgment/1802 HTTP/1.1" 200 18787 "https://www.google.com/" "Mozilla/5.0 (Linux; U; Android 14; en-gb; SM-A055F Build/UP1A.231005.007) AppleWebKit/537.36 (KHTML, like Gecko) Chrome/111.0.5563.116 Mobile Safari/537.36 PHX/16.7"
57.141.7.21 - - [16/Oct/2024:05:12:03 -0700] "GET /view-judgment/1987 HTTP/1.1" 200 57153 "-" "meta-externalagent/1.1 (+https://developers.facebook.com/docs/sharing/webmasters/crawler)"
102.90.67.199 - - [16/Oct/2024:05:12:04 -0700] "GET /favicon.ico HTTP/1.1" 200 6590 "https://nicn.gov.ng/view-judgment/1802" "Mozilla/5.0 (Linux; U; Android 14; en-gb; SM-A055F Build/UP1A.231005.007) AppleWebKit/537.36 (KHTML, like Gecko) Chrome/111.0.5563.116 Mobile Safari/537.36 PHX/16.7"
102.90.67.199 - - [16/Oct/2024:05:12:05 -0700] "GET /favicon.ico HTTP/1.1" 200 6590 "-" "okhttp/4.10.0"
197.210.53.80 - - [16/Oct/2024:05:12:08 -0700] "GET /favicon.ico HTTP/1.1" 200 6590 "https://nicn.gov.ng/" "Mozilla/5.0 (Linux; Android 10; K) AppleWebKit/537.36 (KHTML, like Gecko) Chrome/129.0.0.0 Mobile Safari/537.36"
197.210.53.16 - - [16/Oct/2024:05:12:09 -0700] "GET /view-judgment/1623 HTTP/1.1" 200 25453 "https://www.google.com/" "Mozilla/5.0 (Linux; Android 10; K) AppleWebKit/537.36 (KHTML, like Gecko) Chrome/129.0.0.0 Mobile Safari/537.36"
197.210.53.16 - - [16/Oct/2024:05:12:10 -0700] "GET /favicon.ico HTTP/1.1" 200 6590 "https://nicn.gov.ng/view-judgment/1623" "Mozilla/5.0 (Linux; Android 10; K) AppleWebKit/537.36 (KHTML, like Gecko) Chrome/129.0.0.0 Mobile Safari/537.36"
197.210.53.16 - - [16/Oct/2024:05:12:12 -0700] "GET /view-judgment/1623 HTTP/1.1" 200 25453 "https://www.google.com/" "Mozilla/5.0 (Linux; Android 10; K) AppleWebKit/537.36 (KHTML, like Gecko) Chrome/129.0.0.0 Mobile Safari/537.36"
197.210.53.16 - - [16/Oct/2024:05:12:13 -0700] "GET /favicon.ico HTTP/1.1" 200 6590 "https://nicn.gov.ng/view-judgment/1623" "Mozilla/5.0 (Linux; Android 10; K) AppleWebKit/537.36 (KHTML, like Gecko) Chrome/129.0.0.0 Mobile Safari/537.36"
57.141.7.13 - - [16/Oct/2024:05:12:15 -0700] "GET /view-judgment/1811 HTTP/1.1" 200 19724 "-" "facebookexternalhit/1.1 (+http://www.facebook.com/externalhit_uatext.php)"
3.141.25.201 - - [16/Oct/2024:05:12:27 -0700] "GET /slider/aw.php?lokasie=%2Fhome%2Fnicngo5%2Fpublic_html%2Fpublication%2FEFFECTS_OF_BUSINESS_COMBINATIONS.pdf&loknya=%2Fhome%2Fnicngo5%2Fpublic_html%2Fpublication HTTP/1.1" 200 4821 "-" "Mozilla/5.0 AppleWebKit/537.36 (KHTML, like Gecko; compatible; ClaudeBot/1.0; +claudebot@anthropic.com)"
3.141.25.201 - - [16/Oct/2024:05:12:27 -0700] "GET /slider/aw.php?lokasie=%2Fhome%2Fnicngo5%2Fpublic_html%2Fpublication%2FNICN+%28ADR%29++Centre+Rules+PRINT.pdf&loknya=%2Fhome%2Fnicngo5%2Fpublic_html%2Fpublication HTTP/1.1" 200 4819 "-" "Mozilla/5.0 AppleWebKit/537.36 (KHTML, like Gecko; compatible; ClaudeBot/1.0; +claudebot@anthropic.com)"
57.141.7.23 - - [16/Oct/2024:05:12:35 -0700] "GET /index.php/view-judgment/976 HTTP/1.1" 200 132153 "-" "facebookexternalhit/1.1 (+http://www.facebook.com/externalhit_uatext.php)"
57.141.7.10 - - [16/Oct/2024:05:12:36 -0700] "GET /index.php/view-judgment/1377 HTTP/1.1" 200 56253 "-" "facebookexternalhit/1.1 (+http://www.facebook.com/externalhit_uatext.php)"
57.141.7.22 - - [16/Oct/2024:05:12:37 -0700] "GET /view-judgment/454 HTTP/1.1" 200 51910 "-" "meta-externalagent/1.1 (+https://developers.facebook.com/docs/sharing/webmasters/crawler)"
57.141.7.1 - - [16/Oct/2024:05:12:39 -0700] "GET /index.php/view-judgment/624 HTTP/1.1" 200 32764 "-" "facebookexternalhit/1.1 (+http://www.facebook.com/externalhit_uatext.php)"
66.249.79.232 - - [16/Oct/2024:05:12:39 -0700] "GET /view-judgment/1754 HTTP/1.1" 200 31209 "-" "Mozilla/5.0 (Linux; Android 6.0.1; Nexus 5X Build/MMB29P) AppleWebKit/537.36 (KHTML, like Gecko) Chrome/129.0.6668.89 Mobile Safari/537.36 (compatible; Googlebot/2.1; +http://www.google.com/bot.html)"
57.141.7.7 - - [16/Oct/2024:05:12:43 -0700] "GET /view-judgment/1273 HTTP/1.1" 200 37632 "-" "facebookexternalhit/1.1 (+http://www.facebook.com/externalhit_uatext.php)"
57.141.7.7 - - [16/Oct/2024:05:12:44 -0700] "GET /view-judgment/958 HTTP/1.1" 200 34232 "-" "facebookexternalhit/1.1 (+http://www.facebook.com/externalhit_uatext.php)"
57.141.7.12 - - [16/Oct/2024:05:12:49 -0700] "GET /view-judgment/78 HTTP/1.1" 200 18759 "-" "facebookexternalhit/1.1 (+http://www.facebook.com/externalhit_uatext.php)"
3.137.181.106 - - [16/Oct/2024:05:12:51 -0700] "GET /slider/aw.php?lokasie=%2Fhome%2Fnicngo5%2Fpublic_html%2Fbrochure%2Fdownload-filecase.pdf&loknya=%2Fhome%2Fnicngo5%2Fpublic_html%2Fbrochure HTTP/1.1" 200 4798 "-" "Mozilla/5.0 AppleWebKit/537.36 (KHTML, like Gecko; compatible; ClaudeBot/1.0; +claudebot@anthropic.com)"
13.59.167.83 - - [16/Oct/2024:05:12:52 -0700] "GET /slider/aw.php?lokasie=%2Fhome%2Fnicngo5%2Fpublic_html%2FnicnForms%2FFORM+69.pdf&loknya=%2Fhome%2Fnicngo5%2Fpublic_html%2FnicnForms HTTP/1.1" 200 4790 "-" "Mozilla/5.0 AppleWebKit/537.36 (KHTML, like Gecko; compatible; ClaudeBot/1.0; +claudebot@anthropic.com)"
13.59.167.83 - - [16/Oct/2024:05:12:52 -0700] "GET /slider/aw.php?lokasie=%2Fhome%2Fnicngo5%2Fpublic_html%2FnicnForms%2FFORM+29.pdf&loknya=%2Fhome%2Fnicngo5%2Fpublic_html%2FnicnForms HTTP/1.1" 200 4790 "-" "Mozilla/5.0 AppleWebKit/537.36 (KHTML, like Gecko; compatible; ClaudeBot/1.0; +claudebot@anthropic.com)"
13.59.167.83 - - [16/Oct/2024:05:12:52 -0700] "GET /slider/aw.php?lokasie=%2Fhome%2Fnicngo5%2Fpublic_html%2FnicnForms%2FFORM+68.pdf&loknya=%2Fhome%2Fnicngo5%2Fpublic_html%2FnicnForms HTTP/1.1" 200 4790 "-" "Mozilla/5.0 AppleWebKit/537.36 (KHTML, like Gecko; compatible; ClaudeBot/1.0; +claudebot@anthropic.com)"
13.59.167.83 - - [16/Oct/2024:05:12:53 -0700] "GET /slider/aw.php?lokasie=%2Fhome%2Fnicngo5%2Fpublic_html%2FnicnForms%2FFORM+97.pdf&loknya=%2Fhome%2Fnicngo5%2Fpublic_html%2FnicnForms HTTP/1.1" 200 4790 "-" "Mozilla/5.0 AppleWebKit/537.36 (KHTML, like Gecko; compatible; ClaudeBot/1.0; +claudebot@anthropic.com)"
13.59.167.83 - - [16/Oct/2024:05:12:53 -0700] "GET /slider/aw.php?lokasie=%2Fhome%2Fnicngo5%2Fpublic_html%2FnicnForms%2FFORM+39.pdf&loknya=%2Fhome%2Fnicngo5%2Fpublic_html%2FnicnForms HTTP/1.1" 200 4790 "-" "Mozilla/5.0 AppleWebKit/537.36 (KHTML, like Gecko; compatible; ClaudeBot/1.0; +claudebot@anthropic.com)"
13.59.167.83 - - [16/Oct/2024:05:12:53 -0700] "GET /slider/aw.php?lokasie=%2Fhome%2Fnicngo5%2Fpublic_html%2FnicnForms%2FFORM+46.pdf&loknya=%2Fhome%2Fnicngo5%2Fpublic_html%2FnicnForms HTTP/1.1" 200 4790 "-" "Mozilla/5.0 AppleWebKit/537.36 (KHTML, like Gecko; compatible; ClaudeBot/1.0; +claudebot@anthropic.com)"
13.59.167.83 - - [16/Oct/2024:05:12:53 -0700] "GET /slider/aw.php?lokasie=%2Fhome%2Fnicngo5%2Fpublic_html%2FnicnForms%2FFORM+54.pdf&loknya=%2Fhome%2Fnicngo5%2Fpublic_html%2FnicnForms HTTP/1.1" 200 4790 "-" "Mozilla/5.0 AppleWebKit/537.36 (KHTML, like Gecko; compatible; ClaudeBot/1.0; +claudebot@anthropic.com)"
13.59.167.83 - - [16/Oct/2024:05:12:53 -0700] "GET /slider/aw.php?lokasie=%2Fhome%2Fnicngo5%2Fpublic_html%2FnicnForms%2FFORM+66.pdf&loknya=%2Fhome%2Fnicngo5%2Fpublic_html%2FnicnForms HTTP/1.1" 200 4790 "-" "Mozilla/5.0 AppleWebKit/537.36 (KHTML, like Gecko; compatible; ClaudeBot/1.0; +claudebot@anthropic.com)"
13.59.167.83 - - [16/Oct/2024:05:12:54 -0700] "GET /slider/aw.php?lokasie=%2Fhome%2Fnicngo5%2Fpublic_html%2FnicnForms%2FFORM+16.pdf&loknya=%2Fhome%2Fnicngo5%2Fpublic_html%2FnicnForms HTTP/1.1" 200 4790 "-" "Mozilla/5.0 AppleWebKit/537.36 (KHTML, like Gecko; compatible; ClaudeBot/1.0; +claudebot@anthropic.com)"
13.59.167.83 - - [16/Oct/2024:05:12:54 -0700] "GET /slider/aw.php?lokasie=%2Fhome%2Fnicngo5%2Fpublic_html%2FnicnForms%2FForm+21.pdf&loknya=%2Fhome%2Fnicngo5%2Fpublic_html%2FnicnForms HTTP/1.1" 200 4790 "-" "Mozilla/5.0 AppleWebKit/537.36 (KHTML, like Gecko; compatible; ClaudeBot/1.0; +claudebot@anthropic.com)"
102.89.83.9 - - [16/Oct/2024:05:12:53 -0700] "GET / HTTP/1.1" 200 106707 "https://www.google.com/" "Mozilla/5.0 (Linux; Android 10; K) AppleWebKit/537.36 (KHTML, like Gecko) Chrome/129.0.0.0 Mobile Safari/537.36"
13.59.167.83 - - [16/Oct/2024:05:12:54 -0700] "GET /slider/aw.php?lokasie=%2Fhome%2Fnicngo5%2Fpublic_html%2FnicnForms%2FFORM+101.pdf&loknya=%2Fhome%2Fnicngo5%2Fpublic_html%2FnicnForms HTTP/1.1" 200 4791 "-" "Mozilla/5.0 AppleWebKit/537.36 (KHTML, like Gecko; compatible; ClaudeBot/1.0; +claudebot@anthropic.com)"
13.59.167.83 - - [16/Oct/2024:05:12:54 -0700] "GET /slider/aw.php?lokasie=%2Fhome%2Fnicngo5%2Fpublic_html%2FnicnForms%2FFORM+110.pdf&loknya=%2Fhome%2Fnicngo5%2Fpublic_html%2FnicnForms HTTP/1.1" 200 4791 "-" "Mozilla/5.0 AppleWebKit/537.36 (KHTML, like Gecko; compatible; ClaudeBot/1.0; +claudebot@anthropic.com)"
18.119.140.45 - - [16/Oct/2024:05:12:55 -0700] "GET /slider/aw.php?lokasie=%2Fhome%2Fnicngo5%2Fpublic_html%2Fspeech_paper%2Fspeech.pdf&loknya=%2Fhome%2Fnicngo5%2Fpublic_html%2Fspeech_paper HTTP/1.1" 200 4799 "-" "Mozilla/5.0 AppleWebKit/537.36 (KHTML, like Gecko; compatible; ClaudeBot/1.0; +claudebot@anthropic.com)"
102.89.83.9 - - [16/Oct/2024:05:12:56 -0700] "GET /img/body-background.jpg HTTP/1.1" 200 6590 "https://nicn.gov.ng/css/style.css" "Mozilla/5.0 (Linux; Android 10; K) AppleWebKit/537.36 (KHTML, like Gecko) Chrome/129.0.0.0 Mobile Safari/537.36"
102.89.83.9 - - [16/Oct/2024:05:12:56 -0700] "GET /connect.facebook.net/en_US/all.js HTTP/1.1" 200 6590 "https://nicn.gov.ng/" "Mozilla/5.0 (Linux; Android 10; K) AppleWebKit/537.36 (KHTML, like Gecko) Chrome/129.0.0.0 Mobile Safari/537.36"
102.89.83.9 - - [16/Oct/2024:05:12:56 -0700] "GET /font/fontello3fbc.woff?51867504 HTTP/1.1" 200 6590 "https://nicn.gov.ng/css/fontello.css" "Mozilla/5.0 (Linux; Android 10; K) AppleWebKit/537.36 (KHTML, like Gecko) Chrome/129.0.0.0 Mobile Safari/537.36"
102.89.83.9 - - [16/Oct/2024:05:12:56 -0700] "GET /slider/aw.php HTTP/1.1" 200 102977 "https://nicn.gov.ng/" "Mozilla/5.0 (Linux; Android 10; K) AppleWebKit/537.36 (KHTML, like Gecko) Chrome/129.0.0.0 Mobile Safari/537.36"
102.89.83.9 - - [16/Oct/2024:05:12:56 -0700] "GET /slider/a.php HTTP/1.1" 200 419 "https://nicn.gov.ng/" "Mozilla/5.0 (Linux; Android 10; K) AppleWebKit/537.36 (KHTML, like Gecko) Chrome/129.0.0.0 Mobile Safari/537.36"
102.89.83.9 - - [16/Oct/2024:05:12:56 -0700] "GET /slider/as.php HTTP/1.1" 200 1005 "https://nicn.gov.ng/" "Mozilla/5.0 (Linux; Android 10; K) AppleWebKit/537.36 (KHTML, like Gecko) Chrome/129.0.0.0 Mobile Safari/537.36"
102.89.83.9 - - [16/Oct/2024:05:12:56 -0700] "GET /font/fontello3fbc.ttf?51867504 HTTP/1.1" 200 6590 "https://nicn.gov.ng/css/fontello.css" "Mozilla/5.0 (Linux; Android 10; K) AppleWebKit/537.36 (KHTML, like Gecko) Chrome/129.0.0.0 Mobile Safari/537.36"
102.89.83.9 - - [16/Oct/2024:05:12:57 -0700] "GET /js/jquery.simpleTicker/jquery.bootstrap.newsbox.min.js HTTP/1.1" 200 6590 "https://nicn.gov.ng/" "Mozilla/5.0 (Linux; Android 10; K) AppleWebKit/537.36 (KHTML, like Gecko) Chrome/129.0.0.0 Mobile Safari/537.36"
102.89.83.9 - - [16/Oct/2024:05:13:00 -0700] "GET /favicon.ico HTTP/1.1" 200 6590 "https://nicn.gov.ng/" "Mozilla/5.0 (Linux; Android 10; K) AppleWebKit/537.36 (KHTML, like Gecko) Chrome/129.0.0.0 Mobile Safari/537.36"
57.141.7.15 - - [16/Oct/2024:05:13:00 -0700] "GET /view-judgment/1567 HTTP/1.1" 200 14950 "-" "facebookexternalhit/1.1 (+http://www.facebook.com/externalhit_uatext.php)"
57.141.7.19 - - [16/Oct/2024:05:13:00 -0700] "GET /index.php/view-judgment/1567 HTTP/1.1" 200 14950 "-" "facebookexternalhit/1.1 (+http://www.facebook.com/externalhit_uatext.php)"
57.141.7.4 - - [16/Oct/2024:05:13:01 -0700] "GET /index.php/view-judgment/1090 HTTP/1.1" 200 18570 "-" "facebookexternalhit/1.1 (+http://www.facebook.com/externalhit_uatext.php)"
57.141.7.2 - - [16/Oct/2024:05:13:02 -0700] "GET /view-judgment/500 HTTP/1.1" 200 25900 "-" "facebookexternalhit/1.1 (+http://www.facebook.com/externalhit_uatext.php)"
57.141.7.3 - - [16/Oct/2024:05:13:03 -0700] "GET /view-judgment/1925 HTTP/1.1" 200 36009 "-" "meta-externalagent/1.1 (+https://developers.facebook.com/docs/sharing/webmasters/crawler)"
57.141.7.28 - - [16/Oct/2024:05:13:04 -0700] "GET /view-judgment/579 HTTP/1.1" 200 34241 "-" "facebookexternalhit/1.1 (+http://www.facebook.com/externalhit_uatext.php)"
57.141.7.5 - - [16/Oct/2024:05:13:05 -0700] "GET /view-judgment/1777 HTTP/1.1" 200 32235 "-" "facebookexternalhit/1.1 (+http://www.facebook.com/externalhit_uatext.php)"
102.89.83.9 - - [16/Oct/2024:05:13:05 -0700] "GET / HTTP/1.1" 200 106707 "-" "Mozilla/5.0 (Linux; Android 10; K) AppleWebKit/537.36 (KHTML, like Gecko) Chrome/129.0.0.0 Mobile Safari/537.36"
102.89.83.9 - - [16/Oct/2024:05:13:08 -0700] "GET /connect.facebook.net/en_US/all.js HTTP/1.1" 200 6590 "https://nicn.gov.ng/" "Mozilla/5.0 (Linux; Android 10; K) AppleWebKit/537.36 (KHTML, like Gecko) Chrome/129.0.0.0 Mobile Safari/537.36"
102.89.83.9 - - [16/Oct/2024:05:13:08 -0700] "GET /slider/a.php HTTP/1.1" 200 419 "https://nicn.gov.ng/" "Mozilla/5.0 (Linux; Android 10; K) AppleWebKit/537.36 (KHTML, like Gecko) Chrome/129.0.0.0 Mobile Safari/537.36"
102.89.83.9 - - [16/Oct/2024:05:13:08 -0700] "GET /slider/as.php HTTP/1.1" 200 1005 "https://nicn.gov.ng/" "Mozilla/5.0 (Linux; Android 10; K) AppleWebKit/537.36 (KHTML, like Gecko) Chrome/129.0.0.0 Mobile Safari/537.36"
102.89.83.9 - - [16/Oct/2024:05:13:08 -0700] "GET /slider/aw.php HTTP/1.1" 200 102977 "https://nicn.gov.ng/" "Mozilla/5.0 (Linux; Android 10; K) AppleWebKit/537.36 (KHTML, like Gecko) Chrome/129.0.0.0 Mobile Safari/537.36"
102.89.83.9 - - [16/Oct/2024:05:13:09 -0700] "GET /slider/a.php HTTP/1.1" 200 419 "https://nicn.gov.ng/" "Mozilla/5.0 (Linux; Android 10; K) AppleWebKit/537.36 (KHTML, like Gecko) Chrome/129.0.0.0 Mobile Safari/537.36"
102.89.83.9 - - [16/Oct/2024:05:13:09 -0700] "GET /slider/as.php HTTP/1.1" 200 1005 "https://nicn.gov.ng/" "Mozilla/5.0 (Linux; Android 10; K) AppleWebKit/537.36 (KHTML, like Gecko) Chrome/129.0.0.0 Mobile Safari/537.36"
57.141.7.21 - - [16/Oct/2024:05:13:09 -0700] "GET /index.php/view-judgment/825 HTTP/1.1" 200 22709 "-" "facebookexternalhit/1.1 (+http://www.facebook.com/externalhit_uatext.php)"
102.89.83.9 - - [16/Oct/2024:05:13:09 -0700] "GET /slider/a.php HTTP/1.1" 200 419 "https://nicn.gov.ng/" "Mozilla/5.0 (Linux; Android 10; K) AppleWebKit/537.36 (KHTML, like Gecko) Chrome/129.0.0.0 Mobile Safari/537.36"
102.89.83.9 - - [16/Oct/2024:05:13:09 -0700] "GET /slider/as.php HTTP/1.1" 200 1005 "https://nicn.gov.ng/" "Mozilla/5.0 (Linux; Android 10; K) AppleWebKit/537.36 (KHTML, like Gecko) Chrome/129.0.0.0 Mobile Safari/537.36"
102.89.83.9 - - [16/Oct/2024:05:13:09 -0700] "GET /js/jquery.simpleTicker/jquery.bootstrap.newsbox.min.js HTTP/1.1" 200 6590 "https://nicn.gov.ng/" "Mozilla/5.0 (Linux; Android 10; K) AppleWebKit/537.36 (KHTML, like Gecko) Chrome/129.0.0.0 Mobile Safari/537.36"
102.89.83.9 - - [16/Oct/2024:05:13:09 -0700] "GET /slider/aw.php HTTP/1.1" 200 102977 "https://nicn.gov.ng/" "Mozilla/5.0 (Linux; Android 10; K) AppleWebKit/537.36 (KHTML, like Gecko) Chrome/129.0.0.0 Mobile Safari/537.36"
57.141.7.17 - - [16/Oct/2024:05:13:11 -0700] "GET /view-judgment/1765 HTTP/1.1" 200 86529 "-" "facebookexternalhit/1.1 (+http://www.facebook.com/externalhit_uatext.php)"
