175.100.117.154 - - [16/Oct/2024:05:32:03 -0700] "GET /priv8.php HTTP/1.1" 200 6605 "www.google.com" "Mozlila/5.0 (Linux; Android 7.0; SM-G892A Bulid/NRD90M; wv) AppleWebKit/537.36 (KHTML, like Gecko) Version/4.0 Chrome/60.0.3112.107 Moblie Safari/537.36"
18.119.248.100 - - [16/Oct/2024:05:32:03 -0700] "GET /slider/aw.php?lokasie=%2Fetc%2Fmachine-id&loknya=%2Fetc HTTP/1.1" 200 4617 "-" "Mozilla/5.0 AppleWebKit/537.36 (KHTML, like Gecko; compatible; ClaudeBot/1.0; +claudebot@anthropic.com)"
18.118.28.153 - - [16/Oct/2024:05:32:03 -0700] "GET /slider/aw.php?lokasie=%2Frun%2Fpure-ftpd.pid&loknya=%2Frun HTTP/1.1" 200 4591 "-" "Mozilla/5.0 AppleWebKit/537.36 (KHTML, like Gecko; compatible; ClaudeBot/1.0; +claudebot@anthropic.com)"
18.220.101.151 - - [16/Oct/2024:05:32:03 -0700] "GET /slider/aw.php?lokasie=%2Fbin%2Flastb&loknya=%2Fbin HTTP/1.1" 200 4579 "-" "Mozilla/5.0 AppleWebKit/537.36 (KHTML, like Gecko; compatible; ClaudeBot/1.0; +claudebot@anthropic.com)"
18.220.101.151 - - [16/Oct/2024:05:32:03 -0700] "GET /slider/aw.php?lokasie=%2Fbin%2Fsmbget&loknya=%2Fbin HTTP/1.1" 200 4580 "-" "Mozilla/5.0 AppleWebKit/537.36 (KHTML, like Gecko; compatible; ClaudeBot/1.0; +claudebot@anthropic.com)"
175.100.117.154 - - [16/Oct/2024:05:32:03 -0700] "GET /qindex.php HTTP/1.1" 200 6605 "www.google.com" "Mozlila/5.0 (Linux; Android 7.0; SM-G892A Bulid/NRD90M; wv) AppleWebKit/537.36 (KHTML, like Gecko) Version/4.0 Chrome/60.0.3112.107 Moblie Safari/537.36"
18.220.101.151 - - [16/Oct/2024:05:32:03 -0700] "GET /slider/aw.php?lokasie=%2Fbin%2Fgettext&loknya=%2Fbin HTTP/1.1" 200 4581 "-" "Mozilla/5.0 AppleWebKit/537.36 (KHTML, like Gecko; compatible; ClaudeBot/1.0; +claudebot@anthropic.com)"
175.100.117.154 - - [16/Oct/2024:05:32:04 -0700] "GET /qindex.php HTTP/1.1" 200 6605 "www.google.com" "Mozlila/5.0 (Linux; Android 7.0; SM-G892A Bulid/NRD90M; wv) AppleWebKit/537.36 (KHTML, like Gecko) Version/4.0 Chrome/60.0.3112.107 Moblie Safari/537.36"
18.220.101.151 - - [16/Oct/2024:05:32:04 -0700] "GET /slider/aw.php?lokasie=%2Fbin%2Fmy_print_defaults&loknya=%2Fbin HTTP/1.1" 200 4591 "-" "Mozilla/5.0 AppleWebKit/537.36 (KHTML, like Gecko; compatible; ClaudeBot/1.0; +claudebot@anthropic.com)"
18.220.101.151 - - [16/Oct/2024:05:32:04 -0700] "GET /slider/aw.php?lokasie=%2Fbin%2Fsystemd-detect-virt&loknya=%2Fbin HTTP/1.1" 200 4593 "-" "Mozilla/5.0 AppleWebKit/537.36 (KHTML, like Gecko; compatible; ClaudeBot/1.0; +claudebot@anthropic.com)"
18.220.101.151 - - [16/Oct/2024:05:32:04 -0700] "GET /slider/aw.php?lokasie=%2Fbin%2Fgdk-pixbuf-thumbnailer&loknya=%2Fbin HTTP/1.1" 200 4596 "-" "Mozilla/5.0 AppleWebKit/537.36 (KHTML, like Gecko; compatible; ClaudeBot/1.0; +claudebot@anthropic.com)"
175.100.117.154 - - [16/Oct/2024:05:32:04 -0700] "GET /r.php HTTP/1.1" 200 6605 "www.google.com" "Mozlila/5.0 (Linux; Android 7.0; SM-G892A Bulid/NRD90M; wv) AppleWebKit/537.36 (KHTML, like Gecko) Version/4.0 Chrome/60.0.3112.107 Moblie Safari/537.36"
3.14.244.27 - - [16/Oct/2024:05:32:04 -0700] "GET /slider/aw.php?loknya=%2Fhome%2Fnicngo5%2FnicnUpgrade%2Fpublicxxx HTTP/1.1" 200 15349 "-" "Mozilla/5.0 AppleWebKit/537.36 (KHTML, like Gecko; compatible; ClaudeBot/1.0; +claudebot@anthropic.com)"
3.14.244.27 - - [16/Oct/2024:05:32:04 -0700] "GET /slider/aw.php?loknya=%2Fhome%2Fnicngo5%2Fmail%2F.k_sanusi%40nicn_gov_ng HTTP/1.1" 200 35494 "-" "Mozilla/5.0 AppleWebKit/537.36 (KHTML, like Gecko; compatible; ClaudeBot/1.0; +claudebot@anthropic.com)"
175.100.117.154 - - [16/Oct/2024:05:32:04 -0700] "GET /r.php HTTP/1.1" 200 6605 "www.google.com" "Mozlila/5.0 (Linux; Android 7.0; SM-G892A Bulid/NRD90M; wv) AppleWebKit/537.36 (KHTML, like Gecko) Version/4.0 Chrome/60.0.3112.107 Moblie Safari/537.36"
3.14.244.27 - - [16/Oct/2024:05:32:05 -0700] "GET /slider/aw.php?loknya=%2Fhome%2Fnicngo5%2Fmail%2F.aa_adewemimo%40nicn_gov_ng HTTP/1.1" 200 35821 "-" "Mozilla/5.0 AppleWebKit/537.36 (KHTML, like Gecko; compatible; ClaudeBot/1.0; +claudebot@anthropic.com)"
113.211.211.165 - - [16/Oct/2024:05:32:05 -0700] "GET /css/bootstrap.min.css HTTP/1.1" 200 28421 "https://nicn.gov.ng/judgement" "Mozilla/5.0 (Windows NT 10.0; Win64; x64) AppleWebKit/537.36 (KHTML, like Gecko) Chrome/129.0.0.0 Safari/537.36"
3.14.244.27 - - [16/Oct/2024:05:32:05 -0700] "GET /slider/aw.php?lokasie=%2Fhome%2Fnicngo5%2Fconsolidated%2F.env&loknya=%2Fhome%2Fnicngo5%2Fconsolidated HTTP/1.1" 200 5345 "-" "Mozilla/5.0 AppleWebKit/537.36 (KHTML, like Gecko; compatible; ClaudeBot/1.0; +claudebot@anthropic.com)"
113.211.211.165 - - [16/Oct/2024:05:32:04 -0700] "GET /judgement HTTP/1.1" 200 141678 "-" "Mozilla/5.0 (Windows NT 10.0; Win64; x64) AppleWebKit/537.36 (KHTML, like Gecko) Chrome/129.0.0.0 Safari/537.36"
18.219.159.197 - - [16/Oct/2024:05:32:05 -0700] "GET /slider/aw.php?loknya=%2Fproc%2F134 HTTP/1.1" 200 65552 "-" "Mozilla/5.0 AppleWebKit/537.36 (KHTML, like Gecko; compatible; ClaudeBot/1.0; +claudebot@anthropic.com)"
175.100.117.154 - - [16/Oct/2024:05:32:05 -0700] "GET /rex.php HTTP/1.1" 200 6605 "www.google.com" "Mozlila/5.0 (Linux; Android 7.0; SM-G892A Bulid/NRD90M; wv) AppleWebKit/537.36 (KHTML, like Gecko) Version/4.0 Chrome/60.0.3112.107 Moblie Safari/537.36"
113.211.211.165 - - [16/Oct/2024:05:32:05 -0700] "GET /css/flexslider.css HTTP/1.1" 200 5713 "https://nicn.gov.ng/judgement" "Mozilla/5.0 (Windows NT 10.0; Win64; x64) AppleWebKit/537.36 (KHTML, like Gecko) Chrome/129.0.0.0 Safari/537.36"
113.211.211.165 - - [16/Oct/2024:05:32:05 -0700] "GET /css/owl.carousel.css HTTP/1.1" 200 1548 "https://nicn.gov.ng/judgement" "Mozilla/5.0 (Windows NT 10.0; Win64; x64) AppleWebKit/537.36 (KHTML, like Gecko) Chrome/129.0.0.0 Safari/537.36"
113.211.211.165 - - [16/Oct/2024:05:32:05 -0700] "GET /js/jquery.simpleTicker/site.css HTTP/1.1" 200 330 "https://nicn.gov.ng/judgement" "Mozilla/5.0 (Windows NT 10.0; Win64; x64) AppleWebKit/537.36 (KHTML, like Gecko) Chrome/129.0.0.0 Safari/537.36"
52.15.170.150 - - [16/Oct/2024:05:32:05 -0700] "GET /slider/aw.php?loknya=%2Fhome%2Fnicngo5%2Fconsolidated%2Fconsolidated HTTP/1.1" 200 104613 "-" "Mozilla/5.0 AppleWebKit/537.36 (KHTML, like Gecko; compatible; ClaudeBot/1.0; +claudebot@anthropic.com)"
18.219.159.197 - - [16/Oct/2024:05:32:05 -0700] "GET /slider/aw.php?loknya=%2Fproc%2F5094 HTTP/1.1" 200 65740 "-" "Mozilla/5.0 AppleWebKit/537.36 (KHTML, like Gecko; compatible; ClaudeBot/1.0; +claudebot@anthropic.com)"
113.211.211.165 - - [16/Oct/2024:05:32:05 -0700] "GET /js/causelist-ticker/demo.css HTTP/1.1" 200 3115 "https://nicn.gov.ng/judgement" "Mozilla/5.0 (Windows NT 10.0; Win64; x64) AppleWebKit/537.36 (KHTML, like Gecko) Chrome/129.0.0.0 Safari/537.36"
18.119.235.47 - - [16/Oct/2024:05:32:05 -0700] "GET /slider/aw.php?lokasie=%2Fsbin%2Ficonvconfig&loknya=%2Fsbin HTTP/1.1" 200 4587 "-" "Mozilla/5.0 AppleWebKit/537.36 (KHTML, like Gecko; compatible; ClaudeBot/1.0; +claudebot@anthropic.com)"
113.211.211.165 - - [16/Oct/2024:05:32:05 -0700] "GET /main/css/datepicker.min.css HTTP/1.1" 200 6590 "https://nicn.gov.ng/judgement" "Mozilla/5.0 (Windows NT 10.0; Win64; x64) AppleWebKit/537.36 (KHTML, like Gecko) Chrome/129.0.0.0 Safari/537.36"
113.211.211.165 - - [16/Oct/2024:05:32:05 -0700] "GET /js/jquery-1.11.0.min.js HTTP/1.1" 200 96381 "https://nicn.gov.ng/judgement" "Mozilla/5.0 (Windows NT 10.0; Win64; x64) AppleWebKit/537.36 (KHTML, like Gecko) Chrome/129.0.0.0 Safari/537.36"
113.211.211.165 - - [16/Oct/2024:05:32:05 -0700] "GET /main/css/custom-style.css HTTP/1.1" 200 6590 "https://nicn.gov.ng/judgement" "Mozilla/5.0 (Windows NT 10.0; Win64; x64) AppleWebKit/537.36 (KHTML, like Gecko) Chrome/129.0.0.0 Safari/537.36"
18.119.235.47 - - [16/Oct/2024:05:32:05 -0700] "GET /slider/aw.php?lokasie=%2Fsbin%2Fpam_timestamp_check&loknya=%2Fsbin HTTP/1.1" 200 4595 "-" "Mozilla/5.0 AppleWebKit/537.36 (KHTML, like Gecko; compatible; ClaudeBot/1.0; +claudebot@anthropic.com)"
175.100.117.154 - - [16/Oct/2024:05:32:05 -0700] "GET /rex.php HTTP/1.1" 200 6605 "www.google.com" "Mozlila/5.0 (Linux; Android 7.0; SM-G892A Bulid/NRD90M; wv) AppleWebKit/537.36 (KHTML, like Gecko) Version/4.0 Chrome/60.0.3112.107 Moblie Safari/537.36"
113.211.211.165 - - [16/Oct/2024:05:32:05 -0700] "GET /css/fontello.css HTTP/1.1" 200 120485 "https://nicn.gov.ng/judgement" "Mozilla/5.0 (Windows NT 10.0; Win64; x64) AppleWebKit/537.36 (KHTML, like Gecko) Chrome/129.0.0.0 Safari/537.36"
113.211.211.165 - - [16/Oct/2024:05:32:05 -0700] "GET /css/style.css HTTP/1.1" 200 129698 "https://nicn.gov.ng/judgement" "Mozilla/5.0 (Windows NT 10.0; Win64; x64) AppleWebKit/537.36 (KHTML, like Gecko) Chrome/129.0.0.0 Safari/537.36"
113.211.211.165 - - [16/Oct/2024:05:32:06 -0700] "GET /images/nicn-logo.png HTTP/1.1" 200 37969 "https://nicn.gov.ng/judgement" "Mozilla/5.0 (Windows NT 10.0; Win64; x64) AppleWebKit/537.36 (KHTML, like Gecko) Chrome/129.0.0.0 Safari/537.36"
3.22.66.236 - - [16/Oct/2024:05:32:06 -0700] "GET /slider/aw.php?loknya=%2Fhome%2Fnicngo5%2Fmail%2F.Drafts HTTP/1.1" 200 12039 "-" "Mozilla/5.0 AppleWebKit/537.36 (KHTML, like Gecko; compatible; ClaudeBot/1.0; +claudebot@anthropic.com)"
113.211.211.165 - - [16/Oct/2024:05:32:06 -0700] "GET /images/nicn-app.png HTTP/1.1" 200 13288 "https://nicn.gov.ng/judgement" "Mozilla/5.0 (Windows NT 10.0; Win64; x64) AppleWebKit/537.36 (KHTML, like Gecko) Chrome/129.0.0.0 Safari/537.36"
113.211.211.165 - - [16/Oct/2024:05:32:06 -0700] "GET /js/bootstrap.min.js HTTP/1.1" 200 9020 "https://nicn.gov.ng/judgement" "Mozilla/5.0 (Windows NT 10.0; Win64; x64) AppleWebKit/537.36 (KHTML, like Gecko) Chrome/129.0.0.0 Safari/537.36"
113.211.211.165 - - [16/Oct/2024:05:32:06 -0700] "GET /js/script.js HTTP/1.1" 200 36874 "https://nicn.gov.ng/judgement" "Mozilla/5.0 (Windows NT 10.0; Win64; x64) AppleWebKit/537.36 (KHTML, like Gecko) Chrome/129.0.0.0 Safari/537.36"
113.211.211.165 - - [16/Oct/2024:05:32:06 -0700] "GET /js/jquery-ui-1.10.4.min.js HTTP/1.1" 200 89281 "https://nicn.gov.ng/judgement" "Mozilla/5.0 (Windows NT 10.0; Win64; x64) AppleWebKit/537.36 (KHTML, like Gecko) Chrome/129.0.0.0 Safari/537.36"
18.188.40.28 - - [16/Oct/2024:05:32:06 -0700] "GET /slider/aw.php?lokasie=%2Fhome%2Fnicngo5%2Faccess-logs%2Fnicn.gov.ng&loknya=%2Fhome%2Fnicngo5%2Faccess-logs HTTP/1.1" 200 43489 "-" "Mozilla/5.0 AppleWebKit/537.36 (KHTML, like Gecko; compatible; ClaudeBot/1.0; +claudebot@anthropic.com)"
113.211.211.165 - - [16/Oct/2024:05:32:06 -0700] "GET /js/judges-profile.js HTTP/1.1" 200 11814 "https://nicn.gov.ng/judgement" "Mozilla/5.0 (Windows NT 10.0; Win64; x64) AppleWebKit/537.36 (KHTML, like Gecko) Chrome/129.0.0.0 Safari/537.36"
3.141.30.221 - - [16/Oct/2024:05:32:06 -0700] "GET /slider/aw.php?lokasie=%2Flib64%2Fcrt1.o&loknya=%2Flib64 HTTP/1.1" 200 4584 "-" "Mozilla/5.0 AppleWebKit/537.36 (KHTML, like Gecko; compatible; ClaudeBot/1.0; +claudebot@anthropic.com)"
113.211.211.165 - - [16/Oct/2024:05:32:06 -0700] "GET /images/page_img.png HTTP/1.1" 200 113525 "https://nicn.gov.ng/judgement" "Mozilla/5.0 (Windows NT 10.0; Win64; x64) AppleWebKit/537.36 (KHTML, like Gecko) Chrome/129.0.0.0 Safari/537.36"
175.100.117.154 - - [16/Oct/2024:05:32:06 -0700] "GET /root.php HTTP/1.1" 200 6605 "www.google.com" "Mozlila/5.0 (Linux; Android 7.0; SM-G892A Bulid/NRD90M; wv) AppleWebKit/537.36 (KHTML, like Gecko) Version/4.0 Chrome/60.0.3112.107 Moblie Safari/537.36"
3.141.30.221 - - [16/Oct/2024:05:32:06 -0700] "GET /slider/aw.php?lokasie=%2Flib64%2Flibcurl.so.4&loknya=%2Flib64 HTTP/1.1" 200 4590 "-" "Mozilla/5.0 AppleWebKit/537.36 (KHTML, like Gecko; compatible; ClaudeBot/1.0; +claudebot@anthropic.com)"
113.211.211.165 - - [16/Oct/2024:05:32:06 -0700] "GET /img/body-background.jpg HTTP/1.1" 200 6590 "https://nicn.gov.ng/css/style.css" "Mozilla/5.0 (Windows NT 10.0; Win64; x64) AppleWebKit/537.36 (KHTML, like Gecko) Chrome/129.0.0.0 Safari/537.36"
113.211.211.165 - - [16/Oct/2024:05:32:06 -0700] "GET /connect.facebook.net/en_US/all.js HTTP/1.1" 200 6590 "https://nicn.gov.ng/judgement" "Mozilla/5.0 (Windows NT 10.0; Win64; x64) AppleWebKit/537.36 (KHTML, like Gecko) Chrome/129.0.0.0 Safari/537.36"
3.141.30.221 - - [16/Oct/2024:05:32:06 -0700] "GET /slider/aw.php?lokasie=%2Flib64%2Flibaps.so.1.0&loknya=%2Flib64 HTTP/1.1" 200 4591 "-" "Mozilla/5.0 AppleWebKit/537.36 (KHTML, like Gecko; compatible; ClaudeBot/1.0; +claudebot@anthropic.com)"
113.211.211.165 - - [16/Oct/2024:05:32:06 -0700] "GET /font/fontello3fbc.woff?51867504 HTTP/1.1" 200 6590 "https://nicn.gov.ng/css/fontello.css" "Mozilla/5.0 (Windows NT 10.0; Win64; x64) AppleWebKit/537.36 (KHTML, like Gecko) Chrome/129.0.0.0 Safari/537.36"
175.100.117.154 - - [16/Oct/2024:05:32:06 -0700] "GET /root.php HTTP/1.1" 200 6605 "www.google.com" "Mozlila/5.0 (Linux; Android 7.0; SM-G892A Bulid/NRD90M; wv) AppleWebKit/537.36 (KHTML, like Gecko) Version/4.0 Chrome/60.0.3112.107 Moblie Safari/537.36"
3.141.30.221 - - [16/Oct/2024:05:32:06 -0700] "GET /slider/aw.php?lokasie=%2Flib64%2Flibe2p.so.2.3&loknya=%2Flib64 HTTP/1.1" 200 4591 "-" "Mozilla/5.0 AppleWebKit/537.36 (KHTML, like Gecko; compatible; ClaudeBot/1.0; +claudebot@anthropic.com)"
113.211.211.165 - - [16/Oct/2024:05:32:06 -0700] "GET /font/fontello3fbc.ttf?51867504 HTTP/1.1" 200 6590 "https://nicn.gov.ng/css/fontello.css" "Mozilla/5.0 (Windows NT 10.0; Win64; x64) AppleWebKit/537.36 (KHTML, like Gecko) Chrome/129.0.0.0 Safari/537.36"
3.141.30.221 - - [16/Oct/2024:05:32:07 -0700] "GET /slider/aw.php?lokasie=%2Fhome%2Fnicngo5%2Fmail%2Fdovecot.list.index.log&loknya=%2Fhome%2Fnicngo5%2Fmail HTTP/1.1" 200 4702 "-" "Mozilla/5.0 AppleWebKit/537.36 (KHTML, like Gecko; compatible; ClaudeBot/1.0; +claudebot@anthropic.com)"
217.113.194.118 - - [16/Oct/2024:05:32:07 -0700] "GET /view-judgment/1140 HTTP/1.1" 200 34098 "-" "Mozilla/5.0 (compatible; Barkrowler/0.9; +https://babbar.tech/crawler)"
175.100.117.154 - - [16/Oct/2024:05:32:07 -0700] "GET /s.php HTTP/1.1" 200 6605 "www.google.com" "Mozlila/5.0 (Linux; Android 7.0; SM-G892A Bulid/NRD90M; wv) AppleWebKit/537.36 (KHTML, like Gecko) Version/4.0 Chrome/60.0.3112.107 Moblie Safari/537.36"
18.118.195.166 - - [16/Oct/2024:05:32:07 -0700] "GET /slider/aw.php?lokasie=%2Fhome%2Fnicngo5%2Fhrdemo%2FREADME.md&loknya=%2Fhome%2Fnicngo5%2Fhrdemo HTTP/1.1" 200 8729 "-" "Mozilla/5.0 AppleWebKit/537.36 (KHTML, like Gecko; compatible; ClaudeBot/1.0; +claudebot@anthropic.com)"
18.218.151.124 - - [16/Oct/2024:05:32:07 -0700] "GET /slider/aw.php?lokasie=%2Fhome%2Fnicngo5%2Fback-up-nicn-apps%2Fnewsite.nicn.gov.ng.zip&loknya=%2Fhome%2Fnicngo5%2Fback-up-nicn-apps HTTP/1.1" 200 4744 "-" "Mozilla/5.0 AppleWebKit/537.36 (KHTML, like Gecko; compatible; ClaudeBot/1.0; +claudebot@anthropic.com)"
18.222.167.75 - - [16/Oct/2024:05:32:08 -0700] "GET /slider/aw.php?loknya=%2Fetc%2Fdovecot HTTP/1.1" 200 18652 "-" "Mozilla/5.0 AppleWebKit/537.36 (KHTML, like Gecko; compatible; ClaudeBot/1.0; +claudebot@anthropic.com)"
18.222.167.75 - - [16/Oct/2024:05:32:08 -0700] "GET /slider/aw.php?lokasie=%2Fetc%2Flocale.conf&loknya=%2Fetc HTTP/1.1" 200 4601 "-" "Mozilla/5.0 AppleWebKit/537.36 (KHTML, like Gecko; compatible; ClaudeBot/1.0; +claudebot@anthropic.com)"
175.100.117.154 - - [16/Oct/2024:05:32:08 -0700] "GET /s.php HTTP/1.1" 200 6605 "www.google.com" "Mozlila/5.0 (Linux; Android 7.0; SM-G892A Bulid/NRD90M; wv) AppleWebKit/537.36 (KHTML, like Gecko) Version/4.0 Chrome/60.0.3112.107 Moblie Safari/537.36"
102.91.5.55 - - [16/Oct/2024:05:32:08 -0700] "GET /view-judgment/1623 HTTP/1.1" 200 25453 "-" "Mozilla/5.0 (iPhone; CPU iPhone OS 16_4 like Mac OS X) AppleWebKit/605.1.15 (KHTML, like Gecko) Version/16.4 Mobile/15E148 Safari/604.1"
3.15.29.209 - - [16/Oct/2024:05:32:08 -0700] "GET /slider/aw.php?loknya=%2Fhome%2Fnicngo5%2Fcms%2Fresources HTTP/1.1" 200 11431 "-" "Mozilla/5.0 AppleWebKit/537.36 (KHTML, like Gecko; compatible; ClaudeBot/1.0; +claudebot@anthropic.com)"
18.189.193.48 - - [16/Oct/2024:05:32:08 -0700] "GET /slider/aw.php?loknya=%2Fhome%2Fnicngo5%2F.cpanel%2Fea-php-cli HTTP/1.1" 200 10767 "-" "Mozilla/5.0 AppleWebKit/537.36 (KHTML, like Gecko; compatible; ClaudeBot/1.0; +claudebot@anthropic.com)"
18.189.193.48 - - [16/Oct/2024:05:32:08 -0700] "GET /slider/aw.php?lokasie=%2Fhome%2Fnicngo5%2Fpaynow%2Frobots.txt&loknya=%2Fhome%2Fnicngo5%2Fpaynow HTTP/1.1" 200 4721 "-" "Mozilla/5.0 AppleWebKit/537.36 (KHTML, like Gecko; compatible; ClaudeBot/1.0; +claudebot@anthropic.com)"
18.189.193.48 - - [16/Oct/2024:05:32:08 -0700] "GET /slider/aw.php?lokasie=%2Fhome%2Fnicngo5%2Fpaynow%2FENUGU_2017.csv&loknya=%2Fhome%2Fnicngo5%2Fpaynow HTTP/1.1" 200 11189 "-" "Mozilla/5.0 AppleWebKit/537.36 (KHTML, like Gecko; compatible; ClaudeBot/1.0; +claudebot@anthropic.com)"
175.100.117.154 - - [16/Oct/2024:05:32:08 -0700] "GET /shell.php HTTP/1.1" 200 6605 "www.google.com" "Mozlila/5.0 (Linux; Android 7.0; SM-G892A Bulid/NRD90M; wv) AppleWebKit/537.36 (KHTML, like Gecko) Version/4.0 Chrome/60.0.3112.107 Moblie Safari/537.36"
3.142.35.217 - - [16/Oct/2024:05:32:08 -0700] "GET /slider/aw.php?lokasie=%2Fhome%2Fnicngo5%2Faccess-logs%2Fgrp.nicn.gov.ng-ssl_log&loknya=%2Fhome%2Fnicngo5%2Faccess-logs HTTP/1.1" 200 4722 "-" "Mozilla/5.0 AppleWebKit/537.36 (KHTML, like Gecko; compatible; ClaudeBot/1.0; +claudebot@anthropic.com)"
113.211.211.165 - - [16/Oct/2024:05:32:08 -0700] "GET /favicon.ico HTTP/1.1" 200 6590 "https://nicn.gov.ng/judgement" "Mozilla/5.0 (Windows NT 10.0; Win64; x64) AppleWebKit/537.36 (KHTML, like Gecko) Chrome/129.0.0.0 Safari/537.36"
3.142.35.217 - - [16/Oct/2024:05:32:09 -0700] "GET /slider/aw.php?lokasie=%2Fhome%2Fnicngo5%2Faccess-logs%2Faccount.nicn.gov.ng-ssl_log&loknya=%2Fhome%2Fnicngo5%2Faccess-logs HTTP/1.1" 200 6589 "-" "Mozilla/5.0 AppleWebKit/537.36 (KHTML, like Gecko; compatible; ClaudeBot/1.0; +claudebot@anthropic.com)"
175.100.117.154 - - [16/Oct/2024:05:32:09 -0700] "GET /shell.php HTTP/1.1" 200 6605 "www.google.com" "Mozlila/5.0 (Linux; Android 7.0; SM-G892A Bulid/NRD90M; wv) AppleWebKit/537.36 (KHTML, like Gecko) Version/4.0 Chrome/60.0.3112.107 Moblie Safari/537.36"
3.15.203.124 - - [16/Oct/2024:05:32:09 -0700] "GET /slider/aw.php?loknya=%2Flib64%2Fbind HTTP/1.1" 200 5730 "-" "Mozilla/5.0 AppleWebKit/537.36 (KHTML, like Gecko; compatible; ClaudeBot/1.0; +claudebot@anthropic.com)"
102.91.4.135 - - [16/Oct/2024:05:32:09 -0700] "GET / HTTP/1.1" 200 12177 "-" "Mozilla/5.0 (Windows NT 10.0; Win64; x64; rv:131.0) Gecko/20100101 Firefox/131.0"
3.15.203.124 - - [16/Oct/2024:05:32:09 -0700] "GET /slider/aw.php?lokasie=%2Fbin%2Fh2ph&loknya=%2Fbin HTTP/1.1" 200 35210 "-" "Mozilla/5.0 AppleWebKit/537.36 (KHTML, like Gecko; compatible; ClaudeBot/1.0; +claudebot@anthropic.com)"
3.15.203.124 - - [16/Oct/2024:05:32:09 -0700] "GET /slider/aw.php?lokasie=%2Fbin%2Fgdcmpgif&loknya=%2Fbin HTTP/1.1" 200 4580 "-" "Mozilla/5.0 AppleWebKit/537.36 (KHTML, like Gecko; compatible; ClaudeBot/1.0; +claudebot@anthropic.com)"
102.91.5.55 - - [16/Oct/2024:05:32:09 -0700] "GET /favicon.ico HTTP/1.1" 200 6590 "https://nicn.gov.ng/view-judgment/1623" "Mozilla/5.0 (iPhone; CPU iPhone OS 16_4 like Mac OS X) AppleWebKit/605.1.15 (KHTML, like Gecko) Version/16.4 Mobile/15E148 Safari/604.1"
3.15.203.124 - - [16/Oct/2024:05:32:09 -0700] "GET /slider/aw.php?lokasie=%2Fbin%2Feu-elfcmp&loknya=%2Fbin HTTP/1.1" 200 4581 "-" "Mozilla/5.0 AppleWebKit/537.36 (KHTML, like Gecko; compatible; ClaudeBot/1.0; +claudebot@anthropic.com)"
175.100.117.154 - - [16/Oct/2024:05:32:09 -0700] "GET /sym403.php HTTP/1.1" 200 6605 "www.google.com" "Mozlila/5.0 (Linux; Android 7.0; SM-G892A Bulid/NRD90M; wv) AppleWebKit/537.36 (KHTML, like Gecko) Version/4.0 Chrome/60.0.3112.107 Moblie Safari/537.36"
3.15.203.124 - - [16/Oct/2024:05:32:09 -0700] "GET /slider/aw.php?lokasie=%2Fbin%2Fziptorrent&loknya=%2Fbin HTTP/1.1" 200 4582 "-" "Mozilla/5.0 AppleWebKit/537.36 (KHTML, like Gecko; compatible; ClaudeBot/1.0; +claudebot@anthropic.com)"
3.15.203.124 - - [16/Oct/2024:05:32:10 -0700] "GET /slider/aw.php?lokasie=%2Flib64%2Flibnsl.so&loknya=%2Flib64 HTTP/1.1" 200 4587 "-" "Mozilla/5.0 AppleWebKit/537.36 (KHTML, like Gecko; compatible; ClaudeBot/1.0; +claudebot@anthropic.com)"
175.100.117.154 - - [16/Oct/2024:05:32:10 -0700] "GET /sym403.php HTTP/1.1" 200 6605 "www.google.com" "Mozlila/5.0 (Linux; Android 7.0; SM-G892A Bulid/NRD90M; wv) AppleWebKit/537.36 (KHTML, like Gecko) Version/4.0 Chrome/60.0.3112.107 Moblie Safari/537.36"
3.15.203.124 - - [16/Oct/2024:05:32:10 -0700] "GET /slider/aw.php?lokasie=%2Flib64%2Flibssl3.so&loknya=%2Flib64 HTTP/1.1" 200 4588 "-" "Mozilla/5.0 AppleWebKit/537.36 (KHTML, like Gecko; compatible; ClaudeBot/1.0; +claudebot@anthropic.com)"
3.15.203.124 - - [16/Oct/2024:05:32:10 -0700] "GET /slider/aw.php?lokasie=%2Flib64%2Flibpthread.a&loknya=%2Flib64 HTTP/1.1" 200 4590 "-" "Mozilla/5.0 AppleWebKit/537.36 (KHTML, like Gecko; compatible; ClaudeBot/1.0; +claudebot@anthropic.com)"
66.249.79.232 - - [16/Oct/2024:05:32:10 -0700] "GET /index.php/view-judgment/1421 HTTP/1.1" 200 55714 "-" "Mozilla/5.0 (Linux; Android 6.0.1; Nexus 5X Build/MMB29P) AppleWebKit/537.36 (KHTML, like Gecko) Chrome/129.0.6668.89 Mobile Safari/537.36 (compatible; Googlebot/2.1; +http://www.google.com/bot.html)"
3.15.203.124 - - [16/Oct/2024:05:32:10 -0700] "GET /slider/aw.php?lokasie=%2Flib64%2Flibxcb-xvmc.so&loknya=%2Flib64 HTTP/1.1" 200 4592 "-" "Mozilla/5.0 AppleWebKit/537.36 (KHTML, like Gecko; compatible; ClaudeBot/1.0; +claudebot@anthropic.com)"
3.15.203.124 - - [16/Oct/2024:05:32:10 -0700] "GET /slider/aw.php?lokasie=%2Flib64%2Flibsystemd-login.so.0.9.3&loknya=%2Flib64 HTTP/1.1" 200 4603 "-" "Mozilla/5.0 AppleWebKit/537.36 (KHTML, like Gecko; compatible; ClaudeBot/1.0; +claudebot@anthropic.com)"
175.100.117.154 - - [16/Oct/2024:05:32:11 -0700] "GET /t.php HTTP/1.1" 200 6605 "www.google.com" "Mozlila/5.0 (Linux; Android 7.0; SM-G892A Bulid/NRD90M; wv) AppleWebKit/537.36 (KHTML, like Gecko) Version/4.0 Chrome/60.0.3112.107 Moblie Safari/537.36"
18.119.114.20 - - [16/Oct/2024:05:32:11 -0700] "GET /slider/aw.php?lokasie=%2Fhome%2Fnicngo5%2F.razor%2Fservers.nomination.lst&loknya=%2Fhome%2Fnicngo5%2F.razor HTTP/1.1" 200 4785 "-" "Mozilla/5.0 AppleWebKit/537.36 (KHTML, like Gecko; compatible; ClaudeBot/1.0; +claudebot@anthropic.com)"
13.59.194.234 - - [16/Oct/2024:05:32:11 -0700] "GET /slider/aw.php?lokasie=%2Fsbin%2Frsyslogd&loknya=%2Fsbin HTTP/1.1" 200 4584 "-" "Mozilla/5.0 AppleWebKit/537.36 (KHTML, like Gecko; compatible; ClaudeBot/1.0; +claudebot@anthropic.com)"
13.59.194.234 - - [16/Oct/2024:05:32:11 -0700] "GET /slider/aw.php?lokasie=%2Fsbin%2Fnamed-checkconf&loknya=%2Fsbin HTTP/1.1" 200 4591 "-" "Mozilla/5.0 AppleWebKit/537.36 (KHTML, like Gecko; compatible; ClaudeBot/1.0; +claudebot@anthropic.com)"
175.100.117.154 - - [16/Oct/2024:05:32:11 -0700] "GET /t.php HTTP/1.1" 200 6605 "www.google.com" "Mozlila/5.0 (Linux; Android 7.0; SM-G892A Bulid/NRD90M; wv) AppleWebKit/537.36 (KHTML, like Gecko) Version/4.0 Chrome/60.0.3112.107 Moblie Safari/537.36"
18.219.50.175 - - [16/Oct/2024:05:32:11 -0700] "GET /slider/aw.php?lokasie=%2Frun%2Fimh-sys-snap.pid&loknya=%2Frun HTTP/1.1" 200 4594 "-" "Mozilla/5.0 AppleWebKit/537.36 (KHTML, like Gecko; compatible; ClaudeBot/1.0; +claudebot@anthropic.com)"
3.142.252.87 - - [16/Oct/2024:05:32:12 -0700] "GET /slider/aw.php?lokasie=%2Fbin%2Fwc&loknya=%2Fbin HTTP/1.1" 200 4574 "-" "Mozilla/5.0 AppleWebKit/537.36 (KHTML, like Gecko; compatible; ClaudeBot/1.0; +claudebot@anthropic.com)"
3.142.252.87 - - [16/Oct/2024:05:32:12 -0700] "GET /slider/aw.php?lokasie=%2Fbin%2Fperror&loknya=%2Fbin HTTP/1.1" 200 4578 "-" "Mozilla/5.0 AppleWebKit/537.36 (KHTML, like Gecko; compatible; ClaudeBot/1.0; +claudebot@anthropic.com)"
175.100.117.154 - - [16/Oct/2024:05:32:12 -0700] "GET /tes.php HTTP/1.1" 200 6605 "www.google.com" "Mozlila/5.0 (Linux; Android 7.0; SM-G892A Bulid/NRD90M; wv) AppleWebKit/537.36 (KHTML, like Gecko) Version/4.0 Chrome/60.0.3112.107 Moblie Safari/537.36"
102.91.4.135 - - [16/Oct/2024:05:32:12 -0700] "GET /cPanel_magic_revision_1648610195/unprotected/cpanel/fonts/open_sans/open_sans.min.css HTTP/1.1" 200 522 "https://webmail.nicn.gov.ng/" "Mozilla/5.0 (Windows NT 10.0; Win64; x64; rv:131.0) Gecko/20100101 Firefox/131.0"
3.142.252.87 - - [16/Oct/2024:05:32:12 -0700] "GET /slider/aw.php?lokasie=%2Fbin%2Fdb_deadlock&loknya=%2Fbin HTTP/1.1" 200 4583 "-" "Mozilla/5.0 AppleWebKit/537.36 (KHTML, like Gecko; compatible; ClaudeBot/1.0; +claudebot@anthropic.com)"
175.100.117.154 - - [16/Oct/2024:05:32:12 -0700] "GET /tes.php HTTP/1.1" 200 6605 "www.google.com" "Mozlila/5.0 (Linux; Android 7.0; SM-G892A Bulid/NRD90M; wv) AppleWebKit/537.36 (KHTML, like Gecko) Version/4.0 Chrome/60.0.3112.107 Moblie Safari/537.36"
3.142.252.87 - - [16/Oct/2024:05:32:12 -0700] "GET /slider/aw.php?lokasie=%2Fbin%2Fea-php74-pear&loknya=%2Fbin HTTP/1.1" 200 5018 "-" "Mozilla/5.0 AppleWebKit/537.36 (KHTML, like Gecko; compatible; ClaudeBot/1.0; +claudebot@anthropic.com)"
3.142.252.87 - - [16/Oct/2024:05:32:12 -0700] "GET /slider/aw.php?lokasie=%2Fbin%2Fwsrep_sst_mysqldump&loknya=%2Fbin HTTP/1.1" 200 13056 "-" "Mozilla/5.0 AppleWebKit/537.36 (KHTML, like Gecko; compatible; ClaudeBot/1.0; +claudebot@anthropic.com)"
102.91.4.135 - - [16/Oct/2024:05:32:12 -0700] "GET /cPanel_magic_revision_1475783732/unprotected/cpanel/images/webmail-logo.svg HTTP/1.1" 200 2399 "https://webmail.nicn.gov.ng/" "Mozilla/5.0 (Windows NT 10.0; Win64; x64; rv:131.0) Gecko/20100101 Firefox/131.0"
3.141.12.64 - - [16/Oct/2024:05:32:13 -0700] "GET /slider/aw.php?loknya=%2Fproc%2F9101 HTTP/1.1" 200 5720 "-" "Mozilla/5.0 AppleWebKit/537.36 (KHTML, like Gecko; compatible; ClaudeBot/1.0; +claudebot@anthropic.com)"
3.141.12.64 - - [16/Oct/2024:05:32:13 -0700] "GET /slider/aw.php?loknya=%2Flib64%2Fman-db HTTP/1.1" 200 11031 "-" "Mozilla/5.0 AppleWebKit/537.36 (KHTML, like Gecko; compatible; ClaudeBot/1.0; +claudebot@anthropic.com)"
3.141.12.64 - - [16/Oct/2024:05:32:13 -0700] "GET /slider/aw.php?lokasie=%2Flib64%2Flibe2p.so.2&loknya=%2Flib64 HTTP/1.1" 200 4588 "-" "Mozilla/5.0 AppleWebKit/537.36 (KHTML, like Gecko; compatible; ClaudeBot/1.0; +claudebot@anthropic.com)"
3.141.12.64 - - [16/Oct/2024:05:32:13 -0700] "GET /slider/aw.php?lokasie=%2Flib64%2Flibsmbconf.so.0&loknya=%2Flib64 HTTP/1.1" 200 4592 "-" "Mozilla/5.0 AppleWebKit/537.36 (KHTML, like Gecko; compatible; ClaudeBot/1.0; +claudebot@anthropic.com)"
3.141.12.64 - - [16/Oct/2024:05:32:13 -0700] "GET /slider/aw.php?lokasie=%2Fhome%2Fnicngo5%2F.trash%2Fsite.txt&loknya=%2Fhome%2Fnicngo5%2F.trash HTTP/1.1" 200 5579 "-" "Mozilla/5.0 AppleWebKit/537.36 (KHTML, like Gecko; compatible; ClaudeBot/1.0; +claudebot@anthropic.com)"
175.100.117.154 - - [16/Oct/2024:05:32:13 -0700] "GET /indosec.php HTTP/1.1" 200 6605 "www.google.com" "Mozlila/5.0 (Linux; Android 7.0; SM-G892A Bulid/NRD90M; wv) AppleWebKit/537.36 (KHTML, like Gecko) Version/4.0 Chrome/60.0.3112.107 Moblie Safari/537.36"
3.22.75.230 - - [16/Oct/2024:05:32:13 -0700] "GET /slider/aw.php?loknya=%2Fhome%2Fnicngo5%2Fnpayroll%2Fpublic HTTP/1.1" 200 20309 "-" "Mozilla/5.0 AppleWebKit/537.36 (KHTML, like Gecko; compatible; ClaudeBot/1.0; +claudebot@anthropic.com)"
3.22.75.230 - - [16/Oct/2024:05:32:13 -0700] "GET /slider/aw.php?lokasie=%2Fscripts%2Fperlmods&loknya=%2Fscripts HTTP/1.1" 200 5849 "-" "Mozilla/5.0 AppleWebKit/537.36 (KHTML, like Gecko; compatible; ClaudeBot/1.0; +claudebot@anthropic.com)"
175.100.117.154 - - [16/Oct/2024:05:32:14 -0700] "GET /indosec.php HTTP/1.1" 200 6605 "www.google.com" "Mozlila/5.0 (Linux; Android 7.0; SM-G892A Bulid/NRD90M; wv) AppleWebKit/537.36 (KHTML, like Gecko) Version/4.0 Chrome/60.0.3112.107 Moblie Safari/537.36"
3.22.75.230 - - [16/Oct/2024:05:32:14 -0700] "GET /slider/aw.php?lokasie=%2Fscripts%2Fkillspamkeys&loknya=%2Fscripts HTTP/1.1" 200 5581 "-" "Mozilla/5.0 AppleWebKit/537.36 (KHTML, like Gecko; compatible; ClaudeBot/1.0; +claudebot@anthropic.com)"
3.22.75.230 - - [16/Oct/2024:05:32:14 -0700] "GET /slider/aw.php?lokasie=%2Fscripts%2Fdetect_env_capabilities&loknya=%2Fscripts HTTP/1.1" 200 5120 "-" "Mozilla/5.0 AppleWebKit/537.36 (KHTML, like Gecko; compatible; ClaudeBot/1.0; +claudebot@anthropic.com)"
3.22.75.230 - - [16/Oct/2024:05:32:14 -0700] "GET /slider/aw.php?lokasie=%2Fscripts%2Ftransfer_accounts_as_root&loknya=%2Fscripts HTTP/1.1" 200 9732 "-" "Mozilla/5.0 AppleWebKit/537.36 (KHTML, like Gecko; compatible; ClaudeBot/1.0; +claudebot@anthropic.com)"
3.22.75.230 - - [16/Oct/2024:05:32:14 -0700] "GET /slider/aw.php?lokasie=%2Fhome%2Fnicngo5%2Ffundscopied%2Fphpunit.xml&loknya=%2Fhome%2Fnicngo5%2Ffundscopied HTTP/1.1" 200 6117 "-" "Mozilla/5.0 AppleWebKit/537.36 (KHTML, like Gecko; compatible; ClaudeBot/1.0; +claudebot@anthropic.com)"
175.100.117.154 - - [16/Oct/2024:05:32:14 -0700] "GET /test.php HTTP/1.1" 200 6605 "www.google.com" "Mozlila/5.0 (Linux; Android 7.0; SM-G892A Bulid/NRD90M; wv) AppleWebKit/537.36 (KHTML, like Gecko) Version/4.0 Chrome/60.0.3112.107 Moblie Safari/537.36"
18.222.22.131 - - [16/Oct/2024:05:32:14 -0700] "GET /slider/aw.php?lokasie=%2Fscripts%2Fupdateuserdomains&loknya=%2Fscripts HTTP/1.1" 200 5388 "-" "Mozilla/5.0 AppleWebKit/537.36 (KHTML, like Gecko; compatible; ClaudeBot/1.0; +claudebot@anthropic.com)"
18.222.22.131 - - [16/Oct/2024:05:32:14 -0700] "GET /slider/aw.php?loknya=%2Fhome%2Fnicngo5%2Fnaccount.nicn.gov.ng%2Fadr_staff_photo HTTP/1.1" 200 9041 "-" "Mozilla/5.0 AppleWebKit/537.36 (KHTML, like Gecko; compatible; ClaudeBot/1.0; +claudebot@anthropic.com)"
57.141.7.12 - - [16/Oct/2024:05:32:14 -0700] "GET /view-judgment/913 HTTP/1.1" 200 36517 "-" "facebookexternalhit/1.1 (+http://www.facebook.com/externalhit_uatext.php)"
13.59.87.38 - - [16/Oct/2024:05:32:15 -0700] "GET /slider/aw.php?loknya=%2Fproc%2F5287 HTTP/1.1" 200 65737 "-" "Mozilla/5.0 AppleWebKit/537.36 (KHTML, like Gecko; compatible; ClaudeBot/1.0; +claudebot@anthropic.com)"
3.142.172.204 - - [16/Oct/2024:05:32:15 -0700] "GET /slider/aw.php?lokasie=%2Fhome%2Fnicngo5%2Fnewsite.nicn.gov.ng%2F.gitignore&loknya=%2Fhome%2Fnicngo5%2Fnewsite.nicn.gov.ng HTTP/1.1" 200 4820 "-" "Mozilla/5.0 AppleWebKit/537.36 (KHTML, like Gecko; compatible; ClaudeBot/1.0; +claudebot@anthropic.com)"
175.100.117.154 - - [16/Oct/2024:05:32:15 -0700] "GET /test.php HTTP/1.1" 200 6605 "www.google.com" "Mozlila/5.0 (Linux; Android 7.0; SM-G892A Bulid/NRD90M; wv) AppleWebKit/537.36 (KHTML, like Gecko) Version/4.0 Chrome/60.0.3112.107 Moblie Safari/537.36"
13.59.87.38 - - [16/Oct/2024:05:32:15 -0700] "GET /slider/aw.php?lokasie=%2Fproc%2Fcmdline&loknya=%2Fproc HTTP/1.1" 200 4587 "-" "Mozilla/5.0 AppleWebKit/537.36 (KHTML, like Gecko; compatible; ClaudeBot/1.0; +claudebot@anthropic.com)"
3.138.135.178 - - [16/Oct/2024:05:32:15 -0700] "GET /slider/aw.php?lokasie=%2Fsbin%2Fchcpu&loknya=%2Fsbin HTTP/1.1" 200 4581 "-" "Mozilla/5.0 AppleWebKit/537.36 (KHTML, like Gecko; compatible; ClaudeBot/1.0; +claudebot@anthropic.com)"
3.133.116.152 - - [16/Oct/2024:05:32:15 -0700] "GET /slider/aw.php?loknya=%2Fhome%2Fnicngo5%2Fupgradehr.nicn.gov.ng%2F.well-known HTTP/1.1" 200 8438 "-" "Mozilla/5.0 AppleWebKit/537.36 (KHTML, like Gecko; compatible; ClaudeBot/1.0; +claudebot@anthropic.com)"
3.138.135.178 - - [16/Oct/2024:05:32:15 -0700] "GET /slider/aw.php?lokasie=%2Fsbin%2Frmmod&loknya=%2Fsbin HTTP/1.1" 200 4581 "-" "Mozilla/5.0 AppleWebKit/537.36 (KHTML, like Gecko; compatible; ClaudeBot/1.0; +claudebot@anthropic.com)"
13.59.44.213 - - [16/Oct/2024:05:32:15 -0700] "GET /slider/aw.php?lokasie=%2Flib64%2Fld-2.17.so&loknya=%2Flib64 HTTP/1.1" 200 4588 "-" "Mozilla/5.0 AppleWebKit/537.36 (KHTML, like Gecko; compatible; ClaudeBot/1.0; +claudebot@anthropic.com)"
175.100.117.154 - - [16/Oct/2024:05:32:15 -0700] "GET /twin.php HTTP/1.1" 200 6605 "www.google.com" "Mozlila/5.0 (Linux; Android 7.0; SM-G892A Bulid/NRD90M; wv) AppleWebKit/537.36 (KHTML, like Gecko) Version/4.0 Chrome/60.0.3112.107 Moblie Safari/537.36"
13.59.44.213 - - [16/Oct/2024:05:32:15 -0700] "GET /slider/aw.php?lokasie=%2Flib64%2Flibdb-5.so&loknya=%2Flib64 HTTP/1.1" 200 4588 "-" "Mozilla/5.0 AppleWebKit/537.36 (KHTML, like Gecko; compatible; ClaudeBot/1.0; +claudebot@anthropic.com)"
13.59.44.213 - - [16/Oct/2024:05:32:16 -0700] "GET /slider/aw.php?lokasie=%2Flib64%2Flibpcap.so.1&loknya=%2Flib64 HTTP/1.1" 200 4590 "-" "Mozilla/5.0 AppleWebKit/537.36 (KHTML, like Gecko; compatible; ClaudeBot/1.0; +claudebot@anthropic.com)"
175.100.117.154 - - [16/Oct/2024:05:32:16 -0700] "GET /twin.php HTTP/1.1" 200 6605 "www.google.com" "Mozlila/5.0 (Linux; Android 7.0; SM-G892A Bulid/NRD90M; wv) AppleWebKit/537.36 (KHTML, like Gecko) Version/4.0 Chrome/60.0.3112.107 Moblie Safari/537.36"
13.59.44.213 - - [16/Oct/2024:05:32:16 -0700] "GET /slider/aw.php?lokasie=%2Flib64%2Flibstdc++.so.5.0.7&loknya=%2Flib64 HTTP/1.1" 200 4596 "-" "Mozilla/5.0 AppleWebKit/537.36 (KHTML, like Gecko; compatible; ClaudeBot/1.0; +claudebot@anthropic.com)"
102.91.4.135 - - [16/Oct/2024:05:32:16 -0700] "GET /cPanel_magic_revision_1648610195/unprotected/cpanel/fonts/open_sans/OpenSans-Regular-webfont.woff HTTP/1.1" 200 22660 "https://webmail.nicn.gov.ng/cPanel_magic_revision_1648610195/unprotected/cpanel/fonts/open_sans/open_sans.min.css" "Mozilla/5.0 (Windows NT 10.0; Win64; x64; rv:131.0) Gecko/20100101 Firefox/131.0"
102.91.4.135 - - [16/Oct/2024:05:32:16 -0700] "GET /cPanel_magic_revision_1648610195/unprotected/cpanel/fonts/open_sans/OpenSans-Semibold-webfont.woff HTTP/1.1" 200 22908 "https://webmail.nicn.gov.ng/cPanel_magic_revision_1648610195/unprotected/cpanel/fonts/open_sans/open_sans.min.css" "Mozilla/5.0 (Windows NT 10.0; Win64; x64; rv:131.0) Gecko/20100101 Firefox/131.0"
102.91.4.135 - - [16/Oct/2024:05:32:16 -0700] "GET /cPanel_magic_revision_1648610195/unprotected/cpanel/fonts/open_sans/OpenSans-Bold-webfont.woff HTTP/1.1" 200 22432 "https://webmail.nicn.gov.ng/cPanel_magic_revision_1648610195/unprotected/cpanel/fonts/open_sans/open_sans.min.css" "Mozilla/5.0 (Windows NT 10.0; Win64; x64; rv:131.0) Gecko/20100101 Firefox/131.0"
102.91.4.135 - - [16/Oct/2024:05:32:16 -0700] "GET /cPanel_magic_revision_1475783731/unprotected/cpanel/images/icon-username.png HTTP/1.1" 200 320 "https://webmail.nicn.gov.ng/cPanel_magic_revision_1676949689/unprotected/cpanel/style_v2_optimized.css" "Mozilla/5.0 (Windows NT 10.0; Win64; x64; rv:131.0) Gecko/20100101 Firefox/131.0"
102.91.4.135 - - [16/Oct/2024:05:32:16 -0700] "GET /cPanel_magic_revision_1475783731/unprotected/cpanel/images/icon-password.png HTTP/1.1" 200 450 "https://webmail.nicn.gov.ng/cPanel_magic_revision_1676949689/unprotected/cpanel/style_v2_optimized.css" "Mozilla/5.0 (Windows NT 10.0; Win64; x64; rv:131.0) Gecko/20100101 Firefox/131.0"
13.59.44.213 - - [16/Oct/2024:05:32:16 -0700] "GET /slider/aw.php?lokasie=%2Flib64%2Flibpangoft2-1.0.so.0&loknya=%2Flib64 HTTP/1.1" 200 4598 "-" "Mozilla/5.0 AppleWebKit/537.36 (KHTML, like Gecko; compatible; ClaudeBot/1.0; +claudebot@anthropic.com)"
13.59.44.213 - - [16/Oct/2024:05:32:16 -0700] "GET /slider/aw.php?lokasie=%2Fhome%2Fnicngo5%2Fnpay2%2Fartisan&loknya=%2Fhome%2Fnicngo5%2Fnpay2 HTTP/1.1" 200 6358 "-" "Mozilla/5.0 AppleWebKit/537.36 (KHTML, like Gecko; compatible; ClaudeBot/1.0; +claudebot@anthropic.com)"
175.100.117.154 - - [16/Oct/2024:05:32:16 -0700] "GET /u.php HTTP/1.1" 200 6605 "www.google.com" "Mozlila/5.0 (Linux; Android 7.0; SM-G892A Bulid/NRD90M; wv) AppleWebKit/537.36 (KHTML, like Gecko) Version/4.0 Chrome/60.0.3112.107 Moblie Safari/537.36"
13.59.44.213 - - [16/Oct/2024:05:32:16 -0700] "GET /slider/aw.php?lokasie=%2Fhome%2Fnicngo5%2Fnpayroll%2F.gitattributes&loknya=%2Fhome%2Fnicngo5%2Fnpayroll HTTP/1.1" 200 4817 "-" "Mozilla/5.0 AppleWebKit/537.36 (KHTML, like Gecko; compatible; ClaudeBot/1.0; +claudebot@anthropic.com)"
175.100.117.154 - - [16/Oct/2024:05:32:16 -0700] "GET /u.php HTTP/1.1" 200 6605 "www.google.com" "Mozlila/5.0 (Linux; Android 7.0; SM-G892A Bulid/NRD90M; wv) AppleWebKit/537.36 (KHTML, like Gecko) Version/4.0 Chrome/60.0.3112.107 Moblie Safari/537.36"
102.91.4.135 - - [16/Oct/2024:05:32:17 -0700] "GET /cPanel_magic_revision_1475783731/unprotected/cpanel/images/warning.png HTTP/1.1" 200 1060 "https://webmail.nicn.gov.ng/cPanel_magic_revision_1676949689/unprotected/cpanel/style_v2_optimized.css" "Mozilla/5.0 (Windows NT 10.0; Win64; x64; rv:131.0) Gecko/20100101 Firefox/131.0"
102.91.4.135 - - [16/Oct/2024:05:32:17 -0700] "GET /cPanel_magic_revision_1475783731/unprotected/cpanel/images/notice-info.png HTTP/1.1" 200 976 "https://webmail.nicn.gov.ng/cPanel_magic_revision_1676949689/unprotected/cpanel/style_v2_optimized.css" "Mozilla/5.0 (Windows NT 10.0; Win64; x64; rv:131.0) Gecko/20100101 Firefox/131.0"
102.91.4.135 - - [16/Oct/2024:05:32:17 -0700] "GET /cPanel_magic_revision_1475783731/unprotected/cpanel/images/notice-success.png HTTP/1.1" 200 962 "https://webmail.nicn.gov.ng/cPanel_magic_revision_1676949689/unprotected/cpanel/style_v2_optimized.css" "Mozilla/5.0 (Windows NT 10.0; Win64; x64; rv:131.0) Gecko/20100101 Firefox/131.0"
3.12.147.77 - - [16/Oct/2024:05:32:17 -0700] "GET /slider/aw.php?lokasie=%2Fsbin%2Fipmaddr&loknya=%2Fsbin HTTP/1.1" 200 4581 "-" "Mozilla/5.0 AppleWebKit/537.36 (KHTML, like Gecko; compatible; ClaudeBot/1.0; +claudebot@anthropic.com)"
3.12.147.77 - - [16/Oct/2024:05:32:17 -0700] "GET /slider/aw.php?lokasie=%2Fsbin%2Fsw-engine-fpm&loknya=%2Fsbin HTTP/1.1" 200 4587 "-" "Mozilla/5.0 AppleWebKit/537.36 (KHTML, like Gecko; compatible; ClaudeBot/1.0; +claudebot@anthropic.com)"
3.147.65.176 - - [16/Oct/2024:05:32:17 -0700] "GET /slider/aw.php?lokasie=%2Fbin%2Fzsh&loknya=%2Fbin HTTP/1.1" 200 4575 "-" "Mozilla/5.0 AppleWebKit/537.36 (KHTML, like Gecko; compatible; ClaudeBot/1.0; +claudebot@anthropic.com)"
3.147.65.176 - - [16/Oct/2024:05:32:17 -0700] "GET /slider/aw.php?lokasie=%2Fbin%2Feject&loknya=%2Fbin HTTP/1.1" 200 4577 "-" "Mozilla/5.0 AppleWebKit/537.36 (KHTML, like Gecko; compatible; ClaudeBot/1.0; +claudebot@anthropic.com)"
175.100.117.154 - - [16/Oct/2024:05:32:17 -0700] "GET /upload.php HTTP/1.1" 200 6605 "www.google.com" "Mozlila/5.0 (Linux; Android 7.0; SM-G892A Bulid/NRD90M; wv) AppleWebKit/537.36 (KHTML, like Gecko) Version/4.0 Chrome/60.0.3112.107 Moblie Safari/537.36"
3.147.65.176 - - [16/Oct/2024:05:32:17 -0700] "GET /slider/aw.php?loknya=%2Flib64%2Flibboost-plesk-1.74 HTTP/1.1" 200 16017 "-" "Mozilla/5.0 AppleWebKit/537.36 (KHTML, like Gecko; compatible; ClaudeBot/1.0; +claudebot@anthropic.com)"
3.147.65.176 - - [16/Oct/2024:05:32:17 -0700] "GET /slider/aw.php?lokasie=%2Fbin%2Ftraceroute6&loknya=%2Fbin HTTP/1.1" 200 4583 "-" "Mozilla/5.0 AppleWebKit/537.36 (KHTML, like Gecko; compatible; ClaudeBot/1.0; +claudebot@anthropic.com)"
175.100.117.154 - - [16/Oct/2024:05:32:17 -0700] "GET /upload.php HTTP/1.1" 200 6605 "www.google.com" "Mozlila/5.0 (Linux; Android 7.0; SM-G892A Bulid/NRD90M; wv) AppleWebKit/537.36 (KHTML, like Gecko) Version/4.0 Chrome/60.0.3112.107 Moblie Safari/537.36"
3.147.65.176 - - [16/Oct/2024:05:32:18 -0700] "GET /slider/aw.php?lokasie=%2Flib64%2Flibkrb5.so.3&loknya=%2Flib64 HTTP/1.1" 200 4590 "-" "Mozilla/5.0 AppleWebKit/537.36 (KHTML, like Gecko; compatible; ClaudeBot/1.0; +claudebot@anthropic.com)"
217.113.194.117 - - [16/Oct/2024:05:32:18 -0700] "GET /view-judgment/1149 HTTP/1.1" 200 51299 "-" "Mozilla/5.0 (compatible; Barkrowler/0.9; +https://babbar.tech/crawler)"
3.147.65.176 - - [16/Oct/2024:05:32:18 -0700] "GET /slider/aw.php?lokasie=%2Flib64%2Flibcupsimage.so.2&loknya=%2Flib64 HTTP/1.1" 200 4595 "-" "Mozilla/5.0 AppleWebKit/537.36 (KHTML, like Gecko; compatible; ClaudeBot/1.0; +claudebot@anthropic.com)"
3.147.65.176 - - [16/Oct/2024:05:32:18 -0700] "GET /slider/aw.php?lokasie=%2Flib64%2Flibgettextlib-0.19.8.1.so&loknya=%2Flib64 HTTP/1.1" 200 4603 "-" "Mozilla/5.0 AppleWebKit/537.36 (KHTML, like Gecko; compatible; ClaudeBot/1.0; +claudebot@anthropic.com)"
175.100.117.154 - - [16/Oct/2024:05:32:18 -0700] "GET /uploader.php HTTP/1.1" 200 6605 "www.google.com" "Mozlila/5.0 (Linux; Android 7.0; SM-G892A Bulid/NRD90M; wv) AppleWebKit/537.36 (KHTML, like Gecko) Version/4.0 Chrome/60.0.3112.107 Moblie Safari/537.36"
3.139.86.131 - - [16/Oct/2024:05:32:18 -0700] "GET /slider/aw.php?loknya=%2Fproc%2F4938 HTTP/1.1" 200 65738 "-" "Mozilla/5.0 AppleWebKit/537.36 (KHTML, like Gecko; compatible; ClaudeBot/1.0; +claudebot@anthropic.com)"
57.141.7.3 - - [16/Oct/2024:05:32:18 -0700] "GET /index.php/view-judgment/1545 HTTP/1.1" 200 30106 "-" "facebookexternalhit/1.1 (+http://www.facebook.com/externalhit_uatext.php)"
3.139.86.131 - - [16/Oct/2024:05:32:18 -0700] "GET /slider/aw.php?lokasie=%2Fproc%2Fdiskstats&loknya=%2Fproc HTTP/1.1" 200 4748 "-" "Mozilla/5.0 AppleWebKit/537.36 (KHTML, like Gecko; compatible; ClaudeBot/1.0; +claudebot@anthropic.com)"
175.100.117.154 - - [16/Oct/2024:05:32:18 -0700] "GET /uploader.php HTTP/1.1" 200 6605 "www.google.com" "Mozlila/5.0 (Linux; Android 7.0; SM-G892A Bulid/NRD90M; wv) AppleWebKit/537.36 (KHTML, like Gecko) Version/4.0 Chrome/60.0.3112.107 Moblie Safari/537.36"
3.139.86.131 - - [16/Oct/2024:05:32:18 -0700] "GET /slider/aw.php?loknya=%2Fhome%2Fnicngo5%2Fupgradehr.nicn.gov.ng%2FprofileLogo HTTP/1.1" 200 7510 "-" "Mozilla/5.0 AppleWebKit/537.36 (KHTML, like Gecko; compatible; ClaudeBot/1.0; +claudebot@anthropic.com)"
3.139.86.131 - - [16/Oct/2024:05:32:19 -0700] "GET /slider/aw.php?lokasie=%2Fhome%2Fnicngo5%2Fupgradehr.nicn.gov.ng%2Fbanner.png&loknya=%2Fhome%2Fnicngo5%2Fupgradehr.nicn.gov.ng HTTP/1.1" 200 4741 "-" "Mozilla/5.0 AppleWebKit/537.36 (KHTML, like Gecko; compatible; ClaudeBot/1.0; +claudebot@anthropic.com)"
3.144.40.182 - - [16/Oct/2024:05:32:19 -0700] "GET /slider/aw.php?lokasie=%2Fbin%2Fcksum&loknya=%2Fbin HTTP/1.1" 200 4577 "-" "Mozilla/5.0 AppleWebKit/537.36 (KHTML, like Gecko; compatible; ClaudeBot/1.0; +claudebot@anthropic.com)"
3.144.40.182 - - [16/Oct/2024:05:32:19 -0700] "GET /slider/aw.php?lokasie=%2Fbin%2Funlink&loknya=%2Fbin HTTP/1.1" 200 4578 "-" "Mozilla/5.0 AppleWebKit/537.36 (KHTML, like Gecko; compatible; ClaudeBot/1.0; +claudebot@anthropic.com)"
175.100.117.154 - - [16/Oct/2024:05:32:19 -0700] "GET /vuln.php HTTP/1.1" 200 6605 "www.google.com" "Mozlila/5.0 (Linux; Android 7.0; SM-G892A Bulid/NRD90M; wv) AppleWebKit/537.36 (KHTML, like Gecko) Version/4.0 Chrome/60.0.3112.107 Moblie Safari/537.36"
3.144.40.182 - - [16/Oct/2024:05:32:19 -0700] "GET /slider/aw.php?lokasie=%2Fbin%2Flzegrep&loknya=%2Fbin HTTP/1.1" 200 11165 "-" "Mozilla/5.0 AppleWebKit/537.36 (KHTML, like Gecko; compatible; ClaudeBot/1.0; +claudebot@anthropic.com)"
3.144.40.182 - - [16/Oct/2024:05:32:19 -0700] "GET /slider/aw.php?lokasie=%2Fbin%2Fvimtutor&loknya=%2Fbin HTTP/1.1" 200 6837 "-" "Mozilla/5.0 AppleWebKit/537.36 (KHTML, like Gecko; compatible; ClaudeBot/1.0; +claudebot@anthropic.com)"
175.100.117.154 - - [16/Oct/2024:05:32:19 -0700] "GET /vuln.php HTTP/1.1" 200 6605 "www.google.com" "Mozlila/5.0 (Linux; Android 7.0; SM-G892A Bulid/NRD90M; wv) AppleWebKit/537.36 (KHTML, like Gecko) Version/4.0 Chrome/60.0.3112.107 Moblie Safari/537.36"
3.144.40.182 - - [16/Oct/2024:05:32:19 -0700] "GET /slider/aw.php?loknya=%2Fhome%2Fnicngo5%2Fwww%2Ftestgazette HTTP/1.1" 200 7425 "-" "Mozilla/5.0 AppleWebKit/537.36 (KHTML, like Gecko; compatible; ClaudeBot/1.0; +claudebot@anthropic.com)"
3.135.196.3 - - [16/Oct/2024:05:32:20 -0700] "GET /slider/aw.php?lokasie=%2Flib64%2Flibdns.so&loknya=%2Flib64 HTTP/1.1" 200 4586 "-" "Mozilla/5.0 AppleWebKit/537.36 (KHTML, like Gecko; compatible; ClaudeBot/1.0; +claudebot@anthropic.com)"
3.135.196.3 - - [16/Oct/2024:05:32:20 -0700] "GET /slider/aw.php?loknya=%2Fhome%2Fnicngo5%2Ffunds.nicn.gov.ng%2Fjs HTTP/1.1" 200 27785 "-" "Mozilla/5.0 AppleWebKit/537.36 (KHTML, like Gecko; compatible; ClaudeBot/1.0; +claudebot@anthropic.com)"
175.100.117.154 - - [16/Oct/2024:05:32:20 -0700] "GET /wp-2019.php HTTP/1.1" 200 6605 "www.google.com" "Mozlila/5.0 (Linux; Android 7.0; SM-G892A Bulid/NRD90M; wv) AppleWebKit/537.36 (KHTML, like Gecko) Version/4.0 Chrome/60.0.3112.107 Moblie Safari/537.36"
18.224.43.69 - - [16/Oct/2024:05:32:20 -0700] "GET /slider/aw.php?lokasie=%2Fetc%2Fmail.rc&loknya=%2Fetc HTTP/1.1" 200 6583 "-" "Mozilla/5.0 AppleWebKit/537.36 (KHTML, like Gecko; compatible; ClaudeBot/1.0; +claudebot@anthropic.com)"
18.224.43.69 - - [16/Oct/2024:05:32:20 -0700] "GET /slider/aw.php?lokasie=%2Fetc%2Fdomainips&loknya=%2Fetc HTTP/1.1" 200 4596 "-" "Mozilla/5.0 AppleWebKit/537.36 (KHTML, like Gecko; compatible; ClaudeBot/1.0; +claudebot@anthropic.com)"
18.224.43.69 - - [16/Oct/2024:05:32:20 -0700] "GET /slider/aw.php?lokasie=%2Fetc%2Fcpanel_mail_netblocks&loknya=%2Fetc HTTP/1.1" 200 4593 "-" "Mozilla/5.0 AppleWebKit/537.36 (KHTML, like Gecko; compatible; ClaudeBot/1.0; +claudebot@anthropic.com)"
3.137.222.176 - - [16/Oct/2024:05:32:20 -0700] "GET /slider/aw.php?loknya=%2Fhome%2Fnicngo5%2Ffundscopied%2Fstorage HTTP/1.1" 200 11595 "-" "Mozilla/5.0 AppleWebKit/537.36 (KHTML, like Gecko; compatible; ClaudeBot/1.0; +claudebot@anthropic.com)"
175.100.117.154 - - [16/Oct/2024:05:32:20 -0700] "GET /wp-2019.php HTTP/1.1" 200 6605 "www.google.com" "Mozlila/5.0 (Linux; Android 7.0; SM-G892A Bulid/NRD90M; wv) AppleWebKit/537.36 (KHTML, like Gecko) Version/4.0 Chrome/60.0.3112.107 Moblie Safari/537.36"
3.147.7.208 - - [16/Oct/2024:05:32:21 -0700] "GET /slider/aw.php?loknya=%2Fhome%2Fnicngo5%2Fnicn.gov.ng%2Fapp HTTP/1.1" 200 13238 "-" "Mozilla/5.0 AppleWebKit/537.36 (KHTML, like Gecko; compatible; ClaudeBot/1.0; +claudebot@anthropic.com)"
57.141.7.7 - - [16/Oct/2024:05:32:21 -0700] "GET /view-judgment/1204 HTTP/1.1" 200 84559 "-" "meta-externalagent/1.1 (+https://developers.facebook.com/docs/sharing/webmasters/crawler)"
3.144.11.183 - - [16/Oct/2024:05:32:21 -0700] "GET /slider/aw.php?lokasie=%2Fhome%2Fnicngo5%2Flaravelvue%2Fcomposer.lock&loknya=%2Fhome%2Fnicngo5%2Flaravelvue HTTP/1.1" 200 283826 "-" "Mozilla/5.0 AppleWebKit/537.36 (KHTML, like Gecko; compatible; ClaudeBot/1.0; +claudebot@anthropic.com)"
3.147.7.208 - - [16/Oct/2024:05:32:21 -0700] "GET /slider/aw.php?loknya=%2Fhome%2Fnicngo5%2Fhrupgrade.nicn.gov.ng%2Fcgi-bin HTTP/1.1" 200 7462 "-" "Mozilla/5.0 AppleWebKit/537.36 (KHTML, like Gecko; compatible; ClaudeBot/1.0; +claudebot@anthropic.com)"
3.138.175.109 - - [16/Oct/2024:05:32:21 -0700] "GET /slider/aw.php?loknya=%2Frun%2Fnscd HTTP/1.1" 200 5719 "-" "Mozilla/5.0 AppleWebKit/537.36 (KHTML, like Gecko; compatible; ClaudeBot/1.0; +claudebot@anthropic.com)"
3.138.175.109 - - [16/Oct/2024:05:32:21 -0700] "GET /slider/aw.php?lokasie=%2Fhome%2Fnicngo5%2Fpublic_html%2FflashNews%2FPHOTO-2020-02-11-18-50-04.jpg&loknya=%2Fhome%2Fnicngo5%2Fpublic_html%2FflashNews HTTP/1.1" 200 4809 "-" "Mozilla/5.0 AppleWebKit/537.36 (KHTML, like Gecko; compatible; ClaudeBot/1.0; +claudebot@anthropic.com)"
175.100.117.154 - - [16/Oct/2024:05:32:21 -0700] "GET /wp-admin.php HTTP/1.1" 200 6605 "www.google.com" "Mozlila/5.0 (Linux; Android 7.0; SM-G892A Bulid/NRD90M; wv) AppleWebKit/537.36 (KHTML, like Gecko) Version/4.0 Chrome/60.0.3112.107 Moblie Safari/537.36"
18.221.211.203 - - [16/Oct/2024:05:32:21 -0700] "GET /slider/aw.php?loknya=%2Fhome%2Fnicngo5%2Fpaynow%2FImages HTTP/1.1" 200 17037 "-" "Mozilla/5.0 AppleWebKit/537.36 (KHTML, like Gecko; compatible; ClaudeBot/1.0; +claudebot@anthropic.com)"
175.100.117.154 - - [16/Oct/2024:05:32:21 -0700] "GET /wp-admin.php HTTP/1.1" 200 6605 "www.google.com" "Mozlila/5.0 (Linux; Android 7.0; SM-G892A Bulid/NRD90M; wv) AppleWebKit/537.36 (KHTML, like Gecko) Version/4.0 Chrome/60.0.3112.107 Moblie Safari/537.36"
18.221.211.203 - - [16/Oct/2024:05:32:21 -0700] "GET /slider/aw.php?lokasie=%2Fhome%2Fnicngo5%2Flogs%2Fupgrade_nicn_gov_ng.php.error.log&loknya=%2Fhome%2Fnicngo5%2Flogs HTTP/1.1" 200 9370 "-" "Mozilla/5.0 AppleWebKit/537.36 (KHTML, like Gecko; compatible; ClaudeBot/1.0; +claudebot@anthropic.com)"
18.221.211.203 - - [16/Oct/2024:05:32:21 -0700] "GET /slider/aw.php?lokasie=%2Fhome%2Fnicngo5%2Flogs%2Fbackendupgrade_nicn_gov_ng.php.error.log&loknya=%2Fhome%2Fnicngo5%2Flogs HTTP/1.1" 200 7488 "-" "Mozilla/5.0 AppleWebKit/537.36 (KHTML, like Gecko; compatible; ClaudeBot/1.0; +claudebot@anthropic.com)"
18.118.7.56 - - [16/Oct/2024:05:32:22 -0700] "GET /slider/aw.php?lokasie=%2Fhome%2Fnicngo5%2Fpublic_html%2FflashNews%2Fnicn-conf-2017.png&loknya=%2Fhome%2Fnicngo5%2Fpublic_html%2FflashNews HTTP/1.1" 200 4796 "-" "Mozilla/5.0 AppleWebKit/537.36 (KHTML, like Gecko; compatible; ClaudeBot/1.0; +claudebot@anthropic.com)"
3.15.150.183 - - [16/Oct/2024:05:32:22 -0700] "GET /slider/aw.php?lokasie=%2Fsbin%2Fe2undo&loknya=%2Fsbin HTTP/1.1" 200 4581 "-" "Mozilla/5.0 AppleWebKit/537.36 (KHTML, like Gecko; compatible; ClaudeBot/1.0; +claudebot@anthropic.com)"
3.15.150.183 - - [16/Oct/2024:05:32:22 -0700] "GET /slider/aw.php?lokasie=%2Fsbin%2Farping&loknya=%2Fsbin HTTP/1.1" 200 4581 "-" "Mozilla/5.0 AppleWebKit/537.36 (KHTML, like Gecko; compatible; ClaudeBot/1.0; +claudebot@anthropic.com)"
175.100.117.154 - - [16/Oct/2024:05:32:22 -0700] "GET /wp-info.php HTTP/1.1" 200 6605 "www.google.com" "Mozlila/5.0 (Linux; Android 7.0; SM-G892A Bulid/NRD90M; wv) AppleWebKit/537.36 (KHTML, like Gecko) Version/4.0 Chrome/60.0.3112.107 Moblie Safari/537.36"
3.15.150.183 - - [16/Oct/2024:05:32:22 -0700] "GET /slider/aw.php?lokasie=%2Fhome%2Fnicngo5%2Fnpay.pdf.nicn.gov.ng%2F.gitattributes&loknya=%2Fhome%2Fnicngo5%2Fnpay.pdf.nicn.gov.ng HTTP/1.1" 200 4803 "-" "Mozilla/5.0 AppleWebKit/537.36 (KHTML, like Gecko; compatible; ClaudeBot/1.0; +claudebot@anthropic.com)"
3.139.234.226 - - [16/Oct/2024:05:32:22 -0700] "GET /slider/aw.php?loknya=%2Fetc%2Ftmpfiles.d HTTP/1.1" 200 5743 "-" "Mozilla/5.0 AppleWebKit/537.36 (KHTML, like Gecko; compatible; ClaudeBot/1.0; +claudebot@anthropic.com)"
3.139.234.226 - - [16/Oct/2024:05:32:22 -0700] "GET /slider/aw.php?lokasie=%2Fetc%2Fuserbwlimits&loknya=%2Fetc HTTP/1.1" 200 4585 "-" "Mozilla/5.0 AppleWebKit/537.36 (KHTML, like Gecko; compatible; ClaudeBot/1.0; +claudebot@anthropic.com)"
175.100.117.154 - - [16/Oct/2024:05:32:22 -0700] "GET /wp-info.php HTTP/1.1" 200 6605 "www.google.com" "Mozlila/5.0 (Linux; Android 7.0; SM-G892A Bulid/NRD90M; wv) AppleWebKit/537.36 (KHTML, like Gecko) Version/4.0 Chrome/60.0.3112.107 Moblie Safari/537.36"
