87.247.160.6 - - [16/Oct/2024:05:33:09 -0700] "GET /wp-cron.php HTTP/1.1" 301 244 "www.google.com" "Mozlila/5.0 (Linux; Android 7.0; SM-G892A Bulid/NRD90M; wv) AppleWebKit/537.36 (KHTML, like Gecko) Version/4.0 Chrome/60.0.3112.107 Moblie Safari/537.36"
87.247.160.6 - - [16/Oct/2024:05:33:10 -0700] "GET /wp-head.php HTTP/1.1" 301 244 "www.google.com" "Mozlila/5.0 (Linux; Android 7.0; SM-G892A Bulid/NRD90M; wv) AppleWebKit/537.36 (KHTML, like Gecko) Version/4.0 Chrome/60.0.3112.107 Moblie Safari/537.36"
87.247.160.6 - - [16/Oct/2024:05:33:11 -0700] "GET /wp-links-opml.php HTTP/1.1" 301 250 "www.google.com" "Mozlila/5.0 (Linux; Android 7.0; SM-G892A Bulid/NRD90M; wv) AppleWebKit/537.36 (KHTML, like Gecko) Version/4.0 Chrome/60.0.3112.107 Moblie Safari/537.36"
87.247.160.6 - - [16/Oct/2024:05:33:12 -0700] "GET /wp-login.php HTTP/1.1" 301 245 "www.google.com" "Mozlila/5.0 (Linux; Android 7.0; SM-G892A Bulid/NRD90M; wv) AppleWebKit/537.36 (KHTML, like Gecko) Version/4.0 Chrome/60.0.3112.107 Moblie Safari/537.36"
87.247.160.6 - - [16/Oct/2024:05:33:13 -0700] "GET /wp-mail.php HTTP/1.1" 301 244 "www.google.com" "Mozlila/5.0 (Linux; Android 7.0; SM-G892A Bulid/NRD90M; wv) AppleWebKit/537.36 (KHTML, like Gecko) Version/4.0 Chrome/60.0.3112.107 Moblie Safari/537.36"
87.247.160.6 - - [16/Oct/2024:05:33:15 -0700] "GET /wp-signup.php HTTP/1.1" 301 246 "www.google.com" "Mozlila/5.0 (Linux; Android 7.0; SM-G892A Bulid/NRD90M; wv) AppleWebKit/537.36 (KHTML, like Gecko) Version/4.0 Chrome/60.0.3112.107 Moblie Safari/537.36"
87.247.160.6 - - [16/Oct/2024:05:33:18 -0700] "GET /wp-trackback.php HTTP/1.1" 301 249 "www.google.com" "Mozlila/5.0 (Linux; Android 7.0; SM-G892A Bulid/NRD90M; wv) AppleWebKit/537.36 (KHTML, like Gecko) Version/4.0 Chrome/60.0.3112.107 Moblie Safari/537.36"
87.247.160.6 - - [16/Oct/2024:05:33:19 -0700] "GET /kct403.php HTTP/1.1" 301 243 "www.google.com" "Mozlila/5.0 (Linux; Android 7.0; SM-G892A Bulid/NRD90M; wv) AppleWebKit/537.36 (KHTML, like Gecko) Version/4.0 Chrome/60.0.3112.107 Moblie Safari/537.36"
87.247.160.6 - - [16/Oct/2024:05:33:20 -0700] "GET /shellbypass.php HTTP/1.1" 301 248 "www.google.com" "Mozlila/5.0 (Linux; Android 7.0; SM-G892A Bulid/NRD90M; wv) AppleWebKit/537.36 (KHTML, like Gecko) Version/4.0 Chrome/60.0.3112.107 Moblie Safari/537.36"
87.247.160.6 - - [16/Oct/2024:05:33:21 -0700] "GET /images.php HTTP/1.1" 301 243 "www.google.com" "Mozlila/5.0 (Linux; Android 7.0; SM-G892A Bulid/NRD90M; wv) AppleWebKit/537.36 (KHTML, like Gecko) Version/4.0 Chrome/60.0.3112.107 Moblie Safari/537.36"
87.247.160.6 - - [16/Oct/2024:05:33:23 -0700] "GET /bkv74.php HTTP/1.1" 301 242 "www.google.com" "Mozlila/5.0 (Linux; Android 7.0; SM-G892A Bulid/NRD90M; wv) AppleWebKit/537.36 (KHTML, like Gecko) Version/4.0 Chrome/60.0.3112.107 Moblie Safari/537.36"
87.247.160.6 - - [16/Oct/2024:05:33:24 -0700] "GET /minipriv.php HTTP/1.1" 301 245 "www.google.com" "Mozlila/5.0 (Linux; Android 7.0; SM-G892A Bulid/NRD90M; wv) AppleWebKit/537.36 (KHTML, like Gecko) Version/4.0 Chrome/60.0.3112.107 Moblie Safari/537.36"
87.247.160.6 - - [16/Oct/2024:05:33:24 -0700] "GET /p.php HTTP/1.1" 301 238 "www.google.com" "Mozlila/5.0 (Linux; Android 7.0; SM-G892A Bulid/NRD90M; wv) AppleWebKit/537.36 (KHTML, like Gecko) Version/4.0 Chrome/60.0.3112.107 Moblie Safari/537.36"
87.247.160.6 - - [16/Oct/2024:05:33:25 -0700] "GET /q.php HTTP/1.1" 301 238 "www.google.com" "Mozlila/5.0 (Linux; Android 7.0; SM-G892A Bulid/NRD90M; wv) AppleWebKit/537.36 (KHTML, like Gecko) Version/4.0 Chrome/60.0.3112.107 Moblie Safari/537.36"
87.247.160.6 - - [16/Oct/2024:05:33:26 -0700] "GET /d.php HTTP/1.1" 301 238 "www.google.com" "Mozlila/5.0 (Linux; Android 7.0; SM-G892A Bulid/NRD90M; wv) AppleWebKit/537.36 (KHTML, like Gecko) Version/4.0 Chrome/60.0.3112.107 Moblie Safari/537.36"
87.247.160.6 - - [16/Oct/2024:05:33:27 -0700] "GET /f.php HTTP/1.1" 301 238 "www.google.com" "Mozlila/5.0 (Linux; Android 7.0; SM-G892A Bulid/NRD90M; wv) AppleWebKit/537.36 (KHTML, like Gecko) Version/4.0 Chrome/60.0.3112.107 Moblie Safari/537.36"
87.247.160.6 - - [16/Oct/2024:05:33:28 -0700] "GET /g.php HTTP/1.1" 301 238 "www.google.com" "Mozlila/5.0 (Linux; Android 7.0; SM-G892A Bulid/NRD90M; wv) AppleWebKit/537.36 (KHTML, like Gecko) Version/4.0 Chrome/60.0.3112.107 Moblie Safari/537.36"
87.247.160.6 - - [16/Oct/2024:05:33:30 -0700] "GET /h.php HTTP/1.1" 301 238 "www.google.com" "Mozlila/5.0 (Linux; Android 7.0; SM-G892A Bulid/NRD90M; wv) AppleWebKit/537.36 (KHTML, like Gecko) Version/4.0 Chrome/60.0.3112.107 Moblie Safari/537.36"
87.247.160.6 - - [16/Oct/2024:05:33:32 -0700] "GET /j.php HTTP/1.1" 301 238 "www.google.com" "Mozlila/5.0 (Linux; Android 7.0; SM-G892A Bulid/NRD90M; wv) AppleWebKit/537.36 (KHTML, like Gecko) Version/4.0 Chrome/60.0.3112.107 Moblie Safari/537.36"
87.247.160.6 - - [16/Oct/2024:05:33:34 -0700] "GET /wp-wso.php HTTP/1.1" 301 243 "www.google.com" "Mozlila/5.0 (Linux; Android 7.0; SM-G892A Bulid/NRD90M; wv) AppleWebKit/537.36 (KHTML, like Gecko) Version/4.0 Chrome/60.0.3112.107 Moblie Safari/537.36"
87.247.160.6 - - [16/Oct/2024:05:33:35 -0700] "GET /www.php HTTP/1.1" 301 240 "www.google.com" "Mozlila/5.0 (Linux; Android 7.0; SM-G892A Bulid/NRD90M; wv) AppleWebKit/537.36 (KHTML, like Gecko) Version/4.0 Chrome/60.0.3112.107 Moblie Safari/537.36"
87.247.160.6 - - [16/Oct/2024:05:33:36 -0700] "GET /new.php HTTP/1.1" 301 240 "www.google.com" "Mozlila/5.0 (Linux; Android 7.0; SM-G892A Bulid/NRD90M; wv) AppleWebKit/537.36 (KHTML, like Gecko) Version/4.0 Chrome/60.0.3112.107 Moblie Safari/537.36"
66.249.79.227 - - [16/Oct/2024:05:33:36 -0700] "GET /index.php/court-division?page=1 HTTP/1.1" 301 259 "-" "Mozilla/5.0 (Linux; Android 6.0.1; Nexus 5X Build/MMB29P) AppleWebKit/537.36 (KHTML, like Gecko) Chrome/129.0.6668.89 Mobile Safari/537.36 (compatible; Googlebot/2.1; +http://www.google.com/bot.html)"
87.247.160.6 - - [16/Oct/2024:05:33:37 -0700] "GET /admin403.php HTTP/1.1" 301 245 "www.google.com" "Mozlila/5.0 (Linux; Android 7.0; SM-G892A Bulid/NRD90M; wv) AppleWebKit/537.36 (KHTML, like Gecko) Version/4.0 Chrome/60.0.3112.107 Moblie Safari/537.36"
87.247.160.6 - - [16/Oct/2024:05:33:38 -0700] "GET /haxor.php HTTP/1.1" 301 242 "www.google.com" "Mozlila/5.0 (Linux; Android 7.0; SM-G892A Bulid/NRD90M; wv) AppleWebKit/537.36 (KHTML, like Gecko) Version/4.0 Chrome/60.0.3112.107 Moblie Safari/537.36"
87.247.160.6 - - [16/Oct/2024:05:33:39 -0700] "GET /send.php HTTP/1.1" 301 241 "www.google.com" "Mozlila/5.0 (Linux; Android 7.0; SM-G892A Bulid/NRD90M; wv) AppleWebKit/537.36 (KHTML, like Gecko) Version/4.0 Chrome/60.0.3112.107 Moblie Safari/537.36"
87.247.160.6 - - [16/Oct/2024:05:33:40 -0700] "GET /.wp-cache.php HTTP/1.1" 301 246 "www.google.com" "Mozlila/5.0 (Linux; Android 7.0; SM-G892A Bulid/NRD90M; wv) AppleWebKit/537.36 (KHTML, like Gecko) Version/4.0 Chrome/60.0.3112.107 Moblie Safari/537.36"
87.247.160.6 - - [16/Oct/2024:05:33:41 -0700] "GET /wp-blog.php HTTP/1.1" 301 244 "www.google.com" "Mozlila/5.0 (Linux; Android 7.0; SM-G892A Bulid/NRD90M; wv) AppleWebKit/537.36 (KHTML, like Gecko) Version/4.0 Chrome/60.0.3112.107 Moblie Safari/537.36"
87.247.160.6 - - [16/Oct/2024:05:33:42 -0700] "GET /gg.php HTTP/1.1" 301 239 "www.google.com" "Mozlila/5.0 (Linux; Android 7.0; SM-G892A Bulid/NRD90M; wv) AppleWebKit/537.36 (KHTML, like Gecko) Version/4.0 Chrome/60.0.3112.107 Moblie Safari/537.36"
87.247.160.6 - - [16/Oct/2024:05:33:43 -0700] "GET /alfa123.php HTTP/1.1" 301 244 "www.google.com" "Mozlila/5.0 (Linux; Android 7.0; SM-G892A Bulid/NRD90M; wv) AppleWebKit/537.36 (KHTML, like Gecko) Version/4.0 Chrome/60.0.3112.107 Moblie Safari/537.36"
156.59.198.136 - - [16/Oct/2024:05:37:37 -0700] "GET /nicnAdminPublic/public/nicnForms/FORM%2048.pdf HTTP/1.0" 301 274 "-" "Mozilla/5.0 (Linux; Android 5.0) AppleWebKit/537.36 (KHTML, like Gecko) Mobile Safari/537.36 (compatible; Bytespider; spider-feedback@bytedance.com)"
156.59.198.136 - - [16/Oct/2024:05:39:27 -0700] "GET /nicnAdminPublic/public/nicnForms/FORM%2053.pdf HTTP/1.0" 301 274 "-" "Mozilla/5.0 (Linux; Android 5.0) AppleWebKit/537.36 (KHTML, like Gecko) Mobile Safari/537.36 (compatible; Bytespider; spider-feedback@bytedance.com)"
102.90.58.178 - - [16/Oct/2024:05:44:22 -0700] "GET /nicnAdminPublic/public/jurisdictionPhoto/jurisdiction.jpg HTTP/1.1" 301 285 "-" "Mozilla/5.0 (iPhone; CPU iPhone OS 16_6 like Mac OS X) AppleWebKit/605.1.15 (KHTML, like Gecko) Version/16.6 Mobile/15E148 Safari/604.1"
157.49.251.16 - - [16/Oct/2024:05:46:25 -0700] "GET /wp-login.php HTTP/1.1" 301 240 "-" "Mozilla/5.0 (Windows NT 10.0; WOW64; Trident/7.0; rv:11.0) like Gecko"
157.49.251.16 - - [16/Oct/2024:05:46:26 -0700] "GET /xmlrpc.php HTTP/1.1" 301 238 "-" "Mozilla/5.0 (Windows NT 10.0; WOW64; Trident/7.0; rv:11.0) like Gecko"
156.59.198.136 - - [16/Oct/2024:05:52:02 -0700] "GET /nicnAdminPublic/public/nicnForms/FORM%2080.pdf HTTP/1.0" 301 274 "-" "Mozilla/5.0 (Linux; Android 5.0) AppleWebKit/537.36 (KHTML, like Gecko) Mobile Safari/537.36 (compatible; Bytespider; spider-feedback@bytedance.com)"
139.59.114.76 - - [16/Oct/2024:05:53:57 -0700] "GET / HTTP/1.1" 301 228 "-" "Mozilla/5.0 (Windows NT 10.0; Win64; x64) AppleWebKit/537.36 (KHTML, like Gecko) Chrome/88.0.4240.193 Safari/537.36"
146.70.36.132 - - [16/Oct/2024:05:56:05 -0700] "GET / HTTP/1.1" 301 228 "-" "Mozilla/5.0 (Windows NT 10.0; Win64; x64; rv:66.0) Gecko/20100101 Firefox/66.0"
220.181.108.156 - - [16/Oct/2024:05:58:44 -0700] "GET / HTTP/1.1" 301 232 "-" "Mozilla/5.0 (compatible; Baiduspider/2.0; +http://www.baidu.com/search/spider.html)"
116.179.37.50 - - [16/Oct/2024:05:58:51 -0700] "GET / HTTP/1.1" 301 232 "-" "Mozilla/5.0 (compatible; Baiduspider-render/2.0; +http://www.baidu.com/search/spider.html)"
66.249.79.228 - - [16/Oct/2024:06:02:11 -0700] "GET / HTTP/1.1" 301 228 "-" "Mozilla/5.0 (compatible; Googlebot/2.1; +http://www.google.com/bot.html)"
197.253.19.54 - - [16/Oct/2024:06:04:54 -0700] "GET / HTTP/1.1" 301 228 "-" "Mozilla/5.0 (Windows NT 10.0; Win64; x64) AppleWebKit/537.36 (KHTML, like Gecko) Chrome/129.0.0.0 Safari/537.36 Edg/129.0.0.0"
103.131.71.20 - - [16/Oct/2024:06:20:16 -0700] "GET /robots.txt HTTP/1.1" 301 238 "-" "Mozilla/5.0 (compatible; coccocbot-image/1.0; +http://help.coccoc.com/searchengine)"
156.59.198.136 - - [16/Oct/2024:06:21:42 -0700] "GET /nicnAdminPublic/public/nicnForms/FORM%2089.pdf HTTP/1.0" 301 274 "-" "Mozilla/5.0 (Linux; Android 5.0) AppleWebKit/537.36 (KHTML, like Gecko) Mobile Safari/537.36 (compatible; Bytespider; spider-feedback@bytedance.com)"
41.78.85.225 - - [16/Oct/2024:06:26:28 -0700] "GET /wp-login.php HTTP/1.1" 301 240 "-" "Mozilla/5.0 (Windows NT 10.0; WOW64; Trident/7.0; rv:11.0) like Gecko"
41.78.85.225 - - [16/Oct/2024:06:26:29 -0700] "GET /xmlrpc.php HTTP/1.1" 301 238 "-" "Mozilla/5.0 (Windows NT 10.0; WOW64; Trident/7.0; rv:11.0) like Gecko"
103.131.71.97 - - [16/Oct/2024:06:28:00 -0700] "GET /robots.txt HTTP/1.1" 301 238 "-" "Mozilla/5.0 (compatible; coccocbot-web/1.0; +http://help.coccoc.com/searchengine)"
103.131.71.59 - - [16/Oct/2024:06:28:33 -0700] "GET /robots.txt HTTP/1.1" 301 242 "-" "Mozilla/5.0 (compatible; coccocbot-web/1.0; +http://help.coccoc.com/searchengine)"
66.249.79.228 - - [16/Oct/2024:06:28:51 -0700] "GET /index.php/causelist HTTP/1.1" 301 251 "-" "Mozilla/5.0 (Linux; Android 6.0.1; Nexus 5X Build/MMB29P) AppleWebKit/537.36 (KHTML, like Gecko) Chrome/129.0.6668.89 Mobile Safari/537.36 (compatible; Googlebot/2.1; +http://www.google.com/bot.html)"
220.181.108.155 - - [16/Oct/2024:06:32:49 -0700] "GET / HTTP/1.1" 301 232 "-" "Mozilla/5.0 (compatible; Baiduspider/2.0; +http://www.baidu.com/search/spider.html)"
116.179.37.164 - - [16/Oct/2024:06:32:53 -0700] "GET / HTTP/1.1" 301 232 "-" "Mozilla/5.0 (compatible; Baiduspider-render/2.0; +http://www.baidu.com/search/spider.html)"
115.246.51.108 - - [16/Oct/2024:06:35:53 -0700] "GET /wp-login.php HTTP/1.1" 301 240 "-" "Mozilla/5.0 (Windows NT 10.0; WOW64; Trident/7.0; rv:11.0) like Gecko"
115.246.51.108 - - [16/Oct/2024:06:35:55 -0700] "GET /xmlrpc.php HTTP/1.1" 301 238 "-" "Mozilla/5.0 (Windows NT 10.0; WOW64; Trident/7.0; rv:11.0) like Gecko"
78.142.18.92 - - [16/Oct/2024:06:40:27 -0700] "GET /wp-content/uploads/ HTTP/1.1" 301 247 "-" "Mozlila/5.0 (Linux; Android 7.0; SM-G892A Bulid/NRD90M; wv) AppleWebKit/537.36 (KHTML, like Gecko) Version/4.0 Chrome/60.0.3112.107 Moblie Safari/537.36"
78.142.18.92 - - [16/Oct/2024:06:40:34 -0700] "GET /wp-includes/ HTTP/1.1" 301 240 "-" "Mozlila/5.0 (Linux; Android 7.0; SM-G892A Bulid/NRD90M; wv) AppleWebKit/537.36 (KHTML, like Gecko) Version/4.0 Chrome/60.0.3112.107 Moblie Safari/537.36"
78.142.18.92 - - [16/Oct/2024:06:40:40 -0700] "GET /.well-known/ HTTP/1.1" 301 240 "-" "Mozlila/5.0 (Linux; Android 7.0; SM-G892A Bulid/NRD90M; wv) AppleWebKit/537.36 (KHTML, like Gecko) Version/4.0 Chrome/60.0.3112.107 Moblie Safari/537.36"
78.142.18.92 - - [16/Oct/2024:06:40:44 -0700] "GET /.well-known/pki-validation/ HTTP/1.1" 200 654 "-" "Mozlila/5.0 (Linux; Android 7.0; SM-G892A Bulid/NRD90M; wv) AppleWebKit/537.36 (KHTML, like Gecko) Version/4.0 Chrome/60.0.3112.107 Moblie Safari/537.36"
78.142.18.92 - - [16/Oct/2024:06:40:45 -0700] "GET /images/ HTTP/1.1" 301 235 "-" "Mozlila/5.0 (Linux; Android 7.0; SM-G892A Bulid/NRD90M; wv) AppleWebKit/537.36 (KHTML, like Gecko) Version/4.0 Chrome/60.0.3112.107 Moblie Safari/537.36"
112.202.116.149 - - [16/Oct/2024:06:41:31 -0700] "GET /wp-login.php HTTP/1.1" 301 240 "-" "Mozilla/5.0 (Windows NT 10.0; WOW64; Trident/7.0; rv:11.0) like Gecko"
112.202.116.149 - - [16/Oct/2024:06:41:31 -0700] "GET /xmlrpc.php HTTP/1.1" 301 238 "-" "Mozilla/5.0 (Windows NT 10.0; WOW64; Trident/7.0; rv:11.0) like Gecko"
159.224.115.2 - - [16/Oct/2024:06:43:17 -0700] "GET /wp-login.php HTTP/1.1" 301 240 "-" "Mozilla/5.0 (Windows NT 10.0; WOW64; Trident/7.0; rv:11.0) like Gecko"
159.224.115.2 - - [16/Oct/2024:06:43:17 -0700] "GET /xmlrpc.php HTTP/1.1" 301 238 "-" "Mozilla/5.0 (Windows NT 10.0; WOW64; Trident/7.0; rv:11.0) like Gecko"
78.142.18.92 - - [16/Oct/2024:06:44:06 -0700] "GET /wp-admin/ HTTP/1.1" 301 237 "-" "Mozlila/5.0 (Linux; Android 7.0; SM-G892A Bulid/NRD90M; wv) AppleWebKit/537.36 (KHTML, like Gecko) Version/4.0 Chrome/60.0.3112.107 Moblie Safari/537.36"
78.142.18.92 - - [16/Oct/2024:06:44:48 -0700] "GET /wp-content/ HTTP/1.1" 301 239 "-" "Mozlila/5.0 (Linux; Android 7.0; SM-G892A Bulid/NRD90M; wv) AppleWebKit/537.36 (KHTML, like Gecko) Version/4.0 Chrome/60.0.3112.107 Moblie Safari/537.36"
78.142.18.92 - - [16/Oct/2024:06:44:53 -0700] "GET /wp-content/themes/ HTTP/1.1" 301 246 "-" "Mozlila/5.0 (Linux; Android 7.0; SM-G892A Bulid/NRD90M; wv) AppleWebKit/537.36 (KHTML, like Gecko) Version/4.0 Chrome/60.0.3112.107 Moblie Safari/537.36"
78.142.18.92 - - [16/Oct/2024:06:44:57 -0700] "GET /wp-content/plugins/ HTTP/1.1" 301 247 "-" "Mozlila/5.0 (Linux; Android 7.0; SM-G892A Bulid/NRD90M; wv) AppleWebKit/537.36 (KHTML, like Gecko) Version/4.0 Chrome/60.0.3112.107 Moblie Safari/537.36"
78.142.18.92 - - [16/Oct/2024:06:45:01 -0700] "GET /.well-knownold/ HTTP/1.1" 301 243 "-" "Mozlila/5.0 (Linux; Android 7.0; SM-G892A Bulid/NRD90M; wv) AppleWebKit/537.36 (KHTML, like Gecko) Version/4.0 Chrome/60.0.3112.107 Moblie Safari/537.36"
78.142.18.92 - - [16/Oct/2024:06:49:19 -0700] "GET /cgi-bin/ HTTP/1.1" 301 236 "-" "Mozlila/5.0 (Linux; Android 7.0; SM-G892A Bulid/NRD90M; wv) AppleWebKit/537.36 (KHTML, like Gecko) Version/4.0 Chrome/60.0.3112.107 Moblie Safari/537.36"
78.142.18.92 - - [16/Oct/2024:06:49:27 -0700] "GET /assets/ HTTP/1.1" 301 235 "-" "Mozlila/5.0 (Linux; Android 7.0; SM-G892A Bulid/NRD90M; wv) AppleWebKit/537.36 (KHTML, like Gecko) Version/4.0 Chrome/60.0.3112.107 Moblie Safari/537.36"
78.142.18.92 - - [16/Oct/2024:06:49:33 -0700] "GET /wp-admin/css/ HTTP/1.1" 301 241 "-" "Mozlila/5.0 (Linux; Android 7.0; SM-G892A Bulid/NRD90M; wv) AppleWebKit/537.36 (KHTML, like Gecko) Version/4.0 Chrome/60.0.3112.107 Moblie Safari/537.36"
78.142.18.92 - - [16/Oct/2024:06:49:38 -0700] "GET /wp-admin/images/ HTTP/1.1" 301 244 "-" "Mozlila/5.0 (Linux; Android 7.0; SM-G892A Bulid/NRD90M; wv) AppleWebKit/537.36 (KHTML, like Gecko) Version/4.0 Chrome/60.0.3112.107 Moblie Safari/537.36"
78.142.18.92 - - [16/Oct/2024:06:49:46 -0700] "GET /wp-admin/maint/ HTTP/1.1" 301 243 "-" "Mozlila/5.0 (Linux; Android 7.0; SM-G892A Bulid/NRD90M; wv) AppleWebKit/537.36 (KHTML, like Gecko) Version/4.0 Chrome/60.0.3112.107 Moblie Safari/537.36"
40.94.31.11 - - [16/Oct/2024:06:54:29 -0700] "GET / HTTP/1.1" 301 232 "-" "Mozilla/5.0 (Windows NT 10.0; Win64; x64) AppleWebKit/537.36 (KHTML, like Gecko) Chrome/127.0.6523.4 Safari/537.36"
78.142.18.92 - - [16/Oct/2024:06:54:42 -0700] "GET /wp-admin/meta/ HTTP/1.1" 301 242 "-" "Mozlila/5.0 (Linux; Android 7.0; SM-G892A Bulid/NRD90M; wv) AppleWebKit/537.36 (KHTML, like Gecko) Version/4.0 Chrome/60.0.3112.107 Moblie Safari/537.36"
78.142.18.92 - - [16/Oct/2024:06:55:05 -0700] "GET /wp-admin/network/ HTTP/1.1" 301 245 "-" "Mozlila/5.0 (Linux; Android 7.0; SM-G892A Bulid/NRD90M; wv) AppleWebKit/537.36 (KHTML, like Gecko) Version/4.0 Chrome/60.0.3112.107 Moblie Safari/537.36"
78.142.18.92 - - [16/Oct/2024:06:55:11 -0700] "GET /wp-admin/user/ HTTP/1.1" 301 242 "-" "Mozlila/5.0 (Linux; Android 7.0; SM-G892A Bulid/NRD90M; wv) AppleWebKit/537.36 (KHTML, like Gecko) Version/4.0 Chrome/60.0.3112.107 Moblie Safari/537.36"
105.157.64.10 - - [16/Oct/2024:06:55:19 -0700] "GET /.env HTTP/1.1" 301 232 "-" "Mozilla/5.0 (Linux; U; Android 4.4.2; en-US; HM NOTE 1W Build/KOT49H) AppleWebKit/534.30 (KHTML, like Gecko) Version/4.0 UCBrowser/11.0.5.850 U3/0.8.0 Mobile Safari/534.30"
105.157.64.10 - - [16/Oct/2024:06:55:19 -0700] "POST / HTTP/1.1" 301 228 "-" "Mozilla/5.0 (Linux; U; Android 4.4.2; en-US; HM NOTE 1W Build/KOT49H) AppleWebKit/534.30 (KHTML, like Gecko) Version/4.0 UCBrowser/11.0.5.850 U3/0.8.0 Mobile Safari/534.30"
78.142.18.92 - - [16/Oct/2024:06:55:21 -0700] "GET /wp-admin/includes/ HTTP/1.1" 301 246 "-" "Mozlila/5.0 (Linux; Android 7.0; SM-G892A Bulid/NRD90M; wv) AppleWebKit/537.36 (KHTML, like Gecko) Version/4.0 Chrome/60.0.3112.107 Moblie Safari/537.36"
105.157.64.10 - - [16/Oct/2024:06:55:25 -0700] "GET /vendor/phpunit/phpunit/src/Util/PHP/eval-stdin.php HTTP/1.1" 301 278 "-" "python-requests/2.28.1"
197.158.42.65 - - [16/Oct/2024:06:56:45 -0700] "GET /wp-login.php HTTP/1.1" 301 240 "-" "Mozilla/5.0 (Windows NT 10.0; WOW64; Trident/7.0; rv:11.0) like Gecko"
197.158.42.65 - - [16/Oct/2024:06:56:46 -0700] "GET /xmlrpc.php HTTP/1.1" 301 238 "-" "Mozilla/5.0 (Windows NT 10.0; WOW64; Trident/7.0; rv:11.0) like Gecko"
156.59.198.135 - - [16/Oct/2024:06:57:10 -0700] "GET /nicnAdminPublic/public/nicnForms/FORM%2016.pdf HTTP/1.0" 301 274 "-" "Mozilla/5.0 (Linux; Android 5.0) AppleWebKit/537.36 (KHTML, like Gecko) Mobile Safari/537.36 (compatible; Bytespider; spider-feedback@bytedance.com)"
78.142.18.92 - - [16/Oct/2024:07:00:26 -0700] "GET /wp-content/upgrade/ HTTP/1.1" 301 247 "-" "Mozlila/5.0 (Linux; Android 7.0; SM-G892A Bulid/NRD90M; wv) AppleWebKit/537.36 (KHTML, like Gecko) Version/4.0 Chrome/60.0.3112.107 Moblie Safari/537.36"
78.142.18.92 - - [16/Oct/2024:07:00:40 -0700] "GET /ALFA_DATA/ HTTP/1.1" 301 238 "-" "Mozlila/5.0 (Linux; Android 7.0; SM-G892A Bulid/NRD90M; wv) AppleWebKit/537.36 (KHTML, like Gecko) Version/4.0 Chrome/60.0.3112.107 Moblie Safari/537.36"
78.142.18.92 - - [16/Oct/2024:07:00:47 -0700] "GET /.well-known/acme-challenge/ HTTP/1.1" 301 255 "-" "Mozlila/5.0 (Linux; Android 7.0; SM-G892A Bulid/NRD90M; wv) AppleWebKit/537.36 (KHTML, like Gecko) Version/4.0 Chrome/60.0.3112.107 Moblie Safari/537.36"
78.142.18.92 - - [16/Oct/2024:07:00:54 -0700] "GET /uploads/ HTTP/1.1" 301 236 "-" "Mozlila/5.0 (Linux; Android 7.0; SM-G892A Bulid/NRD90M; wv) AppleWebKit/537.36 (KHTML, like Gecko) Version/4.0 Chrome/60.0.3112.107 Moblie Safari/537.36"
78.142.18.92 - - [16/Oct/2024:07:06:42 -0700] "GET /upload/ HTTP/1.1" 301 235 "-" "Mozlila/5.0 (Linux; Android 7.0; SM-G892A Bulid/NRD90M; wv) AppleWebKit/537.36 (KHTML, like Gecko) Version/4.0 Chrome/60.0.3112.107 Moblie Safari/537.36"
102.218.50.216 - - [16/Oct/2024:07:13:10 -0700] "GET /wp-login.php HTTP/1.1" 301 240 "-" "Mozilla/5.0 (Windows NT 10.0; WOW64; Trident/7.0; rv:11.0) like Gecko"
102.218.50.216 - - [16/Oct/2024:07:13:11 -0700] "GET /xmlrpc.php HTTP/1.1" 301 238 "-" "Mozilla/5.0 (Windows NT 10.0; WOW64; Trident/7.0; rv:11.0) like Gecko"
186.211.186.237 - - [16/Oct/2024:07:13:20 -0700] "GET /wp-login.php HTTP/1.1" 301 240 "-" "Mozilla/5.0 (Windows NT 10.0; WOW64; Trident/7.0; rv:11.0) like Gecko"
186.211.186.237 - - [16/Oct/2024:07:13:21 -0700] "GET /xmlrpc.php HTTP/1.1" 301 238 "-" "Mozilla/5.0 (Windows NT 10.0; WOW64; Trident/7.0; rv:11.0) like Gecko"
66.249.79.229 - - [16/Oct/2024:07:16:42 -0700] "GET /index.php/nicn-forms?page=6 HTTP/1.1" 301 259 "-" "Mozilla/5.0 (Linux; Android 6.0.1; Nexus 5X Build/MMB29P) AppleWebKit/537.36 (KHTML, like Gecko) Chrome/129.0.6668.89 Mobile Safari/537.36 (compatible; Googlebot/2.1; +http://www.google.com/bot.html)"
78.142.18.92 - - [16/Oct/2024:07:20:26 -0700] "GET /admin/uploads/ HTTP/1.1" 301 242 "-" "Mozlila/5.0 (Linux; Android 7.0; SM-G892A Bulid/NRD90M; wv) AppleWebKit/537.36 (KHTML, like Gecko) Version/4.0 Chrome/60.0.3112.107 Moblie Safari/537.36"
78.142.18.92 - - [16/Oct/2024:07:20:35 -0700] "GET /Admin/uploads/ HTTP/1.1" 301 242 "-" "Mozlila/5.0 (Linux; Android 7.0; SM-G892A Bulid/NRD90M; wv) AppleWebKit/537.36 (KHTML, like Gecko) Version/4.0 Chrome/60.0.3112.107 Moblie Safari/537.36"
78.142.18.92 - - [16/Oct/2024:07:20:41 -0700] "GET /admin/ HTTP/1.1" 301 234 "-" "Mozlila/5.0 (Linux; Android 7.0; SM-G892A Bulid/NRD90M; wv) AppleWebKit/537.36 (KHTML, like Gecko) Version/4.0 Chrome/60.0.3112.107 Moblie Safari/537.36"
78.142.18.92 - - [16/Oct/2024:07:20:48 -0700] "GET /vendor/phpunit/phpunit/src/Util/PHP/ HTTP/1.1" 301 264 "-" "Mozlila/5.0 (Linux; Android 7.0; SM-G892A Bulid/NRD90M; wv) AppleWebKit/537.36 (KHTML, like Gecko) Version/4.0 Chrome/60.0.3112.107 Moblie Safari/537.36"
78.142.18.92 - - [16/Oct/2024:07:20:57 -0700] "GET /upload/image/ HTTP/1.1" 301 241 "-" "Mozlila/5.0 (Linux; Android 7.0; SM-G892A Bulid/NRD90M; wv) AppleWebKit/537.36 (KHTML, like Gecko) Version/4.0 Chrome/60.0.3112.107 Moblie Safari/537.36"
78.142.18.92 - - [16/Oct/2024:07:21:08 -0700] "GET /assets/images/ HTTP/1.1" 301 242 "-" "Mozlila/5.0 (Linux; Android 7.0; SM-G892A Bulid/NRD90M; wv) AppleWebKit/537.36 (KHTML, like Gecko) Version/4.0 Chrome/60.0.3112.107 Moblie Safari/537.36"
78.142.18.92 - - [16/Oct/2024:07:21:13 -0700] "GET /Public/ HTTP/1.1" 301 235 "-" "Mozlila/5.0 (Linux; Android 7.0; SM-G892A Bulid/NRD90M; wv) AppleWebKit/537.36 (KHTML, like Gecko) Version/4.0 Chrome/60.0.3112.107 Moblie Safari/537.36"
78.142.18.92 - - [16/Oct/2024:07:21:18 -0700] "GET /vendor/ HTTP/1.1" 301 235 "-" "Mozlila/5.0 (Linux; Android 7.0; SM-G892A Bulid/NRD90M; wv) AppleWebKit/537.36 (KHTML, like Gecko) Version/4.0 Chrome/60.0.3112.107 Moblie Safari/537.36"
78.142.18.92 - - [16/Oct/2024:07:21:23 -0700] "GET /local/ HTTP/1.1" 301 234 "-" "Mozlila/5.0 (Linux; Android 7.0; SM-G892A Bulid/NRD90M; wv) AppleWebKit/537.36 (KHTML, like Gecko) Version/4.0 Chrome/60.0.3112.107 Moblie Safari/537.36"
78.142.18.92 - - [16/Oct/2024:07:21:28 -0700] "GET /modules/ HTTP/1.1" 301 236 "-" "Mozlila/5.0 (Linux; Android 7.0; SM-G892A Bulid/NRD90M; wv) AppleWebKit/537.36 (KHTML, like Gecko) Version/4.0 Chrome/60.0.3112.107 Moblie Safari/537.36"
78.142.18.92 - - [16/Oct/2024:07:21:34 -0700] "GET /Site/ HTTP/1.1" 301 233 "-" "Mozlila/5.0 (Linux; Android 7.0; SM-G892A Bulid/NRD90M; wv) AppleWebKit/537.36 (KHTML, like Gecko) Version/4.0 Chrome/60.0.3112.107 Moblie Safari/537.36"
78.142.18.92 - - [16/Oct/2024:07:21:40 -0700] "GET /system/ HTTP/1.1" 301 235 "-" "Mozlila/5.0 (Linux; Android 7.0; SM-G892A Bulid/NRD90M; wv) AppleWebKit/537.36 (KHTML, like Gecko) Version/4.0 Chrome/60.0.3112.107 Moblie Safari/537.36"
78.142.18.92 - - [16/Oct/2024:07:21:48 -0700] "GET /template/ HTTP/1.1" 301 237 "-" "Mozlila/5.0 (Linux; Android 7.0; SM-G892A Bulid/NRD90M; wv) AppleWebKit/537.36 (KHTML, like Gecko) Version/4.0 Chrome/60.0.3112.107 Moblie Safari/537.36"
78.142.18.92 - - [16/Oct/2024:07:21:52 -0700] "GET /shop/ HTTP/1.1" 301 233 "-" "Mozlila/5.0 (Linux; Android 7.0; SM-G892A Bulid/NRD90M; wv) AppleWebKit/537.36 (KHTML, like Gecko) Version/4.0 Chrome/60.0.3112.107 Moblie Safari/537.36"
78.142.18.92 - - [16/Oct/2024:07:21:57 -0700] "GET /files/ HTTP/1.1" 301 234 "-" "Mozlila/5.0 (Linux; Android 7.0; SM-G892A Bulid/NRD90M; wv) AppleWebKit/537.36 (KHTML, like Gecko) Version/4.0 Chrome/60.0.3112.107 Moblie Safari/537.36"
78.142.18.92 - - [16/Oct/2024:07:22:05 -0700] "GET /admin/editor/ HTTP/1.1" 301 241 "-" "Mozlila/5.0 (Linux; Android 7.0; SM-G892A Bulid/NRD90M; wv) AppleWebKit/537.36 (KHTML, like Gecko) Version/4.0 Chrome/60.0.3112.107 Moblie Safari/537.36"
78.142.18.92 - - [16/Oct/2024:07:22:11 -0700] "GET /include/ HTTP/1.1" 301 236 "-" "Mozlila/5.0 (Linux; Android 7.0; SM-G892A Bulid/NRD90M; wv) AppleWebKit/537.36 (KHTML, like Gecko) Version/4.0 Chrome/60.0.3112.107 Moblie Safari/537.36"
78.142.18.92 - - [16/Oct/2024:07:22:15 -0700] "GET /Assets/ HTTP/1.1" 301 235 "-" "Mozlila/5.0 (Linux; Android 7.0; SM-G892A Bulid/NRD90M; wv) AppleWebKit/537.36 (KHTML, like Gecko) Version/4.0 Chrome/60.0.3112.107 Moblie Safari/537.36"
78.142.18.92 - - [16/Oct/2024:07:22:21 -0700] "GET /images/stories/ HTTP/1.1" 301 243 "-" "Mozlila/5.0 (Linux; Android 7.0; SM-G892A Bulid/NRD90M; wv) AppleWebKit/537.36 (KHTML, like Gecko) Version/4.0 Chrome/60.0.3112.107 Moblie Safari/537.36"
78.142.18.92 - - [16/Oct/2024:07:22:29 -0700] "GET /plugins/ HTTP/1.1" 301 236 "-" "Mozlila/5.0 (Linux; Android 7.0; SM-G892A Bulid/NRD90M; wv) AppleWebKit/537.36 (KHTML, like Gecko) Version/4.0 Chrome/60.0.3112.107 Moblie Safari/537.36"
78.142.18.92 - - [16/Oct/2024:07:22:33 -0700] "GET /php/ HTTP/1.1" 301 232 "-" "Mozlila/5.0 (Linux; Android 7.0; SM-G892A Bulid/NRD90M; wv) AppleWebKit/537.36 (KHTML, like Gecko) Version/4.0 Chrome/60.0.3112.107 Moblie Safari/537.36"
78.142.18.92 - - [16/Oct/2024:07:22:37 -0700] "GET /wp-admin/css/colors/ectoplasm/ HTTP/1.1" 301 258 "-" "Mozlila/5.0 (Linux; Android 7.0; SM-G892A Bulid/NRD90M; wv) AppleWebKit/537.36 (KHTML, like Gecko) Version/4.0 Chrome/60.0.3112.107 Moblie Safari/537.36"
78.142.18.92 - - [16/Oct/2024:07:22:42 -0700] "GET /wp-admin/css/colors/ HTTP/1.1" 301 248 "-" "Mozlila/5.0 (Linux; Android 7.0; SM-G892A Bulid/NRD90M; wv) AppleWebKit/537.36 (KHTML, like Gecko) Version/4.0 Chrome/60.0.3112.107 Moblie Safari/537.36"
78.142.18.92 - - [16/Oct/2024:07:22:47 -0700] "GET /admin/images/slider/ HTTP/1.1" 301 248 "-" "Mozlila/5.0 (Linux; Android 7.0; SM-G892A Bulid/NRD90M; wv) AppleWebKit/537.36 (KHTML, like Gecko) Version/4.0 Chrome/60.0.3112.107 Moblie Safari/537.36"
78.142.18.92 - - [16/Oct/2024:07:22:52 -0700] "GET /admin/fckeditor/editor/filemanager/ HTTP/1.1" 301 263 "-" "Mozlila/5.0 (Linux; Android 7.0; SM-G892A Bulid/NRD90M; wv) AppleWebKit/537.36 (KHTML, like Gecko) Version/4.0 Chrome/60.0.3112.107 Moblie Safari/537.36"
78.142.18.92 - - [16/Oct/2024:07:23:00 -0700] "GET /sites/default/files/ HTTP/1.1" 301 248 "-" "Mozlila/5.0 (Linux; Android 7.0; SM-G892A Bulid/NRD90M; wv) AppleWebKit/537.36 (KHTML, like Gecko) Version/4.0 Chrome/60.0.3112.107 Moblie Safari/537.36"
78.142.18.92 - - [16/Oct/2024:07:23:04 -0700] "GET /admin/controller/extension/extension/ HTTP/1.1" 301 265 "-" "Mozlila/5.0 (Linux; Android 7.0; SM-G892A Bulid/NRD90M; wv) AppleWebKit/537.36 (KHTML, like Gecko) Version/4.0 Chrome/60.0.3112.107 Moblie Safari/537.36"
78.142.18.92 - - [16/Oct/2024:07:23:07 -0700] "GET /modules/mod_simplefileuploadv1.3/elements/ HTTP/1.1" 301 270 "-" "Mozlila/5.0 (Linux; Android 7.0; SM-G892A Bulid/NRD90M; wv) AppleWebKit/537.36 (KHTML, like Gecko) Version/4.0 Chrome/60.0.3112.107 Moblie Safari/537.36"
78.142.18.92 - - [16/Oct/2024:07:23:11 -0700] "GET /components/ HTTP/1.1" 301 239 "-" "Mozlila/5.0 (Linux; Android 7.0; SM-G892A Bulid/NRD90M; wv) AppleWebKit/537.36 (KHTML, like Gecko) Version/4.0 Chrome/60.0.3112.107 Moblie Safari/537.36"
156.59.198.135 - - [16/Oct/2024:07:23:15 -0700] "GET /nicnAdminPublic/public/nicnForms/FORM%2055.pdf HTTP/1.0" 301 274 "-" "Mozilla/5.0 (Linux; Android 5.0) AppleWebKit/537.36 (KHTML, like Gecko) Mobile Safari/537.36 (compatible; Bytespider; spider-feedback@bytedance.com)"
78.142.18.92 - - [16/Oct/2024:07:23:16 -0700] "GET /admin/uploads/images/ HTTP/1.1" 301 249 "-" "Mozlila/5.0 (Linux; Android 7.0; SM-G892A Bulid/NRD90M; wv) AppleWebKit/537.36 (KHTML, like Gecko) Version/4.0 Chrome/60.0.3112.107 Moblie Safari/537.36"
66.249.79.226 - - [16/Oct/2024:07:26:50 -0700] "GET /court-division?page=1 HTTP/1.1" 301 249 "-" "Mozilla/5.0 (Linux; Android 6.0.1; Nexus 5X Build/MMB29P) AppleWebKit/537.36 (KHTML, like Gecko) Chrome/129.0.6668.89 Mobile Safari/537.36 (compatible; Googlebot/2.1; +http://www.google.com/bot.html)"
197.210.70.236 - - [16/Oct/2024:07:27:02 -0700] "GET /nicnAdminPublic/public/departments_photo/department-1.jpeg HTTP/1.1" 301 286 "-" "Mozilla/5.0 (iPhone; CPU iPhone OS 17_5_1 like Mac OS X) AppleWebKit/605.1.15 (KHTML, like Gecko) Version/17.5 Mobile/15E148 Safari/604.1"
197.210.70.236 - - [16/Oct/2024:07:27:02 -0700] "GET /nicnAdminPublic/public/departments_photo/court.png HTTP/1.1" 301 278 "-" "Mozilla/5.0 (iPhone; CPU iPhone OS 17_5_1 like Mac OS X) AppleWebKit/605.1.15 (KHTML, like Gecko) Version/17.5 Mobile/15E148 Safari/604.1"
197.210.70.236 - - [16/Oct/2024:07:27:02 -0700] "GET /nicnAdminPublic/public/departments_photo/department-2.jpeg HTTP/1.1" 301 286 "-" "Mozilla/5.0 (iPhone; CPU iPhone OS 17_5_1 like Mac OS X) AppleWebKit/605.1.15 (KHTML, like Gecko) Version/17.5 Mobile/15E148 Safari/604.1"
94.47.143.129 - - [16/Oct/2024:07:30:32 -0700] "GET /wp-login.php HTTP/1.1" 301 240 "-" "Mozilla/5.0 (Windows NT 10.0; WOW64; Trident/7.0; rv:11.0) like Gecko"
52.167.144.22 - - [16/Oct/2024:07:36:00 -0700] "GET /sitemap.xml HTTP/1.1" 301 243 "-" "Mozilla/5.0 AppleWebKit/537.36 (KHTML, like Gecko; compatible; bingbot/2.0; +http://www.bing.com/bingbot.htm) Chrome/116.0.1938.76 Safari/537.36"
156.59.198.136 - - [16/Oct/2024:07:41:55 -0700] "GET /nicnAdminPublic/public/nicnForms/FORM%20110.pdf HTTP/1.0" 301 275 "-" "Mozilla/5.0 (Linux; Android 5.0) AppleWebKit/537.36 (KHTML, like Gecko) Mobile Safari/537.36 (compatible; Bytespider; spider-feedback@bytedance.com)"
156.59.198.136 - - [16/Oct/2024:07:42:29 -0700] "GET /nicnAdminPublic/public/nicnForms/FORM%20107.pdf HTTP/1.0" 301 275 "-" "Mozilla/5.0 (Linux; Android 5.0) AppleWebKit/537.36 (KHTML, like Gecko) Mobile Safari/537.36 (compatible; Bytespider; spider-feedback@bytedance.com)"
131.153.143.50 - - [16/Oct/2024:07:57:15 -0700] "GET / HTTP/1.1" 301 228 "-" "Mozilla/5.0 (Windows NT 10.0; Win64; x64) AppleWebKit/537.36 (KHTML, like Gecko) Chrome/91.0.4472.124 Safari/537.36"
40.126.252.60 - - [16/Oct/2024:07:58:32 -0700] "HEAD /wordpress HTTP/1.1" 301 - "-" "Mozilla/5.0 (Windows NT 10.0; Win64; x64) AppleWebKit/537.36 (KHTML, like Gecko) Chrome/74.0.3729.169 Safari/537.36"
40.126.252.60 - - [16/Oct/2024:07:58:33 -0700] "HEAD / HTTP/1.1" 301 - "-" "Mozilla/5.0 (Windows NT 10.0; Win64; x64) AppleWebKit/537.36 (KHTML, like Gecko) Chrome/74.0.3729.169 Safari/537.36"
40.126.252.60 - - [16/Oct/2024:07:58:34 -0700] "HEAD /wp HTTP/1.1" 301 - "-" "Mozilla/5.0 (Windows NT 10.0; Win64; x64) AppleWebKit/537.36 (KHTML, like Gecko) Chrome/74.0.3729.169 Safari/537.36"
40.126.252.60 - - [16/Oct/2024:07:58:34 -0700] "HEAD /bc HTTP/1.1" 301 - "-" "Mozilla/5.0 (Windows NT 10.0; Win64; x64) AppleWebKit/537.36 (KHTML, like Gecko) Chrome/74.0.3729.169 Safari/537.36"
40.126.252.60 - - [16/Oct/2024:07:58:35 -0700] "HEAD /bk HTTP/1.1" 301 - "-" "Mozilla/5.0 (Windows NT 10.0; Win64; x64) AppleWebKit/537.36 (KHTML, like Gecko) Chrome/74.0.3729.169 Safari/537.36"
40.126.252.60 - - [16/Oct/2024:07:58:35 -0700] "HEAD /backup HTTP/1.1" 301 - "-" "Mozilla/5.0 (Windows NT 10.0; Win64; x64) AppleWebKit/537.36 (KHTML, like Gecko) Chrome/74.0.3729.169 Safari/537.36"
40.126.252.60 - - [16/Oct/2024:07:58:36 -0700] "HEAD /old HTTP/1.1" 301 - "-" "Mozilla/5.0 (Windows NT 10.0; Win64; x64) AppleWebKit/537.36 (KHTML, like Gecko) Chrome/74.0.3729.169 Safari/537.36"
40.126.252.60 - - [16/Oct/2024:07:58:36 -0700] "HEAD /new HTTP/1.1" 301 - "-" "Mozilla/5.0 (Windows NT 10.0; Win64; x64) AppleWebKit/537.36 (KHTML, like Gecko) Chrome/74.0.3729.169 Safari/537.36"
40.126.252.60 - - [16/Oct/2024:07:58:36 -0700] "HEAD /main HTTP/1.1" 301 - "-" "Mozilla/5.0 (Windows NT 10.0; Win64; x64) AppleWebKit/537.36 (KHTML, like Gecko) Chrome/74.0.3729.169 Safari/537.36"
40.126.252.60 - - [16/Oct/2024:07:58:37 -0700] "HEAD /home HTTP/1.1" 301 - "-" "Mozilla/5.0 (Windows NT 10.0; Win64; x64) AppleWebKit/537.36 (KHTML, like Gecko) Chrome/74.0.3729.169 Safari/537.36"
78.142.18.92 - - [16/Oct/2024:08:02:52 -0700] "GET /wp-content/uploads/ HTTP/1.1" 301 247 "-" "Mozlila/5.0 (Linux; Android 7.0; SM-G892A Bulid/NRD90M; wv) AppleWebKit/537.36 (KHTML, like Gecko) Version/4.0 Chrome/60.0.3112.107 Moblie Safari/537.36"
78.142.18.92 - - [16/Oct/2024:08:02:55 -0700] "GET /wp-includes/ HTTP/1.1" 301 240 "-" "Mozlila/5.0 (Linux; Android 7.0; SM-G892A Bulid/NRD90M; wv) AppleWebKit/537.36 (KHTML, like Gecko) Version/4.0 Chrome/60.0.3112.107 Moblie Safari/537.36"
78.142.18.92 - - [16/Oct/2024:08:02:56 -0700] "GET /wp-content/ HTTP/1.1" 301 239 "-" "Mozlila/5.0 (Linux; Android 7.0; SM-G892A Bulid/NRD90M; wv) AppleWebKit/537.36 (KHTML, like Gecko) Version/4.0 Chrome/60.0.3112.107 Moblie Safari/537.36"
78.142.18.92 - - [16/Oct/2024:08:02:59 -0700] "GET /wp-content/plugins/ HTTP/1.1" 301 247 "-" "Mozlila/5.0 (Linux; Android 7.0; SM-G892A Bulid/NRD90M; wv) AppleWebKit/537.36 (KHTML, like Gecko) Version/4.0 Chrome/60.0.3112.107 Moblie Safari/537.36"
78.142.18.92 - - [16/Oct/2024:08:03:01 -0700] "GET /wp-content/themes/ HTTP/1.1" 301 246 "-" "Mozlila/5.0 (Linux; Android 7.0; SM-G892A Bulid/NRD90M; wv) AppleWebKit/537.36 (KHTML, like Gecko) Version/4.0 Chrome/60.0.3112.107 Moblie Safari/537.36"
78.142.18.92 - - [16/Oct/2024:08:03:03 -0700] "GET /wp-admin/ HTTP/1.1" 301 237 "-" "Mozlila/5.0 (Linux; Android 7.0; SM-G892A Bulid/NRD90M; wv) AppleWebKit/537.36 (KHTML, like Gecko) Version/4.0 Chrome/60.0.3112.107 Moblie Safari/537.36"
78.142.18.92 - - [16/Oct/2024:08:03:09 -0700] "GET /.well-known/ HTTP/1.1" 301 240 "-" "Mozlila/5.0 (Linux; Android 7.0; SM-G892A Bulid/NRD90M; wv) AppleWebKit/537.36 (KHTML, like Gecko) Version/4.0 Chrome/60.0.3112.107 Moblie Safari/537.36"
78.142.18.92 - - [16/Oct/2024:08:03:13 -0700] "GET /.well-known/pki-validation/ HTTP/1.1" 200 654 "-" "Mozlila/5.0 (Linux; Android 7.0; SM-G892A Bulid/NRD90M; wv) AppleWebKit/537.36 (KHTML, like Gecko) Version/4.0 Chrome/60.0.3112.107 Moblie Safari/537.36"
78.142.18.92 - - [16/Oct/2024:08:03:16 -0700] "GET /.well-known/acme-challenge/ HTTP/1.1" 301 255 "-" "Mozlila/5.0 (Linux; Android 7.0; SM-G892A Bulid/NRD90M; wv) AppleWebKit/537.36 (KHTML, like Gecko) Version/4.0 Chrome/60.0.3112.107 Moblie Safari/537.36"
78.142.18.92 - - [16/Oct/2024:08:03:19 -0700] "GET /css/ HTTP/1.1" 301 232 "-" "Mozlila/5.0 (Linux; Android 7.0; SM-G892A Bulid/NRD90M; wv) AppleWebKit/537.36 (KHTML, like Gecko) Version/4.0 Chrome/60.0.3112.107 Moblie Safari/537.36"
195.191.219.130 - - [16/Oct/2024:08:09:10 -0700] "GET /robots.txt HTTP/1.1" 301 238 "-" "Mozilla/5.0 (compatible; MJ12bot/v1.4.8; http://mj12bot.com/)"
195.191.219.130 - - [16/Oct/2024:08:09:13 -0700] "GET /past-judges HTTP/1.1" 301 239 "-" "Mozilla/5.0 (compatible; MJ12bot/v1.4.8; http://mj12bot.com/)"
143.110.182.81 - - [16/Oct/2024:08:10:51 -0700] "GET /wp-includes/js/jquery/jquery.js HTTP/1.1" 301 259 "-" "-"
66.249.79.226 - - [16/Oct/2024:08:11:40 -0700] "GET /index.php/judicial-cadre/59 HTTP/1.1" 301 255 "-" "Mozilla/5.0 (Linux; Android 6.0.1; Nexus 5X Build/MMB29P) AppleWebKit/537.36 (KHTML, like Gecko) Chrome/129.0.6668.89 Mobile Safari/537.36 (compatible; Googlebot/2.1; +http://www.google.com/bot.html)"
156.59.198.136 - - [16/Oct/2024:08:11:40 -0700] "GET /nicnAdminPublic/public/nicnForms/FORM%20100.pdf HTTP/1.0" 301 275 "-" "Mozilla/5.0 (Linux; Android 5.0) AppleWebKit/537.36 (KHTML, like Gecko) Mobile Safari/537.36 (compatible; Bytespider; spider-feedback@bytedance.com)"
78.142.18.92 - - [16/Oct/2024:08:12:17 -0700] "GET /wp-content/uploads/ HTTP/1.1" 301 247 "-" "Mozlila/5.0 (Linux; Android 7.0; SM-G892A Bulid/NRD90M; wv) AppleWebKit/537.36 (KHTML, like Gecko) Version/4.0 Chrome/60.0.3112.107 Moblie Safari/537.36"
78.142.18.92 - - [16/Oct/2024:08:12:24 -0700] "GET /wp-includes/ HTTP/1.1" 301 240 "-" "Mozlila/5.0 (Linux; Android 7.0; SM-G892A Bulid/NRD90M; wv) AppleWebKit/537.36 (KHTML, like Gecko) Version/4.0 Chrome/60.0.3112.107 Moblie Safari/537.36"
78.142.18.92 - - [16/Oct/2024:08:12:27 -0700] "GET /wp-content/ HTTP/1.1" 301 239 "-" "Mozlila/5.0 (Linux; Android 7.0; SM-G892A Bulid/NRD90M; wv) AppleWebKit/537.36 (KHTML, like Gecko) Version/4.0 Chrome/60.0.3112.107 Moblie Safari/537.36"
78.142.18.92 - - [16/Oct/2024:08:12:28 -0700] "GET /wp-content/plugins/ HTTP/1.1" 301 247 "-" "Mozlila/5.0 (Linux; Android 7.0; SM-G892A Bulid/NRD90M; wv) AppleWebKit/537.36 (KHTML, like Gecko) Version/4.0 Chrome/60.0.3112.107 Moblie Safari/537.36"
78.142.18.92 - - [16/Oct/2024:08:12:31 -0700] "GET /wp-content/themes/ HTTP/1.1" 301 246 "-" "Mozlila/5.0 (Linux; Android 7.0; SM-G892A Bulid/NRD90M; wv) AppleWebKit/537.36 (KHTML, like Gecko) Version/4.0 Chrome/60.0.3112.107 Moblie Safari/537.36"
78.142.18.92 - - [16/Oct/2024:08:12:34 -0700] "GET /wp-admin/ HTTP/1.1" 301 237 "-" "Mozlila/5.0 (Linux; Android 7.0; SM-G892A Bulid/NRD90M; wv) AppleWebKit/537.36 (KHTML, like Gecko) Version/4.0 Chrome/60.0.3112.107 Moblie Safari/537.36"
78.142.18.92 - - [16/Oct/2024:08:12:35 -0700] "GET /.well-known/ HTTP/1.1" 301 240 "-" "Mozlila/5.0 (Linux; Android 7.0; SM-G892A Bulid/NRD90M; wv) AppleWebKit/537.36 (KHTML, like Gecko) Version/4.0 Chrome/60.0.3112.107 Moblie Safari/537.36"
78.142.18.92 - - [16/Oct/2024:08:12:37 -0700] "GET /.well-known/pki-validation/ HTTP/1.1" 200 654 "-" "Mozlila/5.0 (Linux; Android 7.0; SM-G892A Bulid/NRD90M; wv) AppleWebKit/537.36 (KHTML, like Gecko) Version/4.0 Chrome/60.0.3112.107 Moblie Safari/537.36"
78.142.18.92 - - [16/Oct/2024:08:12:41 -0700] "GET /.well-known/acme-challenge/ HTTP/1.1" 301 255 "-" "Mozlila/5.0 (Linux; Android 7.0; SM-G892A Bulid/NRD90M; wv) AppleWebKit/537.36 (KHTML, like Gecko) Version/4.0 Chrome/60.0.3112.107 Moblie Safari/537.36"
78.142.18.92 - - [16/Oct/2024:08:12:44 -0700] "GET /css/ HTTP/1.1" 301 232 "-" "Mozlila/5.0 (Linux; Android 7.0; SM-G892A Bulid/NRD90M; wv) AppleWebKit/537.36 (KHTML, like Gecko) Version/4.0 Chrome/60.0.3112.107 Moblie Safari/537.36"
20.171.206.170 - - [16/Oct/2024:08:21:06 -0700] "GET /robots.txt HTTP/1.1" 301 238 "-" "Mozilla/5.0 AppleWebKit/537.36 (KHTML, like Gecko; compatible; GPTBot/1.0; +https://openai.com/gptbot)"
20.171.206.222 - - [16/Oct/2024:08:21:27 -0700] "GET /profiles.php?myid=1 HTTP/1.1" 301 247 "-" "Mozilla/5.0 AppleWebKit/537.36 (KHTML, like Gecko; compatible; GPTBot/1.0; +https://openai.com/gptbot)"
20.171.206.41 - - [16/Oct/2024:08:22:31 -0700] "GET /publication/PUBLIC%20NOTICE0001.pdf HTTP/1.1" 301 263 "-" "Mozilla/5.0 AppleWebKit/537.36 (KHTML, like Gecko; compatible; GPTBot/1.0; +https://openai.com/gptbot)"
20.171.206.41 - - [16/Oct/2024:08:22:33 -0700] "GET /publication/PUBLIC%20NOTICE%201-20001.pdf HTTP/1.1" 301 269 "-" "Mozilla/5.0 AppleWebKit/537.36 (KHTML, like Gecko; compatible; GPTBot/1.0; +https://openai.com/gptbot)"
20.171.206.41 - - [16/Oct/2024:08:22:36 -0700] "GET /publication/Definition%20of%20Documents%20in%20Section%202%20(1)%20Evidence%20Act%20-%20A%20Proactive%20Interpretation..pdf HTTP/1.1" 301 351 "-" "Mozilla/5.0 AppleWebKit/537.36 (KHTML, like Gecko; compatible; GPTBot/1.0; +https://openai.com/gptbot)"
20.171.206.41 - - [16/Oct/2024:08:22:38 -0700] "GET /publication/Document%20for%20DD%20Admin%20-%20Fash.pdf HTTP/1.1" 301 282 "-" "Mozilla/5.0 AppleWebKit/537.36 (KHTML, like Gecko; compatible; GPTBot/1.0; +https://openai.com/gptbot)"
20.171.206.41 - - [16/Oct/2024:08:22:40 -0700] "GET /publication/ACCESS%20TO%20SERVICES%20OF%20NIC%202011.pdf HTTP/1.1" 301 284 "-" "Mozilla/5.0 AppleWebKit/537.36 (KHTML, like Gecko; compatible; GPTBot/1.0; +https://openai.com/gptbot)"
20.171.206.41 - - [16/Oct/2024:08:22:41 -0700] "GET /publication/National%20Industrial%20Court%20of%20%20Nigeria%20Civil%20Procedure%20Rules%202017.pdf HTTP/1.1" 301 326 "-" "Mozilla/5.0 AppleWebKit/537.36 (KHTML, like Gecko; compatible; GPTBot/1.0; +https://openai.com/gptbot)"
20.171.206.41 - - [16/Oct/2024:08:22:44 -0700] "GET /publication/NICN%20(ADR)%20%20Centre%20Rules%20PRINT.pdf HTTP/1.1" 301 284 "-" "Mozilla/5.0 AppleWebKit/537.36 (KHTML, like Gecko; compatible; GPTBot/1.0; +https://openai.com/gptbot)"
20.171.206.41 - - [16/Oct/2024:08:22:45 -0700] "GET /publication/NICN%20(ADR)%20%20Centre%20Instrument%20PRINT.pdf HTTP/1.1" 301 289 "-" "Mozilla/5.0 AppleWebKit/537.36 (KHTML, like Gecko; compatible; GPTBot/1.0; +https://openai.com/gptbot)"
20.171.206.41 - - [16/Oct/2024:08:22:47 -0700] "GET /publication/EFFECTS_OF_BUSINESS_COMBINATIONS.pdf HTTP/1.1" 301 276 "-" "Mozilla/5.0 AppleWebKit/537.36 (KHTML, like Gecko; compatible; GPTBot/1.0; +https://openai.com/gptbot)"
20.171.206.41 - - [16/Oct/2024:08:22:48 -0700] "GET /publication/PUBLIC%20NOTICE%201-10001.pdf HTTP/1.1" 301 269 "-" "Mozilla/5.0 AppleWebKit/537.36 (KHTML, like Gecko; compatible; GPTBot/1.0; +https://openai.com/gptbot)"
20.171.206.41 - - [16/Oct/2024:08:22:56 -0700] "GET /nicnAdminPublic/public/recentDecisions/TRADE_UNIONS_AMENDMENT_ACT_2005.pdf HTTP/1.1" 301 302 "-" "Mozilla/5.0 AppleWebKit/537.36 (KHTML, like Gecko; compatible; GPTBot/1.0; +https://openai.com/gptbot)"
20.171.206.41 - - [16/Oct/2024:08:22:57 -0700] "GET /nicnAdminPublic/public/recentDecisions/National-Industrial-Court-of-Nigeria-Civil-Procedure-Rules-2017.pdf HTTP/1.1" 301 334 "-" "Mozilla/5.0 AppleWebKit/537.36 (KHTML, like Gecko; compatible; GPTBot/1.0; +https://openai.com/gptbot)"
66.249.79.229 - - [16/Oct/2024:08:24:49 -0700] "GET /index.php/court-division HTTP/1.1" 301 256 "-" "Mozilla/5.0 (Linux; Android 6.0.1; Nexus 5X Build/MMB29P) AppleWebKit/537.36 (KHTML, like Gecko) Chrome/129.0.6668.89 Mobile Safari/537.36 (compatible; Googlebot/2.1; +http://www.google.com/bot.html)"
40.77.167.9 - - [16/Oct/2024:08:28:29 -0700] "GET /sitemap.xml HTTP/1.1" 301 243 "-" "Mozilla/5.0 AppleWebKit/537.36 (KHTML, like Gecko; compatible; bingbot/2.0; +http://www.bing.com/bingbot.htm) Chrome/116.0.1938.76 Safari/537.36"
105.112.218.76 - - [16/Oct/2024:08:31:28 -0700] "GET /publication/National%20Industrial%20Court%20of%20%20Nigeria%20Civil%20Procedure%20Rules%202017.pdf HTTP/1.1" 301 326 "-" "Mozilla/5.0 (Linux; Android 10; K) AppleWebKit/537.36 (KHTML, like Gecko) Chrome/129.0.0.0 Mobile Safari/537.36"
146.70.182.211 - - [16/Oct/2024:08:32:49 -0700] "GET /wp-content/uploads/2017-------/09/wp-console.php HTTP/1.1" 301 276 "-" "Mozilla/5.0 (Linux; Android 11; M2010J19SI) AppleWebKit/537.36 (KHTML, like Gecko) Chrome/109.0.0.0 Mobile Safari/537.36"
146.70.182.211 - - [16/Oct/2024:08:33:30 -0700] "GET /wp-includes/js/crop/uword.php HTTP/1.1" 301 257 "-" "Mozilla/5.0 (Linux; Android 11; M2010J19SI) AppleWebKit/537.36 (KHTML, like Gecko) Chrome/109.0.0.0 Mobile Safari/537.36"
146.70.182.211 - - [16/Oct/2024:08:34:08 -0700] "GET /wp-content/themes/bltm/wp-login.php HTTP/1.1" 301 263 "-" "Mozilla/5.0 (Linux; Android 11; M2010J19SI) AppleWebKit/537.36 (KHTML, like Gecko) Chrome/109.0.0.0 Mobile Safari/537.36"
157.55.39.6 - - [16/Oct/2024:08:34:58 -0700] "GET /nicnAdminPublic/public/nicnForms/FORM%2018.pdf HTTP/1.1" 301 274 "-" "Mozilla/5.0 AppleWebKit/537.36 (KHTML, like Gecko; compatible; bingbot/2.0; +http://www.bing.com/bingbot.htm) Chrome/116.0.1938.76 Safari/537.36"
156.59.198.136 - - [16/Oct/2024:08:42:58 -0700] "GET /nicnAdminPublic/public/nicnForms/FORM%2098.pdf HTTP/1.0" 301 274 "-" "Mozilla/5.0 (Linux; Android 5.0) AppleWebKit/537.36 (KHTML, like Gecko) Mobile Safari/537.36 (compatible; Bytespider; spider-feedback@bytedance.com)"
37.139.53.124 - - [16/Oct/2024:08:45:37 -0700] "GET /contact-us/ HTTP/1.0" 301 239 "http://nicn.gov.ng/contact-us/" "Mozilla/5.0 (Windows NT 10.0.0; Win64; x64; ) AppleWebKit/537.36 (KHTML, like Gecko) Chrome/124.0.6367.61 Chrome/124.0.6367.61 Not-A.Brand/99  Safari/537.36"
105.113.18.132 - - [16/Oct/2024:08:48:56 -0700] "GET /publication/Document%20for%20DD%20Admin%20-%20Fash.pdf HTTP/1.1" 301 282 "-" "Mozilla/5.0 (Linux; Android 10; TECNO BD2 Build/QP1A.190711.020) AppleWebKit/537.36 (KHTML, like Gecko) Chrome/129.0.6668.81 Mobile Safari/537.36"
60.188.10.44 - - [16/Oct/2024:08:51:31 -0700] "GET /archives HTTP/1.1" 301 240 "-" "YisouSpider"
200.80.220.229 - - [16/Oct/2024:08:59:54 -0700] "GET /wp-login.php HTTP/1.1" 301 244 "-" "Mozilla/5.0 (Windows NT 10.0; WOW64; Trident/7.0; rv:11.0) like Gecko"
200.80.220.229 - - [16/Oct/2024:08:59:54 -0700] "GET /xmlrpc.php HTTP/1.1" 301 242 "-" "Mozilla/5.0 (Windows NT 10.0; WOW64; Trident/7.0; rv:11.0) like Gecko"
66.249.79.226 - - [16/Oct/2024:09:08:59 -0700] "GET /robots.txt HTTP/1.1" 301 238 "-" "Mozilla/5.0 (compatible; Googlebot/2.1; +http://www.google.com/bot.html)"
66.249.79.227 - - [16/Oct/2024:09:09:00 -0700] "GET /index.php/view-judgment/1952 HTTP/1.1" 301 256 "-" "Mozilla/5.0 (Linux; Android 6.0.1; Nexus 5X Build/MMB29P) AppleWebKit/537.36 (KHTML, like Gecko) Chrome/129.0.6668.89 Mobile Safari/537.36 (compatible; Googlebot/2.1; +http://www.google.com/bot.html)"
49.37.10.237 - - [16/Oct/2024:09:18:18 -0700] "GET /wp-login.php HTTP/1.1" 301 240 "-" "Mozilla/5.0 (Windows NT 10.0; WOW64; Trident/7.0; rv:11.0) like Gecko"
49.37.10.237 - - [16/Oct/2024:09:18:19 -0700] "GET /xmlrpc.php HTTP/1.1" 301 238 "-" "Mozilla/5.0 (Windows NT 10.0; WOW64; Trident/7.0; rv:11.0) like Gecko"
66.249.79.229 - - [16/Oct/2024:09:21:23 -0700] "GET /favicon.ico HTTP/1.1" 301 243 "-" "Googlebot-Image/1.0"
207.46.13.87 - - [16/Oct/2024:09:21:46 -0700] "GET /view-judgment/820 HTTP/1.1" 301 245 "-" "Mozilla/5.0 AppleWebKit/537.36 (KHTML, like Gecko; compatible; bingbot/2.0; +http://www.bing.com/bingbot.htm) Chrome/116.0.1938.76 Safari/537.36"
170.106.84.136 - - [16/Oct/2024:09:22:39 -0700] "GET / HTTP/1.1" 301 228 "-" "Mozilla/5.0 (iPhone; CPU iPhone OS 13_2_3 like Mac OS X) AppleWebKit/605.1.15 (KHTML, like Gecko) Version/13.0.3 Mobile/15E148 Safari/604.1"
131.153.143.50 - - [16/Oct/2024:09:26:49 -0700] "GET / HTTP/1.1" 301 228 "-" "Mozilla/5.0 (Windows NT 10.0; Win64; x64) AppleWebKit/537.36 (KHTML, like Gecko) Chrome/91.0.4472.124 Safari/537.36"
66.249.79.229 - - [16/Oct/2024:09:35:39 -0700] "GET /view-judgment/157 HTTP/1.1" 301 249 "-" "Mozilla/5.0 (Linux; Android 6.0.1; Nexus 5X Build/MMB29P) AppleWebKit/537.36 (KHTML, like Gecko) Chrome/129.0.6668.89 Mobile Safari/537.36 (compatible; Googlebot/2.1; +http://www.google.com/bot.html)"
187.212.49.75 - - [16/Oct/2024:09:44:30 -0700] "GET /wp-login.php HTTP/1.1" 301 240 "-" "Mozilla/5.0 (Windows NT 10.0; WOW64; Trident/7.0; rv:11.0) like Gecko"
187.212.49.75 - - [16/Oct/2024:09:44:30 -0700] "GET /xmlrpc.php HTTP/1.1" 301 238 "-" "Mozilla/5.0 (Windows NT 10.0; WOW64; Trident/7.0; rv:11.0) like Gecko"
94.26.228.213 - - [16/Oct/2024:09:48:23 -0700] "GET /contact-us/ HTTP/1.0" 301 239 "http://nicn.gov.ng/contact-us/" "Mozilla/5.0 (Windows NT 15.0.0; Win64; x64; ) AppleWebKit/537.36 (KHTML, like Gecko) Chrome/124.0.6367.60 Chrome/124.0.6367.60 Not-A.Brand/99  Safari/537.36"
41.221.64.223 - - [16/Oct/2024:09:49:22 -0700] "GET /wp-login.php HTTP/1.1" 301 240 "-" "Mozilla/5.0 (Windows NT 10.0; WOW64; Trident/7.0; rv:11.0) like Gecko"
41.221.64.223 - - [16/Oct/2024:09:49:22 -0700] "GET /xmlrpc.php HTTP/1.1" 301 238 "-" "Mozilla/5.0 (Windows NT 10.0; WOW64; Trident/7.0; rv:11.0) like Gecko"
137.220.225.9 - - [16/Oct/2024:09:55:20 -0700] "HEAD /upload/files/ HTTP/1.1" 301 - "-" "-"
156.59.198.135 - - [16/Oct/2024:09:56:32 -0700] "GET /nicnAdminPublic/public/nicnForms/FORM%20104.pdf HTTP/1.0" 301 275 "-" "Mozilla/5.0 (Linux; Android 5.0) AppleWebKit/537.36 (KHTML, like Gecko) Mobile Safari/537.36 (compatible; Bytespider; spider-feedback@bytedance.com)"
200.146.44.230 - - [16/Oct/2024:10:06:28 -0700] "GET /wp-login.php HTTP/1.1" 301 244 "-" "Mozilla/5.0 (Windows NT 10.0; WOW64; Trident/7.0; rv:11.0) like Gecko"
200.146.44.230 - - [16/Oct/2024:10:06:28 -0700] "GET /xmlrpc.php HTTP/1.1" 301 242 "-" "Mozilla/5.0 (Windows NT 10.0; WOW64; Trident/7.0; rv:11.0) like Gecko"
156.59.198.136 - - [16/Oct/2024:10:11:13 -0700] "GET /nicnAdminPublic/public/nicnForms/FORM%2072.pdf HTTP/1.0" 301 274 "-" "Mozilla/5.0 (Linux; Android 5.0) AppleWebKit/537.36 (KHTML, like Gecko) Mobile Safari/537.36 (compatible; Bytespider; spider-feedback@bytedance.com)"
120.56.131.158 - - [16/Oct/2024:10:14:29 -0700] "GET /wp-login.php HTTP/1.1" 301 240 "-" "Mozilla/5.0 (Windows NT 10.0; WOW64; Trident/7.0; rv:11.0) like Gecko"
120.56.131.158 - - [16/Oct/2024:10:14:30 -0700] "GET /xmlrpc.php HTTP/1.1" 301 238 "-" "Mozilla/5.0 (Windows NT 10.0; WOW64; Trident/7.0; rv:11.0) like Gecko"
207.46.13.126 - - [16/Oct/2024:10:22:42 -0700] "GET /view-judgment/589 HTTP/1.1" 301 245 "-" "Mozilla/5.0 AppleWebKit/537.36 (KHTML, like Gecko; compatible; bingbot/2.0; +http://www.bing.com/bingbot.htm) Chrome/116.0.1938.76 Safari/537.36"
156.59.198.135 - - [16/Oct/2024:10:33:41 -0700] "GET /nicnAdminPublic/public/nicnForms/FORM%2058.pdf HTTP/1.0" 301 274 "-" "Mozilla/5.0 (Linux; Android 5.0) AppleWebKit/537.36 (KHTML, like Gecko) Mobile Safari/537.36 (compatible; Bytespider; spider-feedback@bytedance.com)"
