156.59.198.136 - - [16/Oct/2024:10:34:46 -0700] "GET /nicnAdminPublic/public/presidentHood/PRESIDENT%20SPEECH%204.pdf HTTP/1.0" 301 291 "-" "Mozilla/5.0 (Linux; Android 5.0) AppleWebKit/537.36 (KHTML, like Gecko) Mobile Safari/537.36 (compatible; Bytespider; spider-feedback@bytedance.com)"
66.249.79.227 - - [16/Oct/2024:10:35:13 -0700] "GET / HTTP/1.1" 301 228 "-" "Mozilla/5.0 (compatible; Googlebot/2.1; +http://www.google.com/bot.html)"
156.59.198.136 - - [16/Oct/2024:10:35:16 -0700] "GET /nicnAdminPublic/public/nicnForms/FORM%2059.pdf HTTP/1.0" 301 274 "-" "Mozilla/5.0 (Linux; Android 5.0) AppleWebKit/537.36 (KHTML, like Gecko) Mobile Safari/537.36 (compatible; Bytespider; spider-feedback@bytedance.com)"
182.40.104.255 - - [16/Oct/2024:10:44:35 -0700] "GET / HTTP/1.1" 301 228 "-" "Mozilla/5.0 (iPhone; CPU iPhone OS 13_2_3 like Mac OS X) AppleWebKit/605.1.15 (KHTML, like Gecko) Version/13.0.3 Mobile/15E148 Safari/604.1"
87.120.113.248 - - [16/Oct/2024:10:50:11 -0700] "GET /index.php?route=extension/d_blog_module/search&tag=aaa<br> HTTP/1.1" 301 296 "-" "Mozilla/5.0 (Windows NT 6.1; Win64; x64; rv:75.0) Gecko/20100101 Firefox/75.0"
87.120.113.248 - - [16/Oct/2024:10:50:11 -0700] "GET /index.php?route=extension/tmd/blogthemecss HTTP/1.1" 301 270 "-" "Mozilla/5.0 (Fedora; Linux i686; rv:127.0) Gecko/20100101 Firefox/127.0"
87.120.113.248 - - [16/Oct/2024:10:50:17 -0700] "POST / HTTP/1.1" 301 228 "-" "Mozilla/5.0 (Macintosh; Intel Mac OS X 10_15_7) AppleWebKit/605.1.15 (KHTML, like Gecko) Version/17.0 Safari/605.1.15"
87.120.113.248 - - [16/Oct/2024:10:50:18 -0700] "GET /.env HTTP/1.1" 301 232 "-" "Mozilla/5.0 (Fedora; Linux i686; rv:125.0) Gecko/20100101 Firefox/125.0"
52.167.144.219 - - [16/Oct/2024:10:55:51 -0700] "GET /index.php/judicial-cadre/48 HTTP/1.1" 301 255 "-" "Mozilla/5.0 AppleWebKit/537.36 (KHTML, like Gecko; compatible; bingbot/2.0; +http://www.bing.com/bingbot.htm) Chrome/116.0.1938.76 Safari/537.36"
103.189.176.5 - - [16/Oct/2024:11:03:28 -0700] "GET /wp-login.php HTTP/1.1" 301 240 "-" "Mozilla/5.0 (Windows NT 10.0; WOW64; Trident/7.0; rv:11.0) like Gecko"
103.189.176.5 - - [16/Oct/2024:11:03:28 -0700] "GET /xmlrpc.php HTTP/1.1" 301 238 "-" "Mozilla/5.0 (Windows NT 10.0; WOW64; Trident/7.0; rv:11.0) like Gecko"
68.235.45.61 - - [16/Oct/2024:11:09:44 -0700] "GET / HTTP/1.1" 301 228 "-" "Mozilla/5.0 (iPhone; CPU iPhone OS 17_3_1 like Mac OS X) AppleWebKit/605.1.15 (KHTML, like Gecko) Version/17.3.1 Mobile/15E148 Safari/604.1"
31.6.10.170 - - [16/Oct/2024:11:09:44 -0700] "GET / HTTP/1.1" 301 228 "-" "Mozilla/5.0 (Macintosh; Intel Mac OS X 10.15; rv:125.0) Gecko/20100101 Firefox/125.0"
164.90.241.135 - - [16/Oct/2024:11:09:45 -0700] "GET / HTTP/1.1" 301 228 "-" "Mozilla/5.0 (iPhone; CPU iPhone OS 17_2_1 like Mac OS X) AppleWebKit/605.1.15 (KHTML, like Gecko) Version/17.2 Mobile/15E148 Safari/604.1"
181.214.206.242 - - [16/Oct/2024:11:09:45 -0700] "GET / HTTP/1.1" 301 228 "-" "Mozilla/5.0 (iPhone; CPU iPhone OS 17_4_1 like Mac OS X) AppleWebKit/605.1.15 (KHTML, like Gecko) Version/17.4.1 Mobile/15E148 Safari/604.1"
68.235.45.61 - - [16/Oct/2024:11:10:43 -0700] "GET / HTTP/1.1" 301 228 "-" "Mozilla/5.0 (iPhone; CPU iPhone OS 17_3_1 like Mac OS X) AppleWebKit/605.1.15 (KHTML, like Gecko) Version/17.3.1 Mobile/15E148 Safari/604.1"
68.235.45.61 - - [16/Oct/2024:11:11:16 -0700] "GET /favicon.ico HTTP/1.1" 301 239 "-" "Mozilla/5.0 (iPhone; CPU iPhone OS 17_3_1 like Mac OS X) AppleWebKit/605.1.15 (KHTML, like Gecko) Version/17.3.1 Mobile/15E148 Safari/604.1"
156.59.198.135 - - [16/Oct/2024:11:15:28 -0700] "GET /nicnAdminPublic/public/nicnForms/FORM%2061.pdf HTTP/1.0" 301 274 "-" "Mozilla/5.0 (Linux; Android 5.0) AppleWebKit/537.36 (KHTML, like Gecko) Mobile Safari/537.36 (compatible; Bytespider; spider-feedback@bytedance.com)"
131.153.143.50 - - [16/Oct/2024:11:19:28 -0700] "GET / HTTP/1.1" 301 228 "-" "Mozilla/5.0 (Windows NT 10.0; Win64; x64) AppleWebKit/537.36 (KHTML, like Gecko) Chrome/91.0.4472.124 Safari/537.36"
156.59.198.135 - - [16/Oct/2024:11:29:16 -0700] "GET /nicnAdminPublic/public/nicnForms/FORM%2079.pdf HTTP/1.0" 301 274 "-" "Mozilla/5.0 (Linux; Android 5.0) AppleWebKit/537.36 (KHTML, like Gecko) Mobile Safari/537.36 (compatible; Bytespider; spider-feedback@bytedance.com)"
66.249.79.229 - - [16/Oct/2024:11:37:50 -0700] "GET /view-judgment/1417 HTTP/1.1" 301 250 "-" "Mozilla/5.0 (Linux; Android 6.0.1; Nexus 5X Build/MMB29P) AppleWebKit/537.36 (KHTML, like Gecko) Chrome/129.0.6668.89 Mobile Safari/537.36 (compatible; Googlebot/2.1; +http://www.google.com/bot.html)"
156.59.198.135 - - [16/Oct/2024:11:49:31 -0700] "GET /nicnAdminPublic/public/nicnForms/FORM%2072.pdf HTTP/1.0" 301 274 "-" "Mozilla/5.0 (Linux; Android 5.0) AppleWebKit/537.36 (KHTML, like Gecko) Mobile Safari/537.36 (compatible; Bytespider; spider-feedback@bytedance.com)"
156.59.198.135 - - [16/Oct/2024:11:50:06 -0700] "GET /nicnAdminPublic/public/nicnForms/FORM%2059.pdf HTTP/1.0" 301 274 "-" "Mozilla/5.0 (Linux; Android 5.0) AppleWebKit/537.36 (KHTML, like Gecko) Mobile Safari/537.36 (compatible; Bytespider; spider-feedback@bytedance.com)"
87.120.113.248 - - [16/Oct/2024:11:51:28 -0700] "GET /.aws/config HTTP/1.1" 301 239 "-" "Mozilla/5.0 (Macintosh; Intel Mac OS X 10_15_7) AppleWebKit/605.1.15 (KHTML, like Gecko) Version/17.1 Safari/605.6.19"
87.120.113.248 - - [16/Oct/2024:11:51:30 -0700] "GET /.aws/credentials HTTP/1.1" 301 244 "-" "Mozilla/5.0 (Macintosh; Intel Mac OS X 14_4_1) AppleWebKit/605.1.15 (KHTML, like Gecko) Version/17.4.1 Safari/605.1.15"
87.120.113.248 - - [16/Oct/2024:11:51:33 -0700] "GET /config/aws.yml HTTP/1.1" 301 242 "-" "Mozilla/5.0 (Macintosh; Intel Mac OS X 13_7_3; es) AppleWebKit/605.1.15 (KHTML, like Gecko) Version/17.2.7 Safari/605.1.15"
87.120.113.248 - - [16/Oct/2024:11:51:36 -0700] "GET /config/aws.yml HTTP/1.1" 301 242 "-" "Mozilla/5.0 (Fedora; Linux x86_64) AppleWebKit/537.36 (KHTML, like Gecko) Chrome/128.0.0.0 Safari/537.36"
103.27.2.109 - - [16/Oct/2024:11:55:46 -0700] "GET /wp-login.php HTTP/1.1" 301 240 "-" "Mozilla/5.0 (Windows NT 10.0; WOW64; Trident/7.0; rv:11.0) like Gecko"
103.27.2.109 - - [16/Oct/2024:11:55:46 -0700] "GET /xmlrpc.php HTTP/1.1" 301 238 "-" "Mozilla/5.0 (Windows NT 10.0; WOW64; Trident/7.0; rv:11.0) like Gecko"
102.91.5.223 - - [16/Oct/2024:11:56:56 -0700] "GET /nicnAdminPublic/public/administrative_photo/CR.JPG HTTP/1.1" 301 278 "-" "Mozilla/5.0 (iPhone; CPU iPhone OS 16_6 like Mac OS X) AppleWebKit/605.1.15 (KHTML, like Gecko) Version/16.6 Mobile/15E148 Safari/604.1"
102.91.5.223 - - [16/Oct/2024:11:56:56 -0700] "GET /nicnAdminPublic/public/administrative_photo/IMG_4091.JPG HTTP/1.1" 301 284 "-" "Mozilla/5.0 (iPhone; CPU iPhone OS 16_6 like Mac OS X) AppleWebKit/605.1.15 (KHTML, like Gecko) Version/16.6 Mobile/15E148 Safari/604.1"
102.91.5.223 - - [16/Oct/2024:11:56:56 -0700] "GET /nicnAdminPublic/public/administrative_photo/Mr.%20Odunayo%20Olutomi%20Bamodu.jpg HTTP/1.1" 301 308 "-" "Mozilla/5.0 (iPhone; CPU iPhone OS 16_6 like Mac OS X) AppleWebKit/605.1.15 (KHTML, like Gecko) Version/16.6 Mobile/15E148 Safari/604.1"
102.91.5.223 - - [16/Oct/2024:11:56:56 -0700] "GET /nicnAdminPublic/public/administrative_photo/noPicture.png HTTP/1.1" 301 285 "-" "Mozilla/5.0 (iPhone; CPU iPhone OS 16_6 like Mac OS X) AppleWebKit/605.1.15 (KHTML, like Gecko) Version/16.6 Mobile/15E148 Safari/604.1"
102.91.5.223 - - [16/Oct/2024:11:56:56 -0700] "GET /nicnAdminPublic/public/administrative_photo/Dogara.jpg HTTP/1.1" 301 282 "-" "Mozilla/5.0 (iPhone; CPU iPhone OS 16_6 like Mac OS X) AppleWebKit/605.1.15 (KHTML, like Gecko) Version/16.6 Mobile/15E148 Safari/604.1"
102.91.5.223 - - [16/Oct/2024:11:56:56 -0700] "GET /nicnAdminPublic/public/administrative_photo/Mr.%20Safanna.JPG HTTP/1.1" 301 289 "-" "Mozilla/5.0 (iPhone; CPU iPhone OS 16_6 like Mac OS X) AppleWebKit/605.1.15 (KHTML, like Gecko) Version/16.6 Mobile/15E148 Safari/604.1"
102.91.5.223 - - [16/Oct/2024:11:56:57 -0700] "GET /nicnAdminPublic/public/administrative_photo/IMG_5235.JPG HTTP/1.1" 301 284 "-" "Mozilla/5.0 (iPhone; CPU iPhone OS 16_6 like Mac OS X) AppleWebKit/605.1.15 (KHTML, like Gecko) Version/16.6 Mobile/15E148 Safari/604.1"
66.249.79.228 - - [16/Oct/2024:12:01:08 -0700] "GET / HTTP/1.1" 301 228 "-" "Mozilla/5.0 (compatible; Googlebot/2.1; +http://www.google.com/bot.html)"
66.249.79.229 - - [16/Oct/2024:12:18:52 -0700] "GET /index.php/court-registry HTTP/1.1" 301 256 "-" "Mozilla/5.0 (Linux; Android 6.0.1; Nexus 5X Build/MMB29P) AppleWebKit/537.36 (KHTML, like Gecko) Chrome/129.0.6668.89 Mobile Safari/537.36 (compatible; Googlebot/2.1; +http://www.google.com/bot.html)"
87.120.113.248 - - [16/Oct/2024:12:28:28 -0700] "GET /admin HTTP/1.1" 301 233 "-" "Mozilla/5.0 (X11; Linux x86_64) AppleWebKit/537.36 (KHTML, like Gecko) Version/4.0 Chrome/85.0.4183.127 Safari/537.36"
87.120.113.248 - - [16/Oct/2024:12:28:35 -0700] "GET /index.php?route=account/login HTTP/1.1" 301 257 "-" "Mozilla/5.0 (Windows NT 10.0; Win64; x64; rv:123.0) Gecko/20100101 Firefox/123.0"
40.77.167.254 - - [16/Oct/2024:12:29:13 -0700] "GET /publications/LEGAL HTTP/1.1" 301 246 "-" "Mozilla/5.0 AppleWebKit/537.36 (KHTML, like Gecko; compatible; bingbot/2.0; +http://www.bing.com/bingbot.htm) Chrome/116.0.1938.76 Safari/537.36"
156.59.198.135 - - [16/Oct/2024:12:29:16 -0700] "GET /nicnAdminPublic/public/nicnForms/FORM%2059.pdf HTTP/1.0" 301 274 "-" "Mozilla/5.0 (Linux; Android 5.0) AppleWebKit/537.36 (KHTML, like Gecko) Mobile Safari/537.36 (compatible; Bytespider; spider-feedback@bytedance.com)"
38.45.123.74 - - [16/Oct/2024:12:31:15 -0700] "GET / HTTP/1.1" 301 232 "-" "Mozilla/5.0 (Windows NT 10.0; Win64; x64) AppleWebKit/537.36 (KHTML, like Gecko) Chrome/97.0.4280.67 Safari/537.36 Edg/97.0.664.52"
156.59.198.135 - - [16/Oct/2024:12:48:23 -0700] "GET /nicnAdminPublic/public/nicnForms/FORM%2061.pdf HTTP/1.0" 301 274 "-" "Mozilla/5.0 (Linux; Android 5.0) AppleWebKit/537.36 (KHTML, like Gecko) Mobile Safari/537.36 (compatible; Bytespider; spider-feedback@bytedance.com)"
156.59.198.135 - - [16/Oct/2024:12:48:58 -0700] "GET /nicnAdminPublic/public/nicnForms/FORM%2079.pdf HTTP/1.0" 301 274 "-" "Mozilla/5.0 (Linux; Android 5.0) AppleWebKit/537.36 (KHTML, like Gecko) Mobile Safari/537.36 (compatible; Bytespider; spider-feedback@bytedance.com)"
143.92.140.94 - - [16/Oct/2024:12:54:06 -0700] "GET /wp-login.php HTTP/1.1" 301 244 "-" "Mozilla/5.0 (Windows NT 10.0; WOW64; Trident/7.0; rv:11.0) like Gecko"
143.92.140.94 - - [16/Oct/2024:12:54:06 -0700] "GET /xmlrpc.php HTTP/1.1" 301 242 "-" "Mozilla/5.0 (Windows NT 10.0; WOW64; Trident/7.0; rv:11.0) like Gecko"
66.249.79.229 - - [16/Oct/2024:12:58:00 -0700] "GET /index.php/judicial-cadre/45 HTTP/1.1" 301 259 "-" "Mozilla/5.0 (Linux; Android 6.0.1; Nexus 5X Build/MMB29P) AppleWebKit/537.36 (KHTML, like Gecko) Chrome/129.0.6668.89 Mobile Safari/537.36 (compatible; Googlebot/2.1; +http://www.google.com/bot.html)"
131.153.240.178 - - [16/Oct/2024:13:00:44 -0700] "GET / HTTP/1.1" 301 228 "-" "Mozilla/5.0 (Windows NT 10.0; Win64; x64) AppleWebKit/537.36 (KHTML, like Gecko) Chrome/91.0.4472.124 Safari/537.36"
87.120.113.248 - - [16/Oct/2024:13:06:38 -0700] "GET /admin.zip HTTP/1.1" 301 237 "-" "Mozilla/5.0 (Macintosh; Intel Mac OS X 14.0) AppleWebKit/616.3 (KHTML, like Gecko) Version/17.5.22 Safari/616.3"
87.120.113.248 - - [16/Oct/2024:13:06:41 -0700] "GET /backup.zip HTTP/1.1" 301 238 "-" "Mozilla/5.0 (Macintosh; Intel Mac OS X 10_15_7) AppleWebKit/605.1.15 (KHTML, like Gecko) Version/17.4.1 Safari/605.5.16"
87.120.113.248 - - [16/Oct/2024:13:06:45 -0700] "GET /administrator.zip HTTP/1.1" 301 245 "-" "Mozilla/5.0 (Macintosh; Intel Mac OS X 10_15_7) AppleWebKit/605.1.15 (KHTML, like Gecko) Version/17.1.4 Safari/605.1.15"
87.120.113.248 - - [16/Oct/2024:13:06:48 -0700] "GET /database.zip HTTP/1.1" 301 240 "-" "Mozilla/5.0 (Macintosh; Intel Mac OS X 10.15; rv:71.0) Gecko/20100101 Firefox/71.0"
173.252.79.10 - - [16/Oct/2024:13:08:12 -0700] "GET /publication/PUBLIC%20NOTICE%201-20001.pdf HTTP/1.1" 301 269 "-" "facebookexternalhit/1.1 (+http://www.facebook.com/externalhit_uatext.php)"
31.13.115.114 - - [16/Oct/2024:13:08:13 -0700] "GET /publication/PUBLIC%20NOTICE%201-10001.pdf HTTP/1.1" 301 269 "-" "facebookexternalhit/1.1 (+http://www.facebook.com/externalhit_uatext.php)"
173.252.83.38 - - [16/Oct/2024:13:08:13 -0700] "GET /publication/Document%20for%20DD%20Admin%20-%20Fash.pdf HTTP/1.1" 301 282 "-" "facebookexternalhit/1.1 (+http://www.facebook.com/externalhit_uatext.php)"
31.13.115.9 - - [16/Oct/2024:13:08:13 -0700] "GET /publication/PUBLIC%20NOTICE0001.pdf HTTP/1.1" 301 263 "-" "facebookexternalhit/1.1 (+http://www.facebook.com/externalhit_uatext.php)"
173.252.107.112 - - [16/Oct/2024:13:08:13 -0700] "GET /publication/Definition%20of%20Documents%20in%20Section%202%20(1)%20Evidence%20Act%20-%20A%20Proactive%20Interpretation..pdf HTTP/1.1" 301 351 "-" "facebookexternalhit/1.1 (+http://www.facebook.com/externalhit_uatext.php)"
156.59.198.135 - - [16/Oct/2024:13:12:42 -0700] "GET /nicnAdminPublic/public/nicnForms/FORM%2060.pdf HTTP/1.0" 301 274 "-" "Mozilla/5.0 (Linux; Android 5.0) AppleWebKit/537.36 (KHTML, like Gecko) Mobile Safari/537.36 (compatible; Bytespider; spider-feedback@bytedance.com)"
66.249.79.230 - - [16/Oct/2024:13:17:04 -0700] "GET /index.php/judicial-cadre/11 HTTP/1.1" 301 259 "-" "Mozilla/5.0 (Linux; Android 6.0.1; Nexus 5X Build/MMB29P) AppleWebKit/537.36 (KHTML, like Gecko) Chrome/129.0.6668.89 Mobile Safari/537.36 (compatible; Googlebot/2.1; +http://www.google.com/bot.html)"
104.210.107.189 - - [16/Oct/2024:13:18:28 -0700] "HEAD /wordpress HTTP/1.1" 301 - "-" "Mozilla/5.0 (Windows NT 10.0; Win64; x64) AppleWebKit/537.36 (KHTML, like Gecko) Chrome/74.0.3729.169 Safari/537.36"
104.210.107.189 - - [16/Oct/2024:13:18:29 -0700] "HEAD / HTTP/1.1" 301 - "-" "Mozilla/5.0 (Windows NT 10.0; Win64; x64) AppleWebKit/537.36 (KHTML, like Gecko) Chrome/74.0.3729.169 Safari/537.36"
104.210.107.189 - - [16/Oct/2024:13:18:30 -0700] "HEAD /wp HTTP/1.1" 301 - "-" "Mozilla/5.0 (Windows NT 10.0; Win64; x64) AppleWebKit/537.36 (KHTML, like Gecko) Chrome/74.0.3729.169 Safari/537.36"
104.210.107.189 - - [16/Oct/2024:13:18:30 -0700] "HEAD /bc HTTP/1.1" 301 - "-" "Mozilla/5.0 (Windows NT 10.0; Win64; x64) AppleWebKit/537.36 (KHTML, like Gecko) Chrome/74.0.3729.169 Safari/537.36"
104.210.107.189 - - [16/Oct/2024:13:18:30 -0700] "HEAD /bk HTTP/1.1" 301 - "-" "Mozilla/5.0 (Windows NT 10.0; Win64; x64) AppleWebKit/537.36 (KHTML, like Gecko) Chrome/74.0.3729.169 Safari/537.36"
104.210.107.189 - - [16/Oct/2024:13:18:31 -0700] "HEAD /backup HTTP/1.1" 301 - "-" "Mozilla/5.0 (Windows NT 10.0; Win64; x64) AppleWebKit/537.36 (KHTML, like Gecko) Chrome/74.0.3729.169 Safari/537.36"
104.210.107.189 - - [16/Oct/2024:13:18:31 -0700] "HEAD /old HTTP/1.1" 301 - "-" "Mozilla/5.0 (Windows NT 10.0; Win64; x64) AppleWebKit/537.36 (KHTML, like Gecko) Chrome/74.0.3729.169 Safari/537.36"
104.210.107.189 - - [16/Oct/2024:13:18:31 -0700] "HEAD /new HTTP/1.1" 301 - "-" "Mozilla/5.0 (Windows NT 10.0; Win64; x64) AppleWebKit/537.36 (KHTML, like Gecko) Chrome/74.0.3729.169 Safari/537.36"
104.210.107.189 - - [16/Oct/2024:13:18:32 -0700] "HEAD /main HTTP/1.1" 301 - "-" "Mozilla/5.0 (Windows NT 10.0; Win64; x64) AppleWebKit/537.36 (KHTML, like Gecko) Chrome/74.0.3729.169 Safari/537.36"
104.210.107.189 - - [16/Oct/2024:13:18:32 -0700] "HEAD /home HTTP/1.1" 301 - "-" "Mozilla/5.0 (Windows NT 10.0; Win64; x64) AppleWebKit/537.36 (KHTML, like Gecko) Chrome/74.0.3729.169 Safari/537.36"
78.142.18.92 - - [16/Oct/2024:13:19:24 -0700] "GET /wp-content/uploads/ HTTP/1.1" 301 247 "-" "Mozlila/5.0 (Linux; Android 7.0; SM-G892A Bulid/NRD90M; wv) AppleWebKit/537.36 (KHTML, like Gecko) Version/4.0 Chrome/60.0.3112.107 Moblie Safari/537.36"
78.142.18.92 - - [16/Oct/2024:13:19:25 -0700] "GET /wp-includes/ HTTP/1.1" 301 240 "-" "Mozlila/5.0 (Linux; Android 7.0; SM-G892A Bulid/NRD90M; wv) AppleWebKit/537.36 (KHTML, like Gecko) Version/4.0 Chrome/60.0.3112.107 Moblie Safari/537.36"
78.142.18.92 - - [16/Oct/2024:13:19:30 -0700] "GET /wp-content/ HTTP/1.1" 301 239 "-" "Mozlila/5.0 (Linux; Android 7.0; SM-G892A Bulid/NRD90M; wv) AppleWebKit/537.36 (KHTML, like Gecko) Version/4.0 Chrome/60.0.3112.107 Moblie Safari/537.36"
78.142.18.92 - - [16/Oct/2024:13:19:31 -0700] "GET /wp-content/plugins/ HTTP/1.1" 301 247 "-" "Mozlila/5.0 (Linux; Android 7.0; SM-G892A Bulid/NRD90M; wv) AppleWebKit/537.36 (KHTML, like Gecko) Version/4.0 Chrome/60.0.3112.107 Moblie Safari/537.36"
78.142.18.92 - - [16/Oct/2024:13:19:35 -0700] "GET /wp-content/themes/ HTTP/1.1" 301 246 "-" "Mozlila/5.0 (Linux; Android 7.0; SM-G892A Bulid/NRD90M; wv) AppleWebKit/537.36 (KHTML, like Gecko) Version/4.0 Chrome/60.0.3112.107 Moblie Safari/537.36"
78.142.18.92 - - [16/Oct/2024:13:19:37 -0700] "GET /wp-admin/ HTTP/1.1" 301 237 "-" "Mozlila/5.0 (Linux; Android 7.0; SM-G892A Bulid/NRD90M; wv) AppleWebKit/537.36 (KHTML, like Gecko) Version/4.0 Chrome/60.0.3112.107 Moblie Safari/537.36"
78.142.18.92 - - [16/Oct/2024:13:19:41 -0700] "GET /.well-known/ HTTP/1.1" 301 240 "-" "Mozlila/5.0 (Linux; Android 7.0; SM-G892A Bulid/NRD90M; wv) AppleWebKit/537.36 (KHTML, like Gecko) Version/4.0 Chrome/60.0.3112.107 Moblie Safari/537.36"
78.142.18.92 - - [16/Oct/2024:13:19:46 -0700] "GET /.well-known/pki-validation/ HTTP/1.1" 200 654 "-" "Mozlila/5.0 (Linux; Android 7.0; SM-G892A Bulid/NRD90M; wv) AppleWebKit/537.36 (KHTML, like Gecko) Version/4.0 Chrome/60.0.3112.107 Moblie Safari/537.36"
78.142.18.92 - - [16/Oct/2024:13:19:50 -0700] "GET /.well-known/acme-challenge/ HTTP/1.1" 301 255 "-" "Mozlila/5.0 (Linux; Android 7.0; SM-G892A Bulid/NRD90M; wv) AppleWebKit/537.36 (KHTML, like Gecko) Version/4.0 Chrome/60.0.3112.107 Moblie Safari/537.36"
78.142.18.92 - - [16/Oct/2024:13:19:54 -0700] "GET /css/ HTTP/1.1" 301 232 "-" "Mozlila/5.0 (Linux; Android 7.0; SM-G892A Bulid/NRD90M; wv) AppleWebKit/537.36 (KHTML, like Gecko) Version/4.0 Chrome/60.0.3112.107 Moblie Safari/537.36"
156.59.198.136 - - [16/Oct/2024:13:24:06 -0700] "GET /nicnAdminPublic/public/nicnForms/FORM%2061.pdf HTTP/1.0" 301 274 "-" "Mozilla/5.0 (Linux; Android 5.0) AppleWebKit/537.36 (KHTML, like Gecko) Mobile Safari/537.36 (compatible; Bytespider; spider-feedback@bytedance.com)"
78.142.18.92 - - [16/Oct/2024:13:27:24 -0700] "GET /wp-content/uploads/ HTTP/1.1" 301 247 "-" "Mozlila/5.0 (Linux; Android 7.0; SM-G892A Bulid/NRD90M; wv) AppleWebKit/537.36 (KHTML, like Gecko) Version/4.0 Chrome/60.0.3112.107 Moblie Safari/537.36"
78.142.18.92 - - [16/Oct/2024:13:27:28 -0700] "GET /wp-includes/ HTTP/1.1" 301 240 "-" "Mozlila/5.0 (Linux; Android 7.0; SM-G892A Bulid/NRD90M; wv) AppleWebKit/537.36 (KHTML, like Gecko) Version/4.0 Chrome/60.0.3112.107 Moblie Safari/537.36"
78.142.18.92 - - [16/Oct/2024:13:27:33 -0700] "GET /wp-content/ HTTP/1.1" 301 239 "-" "Mozlila/5.0 (Linux; Android 7.0; SM-G892A Bulid/NRD90M; wv) AppleWebKit/537.36 (KHTML, like Gecko) Version/4.0 Chrome/60.0.3112.107 Moblie Safari/537.36"
78.142.18.92 - - [16/Oct/2024:13:27:36 -0700] "GET /wp-content/plugins/ HTTP/1.1" 301 247 "-" "Mozlila/5.0 (Linux; Android 7.0; SM-G892A Bulid/NRD90M; wv) AppleWebKit/537.36 (KHTML, like Gecko) Version/4.0 Chrome/60.0.3112.107 Moblie Safari/537.36"
78.142.18.92 - - [16/Oct/2024:13:27:40 -0700] "GET /wp-content/themes/ HTTP/1.1" 301 246 "-" "Mozlila/5.0 (Linux; Android 7.0; SM-G892A Bulid/NRD90M; wv) AppleWebKit/537.36 (KHTML, like Gecko) Version/4.0 Chrome/60.0.3112.107 Moblie Safari/537.36"
78.142.18.92 - - [16/Oct/2024:13:27:48 -0700] "GET /wp-admin/ HTTP/1.1" 301 237 "-" "Mozlila/5.0 (Linux; Android 7.0; SM-G892A Bulid/NRD90M; wv) AppleWebKit/537.36 (KHTML, like Gecko) Version/4.0 Chrome/60.0.3112.107 Moblie Safari/537.36"
78.142.18.92 - - [16/Oct/2024:13:27:50 -0700] "GET /.well-known/ HTTP/1.1" 301 240 "-" "Mozlila/5.0 (Linux; Android 7.0; SM-G892A Bulid/NRD90M; wv) AppleWebKit/537.36 (KHTML, like Gecko) Version/4.0 Chrome/60.0.3112.107 Moblie Safari/537.36"
78.142.18.92 - - [16/Oct/2024:13:27:56 -0700] "GET /.well-known/pki-validation/ HTTP/1.1" 200 654 "-" "Mozlila/5.0 (Linux; Android 7.0; SM-G892A Bulid/NRD90M; wv) AppleWebKit/537.36 (KHTML, like Gecko) Version/4.0 Chrome/60.0.3112.107 Moblie Safari/537.36"
78.142.18.92 - - [16/Oct/2024:13:28:02 -0700] "GET /.well-known/acme-challenge/ HTTP/1.1" 301 255 "-" "Mozlila/5.0 (Linux; Android 7.0; SM-G892A Bulid/NRD90M; wv) AppleWebKit/537.36 (KHTML, like Gecko) Version/4.0 Chrome/60.0.3112.107 Moblie Safari/537.36"
78.142.18.92 - - [16/Oct/2024:13:28:06 -0700] "GET /css/ HTTP/1.1" 301 232 "-" "Mozlila/5.0 (Linux; Android 7.0; SM-G892A Bulid/NRD90M; wv) AppleWebKit/537.36 (KHTML, like Gecko) Version/4.0 Chrome/60.0.3112.107 Moblie Safari/537.36"
66.249.79.227 - - [16/Oct/2024:13:30:26 -0700] "GET /brochure/download-filecase.pdf HTTP/1.1" 301 258 "-" "Mozilla/5.0 (Linux; Android 6.0.1; Nexus 5X Build/MMB29P) AppleWebKit/537.36 (KHTML, like Gecko) Chrome/129.0.6668.89 Mobile Safari/537.36 (compatible; Googlebot/2.1; +http://www.google.com/bot.html)"
157.55.39.9 - - [16/Oct/2024:13:33:48 -0700] "GET /view-judgment/889 HTTP/1.1" 301 245 "-" "Mozilla/5.0 AppleWebKit/537.36 (KHTML, like Gecko; compatible; bingbot/2.0; +http://www.bing.com/bingbot.htm) Chrome/116.0.1938.76 Safari/537.36"
66.249.79.227 - - [16/Oct/2024:13:40:59 -0700] "GET /nicnAdminPublic/public/presidentHood/PRESIDENT%20SPEECH%204.pdf HTTP/1.1" 301 291 "-" "Mozilla/5.0 (Linux; Android 6.0.1; Nexus 5X Build/MMB29P) AppleWebKit/537.36 (KHTML, like Gecko) Chrome/129.0.6668.89 Mobile Safari/537.36 (compatible; Googlebot/2.1; +http://www.google.com/bot.html)"
207.46.13.130 - - [16/Oct/2024:13:44:40 -0700] "GET /view-judgment/380 HTTP/1.1" 301 245 "-" "Mozilla/5.0 AppleWebKit/537.36 (KHTML, like Gecko; compatible; bingbot/2.0; +http://www.bing.com/bingbot.htm) Chrome/116.0.1938.76 Safari/537.36"
156.59.198.135 - - [16/Oct/2024:13:47:27 -0700] "GET /nicnAdminPublic/public/nicnForms/FORM%2079.pdf HTTP/1.0" 301 274 "-" "Mozilla/5.0 (Linux; Android 5.0) AppleWebKit/537.36 (KHTML, like Gecko) Mobile Safari/537.36 (compatible; Bytespider; spider-feedback@bytedance.com)"
145.82.44.247 - - [16/Oct/2024:13:48:37 -0700] "GET /wp-login.php HTTP/1.1" 301 240 "-" "Mozilla/5.0 (Windows NT 10.0; WOW64; Trident/7.0; rv:11.0) like Gecko"
145.82.44.247 - - [16/Oct/2024:13:48:37 -0700] "GET /xmlrpc.php HTTP/1.1" 301 238 "-" "Mozilla/5.0 (Windows NT 10.0; WOW64; Trident/7.0; rv:11.0) like Gecko"
66.249.79.227 - - [16/Oct/2024:13:51:10 -0700] "GET /?ref=xranks HTTP/1.1" 301 239 "-" "Mozilla/5.0 (Linux; Android 6.0.1; Nexus 5X Build/MMB29P) AppleWebKit/537.36 (KHTML, like Gecko) Chrome/129.0.6668.89 Mobile Safari/537.36 (compatible; Googlebot/2.1; +http://www.google.com/bot.html)"
102.164.9.99 - - [16/Oct/2024:13:51:47 -0700] "GET /wp-login.php HTTP/1.1" 301 240 "-" "Mozilla/5.0 (Windows NT 10.0; WOW64; Trident/7.0; rv:11.0) like Gecko"
102.164.9.99 - - [16/Oct/2024:13:51:48 -0700] "GET /xmlrpc.php HTTP/1.1" 301 238 "-" "Mozilla/5.0 (Windows NT 10.0; WOW64; Trident/7.0; rv:11.0) like Gecko"
87.120.113.248 - - [16/Oct/2024:13:58:50 -0700] "GET /_adminer.php HTTP/1.1" 301 240 "-" "Mozilla/5.0 (Macintosh; Intel Mac OS X 10_15_7) AppleWebKit/537.36 (KHTML, like Gecko) Chrome/113.0.0.0 Safari/537.36"
87.120.113.248 - - [16/Oct/2024:13:58:51 -0700] "GET /adminer/ HTTP/1.1" 301 236 "-" "Mozilla/5.0 (Macintosh; Intel Mac OS X 10_15_7) AppleWebKit/605.1.15 (KHTML, like Gecko) Version/17.3.1 Mobile/15E148 Safari/604.1"
87.120.113.248 - - [16/Oct/2024:13:58:52 -0700] "GET /adminer.php HTTP/1.1" 301 239 "-" "Mozilla/5.0 (Windows NT 10.0; Win64; x64; rv:82.0) Gecko/20100101 Firefox/82.0"
87.120.113.248 - - [16/Oct/2024:13:58:53 -0700] "GET /editor.php HTTP/1.1" 301 238 "-" "Mozilla/5.0 (Fedora; Linux i686; rv:124.0) Gecko/20100101 Firefox/124.0"
87.120.113.248 - - [16/Oct/2024:13:58:54 -0700] "GET /mysql.php HTTP/1.1" 301 237 "-" "Mozilla/5.0 (Windows NT 10.0; Win64; x64) AppleWebKit/537.36 (KHTML, like Gecko) Chrome/100.0.4896.127 Safari/537.36"
87.120.113.248 - - [16/Oct/2024:13:58:55 -0700] "GET /sql.php HTTP/1.1" 301 235 "-" "Mozilla/5.0 (Windows NT 10.0; Win64; x64; rv:91.0) Gecko/20100101 Firefox/91.0"
87.120.113.248 - - [16/Oct/2024:13:58:57 -0700] "GET /wp-content/plugins/adminer/adminer.php HTTP/1.1" 301 266 "-" "Mozilla/5.0 (Windows NT 10.0; Win64; x64; rv:87.0) Gecko/20100101 Firefox/87.0"
66.249.79.228 - - [16/Oct/2024:14:23:06 -0700] "GET /index.php HTTP/1.1" 301 237 "-" "Mozilla/5.0 (Linux; Android 6.0.1; Nexus 5X Build/MMB29P) AppleWebKit/537.36 (KHTML, like Gecko) Chrome/129.0.6668.89 Mobile Safari/537.36 (compatible; Googlebot/2.1; +http://www.google.com/bot.html)"
66.249.79.227 - - [16/Oct/2024:14:26:09 -0700] "GET /index.php/nicn-forms?page=5 HTTP/1.1" 301 255 "-" "Mozilla/5.0 (Linux; Android 6.0.1; Nexus 5X Build/MMB29P) AppleWebKit/537.36 (KHTML, like Gecko) Chrome/129.0.6668.89 Mobile Safari/537.36 (compatible; Googlebot/2.1; +http://www.google.com/bot.html)"
66.249.79.230 - - [16/Oct/2024:14:31:33 -0700] "GET /view-judgment/1624 HTTP/1.1" 301 250 "-" "Mozilla/5.0 (Linux; Android 6.0.1; Nexus 5X Build/MMB29P) AppleWebKit/537.36 (KHTML, like Gecko) Chrome/129.0.6668.89 Mobile Safari/537.36 (compatible; Googlebot/2.1; +http://www.google.com/bot.html)"
51.222.253.11 - - [16/Oct/2024:14:37:12 -0700] "GET /robots.txt HTTP/1.1" 301 238 "-" "Mozilla/5.0 (compatible; AhrefsBot/7.0; +http://ahrefs.com/robot/)"
23.233.157.228 - - [16/Oct/2024:14:45:20 -0700] "GET /.env HTTP/1.1" 301 232 "-" "python-requests/2.31.0"
23.233.157.228 - - [16/Oct/2024:14:45:21 -0700] "GET /.env HTTP/1.1" 301 232 "-" "python-requests/2.31.0"
23.233.157.228 - - [16/Oct/2024:14:45:21 -0700] "GET /vendor/phpunit/phpunit/src/Util/PHP/eval-stdin.php HTTP/1.1" 301 278 "-" "python-requests/2.31.0"
156.59.198.135 - - [16/Oct/2024:14:51:33 -0700] "GET /nicnAdminPublic/public/nicnForms/FORM%2060.pdf HTTP/1.0" 301 274 "-" "Mozilla/5.0 (Linux; Android 5.0) AppleWebKit/537.36 (KHTML, like Gecko) Mobile Safari/537.36 (compatible; Bytespider; spider-feedback@bytedance.com)"
102.23.96.14 - - [16/Oct/2024:15:01:58 -0700] "GET /nicnAdminPublic/public/jurisdictionPhoto/jurisdiction.jpg HTTP/1.1" 301 285 "-" "Mozilla/5.0 (Linux; U; Android 12; TECNO BF7 Build/SP1A.210812.016; wv) AppleWebKit/537.36 (KHTML, like Gecko) Version/4.0 Chrome/129.0.6668.81 Mobile Safari/537.36 OPR/58.0.2254.58441"
108.173.125.115 - - [16/Oct/2024:15:08:26 -0700] "GET /wp-login.php HTTP/1.1" 301 244 "-" "Mozilla/5.0 (Windows NT 10.0; WOW64; Trident/7.0; rv:11.0) like Gecko"
108.173.125.115 - - [16/Oct/2024:15:08:27 -0700] "GET /xmlrpc.php HTTP/1.1" 301 242 "-" "Mozilla/5.0 (Windows NT 10.0; WOW64; Trident/7.0; rv:11.0) like Gecko"
131.153.143.50 - - [16/Oct/2024:15:10:40 -0700] "GET / HTTP/1.1" 301 228 "-" "Mozilla/5.0 (Windows NT 10.0; Win64; x64) AppleWebKit/537.36 (KHTML, like Gecko) Chrome/91.0.4472.124 Safari/537.36"
102.23.96.14 - - [16/Oct/2024:15:13:02 -0700] "GET /nicnAdminPublic/public/departments_photo/department-1.jpeg HTTP/1.1" 301 286 "-" "Mozilla/5.0 (Linux; U; Android 12; TECNO BF7 Build/SP1A.210812.016; wv) AppleWebKit/537.36 (KHTML, like Gecko) Version/4.0 Chrome/129.0.6668.81 Mobile Safari/537.36 OPR/58.0.2254.58441"
102.23.96.14 - - [16/Oct/2024:15:13:02 -0700] "GET /nicnAdminPublic/public/departments_photo/department-2.jpeg HTTP/1.1" 301 286 "-" "Mozilla/5.0 (Linux; U; Android 12; TECNO BF7 Build/SP1A.210812.016; wv) AppleWebKit/537.36 (KHTML, like Gecko) Version/4.0 Chrome/129.0.6668.81 Mobile Safari/537.36 OPR/58.0.2254.58441"
102.23.96.16 - - [16/Oct/2024:15:13:02 -0700] "GET /nicnAdminPublic/public/departments_photo/court.png HTTP/1.1" 301 278 "-" "Mozilla/5.0 (Linux; U; Android 12; TECNO BF7 Build/SP1A.210812.016; wv) AppleWebKit/537.36 (KHTML, like Gecko) Version/4.0 Chrome/129.0.6668.81 Mobile Safari/537.36 OPR/58.0.2254.58441"
156.59.198.135 - - [16/Oct/2024:15:15:06 -0700] "GET /nicnAdminPublic/public/nicnForms/FORM%2060.pdf HTTP/1.0" 301 274 "-" "Mozilla/5.0 (Linux; Android 5.0) AppleWebKit/537.36 (KHTML, like Gecko) Mobile Safari/537.36 (compatible; Bytespider; spider-feedback@bytedance.com)"
66.249.79.229 - - [16/Oct/2024:15:20:51 -0700] "GET /index.php/jurisdiction-and-power HTTP/1.1" 301 264 "-" "Mozilla/5.0 (Linux; Android 6.0.1; Nexus 5X Build/MMB29P) AppleWebKit/537.36 (KHTML, like Gecko) Chrome/129.0.6668.89 Mobile Safari/537.36 (compatible; Googlebot/2.1; +http://www.google.com/bot.html)"
66.249.79.228 - - [16/Oct/2024:15:21:53 -0700] "GET /view-judgment/1419 HTTP/1.1" 301 250 "-" "Mozilla/5.0 (Linux; Android 6.0.1; Nexus 5X Build/MMB29P) AppleWebKit/537.36 (KHTML, like Gecko) Chrome/129.0.6668.89 Mobile Safari/537.36 (compatible; Googlebot/2.1; +http://www.google.com/bot.html)"
66.249.79.228 - - [16/Oct/2024:15:26:54 -0700] "GET /k7.php%20on%2025/7/2010%20at%209:30 HTTP/1.1" 301 267 "-" "Mozilla/5.0 (Linux; Android 6.0.1; Nexus 5X Build/MMB29P) AppleWebKit/537.36 (KHTML, like Gecko) Chrome/129.0.6668.89 Mobile Safari/537.36 (compatible; Googlebot/2.1; +http://www.google.com/bot.html)"
154.29.71.19 - - [16/Oct/2024:15:32:07 -0700] "GET / HTTP/1.1" 301 228 "-" "Mozilla/5.0 (Windows NT 10.0; Win64; x64) AppleWebKit/537.36 (KHTML, like Gecko) Chrome/126.0.0.0 Safari/537.36"
66.249.79.228 - - [16/Oct/2024:15:41:00 -0700] "GET /nicnAdminPublic/public/nicnForms/NOMINATION%20FORM%202019.pdf HTTP/1.1" 301 289 "-" "Mozilla/5.0 (Linux; Android 6.0.1; Nexus 5X Build/MMB29P) AppleWebKit/537.36 (KHTML, like Gecko) Chrome/129.0.6668.89 Mobile Safari/537.36 (compatible; Googlebot/2.1; +http://www.google.com/bot.html)"
20.171.206.226 - - [16/Oct/2024:15:52:56 -0700] "GET /robots.txt HTTP/1.1" 301 242 "-" "Mozilla/5.0 AppleWebKit/537.36 (KHTML, like Gecko; compatible; GPTBot/1.0; +https://openai.com/gptbot)"
179.26.197.181 - - [16/Oct/2024:15:58:51 -0700] "GET /wp-login.php HTTP/1.1" 301 240 "-" "Mozilla/5.0 (Windows NT 10.0; WOW64; Trident/7.0; rv:11.0) like Gecko"
179.26.197.181 - - [16/Oct/2024:15:58:52 -0700] "GET /xmlrpc.php HTTP/1.1" 301 238 "-" "Mozilla/5.0 (Windows NT 10.0; WOW64; Trident/7.0; rv:11.0) like Gecko"
188.143.169.41 - - [16/Oct/2024:16:11:59 -0700] "GET / HTTP/1.1" 301 228 "-" "Mozilla/5.0 X11; Ubuntu; Linux x86_64; rv:126.0 Gecko/20100101 Firefox/126.0"
188.143.169.41 - - [16/Oct/2024:16:12:00 -0700] "GET / HTTP/1.1" 301 232 "-" "Mozilla/5.0 X11; Ubuntu; Linux x86_64; rv:126.0 Gecko/20100101 Firefox/126.0"
188.143.169.41 - - [16/Oct/2024:16:12:17 -0700] "GET /robots.txt HTTP/1.1" 301 238 "-" "Mozilla/5.0 X11; Ubuntu; Linux x86_64; rv:126.0 Gecko/20100101 Firefox/126.0"

Anon7 - 2022
AnonSec Team