197.210.77.115 - - [16/Oct/2024:06:30:48 -0700] "GET /generate/company/e-payment?page=6 HTTP/1.1" 200 145080 "https://funds.nicn.gov.ng/generate/company/e-payment?page=5" "Mozilla/5.0 (Windows NT 10.0; Win64; x64) AppleWebKit/537.36 (KHTML, like Gecko) Chrome/118.0.0.0 Safari/537.36"
197.210.77.115 - - [16/Oct/2024:06:30:50 -0700] "GET /companyLogos/watermark-logo17-05-2019-38481558094495.JPG HTTP/1.1" 404 4180 "https://funds.nicn.gov.ng/generate/company/e-payment?page=6" "Mozilla/5.0 (Windows NT 10.0; Win64; x64) AppleWebKit/537.36 (KHTML, like Gecko) Chrome/118.0.0.0 Safari/537.36"
197.210.77.115 - - [16/Oct/2024:06:30:50 -0700] "GET /path/to/bootstrap.min.css HTTP/1.1" 404 4180 "https://funds.nicn.gov.ng/generate/company/e-payment?page=6" "Mozilla/5.0 (Windows NT 10.0; Win64; x64) AppleWebKit/537.36 (KHTML, like Gecko) Chrome/118.0.0.0 Safari/537.36"
197.210.77.115 - - [16/Oct/2024:06:30:50 -0700] "GET /path/to/jquery.min.js HTTP/1.1" 404 4180 "https://funds.nicn.gov.ng/generate/company/e-payment?page=6" "Mozilla/5.0 (Windows NT 10.0; Win64; x64) AppleWebKit/537.36 (KHTML, like Gecko) Chrome/118.0.0.0 Safari/537.36"
197.210.77.115 - - [16/Oct/2024:06:30:50 -0700] "GET /path/to/bootstrap.min.js HTTP/1.1" 404 4180 "https://funds.nicn.gov.ng/generate/company/e-payment?page=6" "Mozilla/5.0 (Windows NT 10.0; Win64; x64) AppleWebKit/537.36 (KHTML, like Gecko) Chrome/118.0.0.0 Safari/537.36"
197.210.77.115 - - [16/Oct/2024:06:30:50 -0700] "GET /path/to/jquery.bs_pagination.min.js HTTP/1.1" 404 4180 "https://funds.nicn.gov.ng/generate/company/e-payment?page=6" "Mozilla/5.0 (Windows NT 10.0; Win64; x64) AppleWebKit/537.36 (KHTML, like Gecko) Chrome/118.0.0.0 Safari/537.36"
197.210.77.115 - - [16/Oct/2024:06:30:50 -0700] "GET /path/to/bs_pagination/localization/en.min.js HTTP/1.1" 404 4180 "https://funds.nicn.gov.ng/generate/company/e-payment?page=6" "Mozilla/5.0 (Windows NT 10.0; Win64; x64) AppleWebKit/537.36 (KHTML, like Gecko) Chrome/118.0.0.0 Safari/537.36"
197.210.77.115 - - [16/Oct/2024:06:30:51 -0700] "GET /path/to/jquery.bs_pagination.min.css HTTP/1.1" 404 4180 "https://funds.nicn.gov.ng/generate/company/e-payment?page=6" "Mozilla/5.0 (Windows NT 10.0; Win64; x64) AppleWebKit/537.36 (KHTML, like Gecko) Chrome/118.0.0.0 Safari/537.36"
102.91.72.248 - - [16/Oct/2024:06:30:55 -0700] "POST /recurrent/staff/add-to-list/voucher HTTP/1.1" 302 432 "https://funds.nicn.gov.ng/display/voucher/29771" "Mozilla/5.0 (Windows NT 10.0; Win64; x64; rv:131.0) Gecko/20100101 Firefox/131.0"
102.91.72.248 - - [16/Oct/2024:06:30:56 -0700] "GET /display/voucher/29771 HTTP/1.1" 200 144173 "https://funds.nicn.gov.ng/display/voucher/29771" "Mozilla/5.0 (Windows NT 10.0; Win64; x64; rv:131.0) Gecko/20100101 Firefox/131.0"
197.210.77.115 - - [16/Oct/2024:06:31:03 -0700] "GET /generate/company/e-payment?page=7 HTTP/1.1" 200 145223 "https://funds.nicn.gov.ng/generate/company/e-payment?page=6" "Mozilla/5.0 (Windows NT 10.0; Win64; x64) AppleWebKit/537.36 (KHTML, like Gecko) Chrome/118.0.0.0 Safari/537.36"
197.210.77.115 - - [16/Oct/2024:06:31:05 -0700] "GET /path/to/jquery.bs_pagination.min.css HTTP/1.1" 404 4180 "https://funds.nicn.gov.ng/generate/company/e-payment?page=7" "Mozilla/5.0 (Windows NT 10.0; Win64; x64) AppleWebKit/537.36 (KHTML, like Gecko) Chrome/118.0.0.0 Safari/537.36"
197.210.77.115 - - [16/Oct/2024:06:31:05 -0700] "GET /path/to/jquery.min.js HTTP/1.1" 404 4180 "https://funds.nicn.gov.ng/generate/company/e-payment?page=7" "Mozilla/5.0 (Windows NT 10.0; Win64; x64) AppleWebKit/537.36 (KHTML, like Gecko) Chrome/118.0.0.0 Safari/537.36"
197.210.77.115 - - [16/Oct/2024:06:31:05 -0700] "GET /path/to/bootstrap.min.css HTTP/1.1" 404 4180 "https://funds.nicn.gov.ng/generate/company/e-payment?page=7" "Mozilla/5.0 (Windows NT 10.0; Win64; x64) AppleWebKit/537.36 (KHTML, like Gecko) Chrome/118.0.0.0 Safari/537.36"
197.210.77.115 - - [16/Oct/2024:06:31:05 -0700] "GET /companyLogos/watermark-logo17-05-2019-38481558094495.JPG HTTP/1.1" 404 4180 "https://funds.nicn.gov.ng/generate/company/e-payment?page=7" "Mozilla/5.0 (Windows NT 10.0; Win64; x64) AppleWebKit/537.36 (KHTML, like Gecko) Chrome/118.0.0.0 Safari/537.36"
197.210.77.115 - - [16/Oct/2024:06:31:05 -0700] "GET /path/to/bootstrap.min.js HTTP/1.1" 404 4180 "https://funds.nicn.gov.ng/generate/company/e-payment?page=7" "Mozilla/5.0 (Windows NT 10.0; Win64; x64) AppleWebKit/537.36 (KHTML, like Gecko) Chrome/118.0.0.0 Safari/537.36"
197.210.77.115 - - [16/Oct/2024:06:31:06 -0700] "GET /path/to/jquery.bs_pagination.min.js HTTP/1.1" 404 4180 "https://funds.nicn.gov.ng/generate/company/e-payment?page=7" "Mozilla/5.0 (Windows NT 10.0; Win64; x64) AppleWebKit/537.36 (KHTML, like Gecko) Chrome/118.0.0.0 Safari/537.36"
197.210.77.115 - - [16/Oct/2024:06:31:06 -0700] "GET /path/to/bs_pagination/localization/en.min.js HTTP/1.1" 404 4180 "https://funds.nicn.gov.ng/generate/company/e-payment?page=7" "Mozilla/5.0 (Windows NT 10.0; Win64; x64) AppleWebKit/537.36 (KHTML, like Gecko) Chrome/118.0.0.0 Safari/537.36"
197.210.77.115 - - [16/Oct/2024:06:31:12 -0700] "GET /generate/company/e-payment?page=8 HTTP/1.1" 200 145204 "https://funds.nicn.gov.ng/generate/company/e-payment?page=7" "Mozilla/5.0 (Windows NT 10.0; Win64; x64) AppleWebKit/537.36 (KHTML, like Gecko) Chrome/118.0.0.0 Safari/537.36"
197.210.77.115 - - [16/Oct/2024:06:31:13 -0700] "GET /path/to/jquery.min.js HTTP/1.1" 404 4180 "https://funds.nicn.gov.ng/generate/company/e-payment?page=8" "Mozilla/5.0 (Windows NT 10.0; Win64; x64) AppleWebKit/537.36 (KHTML, like Gecko) Chrome/118.0.0.0 Safari/537.36"
197.210.77.115 - - [16/Oct/2024:06:31:13 -0700] "GET /path/to/bootstrap.min.js HTTP/1.1" 404 4180 "https://funds.nicn.gov.ng/generate/company/e-payment?page=8" "Mozilla/5.0 (Windows NT 10.0; Win64; x64) AppleWebKit/537.36 (KHTML, like Gecko) Chrome/118.0.0.0 Safari/537.36"
197.210.77.115 - - [16/Oct/2024:06:31:13 -0700] "GET /path/to/jquery.bs_pagination.min.css HTTP/1.1" 404 4180 "https://funds.nicn.gov.ng/generate/company/e-payment?page=8" "Mozilla/5.0 (Windows NT 10.0; Win64; x64) AppleWebKit/537.36 (KHTML, like Gecko) Chrome/118.0.0.0 Safari/537.36"
197.210.77.115 - - [16/Oct/2024:06:31:13 -0700] "GET /companyLogos/watermark-logo17-05-2019-38481558094495.JPG HTTP/1.1" 404 4180 "https://funds.nicn.gov.ng/generate/company/e-payment?page=8" "Mozilla/5.0 (Windows NT 10.0; Win64; x64) AppleWebKit/537.36 (KHTML, like Gecko) Chrome/118.0.0.0 Safari/537.36"
197.210.77.115 - - [16/Oct/2024:06:31:13 -0700] "GET /path/to/bootstrap.min.css HTTP/1.1" 404 4180 "https://funds.nicn.gov.ng/generate/company/e-payment?page=8" "Mozilla/5.0 (Windows NT 10.0; Win64; x64) AppleWebKit/537.36 (KHTML, like Gecko) Chrome/118.0.0.0 Safari/537.36"
197.210.77.115 - - [16/Oct/2024:06:31:13 -0700] "GET /path/to/bs_pagination/localization/en.min.js HTTP/1.1" 404 4180 "https://funds.nicn.gov.ng/generate/company/e-payment?page=8" "Mozilla/5.0 (Windows NT 10.0; Win64; x64) AppleWebKit/537.36 (KHTML, like Gecko) Chrome/118.0.0.0 Safari/537.36"
197.210.77.115 - - [16/Oct/2024:06:31:14 -0700] "GET /path/to/jquery.bs_pagination.min.js HTTP/1.1" 404 4180 "https://funds.nicn.gov.ng/generate/company/e-payment?page=8" "Mozilla/5.0 (Windows NT 10.0; Win64; x64) AppleWebKit/537.36 (KHTML, like Gecko) Chrome/118.0.0.0 Safari/537.36"
102.91.72.248 - - [16/Oct/2024:06:31:15 -0700] "POST /recurrent/staff/add-to-list/voucher HTTP/1.1" 302 432 "https://funds.nicn.gov.ng/display/voucher/29771" "Mozilla/5.0 (Windows NT 10.0; Win64; x64; rv:131.0) Gecko/20100101 Firefox/131.0"
102.91.72.248 - - [16/Oct/2024:06:31:15 -0700] "GET /display/voucher/29771 HTTP/1.1" 200 146310 "https://funds.nicn.gov.ng/display/voucher/29771" "Mozilla/5.0 (Windows NT 10.0; Win64; x64; rv:131.0) Gecko/20100101 Firefox/131.0"
102.91.72.248 - - [16/Oct/2024:06:31:34 -0700] "POST /recurrent/staff/add-to-list/voucher HTTP/1.1" 302 432 "https://funds.nicn.gov.ng/display/voucher/29771" "Mozilla/5.0 (Windows NT 10.0; Win64; x64; rv:131.0) Gecko/20100101 Firefox/131.0"
102.91.72.248 - - [16/Oct/2024:06:31:35 -0700] "GET /display/voucher/29771 HTTP/1.1" 200 148425 "https://funds.nicn.gov.ng/display/voucher/29771" "Mozilla/5.0 (Windows NT 10.0; Win64; x64; rv:131.0) Gecko/20100101 Firefox/131.0"
197.210.77.115 - - [16/Oct/2024:06:31:39 -0700] "GET /generate/company/e-payment?page=9 HTTP/1.1" 200 145202 "https://funds.nicn.gov.ng/generate/company/e-payment?page=8" "Mozilla/5.0 (Windows NT 10.0; Win64; x64) AppleWebKit/537.36 (KHTML, like Gecko) Chrome/118.0.0.0 Safari/537.36"
197.210.77.115 - - [16/Oct/2024:06:31:41 -0700] "GET /path/to/jquery.min.js HTTP/1.1" 404 4180 "https://funds.nicn.gov.ng/generate/company/e-payment?page=9" "Mozilla/5.0 (Windows NT 10.0; Win64; x64) AppleWebKit/537.36 (KHTML, like Gecko) Chrome/118.0.0.0 Safari/537.36"
197.210.77.115 - - [16/Oct/2024:06:31:41 -0700] "GET /companyLogos/watermark-logo17-05-2019-38481558094495.JPG HTTP/1.1" 404 4180 "https://funds.nicn.gov.ng/generate/company/e-payment?page=9" "Mozilla/5.0 (Windows NT 10.0; Win64; x64) AppleWebKit/537.36 (KHTML, like Gecko) Chrome/118.0.0.0 Safari/537.36"
197.210.77.115 - - [16/Oct/2024:06:31:42 -0700] "GET /path/to/bootstrap.min.css HTTP/1.1" 404 4180 "https://funds.nicn.gov.ng/generate/company/e-payment?page=9" "Mozilla/5.0 (Windows NT 10.0; Win64; x64) AppleWebKit/537.36 (KHTML, like Gecko) Chrome/118.0.0.0 Safari/537.36"
197.210.77.115 - - [16/Oct/2024:06:31:42 -0700] "GET /path/to/bootstrap.min.js HTTP/1.1" 404 4180 "https://funds.nicn.gov.ng/generate/company/e-payment?page=9" "Mozilla/5.0 (Windows NT 10.0; Win64; x64) AppleWebKit/537.36 (KHTML, like Gecko) Chrome/118.0.0.0 Safari/537.36"
197.210.77.115 - - [16/Oct/2024:06:31:42 -0700] "GET /path/to/jquery.bs_pagination.min.css HTTP/1.1" 404 4180 "https://funds.nicn.gov.ng/generate/company/e-payment?page=9" "Mozilla/5.0 (Windows NT 10.0; Win64; x64) AppleWebKit/537.36 (KHTML, like Gecko) Chrome/118.0.0.0 Safari/537.36"
197.210.77.115 - - [16/Oct/2024:06:31:42 -0700] "GET /path/to/bs_pagination/localization/en.min.js HTTP/1.1" 404 4180 "https://funds.nicn.gov.ng/generate/company/e-payment?page=9" "Mozilla/5.0 (Windows NT 10.0; Win64; x64) AppleWebKit/537.36 (KHTML, like Gecko) Chrome/118.0.0.0 Safari/537.36"
197.210.77.115 - - [16/Oct/2024:06:31:42 -0700] "GET /path/to/jquery.bs_pagination.min.js HTTP/1.1" 404 4180 "https://funds.nicn.gov.ng/generate/company/e-payment?page=9" "Mozilla/5.0 (Windows NT 10.0; Win64; x64) AppleWebKit/537.36 (KHTML, like Gecko) Chrome/118.0.0.0 Safari/537.36"
102.91.72.248 - - [16/Oct/2024:06:31:55 -0700] "POST /recurrent/staff/add-to-list/voucher HTTP/1.1" 302 432 "https://funds.nicn.gov.ng/display/voucher/29771" "Mozilla/5.0 (Windows NT 10.0; Win64; x64; rv:131.0) Gecko/20100101 Firefox/131.0"
102.91.72.248 - - [16/Oct/2024:06:31:56 -0700] "GET /display/voucher/29771 HTTP/1.1" 200 150550 "https://funds.nicn.gov.ng/display/voucher/29771" "Mozilla/5.0 (Windows NT 10.0; Win64; x64; rv:131.0) Gecko/20100101 Firefox/131.0"
197.210.77.115 - - [16/Oct/2024:06:32:02 -0700] "GET /generate/company/e-payment?page=10 HTTP/1.1" 200 145178 "https://funds.nicn.gov.ng/generate/company/e-payment?page=9" "Mozilla/5.0 (Windows NT 10.0; Win64; x64) AppleWebKit/537.36 (KHTML, like Gecko) Chrome/118.0.0.0 Safari/537.36"
197.210.77.115 - - [16/Oct/2024:06:32:05 -0700] "GET /path/to/bootstrap.min.css HTTP/1.1" 404 4180 "https://funds.nicn.gov.ng/generate/company/e-payment?page=10" "Mozilla/5.0 (Windows NT 10.0; Win64; x64) AppleWebKit/537.36 (KHTML, like Gecko) Chrome/118.0.0.0 Safari/537.36"
197.210.77.115 - - [16/Oct/2024:06:32:05 -0700] "GET /path/to/bootstrap.min.js HTTP/1.1" 404 4180 "https://funds.nicn.gov.ng/generate/company/e-payment?page=10" "Mozilla/5.0 (Windows NT 10.0; Win64; x64) AppleWebKit/537.36 (KHTML, like Gecko) Chrome/118.0.0.0 Safari/537.36"
197.210.77.115 - - [16/Oct/2024:06:32:05 -0700] "GET /path/to/jquery.bs_pagination.min.css HTTP/1.1" 404 4180 "https://funds.nicn.gov.ng/generate/company/e-payment?page=10" "Mozilla/5.0 (Windows NT 10.0; Win64; x64) AppleWebKit/537.36 (KHTML, like Gecko) Chrome/118.0.0.0 Safari/537.36"
197.210.77.115 - - [16/Oct/2024:06:32:05 -0700] "GET /path/to/jquery.min.js HTTP/1.1" 404 4180 "https://funds.nicn.gov.ng/generate/company/e-payment?page=10" "Mozilla/5.0 (Windows NT 10.0; Win64; x64) AppleWebKit/537.36 (KHTML, like Gecko) Chrome/118.0.0.0 Safari/537.36"
197.210.77.115 - - [16/Oct/2024:06:32:05 -0700] "GET /companyLogos/watermark-logo17-05-2019-38481558094495.JPG HTTP/1.1" 404 4180 "https://funds.nicn.gov.ng/generate/company/e-payment?page=10" "Mozilla/5.0 (Windows NT 10.0; Win64; x64) AppleWebKit/537.36 (KHTML, like Gecko) Chrome/118.0.0.0 Safari/537.36"
197.210.77.115 - - [16/Oct/2024:06:32:05 -0700] "GET /path/to/bs_pagination/localization/en.min.js HTTP/1.1" 404 4180 "https://funds.nicn.gov.ng/generate/company/e-payment?page=10" "Mozilla/5.0 (Windows NT 10.0; Win64; x64) AppleWebKit/537.36 (KHTML, like Gecko) Chrome/118.0.0.0 Safari/537.36"
197.210.77.115 - - [16/Oct/2024:06:32:05 -0700] "GET /path/to/jquery.bs_pagination.min.js HTTP/1.1" 404 4180 "https://funds.nicn.gov.ng/generate/company/e-payment?page=10" "Mozilla/5.0 (Windows NT 10.0; Win64; x64) AppleWebKit/537.36 (KHTML, like Gecko) Chrome/118.0.0.0 Safari/537.36"
102.91.72.248 - - [16/Oct/2024:06:32:15 -0700] "POST /undate-staff-amount-voucher HTTP/1.1" 200 27 "https://funds.nicn.gov.ng/display/voucher/29771" "Mozilla/5.0 (Windows NT 10.0; Win64; x64; rv:131.0) Gecko/20100101 Firefox/131.0"
102.91.72.248 - - [16/Oct/2024:06:32:17 -0700] "POST /undate-staff-amount-voucher HTTP/1.1" 200 28 "https://funds.nicn.gov.ng/display/voucher/29771" "Mozilla/5.0 (Windows NT 10.0; Win64; x64; rv:131.0) Gecko/20100101 Firefox/131.0"
102.91.72.248 - - [16/Oct/2024:06:32:18 -0700] "POST /undate-staff-amount-voucher HTTP/1.1" 200 28 "https://funds.nicn.gov.ng/display/voucher/29771" "Mozilla/5.0 (Windows NT 10.0; Win64; x64; rv:131.0) Gecko/20100101 Firefox/131.0"
102.91.72.248 - - [16/Oct/2024:06:32:21 -0700] "POST /undate-staff-amount-voucher HTTP/1.1" 200 28 "https://funds.nicn.gov.ng/display/voucher/29771" "Mozilla/5.0 (Windows NT 10.0; Win64; x64; rv:131.0) Gecko/20100101 Firefox/131.0"
102.91.72.248 - - [16/Oct/2024:06:32:23 -0700] "POST /undate-staff-amount-voucher HTTP/1.1" 200 28 "https://funds.nicn.gov.ng/display/voucher/29771" "Mozilla/5.0 (Windows NT 10.0; Win64; x64; rv:131.0) Gecko/20100101 Firefox/131.0"
197.210.77.115 - - [16/Oct/2024:06:32:23 -0700] "GET /generate/company/e-payment?page=11 HTTP/1.1" 200 145184 "https://funds.nicn.gov.ng/generate/company/e-payment?page=10" "Mozilla/5.0 (Windows NT 10.0; Win64; x64) AppleWebKit/537.36 (KHTML, like Gecko) Chrome/118.0.0.0 Safari/537.36"
197.210.77.115 - - [16/Oct/2024:06:32:25 -0700] "GET /path/to/jquery.min.js HTTP/1.1" 404 4180 "https://funds.nicn.gov.ng/generate/company/e-payment?page=11" "Mozilla/5.0 (Windows NT 10.0; Win64; x64) AppleWebKit/537.36 (KHTML, like Gecko) Chrome/118.0.0.0 Safari/537.36"
197.210.77.115 - - [16/Oct/2024:06:32:25 -0700] "GET /path/to/jquery.bs_pagination.min.css HTTP/1.1" 404 4180 "https://funds.nicn.gov.ng/generate/company/e-payment?page=11" "Mozilla/5.0 (Windows NT 10.0; Win64; x64) AppleWebKit/537.36 (KHTML, like Gecko) Chrome/118.0.0.0 Safari/537.36"
197.210.77.115 - - [16/Oct/2024:06:32:25 -0700] "GET /path/to/bootstrap.min.js HTTP/1.1" 404 4180 "https://funds.nicn.gov.ng/generate/company/e-payment?page=11" "Mozilla/5.0 (Windows NT 10.0; Win64; x64) AppleWebKit/537.36 (KHTML, like Gecko) Chrome/118.0.0.0 Safari/537.36"
102.91.72.248 - - [16/Oct/2024:06:32:25 -0700] "POST /undate-staff-amount-voucher HTTP/1.1" 200 28 "https://funds.nicn.gov.ng/display/voucher/29771" "Mozilla/5.0 (Windows NT 10.0; Win64; x64; rv:131.0) Gecko/20100101 Firefox/131.0"
197.210.77.115 - - [16/Oct/2024:06:32:25 -0700] "GET /companyLogos/watermark-logo17-05-2019-38481558094495.JPG HTTP/1.1" 404 4180 "https://funds.nicn.gov.ng/generate/company/e-payment?page=11" "Mozilla/5.0 (Windows NT 10.0; Win64; x64) AppleWebKit/537.36 (KHTML, like Gecko) Chrome/118.0.0.0 Safari/537.36"
197.210.77.115 - - [16/Oct/2024:06:32:25 -0700] "GET /path/to/jquery.bs_pagination.min.js HTTP/1.1" 404 4180 "https://funds.nicn.gov.ng/generate/company/e-payment?page=11" "Mozilla/5.0 (Windows NT 10.0; Win64; x64) AppleWebKit/537.36 (KHTML, like Gecko) Chrome/118.0.0.0 Safari/537.36"
197.210.77.115 - - [16/Oct/2024:06:32:25 -0700] "GET /path/to/bs_pagination/localization/en.min.js HTTP/1.1" 404 4180 "https://funds.nicn.gov.ng/generate/company/e-payment?page=11" "Mozilla/5.0 (Windows NT 10.0; Win64; x64) AppleWebKit/537.36 (KHTML, like Gecko) Chrome/118.0.0.0 Safari/537.36"
197.210.77.115 - - [16/Oct/2024:06:32:26 -0700] "GET /path/to/bootstrap.min.css HTTP/1.1" 404 4180 "https://funds.nicn.gov.ng/generate/company/e-payment?page=11" "Mozilla/5.0 (Windows NT 10.0; Win64; x64) AppleWebKit/537.36 (KHTML, like Gecko) Chrome/118.0.0.0 Safari/537.36"
102.91.72.248 - - [16/Oct/2024:06:32:28 -0700] "POST /recurrent/update/voucher-amount HTTP/1.1" 302 432 "https://funds.nicn.gov.ng/display/voucher/29771" "Mozilla/5.0 (Windows NT 10.0; Win64; x64; rv:131.0) Gecko/20100101 Firefox/131.0"
102.91.72.248 - - [16/Oct/2024:06:32:29 -0700] "GET /display/voucher/29771 HTTP/1.1" 200 150580 "https://funds.nicn.gov.ng/display/voucher/29771" "Mozilla/5.0 (Windows NT 10.0; Win64; x64; rv:131.0) Gecko/20100101 Firefox/131.0"
197.210.77.115 - - [16/Oct/2024:06:32:53 -0700] "GET /generate/company/e-payment?page=12 HTTP/1.1" 200 145185 "https://funds.nicn.gov.ng/generate/company/e-payment?page=11" "Mozilla/5.0 (Windows NT 10.0; Win64; x64) AppleWebKit/537.36 (KHTML, like Gecko) Chrome/118.0.0.0 Safari/537.36"
197.210.77.115 - - [16/Oct/2024:06:32:55 -0700] "GET /path/to/bootstrap.min.css HTTP/1.1" 404 4180 "https://funds.nicn.gov.ng/generate/company/e-payment?page=12" "Mozilla/5.0 (Windows NT 10.0; Win64; x64) AppleWebKit/537.36 (KHTML, like Gecko) Chrome/118.0.0.0 Safari/537.36"
197.210.77.115 - - [16/Oct/2024:06:32:55 -0700] "GET /path/to/jquery.bs_pagination.min.css HTTP/1.1" 404 4180 "https://funds.nicn.gov.ng/generate/company/e-payment?page=12" "Mozilla/5.0 (Windows NT 10.0; Win64; x64) AppleWebKit/537.36 (KHTML, like Gecko) Chrome/118.0.0.0 Safari/537.36"
197.210.77.115 - - [16/Oct/2024:06:32:55 -0700] "GET /path/to/jquery.min.js HTTP/1.1" 404 4180 "https://funds.nicn.gov.ng/generate/company/e-payment?page=12" "Mozilla/5.0 (Windows NT 10.0; Win64; x64) AppleWebKit/537.36 (KHTML, like Gecko) Chrome/118.0.0.0 Safari/537.36"
197.210.77.115 - - [16/Oct/2024:06:32:56 -0700] "GET /companyLogos/watermark-logo17-05-2019-38481558094495.JPG HTTP/1.1" 404 4180 "https://funds.nicn.gov.ng/generate/company/e-payment?page=12" "Mozilla/5.0 (Windows NT 10.0; Win64; x64) AppleWebKit/537.36 (KHTML, like Gecko) Chrome/118.0.0.0 Safari/537.36"
197.210.77.115 - - [16/Oct/2024:06:32:56 -0700] "GET /path/to/bootstrap.min.js HTTP/1.1" 404 4180 "https://funds.nicn.gov.ng/generate/company/e-payment?page=12" "Mozilla/5.0 (Windows NT 10.0; Win64; x64) AppleWebKit/537.36 (KHTML, like Gecko) Chrome/118.0.0.0 Safari/537.36"
197.210.77.115 - - [16/Oct/2024:06:32:56 -0700] "GET /path/to/jquery.bs_pagination.min.js HTTP/1.1" 404 4180 "https://funds.nicn.gov.ng/generate/company/e-payment?page=12" "Mozilla/5.0 (Windows NT 10.0; Win64; x64) AppleWebKit/537.36 (KHTML, like Gecko) Chrome/118.0.0.0 Safari/537.36"
197.210.77.115 - - [16/Oct/2024:06:32:56 -0700] "GET /path/to/bs_pagination/localization/en.min.js HTTP/1.1" 404 4180 "https://funds.nicn.gov.ng/generate/company/e-payment?page=12" "Mozilla/5.0 (Windows NT 10.0; Win64; x64) AppleWebKit/537.36 (KHTML, like Gecko) Chrome/118.0.0.0 Safari/537.36"
197.210.77.115 - - [16/Oct/2024:06:33:49 -0700] "GET /companyLogos/watermark-logo17-05-2019-38481558094495.JPG HTTP/1.1" 404 4180 "https://funds.nicn.gov.ng/generate/company/e-payment?page=13" "Mozilla/5.0 (Windows NT 10.0; Win64; x64) AppleWebKit/537.36 (KHTML, like Gecko) Chrome/118.0.0.0 Safari/537.36"
197.210.77.115 - - [16/Oct/2024:06:33:47 -0700] "GET /generate/company/e-payment?page=13 HTTP/1.1" 200 145195 "https://funds.nicn.gov.ng/generate/company/e-payment?page=12" "Mozilla/5.0 (Windows NT 10.0; Win64; x64) AppleWebKit/537.36 (KHTML, like Gecko) Chrome/118.0.0.0 Safari/537.36"
197.210.77.115 - - [16/Oct/2024:06:33:51 -0700] "GET /path/to/jquery.min.js HTTP/1.1" 404 4180 "https://funds.nicn.gov.ng/generate/company/e-payment?page=13" "Mozilla/5.0 (Windows NT 10.0; Win64; x64) AppleWebKit/537.36 (KHTML, like Gecko) Chrome/118.0.0.0 Safari/537.36"
197.210.77.115 - - [16/Oct/2024:06:33:51 -0700] "GET /path/to/jquery.bs_pagination.min.css HTTP/1.1" 404 4180 "https://funds.nicn.gov.ng/generate/company/e-payment?page=13" "Mozilla/5.0 (Windows NT 10.0; Win64; x64) AppleWebKit/537.36 (KHTML, like Gecko) Chrome/118.0.0.0 Safari/537.36"
197.210.77.115 - - [16/Oct/2024:06:33:51 -0700] "GET /path/to/bootstrap.min.css HTTP/1.1" 404 4180 "https://funds.nicn.gov.ng/generate/company/e-payment?page=13" "Mozilla/5.0 (Windows NT 10.0; Win64; x64) AppleWebKit/537.36 (KHTML, like Gecko) Chrome/118.0.0.0 Safari/537.36"
197.210.77.115 - - [16/Oct/2024:06:33:51 -0700] "GET /path/to/bootstrap.min.js HTTP/1.1" 404 4180 "https://funds.nicn.gov.ng/generate/company/e-payment?page=13" "Mozilla/5.0 (Windows NT 10.0; Win64; x64) AppleWebKit/537.36 (KHTML, like Gecko) Chrome/118.0.0.0 Safari/537.36"
197.210.77.115 - - [16/Oct/2024:06:33:51 -0700] "GET /path/to/bs_pagination/localization/en.min.js HTTP/1.1" 404 4180 "https://funds.nicn.gov.ng/generate/company/e-payment?page=13" "Mozilla/5.0 (Windows NT 10.0; Win64; x64) AppleWebKit/537.36 (KHTML, like Gecko) Chrome/118.0.0.0 Safari/537.36"
197.210.77.115 - - [16/Oct/2024:06:33:51 -0700] "GET /path/to/jquery.bs_pagination.min.js HTTP/1.1" 404 4180 "https://funds.nicn.gov.ng/generate/company/e-payment?page=13" "Mozilla/5.0 (Windows NT 10.0; Win64; x64) AppleWebKit/537.36 (KHTML, like Gecko) Chrome/118.0.0.0 Safari/537.36"
102.91.72.248 - - [16/Oct/2024:06:34:07 -0700] "POST /recurrent/staff/add-to-list/voucher HTTP/1.1" 302 432 "https://funds.nicn.gov.ng/display/voucher/29771" "Mozilla/5.0 (Windows NT 10.0; Win64; x64; rv:131.0) Gecko/20100101 Firefox/131.0"
102.91.72.248 - - [16/Oct/2024:06:34:07 -0700] "GET /display/voucher/29771 HTTP/1.1" 200 152731 "https://funds.nicn.gov.ng/display/voucher/29771" "Mozilla/5.0 (Windows NT 10.0; Win64; x64; rv:131.0) Gecko/20100101 Firefox/131.0"
197.210.77.115 - - [16/Oct/2024:06:34:10 -0700] "GET /generate/company/e-payment?page=14 HTTP/1.1" 200 145172 "https://funds.nicn.gov.ng/generate/company/e-payment?page=13" "Mozilla/5.0 (Windows NT 10.0; Win64; x64) AppleWebKit/537.36 (KHTML, like Gecko) Chrome/118.0.0.0 Safari/537.36"
197.210.77.115 - - [16/Oct/2024:06:34:14 -0700] "GET /path/to/jquery.min.js HTTP/1.1" 404 4180 "https://funds.nicn.gov.ng/generate/company/e-payment?page=14" "Mozilla/5.0 (Windows NT 10.0; Win64; x64) AppleWebKit/537.36 (KHTML, like Gecko) Chrome/118.0.0.0 Safari/537.36"
197.210.77.115 - - [16/Oct/2024:06:34:14 -0700] "GET /companyLogos/watermark-logo17-05-2019-38481558094495.JPG HTTP/1.1" 404 4180 "https://funds.nicn.gov.ng/generate/company/e-payment?page=14" "Mozilla/5.0 (Windows NT 10.0; Win64; x64) AppleWebKit/537.36 (KHTML, like Gecko) Chrome/118.0.0.0 Safari/537.36"
197.210.77.115 - - [16/Oct/2024:06:34:15 -0700] "GET /path/to/jquery.bs_pagination.min.css HTTP/1.1" 404 4180 "https://funds.nicn.gov.ng/generate/company/e-payment?page=14" "Mozilla/5.0 (Windows NT 10.0; Win64; x64) AppleWebKit/537.36 (KHTML, like Gecko) Chrome/118.0.0.0 Safari/537.36"
197.210.77.115 - - [16/Oct/2024:06:34:15 -0700] "GET /path/to/bootstrap.min.js HTTP/1.1" 404 4180 "https://funds.nicn.gov.ng/generate/company/e-payment?page=14" "Mozilla/5.0 (Windows NT 10.0; Win64; x64) AppleWebKit/537.36 (KHTML, like Gecko) Chrome/118.0.0.0 Safari/537.36"
197.210.77.115 - - [16/Oct/2024:06:34:15 -0700] "GET /path/to/bootstrap.min.css HTTP/1.1" 404 4180 "https://funds.nicn.gov.ng/generate/company/e-payment?page=14" "Mozilla/5.0 (Windows NT 10.0; Win64; x64) AppleWebKit/537.36 (KHTML, like Gecko) Chrome/118.0.0.0 Safari/537.36"
197.210.77.115 - - [16/Oct/2024:06:34:15 -0700] "GET /path/to/jquery.bs_pagination.min.js HTTP/1.1" 404 4180 "https://funds.nicn.gov.ng/generate/company/e-payment?page=14" "Mozilla/5.0 (Windows NT 10.0; Win64; x64) AppleWebKit/537.36 (KHTML, like Gecko) Chrome/118.0.0.0 Safari/537.36"
197.210.77.115 - - [16/Oct/2024:06:34:15 -0700] "GET /path/to/bs_pagination/localization/en.min.js HTTP/1.1" 404 4180 "https://funds.nicn.gov.ng/generate/company/e-payment?page=14" "Mozilla/5.0 (Windows NT 10.0; Win64; x64) AppleWebKit/537.36 (KHTML, like Gecko) Chrome/118.0.0.0 Safari/537.36"
197.210.77.115 - - [16/Oct/2024:06:34:31 -0700] "GET /generate/company/e-payment?page=15 HTTP/1.1" 200 142108 "https://funds.nicn.gov.ng/generate/company/e-payment?page=14" "Mozilla/5.0 (Windows NT 10.0; Win64; x64) AppleWebKit/537.36 (KHTML, like Gecko) Chrome/118.0.0.0 Safari/537.36"
197.210.77.115 - - [16/Oct/2024:06:34:34 -0700] "GET /path/to/bootstrap.min.css HTTP/1.1" 404 4180 "https://funds.nicn.gov.ng/generate/company/e-payment?page=15" "Mozilla/5.0 (Windows NT 10.0; Win64; x64) AppleWebKit/537.36 (KHTML, like Gecko) Chrome/118.0.0.0 Safari/537.36"
197.210.77.115 - - [16/Oct/2024:06:34:34 -0700] "GET /path/to/jquery.bs_pagination.min.css HTTP/1.1" 404 4180 "https://funds.nicn.gov.ng/generate/company/e-payment?page=15" "Mozilla/5.0 (Windows NT 10.0; Win64; x64) AppleWebKit/537.36 (KHTML, like Gecko) Chrome/118.0.0.0 Safari/537.36"
197.210.77.115 - - [16/Oct/2024:06:34:34 -0700] "GET /path/to/bootstrap.min.js HTTP/1.1" 404 4180 "https://funds.nicn.gov.ng/generate/company/e-payment?page=15" "Mozilla/5.0 (Windows NT 10.0; Win64; x64) AppleWebKit/537.36 (KHTML, like Gecko) Chrome/118.0.0.0 Safari/537.36"
197.210.77.115 - - [16/Oct/2024:06:34:35 -0700] "GET /path/to/jquery.min.js HTTP/1.1" 404 4180 "https://funds.nicn.gov.ng/generate/company/e-payment?page=15" "Mozilla/5.0 (Windows NT 10.0; Win64; x64) AppleWebKit/537.36 (KHTML, like Gecko) Chrome/118.0.0.0 Safari/537.36"
197.210.77.115 - - [16/Oct/2024:06:34:35 -0700] "GET /path/to/jquery.bs_pagination.min.js HTTP/1.1" 404 4180 "https://funds.nicn.gov.ng/generate/company/e-payment?page=15" "Mozilla/5.0 (Windows NT 10.0; Win64; x64) AppleWebKit/537.36 (KHTML, like Gecko) Chrome/118.0.0.0 Safari/537.36"
197.210.77.115 - - [16/Oct/2024:06:34:35 -0700] "GET /companyLogos/watermark-logo17-05-2019-38481558094495.JPG HTTP/1.1" 404 4180 "https://funds.nicn.gov.ng/generate/company/e-payment?page=15" "Mozilla/5.0 (Windows NT 10.0; Win64; x64) AppleWebKit/537.36 (KHTML, like Gecko) Chrome/118.0.0.0 Safari/537.36"
197.210.77.115 - - [16/Oct/2024:06:34:35 -0700] "GET /path/to/bs_pagination/localization/en.min.js HTTP/1.1" 404 4180 "https://funds.nicn.gov.ng/generate/company/e-payment?page=15" "Mozilla/5.0 (Windows NT 10.0; Win64; x64) AppleWebKit/537.36 (KHTML, like Gecko) Chrome/118.0.0.0 Safari/537.36"
102.91.72.248 - - [16/Oct/2024:06:35:19 -0700] "POST /recurrent/staff/add-to-list/voucher HTTP/1.1" 302 432 "https://funds.nicn.gov.ng/display/voucher/29771" "Mozilla/5.0 (Windows NT 10.0; Win64; x64; rv:131.0) Gecko/20100101 Firefox/131.0"
102.91.72.248 - - [16/Oct/2024:06:35:19 -0700] "GET /display/voucher/29771 HTTP/1.1" 200 154872 "https://funds.nicn.gov.ng/display/voucher/29771" "Mozilla/5.0 (Windows NT 10.0; Win64; x64; rv:131.0) Gecko/20100101 Firefox/131.0"
197.210.77.115 - - [16/Oct/2024:06:35:35 -0700] "GET /path/to/jquery.min.js HTTP/1.1" 404 4180 "https://funds.nicn.gov.ng/generate/company/e-payment?page=13" "Mozilla/5.0 (Windows NT 10.0; Win64; x64) AppleWebKit/537.36 (KHTML, like Gecko) Chrome/118.0.0.0 Safari/537.36"
197.210.77.115 - - [16/Oct/2024:06:35:35 -0700] "GET /path/to/jquery.bs_pagination.min.css HTTP/1.1" 404 4180 "https://funds.nicn.gov.ng/generate/company/e-payment?page=13" "Mozilla/5.0 (Windows NT 10.0; Win64; x64) AppleWebKit/537.36 (KHTML, like Gecko) Chrome/118.0.0.0 Safari/537.36"
197.210.77.115 - - [16/Oct/2024:06:35:35 -0700] "GET /path/to/bs_pagination/localization/en.min.js HTTP/1.1" 404 4180 "https://funds.nicn.gov.ng/generate/company/e-payment?page=13" "Mozilla/5.0 (Windows NT 10.0; Win64; x64) AppleWebKit/537.36 (KHTML, like Gecko) Chrome/118.0.0.0 Safari/537.36"
197.210.77.115 - - [16/Oct/2024:06:35:35 -0700] "GET /companyLogos/watermark-logo17-05-2019-38481558094495.JPG HTTP/1.1" 404 4180 "https://funds.nicn.gov.ng/generate/company/e-payment?page=13" "Mozilla/5.0 (Windows NT 10.0; Win64; x64) AppleWebKit/537.36 (KHTML, like Gecko) Chrome/118.0.0.0 Safari/537.36"
197.210.77.115 - - [16/Oct/2024:06:35:36 -0700] "GET /companyLogos/watermark-logo17-05-2019-38481558094495.JPG HTTP/1.1" 404 4180 "https://funds.nicn.gov.ng/generate/company/e-payment?page=12" "Mozilla/5.0 (Windows NT 10.0; Win64; x64) AppleWebKit/537.36 (KHTML, like Gecko) Chrome/118.0.0.0 Safari/537.36"
197.210.77.115 - - [16/Oct/2024:06:35:36 -0700] "GET /path/to/jquery.min.js HTTP/1.1" 404 4180 "https://funds.nicn.gov.ng/generate/company/e-payment?page=11" "Mozilla/5.0 (Windows NT 10.0; Win64; x64) AppleWebKit/537.36 (KHTML, like Gecko) Chrome/118.0.0.0 Safari/537.36"
197.210.77.115 - - [16/Oct/2024:06:35:36 -0700] "GET /path/to/jquery.min.js HTTP/1.1" 404 4180 "https://funds.nicn.gov.ng/generate/company/e-payment?page=9" "Mozilla/5.0 (Windows NT 10.0; Win64; x64) AppleWebKit/537.36 (KHTML, like Gecko) Chrome/118.0.0.0 Safari/537.36"
197.210.77.115 - - [16/Oct/2024:06:35:36 -0700] "GET /companyLogos/watermark-logo17-05-2019-38481558094495.JPG HTTP/1.1" 404 4180 "https://funds.nicn.gov.ng/generate/company/e-payment?page=9" "Mozilla/5.0 (Windows NT 10.0; Win64; x64) AppleWebKit/537.36 (KHTML, like Gecko) Chrome/118.0.0.0 Safari/537.36"
197.210.77.115 - - [16/Oct/2024:06:35:37 -0700] "GET /companyLogos/watermark-logo17-05-2019-38481558094495.JPG HTTP/1.1" 404 4180 "https://funds.nicn.gov.ng/generate/company/e-payment?page=8" "Mozilla/5.0 (Windows NT 10.0; Win64; x64) AppleWebKit/537.36 (KHTML, like Gecko) Chrome/118.0.0.0 Safari/537.36"
197.210.77.115 - - [16/Oct/2024:06:35:37 -0700] "GET /path/to/jquery.min.js HTTP/1.1" 404 4180 "https://funds.nicn.gov.ng/generate/company/e-payment?page=8" "Mozilla/5.0 (Windows NT 10.0; Win64; x64) AppleWebKit/537.36 (KHTML, like Gecko) Chrome/118.0.0.0 Safari/537.36"
197.210.77.115 - - [16/Oct/2024:06:35:43 -0700] "GET /path/to/jquery.min.js HTTP/1.1" 404 4180 "https://funds.nicn.gov.ng/generate/company/e-payment?page=2" "Mozilla/5.0 (Windows NT 10.0; Win64; x64) AppleWebKit/537.36 (KHTML, like Gecko) Chrome/118.0.0.0 Safari/537.36"
197.210.77.115 - - [16/Oct/2024:06:35:43 -0700] "GET /path/to/jquery.bs_pagination.min.css HTTP/1.1" 404 4180 "https://funds.nicn.gov.ng/generate/company/e-payment?page=2" "Mozilla/5.0 (Windows NT 10.0; Win64; x64) AppleWebKit/537.36 (KHTML, like Gecko) Chrome/118.0.0.0 Safari/537.36"
197.210.77.115 - - [16/Oct/2024:06:35:43 -0700] "GET /path/to/jquery.min.js HTTP/1.1" 404 4180 "https://funds.nicn.gov.ng/generate/company/e-payment" "Mozilla/5.0 (Windows NT 10.0; Win64; x64) AppleWebKit/537.36 (KHTML, like Gecko) Chrome/118.0.0.0 Safari/537.36"
197.210.77.115 - - [16/Oct/2024:06:35:43 -0700] "GET /path/to/jquery.bs_pagination.min.css HTTP/1.1" 404 4180 "https://funds.nicn.gov.ng/generate/company/e-payment" "Mozilla/5.0 (Windows NT 10.0; Win64; x64) AppleWebKit/537.36 (KHTML, like Gecko) Chrome/118.0.0.0 Safari/537.36"
197.210.77.115 - - [16/Oct/2024:06:35:43 -0700] "GET /path/to/bs_pagination/localization/en.min.js HTTP/1.1" 404 4180 "https://funds.nicn.gov.ng/generate/company/e-payment" "Mozilla/5.0 (Windows NT 10.0; Win64; x64) AppleWebKit/537.36 (KHTML, like Gecko) Chrome/118.0.0.0 Safari/537.36"
102.91.72.248 - - [16/Oct/2024:06:36:04 -0700] "POST /recurrent/staff/add-to-list/voucher HTTP/1.1" 302 432 "https://funds.nicn.gov.ng/display/voucher/29771" "Mozilla/5.0 (Windows NT 10.0; Win64; x64; rv:131.0) Gecko/20100101 Firefox/131.0"
102.91.72.248 - - [16/Oct/2024:06:36:05 -0700] "GET /display/voucher/29771 HTTP/1.1" 200 156993 "https://funds.nicn.gov.ng/display/voucher/29771" "Mozilla/5.0 (Windows NT 10.0; Win64; x64; rv:131.0) Gecko/20100101 Firefox/131.0"
102.91.72.248 - - [16/Oct/2024:06:36:27 -0700] "POST /recurrent/staff/add-to-list/voucher HTTP/1.1" 302 432 "https://funds.nicn.gov.ng/display/voucher/29771" "Mozilla/5.0 (Windows NT 10.0; Win64; x64; rv:131.0) Gecko/20100101 Firefox/131.0"
102.91.72.248 - - [16/Oct/2024:06:36:28 -0700] "GET /display/voucher/29771 HTTP/1.1" 200 159114 "https://funds.nicn.gov.ng/display/voucher/29771" "Mozilla/5.0 (Windows NT 10.0; Win64; x64; rv:131.0) Gecko/20100101 Firefox/131.0"
102.91.72.248 - - [16/Oct/2024:06:36:47 -0700] "POST /undate-staff-amount-voucher HTTP/1.1" 200 28 "https://funds.nicn.gov.ng/display/voucher/29771" "Mozilla/5.0 (Windows NT 10.0; Win64; x64; rv:131.0) Gecko/20100101 Firefox/131.0"
102.91.72.248 - - [16/Oct/2024:06:36:51 -0700] "POST /undate-staff-amount-voucher HTTP/1.1" 200 28 "https://funds.nicn.gov.ng/display/voucher/29771" "Mozilla/5.0 (Windows NT 10.0; Win64; x64; rv:131.0) Gecko/20100101 Firefox/131.0"
102.91.72.248 - - [16/Oct/2024:06:36:52 -0700] "POST /undate-staff-amount-voucher HTTP/1.1" 200 28 "https://funds.nicn.gov.ng/display/voucher/29771" "Mozilla/5.0 (Windows NT 10.0; Win64; x64; rv:131.0) Gecko/20100101 Firefox/131.0"
102.91.72.248 - - [16/Oct/2024:06:36:54 -0700] "POST /recurrent/update/voucher-amount HTTP/1.1" 302 432 "https://funds.nicn.gov.ng/display/voucher/29771" "Mozilla/5.0 (Windows NT 10.0; Win64; x64; rv:131.0) Gecko/20100101 Firefox/131.0"
102.91.72.248 - - [16/Oct/2024:06:36:55 -0700] "GET /display/voucher/29771 HTTP/1.1" 200 159128 "https://funds.nicn.gov.ng/display/voucher/29771" "Mozilla/5.0 (Windows NT 10.0; Win64; x64; rv:131.0) Gecko/20100101 Firefox/131.0"
102.91.93.196 - - [16/Oct/2024:06:37:09 -0700] "GET /voucher/liability HTTP/1.1" 302 368 "https://funds.nicn.gov.ng/change/ecoid/28805" "Mozilla/5.0 (Windows NT 10.0; Win64; x64; rv:131.0) Gecko/20100101 Firefox/131.0"
102.91.93.196 - - [16/Oct/2024:06:37:09 -0700] "GET /login HTTP/1.1" 200 5318 "https://funds.nicn.gov.ng/change/ecoid/28805" "Mozilla/5.0 (Windows NT 10.0; Win64; x64; rv:131.0) Gecko/20100101 Firefox/131.0"
102.91.93.196 - - [16/Oct/2024:06:37:10 -0700] "GET /favicon.ico HTTP/1.1" 200 - "https://funds.nicn.gov.ng/login" "Mozilla/5.0 (Windows NT 10.0; Win64; x64; rv:131.0) Gecko/20100101 Firefox/131.0"
197.210.77.115 - - [16/Oct/2024:06:38:31 -0700] "GET /generate/company/e-payment?page=2 HTTP/1.1" 200 149504 "https://funds.nicn.gov.ng/generate/company/e-payment" "Mozilla/5.0 (Windows NT 10.0; Win64; x64) AppleWebKit/537.36 (KHTML, like Gecko) Chrome/129.0.0.0 Safari/537.36 Edg/129.0.0.0"
197.210.77.115 - - [16/Oct/2024:06:38:35 -0700] "GET /path/to/jquery.min.js HTTP/1.1" 404 4180 "https://funds.nicn.gov.ng/generate/company/e-payment?page=2" "Mozilla/5.0 (Windows NT 10.0; Win64; x64) AppleWebKit/537.36 (KHTML, like Gecko) Chrome/129.0.0.0 Safari/537.36 Edg/129.0.0.0"
197.210.77.115 - - [16/Oct/2024:06:38:36 -0700] "GET /path/to/bootstrap.min.css HTTP/1.1" 404 4180 "https://funds.nicn.gov.ng/generate/company/e-payment?page=2" "Mozilla/5.0 (Windows NT 10.0; Win64; x64) AppleWebKit/537.36 (KHTML, like Gecko) Chrome/129.0.0.0 Safari/537.36 Edg/129.0.0.0"
197.210.77.115 - - [16/Oct/2024:06:38:38 -0700] "GET /path/to/bootstrap.min.js HTTP/1.1" 404 4180 "https://funds.nicn.gov.ng/generate/company/e-payment?page=2" "Mozilla/5.0 (Windows NT 10.0; Win64; x64) AppleWebKit/537.36 (KHTML, like Gecko) Chrome/129.0.0.0 Safari/537.36 Edg/129.0.0.0"
197.210.77.115 - - [16/Oct/2024:06:38:38 -0700] "GET /path/to/jquery.bs_pagination.min.js HTTP/1.1" 404 4180 "https://funds.nicn.gov.ng/generate/company/e-payment?page=2" "Mozilla/5.0 (Windows NT 10.0; Win64; x64) AppleWebKit/537.36 (KHTML, like Gecko) Chrome/129.0.0.0 Safari/537.36 Edg/129.0.0.0"
197.210.77.115 - - [16/Oct/2024:06:38:38 -0700] "GET /path/to/jquery.bs_pagination.min.css HTTP/1.1" 404 4180 "https://funds.nicn.gov.ng/generate/company/e-payment?page=2" "Mozilla/5.0 (Windows NT 10.0; Win64; x64) AppleWebKit/537.36 (KHTML, like Gecko) Chrome/129.0.0.0 Safari/537.36 Edg/129.0.0.0"
197.210.77.115 - - [16/Oct/2024:06:38:39 -0700] "GET /path/to/bs_pagination/localization/en.min.js HTTP/1.1" 404 4180 "https://funds.nicn.gov.ng/generate/company/e-payment?page=2" "Mozilla/5.0 (Windows NT 10.0; Win64; x64) AppleWebKit/537.36 (KHTML, like Gecko) Chrome/129.0.0.0 Safari/537.36 Edg/129.0.0.0"
197.210.77.115 - - [16/Oct/2024:06:38:40 -0700] "GET /companyLogos/watermark-logo17-05-2019-38481558094495.JPG HTTP/1.1" 404 4180 "https://funds.nicn.gov.ng/generate/company/e-payment?page=2" "Mozilla/5.0 (Windows NT 10.0; Win64; x64) AppleWebKit/537.36 (KHTML, like Gecko) Chrome/129.0.0.0 Safari/537.36 Edg/129.0.0.0"
197.210.77.115 - - [16/Oct/2024:06:40:09 -0700] "GET /generate/company/e-payment?page=3 HTTP/1.1" 200 149493 "https://funds.nicn.gov.ng/generate/company/e-payment?page=2" "Mozilla/5.0 (Windows NT 10.0; Win64; x64) AppleWebKit/537.36 (KHTML, like Gecko) Chrome/129.0.0.0 Safari/537.36 Edg/129.0.0.0"
197.210.77.115 - - [16/Oct/2024:06:40:15 -0700] "GET /companyLogos/watermark-logo17-05-2019-38481558094495.JPG HTTP/1.1" 404 4180 "https://funds.nicn.gov.ng/generate/company/e-payment?page=3" "Mozilla/5.0 (Windows NT 10.0; Win64; x64) AppleWebKit/537.36 (KHTML, like Gecko) Chrome/129.0.0.0 Safari/537.36 Edg/129.0.0.0"
197.210.77.115 - - [16/Oct/2024:06:40:15 -0700] "GET /create-treasury-report HTTP/1.1" 200 13321 "https://funds.nicn.gov.ng/generate-epayment-report" "Mozilla/5.0 (Windows NT 10.0; Win64; x64) AppleWebKit/537.36 (KHTML, like Gecko) Chrome/118.0.0.0 Safari/537.36"
197.210.77.115 - - [16/Oct/2024:06:40:17 -0700] "GET /path/to/jquery.min.js HTTP/1.1" 404 4180 "https://funds.nicn.gov.ng/generate/company/e-payment?page=3" "Mozilla/5.0 (Windows NT 10.0; Win64; x64) AppleWebKit/537.36 (KHTML, like Gecko) Chrome/129.0.0.0 Safari/537.36 Edg/129.0.0.0"
197.210.77.115 - - [16/Oct/2024:06:40:17 -0700] "GET /path/to/bootstrap.min.css HTTP/1.1" 404 4180 "https://funds.nicn.gov.ng/generate/company/e-payment?page=3" "Mozilla/5.0 (Windows NT 10.0; Win64; x64) AppleWebKit/537.36 (KHTML, like Gecko) Chrome/129.0.0.0 Safari/537.36 Edg/129.0.0.0"
197.210.77.115 - - [16/Oct/2024:06:40:19 -0700] "GET /path/to/bootstrap.min.js HTTP/1.1" 404 4180 "https://funds.nicn.gov.ng/generate/company/e-payment?page=3" "Mozilla/5.0 (Windows NT 10.0; Win64; x64) AppleWebKit/537.36 (KHTML, like Gecko) Chrome/129.0.0.0 Safari/537.36 Edg/129.0.0.0"
197.210.77.115 - - [16/Oct/2024:06:40:19 -0700] "GET /path/to/jquery.bs_pagination.min.css HTTP/1.1" 404 4180 "https://funds.nicn.gov.ng/generate/company/e-payment?page=3" "Mozilla/5.0 (Windows NT 10.0; Win64; x64) AppleWebKit/537.36 (KHTML, like Gecko) Chrome/129.0.0.0 Safari/537.36 Edg/129.0.0.0"
197.210.77.115 - - [16/Oct/2024:06:40:19 -0700] "POST /create-treasury-report HTTP/1.1" 302 448 "https://funds.nicn.gov.ng/create-treasury-report" "Mozilla/5.0 (Windows NT 10.0; Win64; x64) AppleWebKit/537.36 (KHTML, like Gecko) Chrome/118.0.0.0 Safari/537.36"
197.210.77.115 - - [16/Oct/2024:06:40:20 -0700] "GET /path/to/jquery.bs_pagination.min.js HTTP/1.1" 404 4180 "https://funds.nicn.gov.ng/generate/company/e-payment?page=3" "Mozilla/5.0 (Windows NT 10.0; Win64; x64) AppleWebKit/537.36 (KHTML, like Gecko) Chrome/129.0.0.0 Safari/537.36 Edg/129.0.0.0"
197.210.77.115 - - [16/Oct/2024:06:40:21 -0700] "GET /path/to/bs_pagination/localization/en.min.js HTTP/1.1" 404 4180 "https://funds.nicn.gov.ng/generate/company/e-payment?page=3" "Mozilla/5.0 (Windows NT 10.0; Win64; x64) AppleWebKit/537.36 (KHTML, like Gecko) Chrome/129.0.0.0 Safari/537.36 Edg/129.0.0.0"
197.210.77.115 - - [16/Oct/2024:06:40:20 -0700] "GET /treasury-cash-book-report HTTP/1.1" 200 333514 "https://funds.nicn.gov.ng/create-treasury-report" "Mozilla/5.0 (Windows NT 10.0; Win64; x64) AppleWebKit/537.36 (KHTML, like Gecko) Chrome/118.0.0.0 Safari/537.36"
197.210.77.115 - - [16/Oct/2024:06:40:26 -0700] "GET /assets/css/StyleInput.min.css HTTP/1.1" 404 4180 "https://funds.nicn.gov.ng/treasury-cash-book-report" "Mozilla/5.0 (Windows NT 10.0; Win64; x64) AppleWebKit/537.36 (KHTML, like Gecko) Chrome/118.0.0.0 Safari/537.36"
197.210.77.115 - - [16/Oct/2024:06:41:09 -0700] "GET /view-epayment-added HTTP/1.1" 200 39637 "https://funds.nicn.gov.ng/generate-epayment-report" "Mozilla/5.0 (Windows NT 10.0; Win64; x64) AppleWebKit/537.36 (KHTML, like Gecko) Chrome/118.0.0.0 Safari/537.36"
197.210.77.115 - - [16/Oct/2024:06:41:23 -0700] "GET /view-epayment-added HTTP/1.1" 200 39637 "https://funds.nicn.gov.ng/generate-epayment-report" "Mozilla/5.0 (Windows NT 10.0; Win64; x64) AppleWebKit/537.36 (KHTML, like Gecko) Chrome/118.0.0.0 Safari/537.36"
45.207.211.133 - - [16/Oct/2024:06:41:29 -0700] "GET /objects/getImage.php?base64Url=YGlkID4gbGFiemEudHh0YA===&format=png HTTP/1.1" 404 4180 "-" "Mozilla/5.0 (Macintosh; Intel Mac OS X 10_15_7) AppleWebKit/605.1.15 (KHTML, like Gecko) Version/17.5 Safari/605.6.27"
45.207.211.133 - - [16/Oct/2024:06:41:29 -0700] "GET /objects/getImageMP4.php?base64Url=YGlkID4gbGFiemEudHh0YA===&format=jpg HTTP/1.1" 404 4180 "-" "Mozilla/5.0 (X11; Linux x86_64) AppleWebKit/537.36 (KHTML, like Gecko) Chrome/120.0.0.0 Safari/537.36"
45.207.211.133 - - [16/Oct/2024:06:41:30 -0700] "GET /objects/getSpiritsFromVideo.php?base64Url=YGlkID4gbGFiemEudHh0YA===&format=jpg HTTP/1.1" 404 4180 "-" "Mozilla/5.0 (Macintosh; Intel Mac OS X 14.0) AppleWebKit/618.25.8 (KHTML, like Gecko) Version/17.3 Safari/618.25.8"
45.207.211.133 - - [16/Oct/2024:06:41:30 -0700] "GET /objects/labza.txt HTTP/1.1" 404 4180 "-" "Mozilla/5.0 (Windows NT 6.1; Win64; x64) AppleWebKit/537.36 (KHTML, like Gecko) Chrome/73.0.3683.75 Safari/537.36"
197.210.77.115 - - [16/Oct/2024:06:41:29 -0700] "GET /generate-epayment-report HTTP/1.1" 200 60580 "https://funds.nicn.gov.ng/generate-epayment-report" "Mozilla/5.0 (Windows NT 10.0; Win64; x64) AppleWebKit/537.36 (KHTML, like Gecko) Chrome/118.0.0.0 Safari/537.36"
197.210.77.115 - - [16/Oct/2024:06:42:39 -0700] "POST /get-voucher-sum-amount-via-json HTTP/1.1" 200 7 "https://funds.nicn.gov.ng/generate-epayment-report" "Mozilla/5.0 (Windows NT 10.0; Win64; x64) AppleWebKit/537.36 (KHTML, like Gecko) Chrome/118.0.0.0 Safari/537.36"
197.210.77.115 - - [16/Oct/2024:06:42:39 -0700] "POST /get-voucher-details-via-json HTTP/1.1" 200 317 "https://funds.nicn.gov.ng/generate-epayment-report" "Mozilla/5.0 (Windows NT 10.0; Win64; x64) AppleWebKit/537.36 (KHTML, like Gecko) Chrome/118.0.0.0 Safari/537.36"
197.210.77.115 - - [16/Oct/2024:06:42:42 -0700] "POST /add-committed-voucher-to-list HTTP/1.1" 302 444 "https://funds.nicn.gov.ng/generate-epayment-report" "Mozilla/5.0 (Windows NT 10.0; Win64; x64) AppleWebKit/537.36 (KHTML, like Gecko) Chrome/118.0.0.0 Safari/537.36"
102.91.72.248 - - [16/Oct/2024:06:42:44 -0700] "POST /recurrent-create-staff-voucher HTTP/1.1" 302 432 "https://funds.nicn.gov.ng/recurrent-create-staff-voucher" "Mozilla/5.0 (Windows NT 10.0; Win64; x64) AppleWebKit/537.36 (KHTML, like Gecko) Chrome/109.0.0.0 Safari/537.36"
197.210.77.115 - - [16/Oct/2024:06:42:43 -0700] "GET /generate-epayment-report HTTP/1.1" 200 61006 "https://funds.nicn.gov.ng/generate-epayment-report" "Mozilla/5.0 (Windows NT 10.0; Win64; x64) AppleWebKit/537.36 (KHTML, like Gecko) Chrome/118.0.0.0 Safari/537.36"
102.91.72.248 - - [16/Oct/2024:06:42:46 -0700] "GET /display/voucher/29776 HTTP/1.1" 200 73764 "https://funds.nicn.gov.ng/recurrent-create-staff-voucher" "Mozilla/5.0 (Windows NT 10.0; Win64; x64) AppleWebKit/537.36 (KHTML, like Gecko) Chrome/109.0.0.0 Safari/537.36"
197.210.77.115 - - [16/Oct/2024:06:43:30 -0700] "GET /generate/company/e-payment?page=4 HTTP/1.1" 200 149475 "https://funds.nicn.gov.ng/generate/company/e-payment?page=3" "Mozilla/5.0 (Windows NT 10.0; Win64; x64) AppleWebKit/537.36 (KHTML, like Gecko) Chrome/129.0.0.0 Safari/537.36 Edg/129.0.0.0"
197.210.77.115 - - [16/Oct/2024:06:43:34 -0700] "GET /path/to/jquery.min.js HTTP/1.1" 404 4180 "https://funds.nicn.gov.ng/generate/company/e-payment?page=4" "Mozilla/5.0 (Windows NT 10.0; Win64; x64) AppleWebKit/537.36 (KHTML, like Gecko) Chrome/129.0.0.0 Safari/537.36 Edg/129.0.0.0"
102.91.72.248 - - [16/Oct/2024:06:43:10 -0700] "GET /voucher/check HTTP/1.1" 200 580019 "https://funds.nicn.gov.ng/display/voucher/29771" "Mozilla/5.0 (Windows NT 10.0; Win64; x64; rv:131.0) Gecko/20100101 Firefox/131.0"
102.91.72.248 - - [16/Oct/2024:06:43:35 -0700] "POST /sub-account/voucher/change-division HTTP/1.1" 302 432 "https://funds.nicn.gov.ng/display/voucher/29776" "Mozilla/5.0 (Windows NT 10.0; Win64; x64) AppleWebKit/537.36 (KHTML, like Gecko) Chrome/109.0.0.0 Safari/537.36"
197.210.77.115 - - [16/Oct/2024:06:43:38 -0700] "GET /companyLogos/watermark-logo17-05-2019-38481558094495.JPG HTTP/1.1" 404 4180 "https://funds.nicn.gov.ng/generate/company/e-payment?page=4" "Mozilla/5.0 (Windows NT 10.0; Win64; x64) AppleWebKit/537.36 (KHTML, like Gecko) Chrome/129.0.0.0 Safari/537.36 Edg/129.0.0.0"
197.210.77.115 - - [16/Oct/2024:06:43:38 -0700] "GET /path/to/bootstrap.min.css HTTP/1.1" 404 4180 "https://funds.nicn.gov.ng/generate/company/e-payment?page=4" "Mozilla/5.0 (Windows NT 10.0; Win64; x64) AppleWebKit/537.36 (KHTML, like Gecko) Chrome/129.0.0.0 Safari/537.36 Edg/129.0.0.0"
197.210.77.115 - - [16/Oct/2024:06:43:39 -0700] "GET /path/to/bootstrap.min.js HTTP/1.1" 404 4180 "https://funds.nicn.gov.ng/generate/company/e-payment?page=4" "Mozilla/5.0 (Windows NT 10.0; Win64; x64) AppleWebKit/537.36 (KHTML, like Gecko) Chrome/129.0.0.0 Safari/537.36 Edg/129.0.0.0"
197.210.77.115 - - [16/Oct/2024:06:43:39 -0700] "GET /path/to/jquery.bs_pagination.min.css HTTP/1.1" 404 4180 "https://funds.nicn.gov.ng/generate/company/e-payment?page=4" "Mozilla/5.0 (Windows NT 10.0; Win64; x64) AppleWebKit/537.36 (KHTML, like Gecko) Chrome/129.0.0.0 Safari/537.36 Edg/129.0.0.0"
197.210.77.115 - - [16/Oct/2024:06:43:41 -0700] "GET /path/to/jquery.bs_pagination.min.js HTTP/1.1" 404 4180 "https://funds.nicn.gov.ng/generate/company/e-payment?page=4" "Mozilla/5.0 (Windows NT 10.0; Win64; x64) AppleWebKit/537.36 (KHTML, like Gecko) Chrome/129.0.0.0 Safari/537.36 Edg/129.0.0.0"
197.210.77.115 - - [16/Oct/2024:06:43:42 -0700] "GET /path/to/bs_pagination/localization/en.min.js HTTP/1.1" 404 4180 "https://funds.nicn.gov.ng/generate/company/e-payment?page=4" "Mozilla/5.0 (Windows NT 10.0; Win64; x64) AppleWebKit/537.36 (KHTML, like Gecko) Chrome/129.0.0.0 Safari/537.36 Edg/129.0.0.0"
197.210.77.115 - - [16/Oct/2024:06:43:43 -0700] "GET /view-epayment-added HTTP/1.1" 200 45839 "https://funds.nicn.gov.ng/generate-epayment-report" "Mozilla/5.0 (Windows NT 10.0; Win64; x64) AppleWebKit/537.36 (KHTML, like Gecko) Chrome/118.0.0.0 Safari/537.36"
197.210.77.115 - - [16/Oct/2024:06:43:44 -0700] "GET /view-epayment-added HTTP/1.1" 200 45839 "https://funds.nicn.gov.ng/generate-epayment-report" "Mozilla/5.0 (Windows NT 10.0; Win64; x64) AppleWebKit/537.36 (KHTML, like Gecko) Chrome/118.0.0.0 Safari/537.36"
197.210.77.115 - - [16/Oct/2024:06:43:49 -0700] "GET /view-all-staff-attached-to-a-voucher/29763 HTTP/1.1" 200 43135 "https://funds.nicn.gov.ng/view-epayment-added" "Mozilla/5.0 (Windows NT 10.0; Win64; x64) AppleWebKit/537.36 (KHTML, like Gecko) Chrome/118.0.0.0 Safari/537.36"
102.91.72.248 - - [16/Oct/2024:06:43:54 -0700] "GET /display/voucher/29774 HTTP/1.1" 200 158768 "https://funds.nicn.gov.ng/voucher/check" "Mozilla/5.0 (Windows NT 10.0; Win64; x64; rv:131.0) Gecko/20100101 Firefox/131.0"
102.91.72.248 - - [16/Oct/2024:06:45:04 -0700] "GET /voucher/check HTTP/1.1" 200 580019 "https://funds.nicn.gov.ng/display/voucher/29774" "Mozilla/5.0 (Windows NT 10.0; Win64; x64; rv:131.0) Gecko/20100101 Firefox/131.0"
102.91.4.33 - - [16/Oct/2024:06:45:49 -0700] "GET /recurrent-create-staff-voucher HTTP/1.1" 302 368 "https://funds.nicn.gov.ng/sub-account/voucher/create" "Mozilla/5.0 (Windows NT 10.0; Win64; x64; rv:131.0) Gecko/20100101 Firefox/131.0"
102.91.4.33 - - [16/Oct/2024:06:45:50 -0700] "GET /login HTTP/1.1" 200 5318 "https://funds.nicn.gov.ng/sub-account/voucher/create" "Mozilla/5.0 (Windows NT 10.0; Win64; x64; rv:131.0) Gecko/20100101 Firefox/131.0"
102.91.4.33 - - [16/Oct/2024:06:45:52 -0700] "GET /favicon.ico HTTP/1.1" 200 - "https://funds.nicn.gov.ng/login" "Mozilla/5.0 (Windows NT 10.0; Win64; x64; rv:131.0) Gecko/20100101 Firefox/131.0"
197.210.77.115 - - [16/Oct/2024:06:45:56 -0700] "GET /generate/company/e-payment?page=5 HTTP/1.1" 200 149514 "https://funds.nicn.gov.ng/generate/company/e-payment?page=4" "Mozilla/5.0 (Windows NT 10.0; Win64; x64) AppleWebKit/537.36 (KHTML, like Gecko) Chrome/129.0.0.0 Safari/537.36 Edg/129.0.0.0"
102.91.72.248 - - [16/Oct/2024:06:43:38 -0700] "GET /display/voucher/29776 HTTP/1.1" 200 344024 "https://funds.nicn.gov.ng/display/voucher/29776" "Mozilla/5.0 (Windows NT 10.0; Win64; x64) AppleWebKit/537.36 (KHTML, like Gecko) Chrome/109.0.0.0 Safari/537.36"
102.91.72.248 - - [16/Oct/2024:06:46:02 -0700] "POST /copy-voucher HTTP/1.1" 500 83722 "https://funds.nicn.gov.ng/voucher/check" "Mozilla/5.0 (Windows NT 10.0; Win64; x64; rv:131.0) Gecko/20100101 Firefox/131.0"
197.210.77.115 - - [16/Oct/2024:06:46:04 -0700] "GET /path/to/bootstrap.min.css HTTP/1.1" 404 4180 "https://funds.nicn.gov.ng/generate/company/e-payment?page=5" "Mozilla/5.0 (Windows NT 10.0; Win64; x64) AppleWebKit/537.36 (KHTML, like Gecko) Chrome/129.0.0.0 Safari/537.36 Edg/129.0.0.0"
102.91.72.248 - - [16/Oct/2024:06:46:02 -0700] "GET /display/voucher/29776 HTTP/1.1" 200 642601 "https://funds.nicn.gov.ng/display/voucher/29776" "Mozilla/5.0 (Windows NT 10.0; Win64; x64) AppleWebKit/537.36 (KHTML, like Gecko) Chrome/109.0.0.0 Safari/537.36"
