102.91.4.33 - - [16/Oct/2024:06:46:07 -0700] "POST /login HTTP/1.1" 302 468 "https://funds.nicn.gov.ng/login" "Mozilla/5.0 (Windows NT 10.0; Win64; x64; rv:131.0) Gecko/20100101 Firefox/131.0"
197.210.77.115 - - [16/Oct/2024:06:46:07 -0700] "GET /path/to/bootstrap.min.js HTTP/1.1" 404 4180 "https://funds.nicn.gov.ng/generate/company/e-payment?page=5" "Mozilla/5.0 (Windows NT 10.0; Win64; x64) AppleWebKit/537.36 (KHTML, like Gecko) Chrome/129.0.0.0 Safari/537.36 Edg/129.0.0.0"
197.210.77.115 - - [16/Oct/2024:06:46:07 -0700] "GET /companyLogos/watermark-logo17-05-2019-38481558094495.JPG HTTP/1.1" 404 4180 "https://funds.nicn.gov.ng/generate/company/e-payment?page=5" "Mozilla/5.0 (Windows NT 10.0; Win64; x64) AppleWebKit/537.36 (KHTML, like Gecko) Chrome/129.0.0.0 Safari/537.36 Edg/129.0.0.0"
197.210.77.115 - - [16/Oct/2024:06:46:07 -0700] "GET /path/to/jquery.min.js HTTP/1.1" 404 4180 "https://funds.nicn.gov.ng/generate/company/e-payment?page=5" "Mozilla/5.0 (Windows NT 10.0; Win64; x64) AppleWebKit/537.36 (KHTML, like Gecko) Chrome/129.0.0.0 Safari/537.36 Edg/129.0.0.0"
102.91.4.33 - - [16/Oct/2024:06:46:07 -0700] "GET /recurrent-create-staff-voucher HTTP/1.1" 200 42117 "https://funds.nicn.gov.ng/login" "Mozilla/5.0 (Windows NT 10.0; Win64; x64; rv:131.0) Gecko/20100101 Firefox/131.0"
197.210.77.115 - - [16/Oct/2024:06:46:10 -0700] "GET /path/to/jquery.bs_pagination.min.css HTTP/1.1" 404 4180 "https://funds.nicn.gov.ng/generate/company/e-payment?page=5" "Mozilla/5.0 (Windows NT 10.0; Win64; x64) AppleWebKit/537.36 (KHTML, like Gecko) Chrome/129.0.0.0 Safari/537.36 Edg/129.0.0.0"
197.210.77.115 - - [16/Oct/2024:06:46:10 -0700] "GET /path/to/jquery.bs_pagination.min.js HTTP/1.1" 404 4180 "https://funds.nicn.gov.ng/generate/company/e-payment?page=5" "Mozilla/5.0 (Windows NT 10.0; Win64; x64) AppleWebKit/537.36 (KHTML, like Gecko) Chrome/129.0.0.0 Safari/537.36 Edg/129.0.0.0"
197.210.77.115 - - [16/Oct/2024:06:46:10 -0700] "GET /path/to/bs_pagination/localization/en.min.js HTTP/1.1" 404 4180 "https://funds.nicn.gov.ng/generate/company/e-payment?page=5" "Mozilla/5.0 (Windows NT 10.0; Win64; x64) AppleWebKit/537.36 (KHTML, like Gecko) Chrome/129.0.0.0 Safari/537.36 Edg/129.0.0.0"
197.210.77.115 - - [16/Oct/2024:06:46:29 -0700] "POST /update-voucher-for-epayment-staff-JSON HTTP/1.1" 200 39 "https://funds.nicn.gov.ng/view-all-staff-attached-to-a-voucher/29763" "Mozilla/5.0 (Windows NT 10.0; Win64; x64) AppleWebKit/537.36 (KHTML, like Gecko) Chrome/118.0.0.0 Safari/537.36"
197.210.77.115 - - [16/Oct/2024:06:46:31 -0700] "GET /view-all-staff-attached-to-a-voucher/29763 HTTP/1.1" 200 42739 "https://funds.nicn.gov.ng/view-all-staff-attached-to-a-voucher/29763" "Mozilla/5.0 (Windows NT 10.0; Win64; x64) AppleWebKit/537.36 (KHTML, like Gecko) Chrome/118.0.0.0 Safari/537.36"
102.91.72.248 - - [16/Oct/2024:06:47:13 -0700] "POST /copy-voucher HTTP/1.1" 500 83739 "https://funds.nicn.gov.ng/voucher/check" "Mozilla/5.0 (Windows NT 10.0; Win64; x64; rv:131.0) Gecko/20100101 Firefox/131.0"
197.210.77.115 - - [16/Oct/2024:06:47:29 -0700] "GET /generate/company/e-payment?page=6 HTTP/1.1" 200 149493 "https://funds.nicn.gov.ng/generate/company/e-payment?page=5" "Mozilla/5.0 (Windows NT 10.0; Win64; x64) AppleWebKit/537.36 (KHTML, like Gecko) Chrome/129.0.0.0 Safari/537.36 Edg/129.0.0.0"
197.210.77.115 - - [16/Oct/2024:06:47:33 -0700] "GET /companyLogos/watermark-logo17-05-2019-38481558094495.JPG HTTP/1.1" 404 4180 "https://funds.nicn.gov.ng/generate/company/e-payment?page=6" "Mozilla/5.0 (Windows NT 10.0; Win64; x64) AppleWebKit/537.36 (KHTML, like Gecko) Chrome/129.0.0.0 Safari/537.36 Edg/129.0.0.0"
197.210.77.115 - - [16/Oct/2024:06:47:34 -0700] "GET /path/to/jquery.min.js HTTP/1.1" 404 4180 "https://funds.nicn.gov.ng/generate/company/e-payment?page=6" "Mozilla/5.0 (Windows NT 10.0; Win64; x64) AppleWebKit/537.36 (KHTML, like Gecko) Chrome/129.0.0.0 Safari/537.36 Edg/129.0.0.0"
197.210.77.115 - - [16/Oct/2024:06:47:35 -0700] "GET /path/to/bootstrap.min.css HTTP/1.1" 404 4180 "https://funds.nicn.gov.ng/generate/company/e-payment?page=6" "Mozilla/5.0 (Windows NT 10.0; Win64; x64) AppleWebKit/537.36 (KHTML, like Gecko) Chrome/129.0.0.0 Safari/537.36 Edg/129.0.0.0"
102.91.72.248 - - [16/Oct/2024:06:47:31 -0700] "GET /voucher/check HTTP/1.1" 200 580019 "https://funds.nicn.gov.ng/display/voucher/29774" "Mozilla/5.0 (Windows NT 10.0; Win64; x64; rv:131.0) Gecko/20100101 Firefox/131.0"
197.210.77.115 - - [16/Oct/2024:06:47:36 -0700] "GET /path/to/bootstrap.min.js HTTP/1.1" 404 4180 "https://funds.nicn.gov.ng/generate/company/e-payment?page=6" "Mozilla/5.0 (Windows NT 10.0; Win64; x64) AppleWebKit/537.36 (KHTML, like Gecko) Chrome/129.0.0.0 Safari/537.36 Edg/129.0.0.0"
197.210.77.115 - - [16/Oct/2024:06:47:36 -0700] "GET /path/to/jquery.bs_pagination.min.css HTTP/1.1" 404 4180 "https://funds.nicn.gov.ng/generate/company/e-payment?page=6" "Mozilla/5.0 (Windows NT 10.0; Win64; x64) AppleWebKit/537.36 (KHTML, like Gecko) Chrome/129.0.0.0 Safari/537.36 Edg/129.0.0.0"
197.210.77.115 - - [16/Oct/2024:06:47:37 -0700] "GET /path/to/bs_pagination/localization/en.min.js HTTP/1.1" 404 4180 "https://funds.nicn.gov.ng/generate/company/e-payment?page=6" "Mozilla/5.0 (Windows NT 10.0; Win64; x64) AppleWebKit/537.36 (KHTML, like Gecko) Chrome/129.0.0.0 Safari/537.36 Edg/129.0.0.0"
197.210.77.115 - - [16/Oct/2024:06:47:37 -0700] "GET /path/to/jquery.bs_pagination.min.js HTTP/1.1" 404 4180 "https://funds.nicn.gov.ng/generate/company/e-payment?page=6" "Mozilla/5.0 (Windows NT 10.0; Win64; x64) AppleWebKit/537.36 (KHTML, like Gecko) Chrome/129.0.0.0 Safari/537.36 Edg/129.0.0.0"
102.91.72.248 - - [16/Oct/2024:06:48:37 -0700] "POST /copy-voucher HTTP/1.1" 500 33163 "https://funds.nicn.gov.ng/voucher/check" "Mozilla/5.0 (Windows NT 10.0; Win64; x64; rv:131.0) Gecko/20100101 Firefox/131.0"
197.210.77.115 - - [16/Oct/2024:06:49:12 -0700] "GET /companyLogos/watermark-logo17-05-2019-38481558094495.JPG HTTP/1.1" 404 4180 "https://funds.nicn.gov.ng/generate/company/e-payment?page=7" "Mozilla/5.0 (Windows NT 10.0; Win64; x64) AppleWebKit/537.36 (KHTML, like Gecko) Chrome/129.0.0.0 Safari/537.36 Edg/129.0.0.0"
197.210.77.115 - - [16/Oct/2024:06:49:02 -0700] "GET /generate/company/e-payment?page=7 HTTP/1.1" 200 149620 "https://funds.nicn.gov.ng/generate/company/e-payment?page=6" "Mozilla/5.0 (Windows NT 10.0; Win64; x64) AppleWebKit/537.36 (KHTML, like Gecko) Chrome/129.0.0.0 Safari/537.36 Edg/129.0.0.0"
197.210.77.115 - - [16/Oct/2024:06:49:16 -0700] "GET /path/to/bootstrap.min.css HTTP/1.1" 404 4180 "https://funds.nicn.gov.ng/generate/company/e-payment?page=7" "Mozilla/5.0 (Windows NT 10.0; Win64; x64) AppleWebKit/537.36 (KHTML, like Gecko) Chrome/129.0.0.0 Safari/537.36 Edg/129.0.0.0"
197.210.77.115 - - [16/Oct/2024:06:49:16 -0700] "GET /path/to/jquery.min.js HTTP/1.1" 404 4180 "https://funds.nicn.gov.ng/generate/company/e-payment?page=7" "Mozilla/5.0 (Windows NT 10.0; Win64; x64) AppleWebKit/537.36 (KHTML, like Gecko) Chrome/129.0.0.0 Safari/537.36 Edg/129.0.0.0"
197.210.77.115 - - [16/Oct/2024:06:49:17 -0700] "GET /path/to/bootstrap.min.js HTTP/1.1" 404 4180 "https://funds.nicn.gov.ng/generate/company/e-payment?page=7" "Mozilla/5.0 (Windows NT 10.0; Win64; x64) AppleWebKit/537.36 (KHTML, like Gecko) Chrome/129.0.0.0 Safari/537.36 Edg/129.0.0.0"
197.210.77.115 - - [16/Oct/2024:06:49:17 -0700] "GET /path/to/jquery.bs_pagination.min.css HTTP/1.1" 404 4180 "https://funds.nicn.gov.ng/generate/company/e-payment?page=7" "Mozilla/5.0 (Windows NT 10.0; Win64; x64) AppleWebKit/537.36 (KHTML, like Gecko) Chrome/129.0.0.0 Safari/537.36 Edg/129.0.0.0"
197.210.77.115 - - [16/Oct/2024:06:49:19 -0700] "GET /path/to/jquery.bs_pagination.min.js HTTP/1.1" 404 4180 "https://funds.nicn.gov.ng/generate/company/e-payment?page=7" "Mozilla/5.0 (Windows NT 10.0; Win64; x64) AppleWebKit/537.36 (KHTML, like Gecko) Chrome/129.0.0.0 Safari/537.36 Edg/129.0.0.0"
197.210.77.115 - - [16/Oct/2024:06:49:19 -0700] "GET /path/to/bs_pagination/localization/en.min.js HTTP/1.1" 404 4180 "https://funds.nicn.gov.ng/generate/company/e-payment?page=7" "Mozilla/5.0 (Windows NT 10.0; Win64; x64) AppleWebKit/537.36 (KHTML, like Gecko) Chrome/129.0.0.0 Safari/537.36 Edg/129.0.0.0"
197.210.77.115 - - [16/Oct/2024:06:49:29 -0700] "POST /update-voucher-for-epayment-staff-JSON HTTP/1.1" 200 39 "https://funds.nicn.gov.ng/view-all-staff-attached-to-a-voucher/29763" "Mozilla/5.0 (Windows NT 10.0; Win64; x64) AppleWebKit/537.36 (KHTML, like Gecko) Chrome/118.0.0.0 Safari/537.36"
197.210.77.115 - - [16/Oct/2024:06:49:30 -0700] "GET /view-all-staff-attached-to-a-voucher/29763 HTTP/1.1" 200 42787 "https://funds.nicn.gov.ng/view-all-staff-attached-to-a-voucher/29763" "Mozilla/5.0 (Windows NT 10.0; Win64; x64) AppleWebKit/537.36 (KHTML, like Gecko) Chrome/118.0.0.0 Safari/537.36"
102.91.72.248 - - [16/Oct/2024:06:49:34 -0700] "POST /voucher/check HTTP/1.1" 200 77922 "https://funds.nicn.gov.ng/voucher/check" "Mozilla/5.0 (Windows NT 10.0; Win64; x64; rv:131.0) Gecko/20100101 Firefox/131.0"
197.210.77.115 - - [16/Oct/2024:06:49:37 -0700] "POST /get-voucher-details-via-json HTTP/1.1" 200 2 "https://funds.nicn.gov.ng/view-all-staff-attached-to-a-voucher/29763" "Mozilla/5.0 (Windows NT 10.0; Win64; x64) AppleWebKit/537.36 (KHTML, like Gecko) Chrome/118.0.0.0 Safari/537.36"
197.210.77.115 - - [16/Oct/2024:06:49:43 -0700] "POST /get-voucher-details-via-json HTTP/1.1" 200 2 "https://funds.nicn.gov.ng/view-all-staff-attached-to-a-voucher/29763" "Mozilla/5.0 (Windows NT 10.0; Win64; x64) AppleWebKit/537.36 (KHTML, like Gecko) Chrome/118.0.0.0 Safari/537.36"
197.210.77.115 - - [16/Oct/2024:06:49:53 -0700] "POST /report/e-payment-schedule-staff HTTP/1.1" 302 452 "https://funds.nicn.gov.ng/view-all-staff-attached-to-a-voucher/29763" "Mozilla/5.0 (Windows NT 10.0; Win64; x64) AppleWebKit/537.36 (KHTML, like Gecko) Chrome/118.0.0.0 Safari/537.36"
197.210.77.115 - - [16/Oct/2024:06:49:54 -0700] "GET /generate/company/e-payment HTTP/1.1" 200 29024 "https://funds.nicn.gov.ng/view-all-staff-attached-to-a-voucher/29763" "Mozilla/5.0 (Windows NT 10.0; Win64; x64) AppleWebKit/537.36 (KHTML, like Gecko) Chrome/118.0.0.0 Safari/537.36"
197.210.77.115 - - [16/Oct/2024:06:49:55 -0700] "GET /path/to/jquery.min.js HTTP/1.1" 404 4180 "https://funds.nicn.gov.ng/generate/company/e-payment" "Mozilla/5.0 (Windows NT 10.0; Win64; x64) AppleWebKit/537.36 (KHTML, like Gecko) Chrome/118.0.0.0 Safari/537.36"
197.210.77.115 - - [16/Oct/2024:06:49:55 -0700] "GET /path/to/jquery.bs_pagination.min.css HTTP/1.1" 404 4180 "https://funds.nicn.gov.ng/generate/company/e-payment" "Mozilla/5.0 (Windows NT 10.0; Win64; x64) AppleWebKit/537.36 (KHTML, like Gecko) Chrome/118.0.0.0 Safari/537.36"
197.210.77.115 - - [16/Oct/2024:06:49:55 -0700] "GET /path/to/bs_pagination/localization/en.min.js HTTP/1.1" 404 4180 "https://funds.nicn.gov.ng/generate/company/e-payment" "Mozilla/5.0 (Windows NT 10.0; Win64; x64) AppleWebKit/537.36 (KHTML, like Gecko) Chrome/118.0.0.0 Safari/537.36"
197.210.77.115 - - [16/Oct/2024:06:49:59 -0700] "GET /companyLogos/watermark-logo17-05-2019-38481558094495.JPG HTTP/1.1" 404 4180 "https://funds.nicn.gov.ng/generate/company/e-payment" "Mozilla/5.0 (Windows NT 10.0; Win64; x64) AppleWebKit/537.36 (KHTML, like Gecko) Chrome/118.0.0.0 Safari/537.36"
197.210.77.115 - - [16/Oct/2024:06:49:59 -0700] "GET /path/to/bootstrap.min.css HTTP/1.1" 404 4180 "https://funds.nicn.gov.ng/generate/company/e-payment" "Mozilla/5.0 (Windows NT 10.0; Win64; x64) AppleWebKit/537.36 (KHTML, like Gecko) Chrome/118.0.0.0 Safari/537.36"
197.210.77.115 - - [16/Oct/2024:06:49:59 -0700] "GET /path/to/bootstrap.min.js HTTP/1.1" 404 4180 "https://funds.nicn.gov.ng/generate/company/e-payment" "Mozilla/5.0 (Windows NT 10.0; Win64; x64) AppleWebKit/537.36 (KHTML, like Gecko) Chrome/118.0.0.0 Safari/537.36"
197.210.77.115 - - [16/Oct/2024:06:50:00 -0700] "GET /path/to/jquery.bs_pagination.min.js HTTP/1.1" 404 4180 "https://funds.nicn.gov.ng/generate/company/e-payment" "Mozilla/5.0 (Windows NT 10.0; Win64; x64) AppleWebKit/537.36 (KHTML, like Gecko) Chrome/118.0.0.0 Safari/537.36"
102.91.72.248 - - [16/Oct/2024:06:50:17 -0700] "POST /copy-voucher HTTP/1.1" 302 432 "https://funds.nicn.gov.ng/voucher/check" "Mozilla/5.0 (Windows NT 10.0; Win64; x64; rv:131.0) Gecko/20100101 Firefox/131.0"
102.91.72.248 - - [16/Oct/2024:06:50:18 -0700] "GET /display/voucher/29779 HTTP/1.1" 200 252563 "https://funds.nicn.gov.ng/voucher/check" "Mozilla/5.0 (Windows NT 10.0; Win64; x64; rv:131.0) Gecko/20100101 Firefox/131.0"
197.210.77.115 - - [16/Oct/2024:06:50:38 -0700] "GET /companyLogos/watermark-logo17-05-2019-38481558094495.JPG HTTP/1.1" 404 4180 "https://funds.nicn.gov.ng/generate/company/e-payment?page=8" "Mozilla/5.0 (Windows NT 10.0; Win64; x64) AppleWebKit/537.36 (KHTML, like Gecko) Chrome/129.0.0.0 Safari/537.36 Edg/129.0.0.0"
102.91.72.248 - - [16/Oct/2024:06:50:40 -0700] "POST /sub-account/voucher/change-division HTTP/1.1" 302 432 "https://funds.nicn.gov.ng/display/voucher/29779" "Mozilla/5.0 (Windows NT 10.0; Win64; x64; rv:131.0) Gecko/20100101 Firefox/131.0"
197.210.77.115 - - [16/Oct/2024:06:50:35 -0700] "GET /generate/company/e-payment?page=8 HTTP/1.1" 200 149602 "https://funds.nicn.gov.ng/generate/company/e-payment?page=7" "Mozilla/5.0 (Windows NT 10.0; Win64; x64) AppleWebKit/537.36 (KHTML, like Gecko) Chrome/129.0.0.0 Safari/537.36 Edg/129.0.0.0"
197.210.77.115 - - [16/Oct/2024:06:50:44 -0700] "GET /path/to/jquery.min.js HTTP/1.1" 404 4180 "https://funds.nicn.gov.ng/generate/company/e-payment?page=8" "Mozilla/5.0 (Windows NT 10.0; Win64; x64) AppleWebKit/537.36 (KHTML, like Gecko) Chrome/129.0.0.0 Safari/537.36 Edg/129.0.0.0"
197.210.77.115 - - [16/Oct/2024:06:50:45 -0700] "GET /path/to/bootstrap.min.css HTTP/1.1" 404 4180 "https://funds.nicn.gov.ng/generate/company/e-payment?page=8" "Mozilla/5.0 (Windows NT 10.0; Win64; x64) AppleWebKit/537.36 (KHTML, like Gecko) Chrome/129.0.0.0 Safari/537.36 Edg/129.0.0.0"
197.210.77.115 - - [16/Oct/2024:06:50:46 -0700] "GET /path/to/bootstrap.min.js HTTP/1.1" 404 4180 "https://funds.nicn.gov.ng/generate/company/e-payment?page=8" "Mozilla/5.0 (Windows NT 10.0; Win64; x64) AppleWebKit/537.36 (KHTML, like Gecko) Chrome/129.0.0.0 Safari/537.36 Edg/129.0.0.0"
197.210.77.115 - - [16/Oct/2024:06:50:46 -0700] "GET /path/to/jquery.bs_pagination.min.css HTTP/1.1" 404 4180 "https://funds.nicn.gov.ng/generate/company/e-payment?page=8" "Mozilla/5.0 (Windows NT 10.0; Win64; x64) AppleWebKit/537.36 (KHTML, like Gecko) Chrome/129.0.0.0 Safari/537.36 Edg/129.0.0.0"
197.210.77.115 - - [16/Oct/2024:06:50:46 -0700] "GET /path/to/jquery.bs_pagination.min.js HTTP/1.1" 404 4180 "https://funds.nicn.gov.ng/generate/company/e-payment?page=8" "Mozilla/5.0 (Windows NT 10.0; Win64; x64) AppleWebKit/537.36 (KHTML, like Gecko) Chrome/129.0.0.0 Safari/537.36 Edg/129.0.0.0"
197.210.77.115 - - [16/Oct/2024:06:50:46 -0700] "GET /path/to/bs_pagination/localization/en.min.js HTTP/1.1" 404 4180 "https://funds.nicn.gov.ng/generate/company/e-payment?page=8" "Mozilla/5.0 (Windows NT 10.0; Win64; x64) AppleWebKit/537.36 (KHTML, like Gecko) Chrome/129.0.0.0 Safari/537.36 Edg/129.0.0.0"
197.210.77.115 - - [16/Oct/2024:06:50:50 -0700] "POST /update/code-no-JSON HTTP/1.1" 200 1 "https://funds.nicn.gov.ng/generate/company/e-payment" "Mozilla/5.0 (Windows NT 10.0; Win64; x64) AppleWebKit/537.36 (KHTML, like Gecko) Chrome/118.0.0.0 Safari/537.36"
102.91.72.248 - - [16/Oct/2024:06:50:40 -0700] "GET /display/voucher/29779 HTTP/1.1" 200 821720 "https://funds.nicn.gov.ng/display/voucher/29779" "Mozilla/5.0 (Windows NT 10.0; Win64; x64; rv:131.0) Gecko/20100101 Firefox/131.0"
197.210.77.115 - - [16/Oct/2024:06:51:53 -0700] "GET /generate/company/e-payment?page=9 HTTP/1.1" 200 149603 "https://funds.nicn.gov.ng/generate/company/e-payment?page=8" "Mozilla/5.0 (Windows NT 10.0; Win64; x64) AppleWebKit/537.36 (KHTML, like Gecko) Chrome/129.0.0.0 Safari/537.36 Edg/129.0.0.0"
197.210.77.115 - - [16/Oct/2024:06:51:57 -0700] "GET /companyLogos/watermark-logo17-05-2019-38481558094495.JPG HTTP/1.1" 404 4180 "https://funds.nicn.gov.ng/generate/company/e-payment?page=9" "Mozilla/5.0 (Windows NT 10.0; Win64; x64) AppleWebKit/537.36 (KHTML, like Gecko) Chrome/129.0.0.0 Safari/537.36 Edg/129.0.0.0"
197.210.77.115 - - [16/Oct/2024:06:51:59 -0700] "GET /path/to/jquery.min.js HTTP/1.1" 404 4180 "https://funds.nicn.gov.ng/generate/company/e-payment?page=9" "Mozilla/5.0 (Windows NT 10.0; Win64; x64) AppleWebKit/537.36 (KHTML, like Gecko) Chrome/129.0.0.0 Safari/537.36 Edg/129.0.0.0"
197.210.77.115 - - [16/Oct/2024:06:52:00 -0700] "GET /path/to/jquery.bs_pagination.min.css HTTP/1.1" 404 4180 "https://funds.nicn.gov.ng/generate/company/e-payment?page=9" "Mozilla/5.0 (Windows NT 10.0; Win64; x64) AppleWebKit/537.36 (KHTML, like Gecko) Chrome/129.0.0.0 Safari/537.36 Edg/129.0.0.0"
197.210.77.115 - - [16/Oct/2024:06:52:00 -0700] "GET /path/to/jquery.bs_pagination.min.js HTTP/1.1" 404 4180 "https://funds.nicn.gov.ng/generate/company/e-payment?page=9" "Mozilla/5.0 (Windows NT 10.0; Win64; x64) AppleWebKit/537.36 (KHTML, like Gecko) Chrome/129.0.0.0 Safari/537.36 Edg/129.0.0.0"
197.210.77.115 - - [16/Oct/2024:06:52:01 -0700] "GET /path/to/bootstrap.min.css HTTP/1.1" 404 4180 "https://funds.nicn.gov.ng/generate/company/e-payment?page=9" "Mozilla/5.0 (Windows NT 10.0; Win64; x64) AppleWebKit/537.36 (KHTML, like Gecko) Chrome/129.0.0.0 Safari/537.36 Edg/129.0.0.0"
197.210.77.115 - - [16/Oct/2024:06:52:01 -0700] "GET /path/to/bootstrap.min.js HTTP/1.1" 404 4180 "https://funds.nicn.gov.ng/generate/company/e-payment?page=9" "Mozilla/5.0 (Windows NT 10.0; Win64; x64) AppleWebKit/537.36 (KHTML, like Gecko) Chrome/129.0.0.0 Safari/537.36 Edg/129.0.0.0"
197.210.77.115 - - [16/Oct/2024:06:52:02 -0700] "GET /path/to/bs_pagination/localization/en.min.js HTTP/1.1" 404 4180 "https://funds.nicn.gov.ng/generate/company/e-payment?page=9" "Mozilla/5.0 (Windows NT 10.0; Win64; x64) AppleWebKit/537.36 (KHTML, like Gecko) Chrome/129.0.0.0 Safari/537.36 Edg/129.0.0.0"
45.207.211.133 - - [16/Oct/2024:06:52:07 -0700] "POST /adxmlrpc.php HTTP/1.1" 404 4180 "-" "Mozilla/5.0 (X11; Linux x86_64; rv:71.0) Gecko/20100101 Firefox/71.0"
45.207.211.133 - - [16/Oct/2024:06:52:08 -0700] "GET /plugins/3rdPartyServers/ox3rdPartyServers/max.class.php?0=id HTTP/1.1" 404 4180 "-" "Mozilla/5.0 (Knoppix; Linux i686) AppleWebKit/537.36 (KHTML, like Gecko) Chrome/129.0.0.0 Safari/537.36"
197.210.77.115 - - [16/Oct/2024:06:53:01 -0700] "GET /generate/company/e-payment?page=10 HTTP/1.1" 200 149616 "https://funds.nicn.gov.ng/generate/company/e-payment?page=9" "Mozilla/5.0 (Windows NT 10.0; Win64; x64) AppleWebKit/537.36 (KHTML, like Gecko) Chrome/129.0.0.0 Safari/537.36 Edg/129.0.0.0"
197.210.77.115 - - [16/Oct/2024:06:53:04 -0700] "GET /path/to/jquery.min.js HTTP/1.1" 404 4180 "https://funds.nicn.gov.ng/generate/company/e-payment?page=10" "Mozilla/5.0 (Windows NT 10.0; Win64; x64) AppleWebKit/537.36 (KHTML, like Gecko) Chrome/129.0.0.0 Safari/537.36 Edg/129.0.0.0"
197.210.77.115 - - [16/Oct/2024:06:53:05 -0700] "GET /path/to/bootstrap.min.css HTTP/1.1" 404 4180 "https://funds.nicn.gov.ng/generate/company/e-payment?page=10" "Mozilla/5.0 (Windows NT 10.0; Win64; x64) AppleWebKit/537.36 (KHTML, like Gecko) Chrome/129.0.0.0 Safari/537.36 Edg/129.0.0.0"
197.210.77.115 - - [16/Oct/2024:06:53:08 -0700] "GET /path/to/jquery.bs_pagination.min.css HTTP/1.1" 404 4180 "https://funds.nicn.gov.ng/generate/company/e-payment?page=10" "Mozilla/5.0 (Windows NT 10.0; Win64; x64) AppleWebKit/537.36 (KHTML, like Gecko) Chrome/129.0.0.0 Safari/537.36 Edg/129.0.0.0"
197.210.77.115 - - [16/Oct/2024:06:53:08 -0700] "GET /companyLogos/watermark-logo17-05-2019-38481558094495.JPG HTTP/1.1" 404 4180 "https://funds.nicn.gov.ng/generate/company/e-payment?page=10" "Mozilla/5.0 (Windows NT 10.0; Win64; x64) AppleWebKit/537.36 (KHTML, like Gecko) Chrome/129.0.0.0 Safari/537.36 Edg/129.0.0.0"
197.210.77.115 - - [16/Oct/2024:06:53:09 -0700] "GET /path/to/bootstrap.min.js HTTP/1.1" 404 4180 "https://funds.nicn.gov.ng/generate/company/e-payment?page=10" "Mozilla/5.0 (Windows NT 10.0; Win64; x64) AppleWebKit/537.36 (KHTML, like Gecko) Chrome/129.0.0.0 Safari/537.36 Edg/129.0.0.0"
197.210.77.115 - - [16/Oct/2024:06:53:10 -0700] "GET /path/to/jquery.bs_pagination.min.js HTTP/1.1" 404 4180 "https://funds.nicn.gov.ng/generate/company/e-payment?page=10" "Mozilla/5.0 (Windows NT 10.0; Win64; x64) AppleWebKit/537.36 (KHTML, like Gecko) Chrome/129.0.0.0 Safari/537.36 Edg/129.0.0.0"
197.210.77.115 - - [16/Oct/2024:06:53:10 -0700] "GET /path/to/bs_pagination/localization/en.min.js HTTP/1.1" 404 4180 "https://funds.nicn.gov.ng/generate/company/e-payment?page=10" "Mozilla/5.0 (Windows NT 10.0; Win64; x64) AppleWebKit/537.36 (KHTML, like Gecko) Chrome/129.0.0.0 Safari/537.36 Edg/129.0.0.0"
102.91.72.248 - - [16/Oct/2024:06:53:15 -0700] "POST /sub-account/process-selected-staff HTTP/1.1" 302 432 "https://funds.nicn.gov.ng/display/voucher/29779" "Mozilla/5.0 (Windows NT 10.0; Win64; x64; rv:131.0) Gecko/20100101 Firefox/131.0"
102.91.72.248 - - [16/Oct/2024:06:53:15 -0700] "GET /display/voucher/29779 HTTP/1.1" 200 824242 "https://funds.nicn.gov.ng/display/voucher/29779" "Mozilla/5.0 (Windows NT 10.0; Win64; x64; rv:131.0) Gecko/20100101 Firefox/131.0"
102.91.72.248 - - [16/Oct/2024:06:54:12 -0700] "POST /undate-staff-amount-voucher HTTP/1.1" 200 28 "https://funds.nicn.gov.ng/display/voucher/29779" "Mozilla/5.0 (Windows NT 10.0; Win64; x64; rv:131.0) Gecko/20100101 Firefox/131.0"
102.91.72.248 - - [16/Oct/2024:06:54:16 -0700] "POST /undate-staff-amount-voucher HTTP/1.1" 200 27 "https://funds.nicn.gov.ng/display/voucher/29779" "Mozilla/5.0 (Windows NT 10.0; Win64; x64; rv:131.0) Gecko/20100101 Firefox/131.0"
197.210.77.115 - - [16/Oct/2024:06:54:14 -0700] "GET /generate/company/e-payment?page=11 HTTP/1.1" 200 149593 "https://funds.nicn.gov.ng/generate/company/e-payment?page=10" "Mozilla/5.0 (Windows NT 10.0; Win64; x64) AppleWebKit/537.36 (KHTML, like Gecko) Chrome/129.0.0.0 Safari/537.36 Edg/129.0.0.0"
197.210.77.115 - - [16/Oct/2024:06:54:18 -0700] "GET /path/to/jquery.min.js HTTP/1.1" 404 4180 "https://funds.nicn.gov.ng/generate/company/e-payment?page=11" "Mozilla/5.0 (Windows NT 10.0; Win64; x64) AppleWebKit/537.36 (KHTML, like Gecko) Chrome/129.0.0.0 Safari/537.36 Edg/129.0.0.0"
102.91.72.248 - - [16/Oct/2024:06:54:19 -0700] "POST /undate-staff-amount-voucher HTTP/1.1" 200 27 "https://funds.nicn.gov.ng/display/voucher/29779" "Mozilla/5.0 (Windows NT 10.0; Win64; x64; rv:131.0) Gecko/20100101 Firefox/131.0"
197.210.77.115 - - [16/Oct/2024:06:54:19 -0700] "GET /path/to/bootstrap.min.css HTTP/1.1" 404 4180 "https://funds.nicn.gov.ng/generate/company/e-payment?page=11" "Mozilla/5.0 (Windows NT 10.0; Win64; x64) AppleWebKit/537.36 (KHTML, like Gecko) Chrome/129.0.0.0 Safari/537.36 Edg/129.0.0.0"
197.210.77.115 - - [16/Oct/2024:06:54:20 -0700] "GET /path/to/jquery.bs_pagination.min.css HTTP/1.1" 404 4180 "https://funds.nicn.gov.ng/generate/company/e-payment?page=11" "Mozilla/5.0 (Windows NT 10.0; Win64; x64) AppleWebKit/537.36 (KHTML, like Gecko) Chrome/129.0.0.0 Safari/537.36 Edg/129.0.0.0"
102.91.4.33 - - [16/Oct/2024:06:54:21 -0700] "GET /login HTTP/1.1" 200 5354 "-" "Mozilla/5.0 (Windows NT 10.0; Win64; x64; rv:131.0) Gecko/20100101 Firefox/131.0"
197.210.77.115 - - [16/Oct/2024:06:54:22 -0700] "GET /path/to/bootstrap.min.js HTTP/1.1" 404 4180 "https://funds.nicn.gov.ng/generate/company/e-payment?page=11" "Mozilla/5.0 (Windows NT 10.0; Win64; x64) AppleWebKit/537.36 (KHTML, like Gecko) Chrome/129.0.0.0 Safari/537.36 Edg/129.0.0.0"
197.210.77.115 - - [16/Oct/2024:06:54:22 -0700] "GET /path/to/bs_pagination/localization/en.min.js HTTP/1.1" 404 4180 "https://funds.nicn.gov.ng/generate/company/e-payment?page=11" "Mozilla/5.0 (Windows NT 10.0; Win64; x64) AppleWebKit/537.36 (KHTML, like Gecko) Chrome/129.0.0.0 Safari/537.36 Edg/129.0.0.0"
197.210.77.115 - - [16/Oct/2024:06:54:22 -0700] "GET /path/to/jquery.bs_pagination.min.js HTTP/1.1" 404 4180 "https://funds.nicn.gov.ng/generate/company/e-payment?page=11" "Mozilla/5.0 (Windows NT 10.0; Win64; x64) AppleWebKit/537.36 (KHTML, like Gecko) Chrome/129.0.0.0 Safari/537.36 Edg/129.0.0.0"
102.91.72.248 - - [16/Oct/2024:06:54:23 -0700] "POST /undate-staff-amount-voucher HTTP/1.1" 200 28 "https://funds.nicn.gov.ng/display/voucher/29779" "Mozilla/5.0 (Windows NT 10.0; Win64; x64; rv:131.0) Gecko/20100101 Firefox/131.0"
197.210.77.115 - - [16/Oct/2024:06:54:24 -0700] "GET /companyLogos/watermark-logo17-05-2019-38481558094495.JPG HTTP/1.1" 404 4180 "https://funds.nicn.gov.ng/generate/company/e-payment?page=11" "Mozilla/5.0 (Windows NT 10.0; Win64; x64) AppleWebKit/537.36 (KHTML, like Gecko) Chrome/129.0.0.0 Safari/537.36 Edg/129.0.0.0"
102.91.4.33 - - [16/Oct/2024:06:54:25 -0700] "GET /assets/css/_all-skins.min.css HTTP/1.1" 200 42005 "https://www.funds.nicn.gov.ng/login" "Mozilla/5.0 (Windows NT 10.0; Win64; x64; rv:131.0) Gecko/20100101 Firefox/131.0"
102.91.4.33 - - [16/Oct/2024:06:54:24 -0700] "GET /assets/css/bootstrap.min.css HTTP/1.1" 200 121260 "https://www.funds.nicn.gov.ng/login" "Mozilla/5.0 (Windows NT 10.0; Win64; x64; rv:131.0) Gecko/20100101 Firefox/131.0"
102.91.4.33 - - [16/Oct/2024:06:54:25 -0700] "GET /assets/font-awesome/css/font-awesome.min.css HTTP/1.1" 200 21984 "https://www.funds.nicn.gov.ng/login" "Mozilla/5.0 (Windows NT 10.0; Win64; x64; rv:131.0) Gecko/20100101 Firefox/131.0"
102.91.72.248 - - [16/Oct/2024:06:54:27 -0700] "POST /undate-staff-amount-voucher HTTP/1.1" 200 28 "https://funds.nicn.gov.ng/display/voucher/29779" "Mozilla/5.0 (Windows NT 10.0; Win64; x64; rv:131.0) Gecko/20100101 Firefox/131.0"
102.91.72.248 - - [16/Oct/2024:06:54:31 -0700] "POST /undate-staff-amount-voucher HTTP/1.1" 200 28 "https://funds.nicn.gov.ng/display/voucher/29779" "Mozilla/5.0 (Windows NT 10.0; Win64; x64; rv:131.0) Gecko/20100101 Firefox/131.0"
102.91.4.33 - - [16/Oct/2024:06:54:32 -0700] "GET /assets/font-awesome/fonts/fontawesome-webfont.woff?v=4.2.0 HTTP/1.1" 200 65452 "https://www.funds.nicn.gov.ng/assets/font-awesome/css/font-awesome.min.css" "Mozilla/5.0 (Windows NT 10.0; Win64; x64; rv:131.0) Gecko/20100101 Firefox/131.0"
102.91.4.33 - - [16/Oct/2024:06:54:34 -0700] "GET /favicon.ico HTTP/1.1" 200 - "https://www.funds.nicn.gov.ng/login" "Mozilla/5.0 (Windows NT 10.0; Win64; x64; rv:131.0) Gecko/20100101 Firefox/131.0"
102.91.72.248 - - [16/Oct/2024:06:54:35 -0700] "POST /undate-staff-amount-voucher HTTP/1.1" 200 28 "https://funds.nicn.gov.ng/display/voucher/29779" "Mozilla/5.0 (Windows NT 10.0; Win64; x64; rv:131.0) Gecko/20100101 Firefox/131.0"
102.91.72.248 - - [16/Oct/2024:06:54:47 -0700] "POST /undate-staff-amount-voucher HTTP/1.1" 200 28 "https://funds.nicn.gov.ng/display/voucher/29779" "Mozilla/5.0 (Windows NT 10.0; Win64; x64; rv:131.0) Gecko/20100101 Firefox/131.0"
102.91.72.248 - - [16/Oct/2024:06:54:51 -0700] "POST /undate-staff-amount-voucher HTTP/1.1" 200 28 "https://funds.nicn.gov.ng/display/voucher/29779" "Mozilla/5.0 (Windows NT 10.0; Win64; x64; rv:131.0) Gecko/20100101 Firefox/131.0"
102.91.72.248 - - [16/Oct/2024:06:54:58 -0700] "POST /undate-staff-amount-voucher HTTP/1.1" 200 28 "https://funds.nicn.gov.ng/display/voucher/29779" "Mozilla/5.0 (Windows NT 10.0; Win64; x64; rv:131.0) Gecko/20100101 Firefox/131.0"
197.210.77.115 - - [16/Oct/2024:06:55:02 -0700] "GET /report/export/e-payment/10501 HTTP/1.1" 200 5120 "https://funds.nicn.gov.ng/generate/company/e-payment" "Mozilla/5.0 (Windows NT 10.0; Win64; x64) AppleWebKit/537.36 (KHTML, like Gecko) Chrome/118.0.0.0 Safari/537.36"
102.91.72.248 - - [16/Oct/2024:06:55:06 -0700] "POST /undate-staff-amount-voucher HTTP/1.1" 200 28 "https://funds.nicn.gov.ng/display/voucher/29779" "Mozilla/5.0 (Windows NT 10.0; Win64; x64; rv:131.0) Gecko/20100101 Firefox/131.0"
102.91.72.248 - - [16/Oct/2024:06:55:12 -0700] "POST /undate-staff-amount-voucher HTTP/1.1" 200 28 "https://funds.nicn.gov.ng/display/voucher/29779" "Mozilla/5.0 (Windows NT 10.0; Win64; x64; rv:131.0) Gecko/20100101 Firefox/131.0"
102.91.4.33 - - [16/Oct/2024:06:55:25 -0700] "POST /recurrent-create-staff-voucher HTTP/1.1" 302 432 "https://funds.nicn.gov.ng/recurrent-create-staff-voucher" "Mozilla/5.0 (Windows NT 10.0; Win64; x64; rv:131.0) Gecko/20100101 Firefox/131.0"
102.91.72.248 - - [16/Oct/2024:06:55:25 -0700] "POST /undate-staff-amount-voucher HTTP/1.1" 200 28 "https://funds.nicn.gov.ng/display/voucher/29779" "Mozilla/5.0 (Windows NT 10.0; Win64; x64; rv:131.0) Gecko/20100101 Firefox/131.0"
102.91.4.33 - - [16/Oct/2024:06:55:26 -0700] "GET /display/voucher/29781 HTTP/1.1" 200 47938 "https://funds.nicn.gov.ng/recurrent-create-staff-voucher" "Mozilla/5.0 (Windows NT 10.0; Win64; x64; rv:131.0) Gecko/20100101 Firefox/131.0"
102.91.72.248 - - [16/Oct/2024:06:55:43 -0700] "POST /undate-staff-amount-voucher HTTP/1.1" 200 28 "https://funds.nicn.gov.ng/display/voucher/29779" "Mozilla/5.0 (Windows NT 10.0; Win64; x64; rv:131.0) Gecko/20100101 Firefox/131.0"
102.91.72.248 - - [16/Oct/2024:06:55:50 -0700] "POST /undate-staff-amount-voucher HTTP/1.1" 200 28 "https://funds.nicn.gov.ng/display/voucher/29779" "Mozilla/5.0 (Windows NT 10.0; Win64; x64; rv:131.0) Gecko/20100101 Firefox/131.0"
102.91.4.33 - - [16/Oct/2024:06:55:53 -0700] "POST /recurrent-create-staff-voucher HTTP/1.1" 302 432 "https://funds.nicn.gov.ng/recurrent-create-staff-voucher" "Mozilla/5.0 (Windows NT 10.0; Win64; x64; rv:131.0) Gecko/20100101 Firefox/131.0"
102.91.4.33 - - [16/Oct/2024:06:55:54 -0700] "GET /display/voucher/29782 HTTP/1.1" 200 47930 "https://funds.nicn.gov.ng/recurrent-create-staff-voucher" "Mozilla/5.0 (Windows NT 10.0; Win64; x64; rv:131.0) Gecko/20100101 Firefox/131.0"
102.91.72.248 - - [16/Oct/2024:06:56:56 -0700] "POST /undate-staff-amount-voucher HTTP/1.1" 200 28 "https://funds.nicn.gov.ng/display/voucher/29779" "Mozilla/5.0 (Windows NT 10.0; Win64; x64; rv:131.0) Gecko/20100101 Firefox/131.0"
102.91.4.33 - - [16/Oct/2024:06:57:20 -0700] "POST /recurrent-create-staff-voucher HTTP/1.1" 302 432 "https://funds.nicn.gov.ng/recurrent-create-staff-voucher" "Mozilla/5.0 (Windows NT 10.0; Win64; x64; rv:131.0) Gecko/20100101 Firefox/131.0"
102.91.4.33 - - [16/Oct/2024:06:57:21 -0700] "GET /display/voucher/29784 HTTP/1.1" 200 47934 "https://funds.nicn.gov.ng/recurrent-create-staff-voucher" "Mozilla/5.0 (Windows NT 10.0; Win64; x64; rv:131.0) Gecko/20100101 Firefox/131.0"
102.91.72.248 - - [16/Oct/2024:06:57:23 -0700] "POST /undate-staff-amount-voucher HTTP/1.1" 200 28 "https://funds.nicn.gov.ng/display/voucher/29779" "Mozilla/5.0 (Windows NT 10.0; Win64; x64; rv:131.0) Gecko/20100101 Firefox/131.0"
197.210.77.115 - - [16/Oct/2024:06:57:23 -0700] "GET /generate/company/e-payment?page=12 HTTP/1.1" 200 149642 "https://funds.nicn.gov.ng/generate/company/e-payment?page=11" "Mozilla/5.0 (Windows NT 10.0; Win64; x64) AppleWebKit/537.36 (KHTML, like Gecko) Chrome/129.0.0.0 Safari/537.36 Edg/129.0.0.0"
197.210.77.115 - - [16/Oct/2024:06:57:27 -0700] "GET /path/to/jquery.min.js HTTP/1.1" 404 4180 "https://funds.nicn.gov.ng/generate/company/e-payment?page=12" "Mozilla/5.0 (Windows NT 10.0; Win64; x64) AppleWebKit/537.36 (KHTML, like Gecko) Chrome/129.0.0.0 Safari/537.36 Edg/129.0.0.0"
197.210.77.115 - - [16/Oct/2024:06:57:29 -0700] "GET /path/to/bootstrap.min.css HTTP/1.1" 404 4180 "https://funds.nicn.gov.ng/generate/company/e-payment?page=12" "Mozilla/5.0 (Windows NT 10.0; Win64; x64) AppleWebKit/537.36 (KHTML, like Gecko) Chrome/129.0.0.0 Safari/537.36 Edg/129.0.0.0"
197.210.77.115 - - [16/Oct/2024:06:57:29 -0700] "GET /path/to/bootstrap.min.js HTTP/1.1" 404 4180 "https://funds.nicn.gov.ng/generate/company/e-payment?page=12" "Mozilla/5.0 (Windows NT 10.0; Win64; x64) AppleWebKit/537.36 (KHTML, like Gecko) Chrome/129.0.0.0 Safari/537.36 Edg/129.0.0.0"
102.91.72.248 - - [16/Oct/2024:06:57:33 -0700] "POST /undate-staff-amount-voucher HTTP/1.1" 200 28 "https://funds.nicn.gov.ng/display/voucher/29779" "Mozilla/5.0 (Windows NT 10.0; Win64; x64; rv:131.0) Gecko/20100101 Firefox/131.0"
197.210.77.115 - - [16/Oct/2024:06:57:33 -0700] "GET /path/to/jquery.bs_pagination.min.css HTTP/1.1" 404 4180 "https://funds.nicn.gov.ng/generate/company/e-payment?page=12" "Mozilla/5.0 (Windows NT 10.0; Win64; x64) AppleWebKit/537.36 (KHTML, like Gecko) Chrome/129.0.0.0 Safari/537.36 Edg/129.0.0.0"
197.210.77.115 - - [16/Oct/2024:06:57:34 -0700] "GET /companyLogos/watermark-logo17-05-2019-38481558094495.JPG HTTP/1.1" 404 4180 "https://funds.nicn.gov.ng/generate/company/e-payment?page=12" "Mozilla/5.0 (Windows NT 10.0; Win64; x64) AppleWebKit/537.36 (KHTML, like Gecko) Chrome/129.0.0.0 Safari/537.36 Edg/129.0.0.0"
197.210.77.115 - - [16/Oct/2024:06:57:34 -0700] "GET /path/to/jquery.bs_pagination.min.js HTTP/1.1" 404 4180 "https://funds.nicn.gov.ng/generate/company/e-payment?page=12" "Mozilla/5.0 (Windows NT 10.0; Win64; x64) AppleWebKit/537.36 (KHTML, like Gecko) Chrome/129.0.0.0 Safari/537.36 Edg/129.0.0.0"
197.210.77.115 - - [16/Oct/2024:06:57:34 -0700] "GET /path/to/bs_pagination/localization/en.min.js HTTP/1.1" 404 4180 "https://funds.nicn.gov.ng/generate/company/e-payment?page=12" "Mozilla/5.0 (Windows NT 10.0; Win64; x64) AppleWebKit/537.36 (KHTML, like Gecko) Chrome/129.0.0.0 Safari/537.36 Edg/129.0.0.0"
102.91.72.248 - - [16/Oct/2024:06:57:35 -0700] "POST /undate-staff-amount-voucher HTTP/1.1" 200 28 "https://funds.nicn.gov.ng/display/voucher/29779" "Mozilla/5.0 (Windows NT 10.0; Win64; x64; rv:131.0) Gecko/20100101 Firefox/131.0"
102.91.72.248 - - [16/Oct/2024:06:57:37 -0700] "POST /undate-staff-amount-voucher HTTP/1.1" 200 28 "https://funds.nicn.gov.ng/display/voucher/29779" "Mozilla/5.0 (Windows NT 10.0; Win64; x64; rv:131.0) Gecko/20100101 Firefox/131.0"
102.91.72.248 - - [16/Oct/2024:06:57:40 -0700] "POST /undate-staff-amount-voucher HTTP/1.1" 200 28 "https://funds.nicn.gov.ng/display/voucher/29779" "Mozilla/5.0 (Windows NT 10.0; Win64; x64; rv:131.0) Gecko/20100101 Firefox/131.0"
102.91.72.248 - - [16/Oct/2024:06:57:42 -0700] "POST /undate-staff-amount-voucher HTTP/1.1" 200 28 "https://funds.nicn.gov.ng/display/voucher/29779" "Mozilla/5.0 (Windows NT 10.0; Win64; x64; rv:131.0) Gecko/20100101 Firefox/131.0"
102.91.72.248 - - [16/Oct/2024:06:57:46 -0700] "POST /undate-staff-amount-voucher HTTP/1.1" 200 28 "https://funds.nicn.gov.ng/display/voucher/29779" "Mozilla/5.0 (Windows NT 10.0; Win64; x64; rv:131.0) Gecko/20100101 Firefox/131.0"
102.91.72.248 - - [16/Oct/2024:06:57:49 -0700] "POST /undate-staff-amount-voucher HTTP/1.1" 200 28 "https://funds.nicn.gov.ng/display/voucher/29779" "Mozilla/5.0 (Windows NT 10.0; Win64; x64; rv:131.0) Gecko/20100101 Firefox/131.0"
102.91.72.248 - - [16/Oct/2024:06:57:53 -0700] "POST /undate-staff-amount-voucher HTTP/1.1" 200 28 "https://funds.nicn.gov.ng/display/voucher/29779" "Mozilla/5.0 (Windows NT 10.0; Win64; x64; rv:131.0) Gecko/20100101 Firefox/131.0"
102.91.72.248 - - [16/Oct/2024:06:57:58 -0700] "POST /undate-staff-amount-voucher HTTP/1.1" 200 28 "https://funds.nicn.gov.ng/display/voucher/29779" "Mozilla/5.0 (Windows NT 10.0; Win64; x64; rv:131.0) Gecko/20100101 Firefox/131.0"
102.91.72.248 - - [16/Oct/2024:06:58:01 -0700] "POST /undate-staff-amount-voucher HTTP/1.1" 200 28 "https://funds.nicn.gov.ng/display/voucher/29779" "Mozilla/5.0 (Windows NT 10.0; Win64; x64; rv:131.0) Gecko/20100101 Firefox/131.0"
102.91.4.33 - - [16/Oct/2024:06:58:03 -0700] "POST /login HTTP/1.1" 302 360 "https://www.funds.nicn.gov.ng/login" "Mozilla/5.0 (Windows NT 10.0; Win64; x64; rv:131.0) Gecko/20100101 Firefox/131.0"
102.91.72.248 - - [16/Oct/2024:06:58:04 -0700] "POST /undate-staff-amount-voucher HTTP/1.1" 200 28 "https://funds.nicn.gov.ng/display/voucher/29779" "Mozilla/5.0 (Windows NT 10.0; Win64; x64; rv:131.0) Gecko/20100101 Firefox/131.0"
102.91.4.33 - - [16/Oct/2024:06:58:05 -0700] "GET / HTTP/1.1" 200 14777 "https://www.funds.nicn.gov.ng/login" "Mozilla/5.0 (Windows NT 10.0; Win64; x64; rv:131.0) Gecko/20100101 Firefox/131.0"
102.91.4.33 - - [16/Oct/2024:06:58:07 -0700] "GET /assets/css/notification.css HTTP/1.1" 304 - "https://www.funds.nicn.gov.ng/" "Mozilla/5.0 (Windows NT 10.0; Win64; x64; rv:131.0) Gecko/20100101 Firefox/131.0"
102.91.72.248 - - [16/Oct/2024:06:58:07 -0700] "POST /undate-staff-amount-voucher HTTP/1.1" 200 28 "https://funds.nicn.gov.ng/display/voucher/29779" "Mozilla/5.0 (Windows NT 10.0; Win64; x64; rv:131.0) Gecko/20100101 Firefox/131.0"
102.91.4.33 - - [16/Oct/2024:06:58:07 -0700] "GET /assets/css/select2.min.css HTTP/1.1" 200 15092 "https://www.funds.nicn.gov.ng/" "Mozilla/5.0 (Windows NT 10.0; Win64; x64; rv:131.0) Gecko/20100101 Firefox/131.0"
102.91.4.33 - - [16/Oct/2024:06:58:08 -0700] "GET /assets/css/admin.css HTTP/1.1" 200 952 "https://www.funds.nicn.gov.ng/" "Mozilla/5.0 (Windows NT 10.0; Win64; x64; rv:131.0) Gecko/20100101 Firefox/131.0"
102.91.4.33 - - [16/Oct/2024:06:58:08 -0700] "GET /assets/css/AdminLTE.min.css HTTP/1.1" 200 89579 "https://www.funds.nicn.gov.ng/" "Mozilla/5.0 (Windows NT 10.0; Win64; x64; rv:131.0) Gecko/20100101 Firefox/131.0"
102.91.4.33 - - [16/Oct/2024:06:58:08 -0700] "GET /assets/js/number_to_word.js HTTP/1.1" 304 - "https://www.funds.nicn.gov.ng/" "Mozilla/5.0 (Windows NT 10.0; Win64; x64; rv:131.0) Gecko/20100101 Firefox/131.0"
102.91.4.33 - - [16/Oct/2024:06:58:09 -0700] "GET /assets/js/app.min.js HTTP/1.1" 304 - "https://www.funds.nicn.gov.ng/" "Mozilla/5.0 (Windows NT 10.0; Win64; x64; rv:131.0) Gecko/20100101 Firefox/131.0"
102.91.4.33 - - [16/Oct/2024:06:58:09 -0700] "GET /assets/js/bootstrap.min.js HTTP/1.1" 304 - "https://www.funds.nicn.gov.ng/" "Mozilla/5.0 (Windows NT 10.0; Win64; x64; rv:131.0) Gecko/20100101 Firefox/131.0"
102.91.4.33 - - [16/Oct/2024:06:58:09 -0700] "GET /assets/js/jquery.slimscroll.min.js HTTP/1.1" 304 - "https://www.funds.nicn.gov.ng/" "Mozilla/5.0 (Windows NT 10.0; Win64; x64; rv:131.0) Gecko/20100101 Firefox/131.0"
102.91.4.33 - - [16/Oct/2024:06:58:09 -0700] "GET /assets/js/jQuery-2.2.0.min.js HTTP/1.1" 304 - "https://www.funds.nicn.gov.ng/" "Mozilla/5.0 (Windows NT 10.0; Win64; x64; rv:131.0) Gecko/20100101 Firefox/131.0"
102.91.4.33 - - [16/Oct/2024:06:58:09 -0700] "GET /assets/js/demo.js HTTP/1.1" 304 - "https://www.funds.nicn.gov.ng/" "Mozilla/5.0 (Windows NT 10.0; Win64; x64; rv:131.0) Gecko/20100101 Firefox/131.0"
102.91.4.33 - - [16/Oct/2024:06:58:10 -0700] "GET /Images/coat.jpg HTTP/1.1" 200 20800 "https://www.funds.nicn.gov.ng/" "Mozilla/5.0 (Windows NT 10.0; Win64; x64; rv:131.0) Gecko/20100101 Firefox/131.0"
102.91.72.248 - - [16/Oct/2024:06:58:10 -0700] "POST /undate-staff-amount-voucher HTTP/1.1" 200 28 "https://funds.nicn.gov.ng/display/voucher/29779" "Mozilla/5.0 (Windows NT 10.0; Win64; x64; rv:131.0) Gecko/20100101 Firefox/131.0"
102.91.72.248 - - [16/Oct/2024:06:58:13 -0700] "POST /undate-staff-amount-voucher HTTP/1.1" 200 28 "https://funds.nicn.gov.ng/display/voucher/29779" "Mozilla/5.0 (Windows NT 10.0; Win64; x64; rv:131.0) Gecko/20100101 Firefox/131.0"
102.91.72.248 - - [16/Oct/2024:06:58:16 -0700] "POST /undate-staff-amount-voucher HTTP/1.1" 200 28 "https://funds.nicn.gov.ng/display/voucher/29779" "Mozilla/5.0 (Windows NT 10.0; Win64; x64; rv:131.0) Gecko/20100101 Firefox/131.0"
102.91.72.248 - - [16/Oct/2024:06:58:26 -0700] "POST /undate-staff-amount-voucher HTTP/1.1" 200 28 "https://funds.nicn.gov.ng/display/voucher/29779" "Mozilla/5.0 (Windows NT 10.0; Win64; x64; rv:131.0) Gecko/20100101 Firefox/131.0"
102.91.4.33 - - [16/Oct/2024:06:58:26 -0700] "GET /recurrent-create-staff-voucher HTTP/1.1" 200 42288 "https://www.funds.nicn.gov.ng/" "Mozilla/5.0 (Windows NT 10.0; Win64; x64; rv:131.0) Gecko/20100101 Firefox/131.0"
102.91.72.248 - - [16/Oct/2024:06:58:28 -0700] "POST /undate-staff-amount-voucher HTTP/1.1" 200 28 "https://funds.nicn.gov.ng/display/voucher/29779" "Mozilla/5.0 (Windows NT 10.0; Win64; x64; rv:131.0) Gecko/20100101 Firefox/131.0"
102.91.4.33 - - [16/Oct/2024:06:58:30 -0700] "GET /assets/js/jquery.autocomplete.min.js HTTP/1.1" 304 - "https://www.funds.nicn.gov.ng/recurrent-create-staff-voucher" "Mozilla/5.0 (Windows NT 10.0; Win64; x64; rv:131.0) Gecko/20100101 Firefox/131.0"
102.91.4.33 - - [16/Oct/2024:06:58:30 -0700] "GET /assets/css/datepicker.min.css HTTP/1.1" 304 - "https://www.funds.nicn.gov.ng/recurrent-create-staff-voucher" "Mozilla/5.0 (Windows NT 10.0; Win64; x64; rv:131.0) Gecko/20100101 Firefox/131.0"
102.91.4.33 - - [16/Oct/2024:06:58:30 -0700] "GET /assets/js/jquery-ui.min.js HTTP/1.1" 304 - "https://www.funds.nicn.gov.ng/recurrent-create-staff-voucher" "Mozilla/5.0 (Windows NT 10.0; Win64; x64; rv:131.0) Gecko/20100101 Firefox/131.0"
102.91.72.248 - - [16/Oct/2024:06:58:32 -0700] "POST /undate-staff-amount-voucher HTTP/1.1" 200 28 "https://funds.nicn.gov.ng/display/voucher/29779" "Mozilla/5.0 (Windows NT 10.0; Win64; x64; rv:131.0) Gecko/20100101 Firefox/131.0"
102.91.4.33 - - [16/Oct/2024:06:58:34 -0700] "GET /favicon.ico HTTP/1.1" 200 - "https://www.funds.nicn.gov.ng/recurrent-create-staff-voucher" "Mozilla/5.0 (Windows NT 10.0; Win64; x64; rv:131.0) Gecko/20100101 Firefox/131.0"
102.91.72.248 - - [16/Oct/2024:06:58:35 -0700] "POST /undate-staff-amount-voucher HTTP/1.1" 200 28 "https://funds.nicn.gov.ng/display/voucher/29779" "Mozilla/5.0 (Windows NT 10.0; Win64; x64; rv:131.0) Gecko/20100101 Firefox/131.0"
102.91.72.248 - - [16/Oct/2024:06:58:38 -0700] "POST /undate-staff-amount-voucher HTTP/1.1" 200 28 "https://funds.nicn.gov.ng/display/voucher/29779" "Mozilla/5.0 (Windows NT 10.0; Win64; x64; rv:131.0) Gecko/20100101 Firefox/131.0"
102.91.72.248 - - [16/Oct/2024:06:58:41 -0700] "POST /undate-staff-amount-voucher HTTP/1.1" 200 28 "https://funds.nicn.gov.ng/display/voucher/29779" "Mozilla/5.0 (Windows NT 10.0; Win64; x64; rv:131.0) Gecko/20100101 Firefox/131.0"
102.91.72.248 - - [16/Oct/2024:06:58:44 -0700] "POST /undate-staff-amount-voucher HTTP/1.1" 200 28 "https://funds.nicn.gov.ng/display/voucher/29779" "Mozilla/5.0 (Windows NT 10.0; Win64; x64; rv:131.0) Gecko/20100101 Firefox/131.0"
102.91.72.248 - - [16/Oct/2024:06:58:48 -0700] "POST /undate-staff-amount-voucher HTTP/1.1" 200 28 "https://funds.nicn.gov.ng/display/voucher/29779" "Mozilla/5.0 (Windows NT 10.0; Win64; x64; rv:131.0) Gecko/20100101 Firefox/131.0"
102.91.72.248 - - [16/Oct/2024:06:58:51 -0700] "POST /undate-staff-amount-voucher HTTP/1.1" 200 28 "https://funds.nicn.gov.ng/display/voucher/29779" "Mozilla/5.0 (Windows NT 10.0; Win64; x64; rv:131.0) Gecko/20100101 Firefox/131.0"
102.91.72.248 - - [16/Oct/2024:06:58:54 -0700] "POST /undate-staff-amount-voucher HTTP/1.1" 200 28 "https://funds.nicn.gov.ng/display/voucher/29779" "Mozilla/5.0 (Windows NT 10.0; Win64; x64; rv:131.0) Gecko/20100101 Firefox/131.0"
102.91.72.248 - - [16/Oct/2024:06:58:58 -0700] "POST /undate-staff-amount-voucher HTTP/1.1" 200 28 "https://funds.nicn.gov.ng/display/voucher/29779" "Mozilla/5.0 (Windows NT 10.0; Win64; x64; rv:131.0) Gecko/20100101 Firefox/131.0"
197.210.77.115 - - [16/Oct/2024:06:59:02 -0700] "GET /generate/company/e-payment?page=13 HTTP/1.1" 200 149575 "https://funds.nicn.gov.ng/generate/company/e-payment?page=12" "Mozilla/5.0 (Windows NT 10.0; Win64; x64) AppleWebKit/537.36 (KHTML, like Gecko) Chrome/129.0.0.0 Safari/537.36 Edg/129.0.0.0"
197.210.77.115 - - [16/Oct/2024:06:59:06 -0700] "GET /path/to/jquery.min.js HTTP/1.1" 404 4180 "https://funds.nicn.gov.ng/generate/company/e-payment?page=13" "Mozilla/5.0 (Windows NT 10.0; Win64; x64) AppleWebKit/537.36 (KHTML, like Gecko) Chrome/129.0.0.0 Safari/537.36 Edg/129.0.0.0"
197.210.77.115 - - [16/Oct/2024:06:59:07 -0700] "GET /path/to/bootstrap.min.css HTTP/1.1" 404 4180 "https://funds.nicn.gov.ng/generate/company/e-payment?page=13" "Mozilla/5.0 (Windows NT 10.0; Win64; x64) AppleWebKit/537.36 (KHTML, like Gecko) Chrome/129.0.0.0 Safari/537.36 Edg/129.0.0.0"
197.210.77.115 - - [16/Oct/2024:06:59:08 -0700] "GET /path/to/jquery.bs_pagination.min.css HTTP/1.1" 404 4180 "https://funds.nicn.gov.ng/generate/company/e-payment?page=13" "Mozilla/5.0 (Windows NT 10.0; Win64; x64) AppleWebKit/537.36 (KHTML, like Gecko) Chrome/129.0.0.0 Safari/537.36 Edg/129.0.0.0"
197.210.77.115 - - [16/Oct/2024:06:59:08 -0700] "GET /path/to/bootstrap.min.js HTTP/1.1" 404 4180 "https://funds.nicn.gov.ng/generate/company/e-payment?page=13" "Mozilla/5.0 (Windows NT 10.0; Win64; x64) AppleWebKit/537.36 (KHTML, like Gecko) Chrome/129.0.0.0 Safari/537.36 Edg/129.0.0.0"
197.210.77.115 - - [16/Oct/2024:06:59:09 -0700] "GET /path/to/jquery.bs_pagination.min.js HTTP/1.1" 404 4180 "https://funds.nicn.gov.ng/generate/company/e-payment?page=13" "Mozilla/5.0 (Windows NT 10.0; Win64; x64) AppleWebKit/537.36 (KHTML, like Gecko) Chrome/129.0.0.0 Safari/537.36 Edg/129.0.0.0"
197.210.77.115 - - [16/Oct/2024:06:59:09 -0700] "GET /path/to/bs_pagination/localization/en.min.js HTTP/1.1" 404 4180 "https://funds.nicn.gov.ng/generate/company/e-payment?page=13" "Mozilla/5.0 (Windows NT 10.0; Win64; x64) AppleWebKit/537.36 (KHTML, like Gecko) Chrome/129.0.0.0 Safari/537.36 Edg/129.0.0.0"
197.210.77.115 - - [16/Oct/2024:06:59:11 -0700] "GET /companyLogos/watermark-logo17-05-2019-38481558094495.JPG HTTP/1.1" 404 4180 "https://funds.nicn.gov.ng/generate/company/e-payment?page=13" "Mozilla/5.0 (Windows NT 10.0; Win64; x64) AppleWebKit/537.36 (KHTML, like Gecko) Chrome/129.0.0.0 Safari/537.36 Edg/129.0.0.0"
102.91.72.248 - - [16/Oct/2024:06:59:14 -0700] "POST /undate-staff-amount-voucher HTTP/1.1" 200 28 "https://funds.nicn.gov.ng/display/voucher/29779" "Mozilla/5.0 (Windows NT 10.0; Win64; x64; rv:131.0) Gecko/20100101 Firefox/131.0"
102.91.4.33 - - [16/Oct/2024:06:59:16 -0700] "POST /recurrent-create-staff-voucher HTTP/1.1" 302 432 "https://funds.nicn.gov.ng/recurrent-create-staff-voucher" "Mozilla/5.0 (Windows NT 10.0; Win64; x64; rv:131.0) Gecko/20100101 Firefox/131.0"
102.91.72.248 - - [16/Oct/2024:06:59:17 -0700] "POST /undate-staff-amount-voucher HTTP/1.1" 200 28 "https://funds.nicn.gov.ng/display/voucher/29779" "Mozilla/5.0 (Windows NT 10.0; Win64; x64; rv:131.0) Gecko/20100101 Firefox/131.0"
102.91.4.33 - - [16/Oct/2024:06:59:16 -0700] "GET /display/voucher/29785 HTTP/1.1" 200 47922 "https://funds.nicn.gov.ng/recurrent-create-staff-voucher" "Mozilla/5.0 (Windows NT 10.0; Win64; x64; rv:131.0) Gecko/20100101 Firefox/131.0"
102.91.72.248 - - [16/Oct/2024:06:59:19 -0700] "POST /undate-staff-amount-voucher HTTP/1.1" 200 28 "https://funds.nicn.gov.ng/display/voucher/29779" "Mozilla/5.0 (Windows NT 10.0; Win64; x64; rv:131.0) Gecko/20100101 Firefox/131.0"
102.91.72.248 - - [16/Oct/2024:06:59:22 -0700] "POST /undate-staff-amount-voucher HTTP/1.1" 200 28 "https://funds.nicn.gov.ng/display/voucher/29779" "Mozilla/5.0 (Windows NT 10.0; Win64; x64; rv:131.0) Gecko/20100101 Firefox/131.0"
102.91.72.248 - - [16/Oct/2024:06:59:27 -0700] "POST /undate-staff-amount-voucher HTTP/1.1" 200 28 "https://funds.nicn.gov.ng/display/voucher/29779" "Mozilla/5.0 (Windows NT 10.0; Win64; x64; rv:131.0) Gecko/20100101 Firefox/131.0"
102.91.72.248 - - [16/Oct/2024:06:59:29 -0700] "POST /undate-staff-amount-voucher HTTP/1.1" 200 28 "https://funds.nicn.gov.ng/display/voucher/29779" "Mozilla/5.0 (Windows NT 10.0; Win64; x64; rv:131.0) Gecko/20100101 Firefox/131.0"
102.91.72.248 - - [16/Oct/2024:06:59:31 -0700] "POST /undate-staff-amount-voucher HTTP/1.1" 200 28 "https://funds.nicn.gov.ng/display/voucher/29779" "Mozilla/5.0 (Windows NT 10.0; Win64; x64; rv:131.0) Gecko/20100101 Firefox/131.0"
102.91.72.248 - - [16/Oct/2024:06:59:33 -0700] "POST /undate-staff-amount-voucher HTTP/1.1" 200 28 "https://funds.nicn.gov.ng/display/voucher/29779" "Mozilla/5.0 (Windows NT 10.0; Win64; x64; rv:131.0) Gecko/20100101 Firefox/131.0"
102.91.72.248 - - [16/Oct/2024:06:59:42 -0700] "POST /undate-staff-amount-voucher HTTP/1.1" 200 28 "https://funds.nicn.gov.ng/display/voucher/29779" "Mozilla/5.0 (Windows NT 10.0; Win64; x64; rv:131.0) Gecko/20100101 Firefox/131.0"
102.91.72.248 - - [16/Oct/2024:06:59:44 -0700] "POST /undate-staff-amount-voucher HTTP/1.1" 200 28 "https://funds.nicn.gov.ng/display/voucher/29779" "Mozilla/5.0 (Windows NT 10.0; Win64; x64; rv:131.0) Gecko/20100101 Firefox/131.0"
102.91.72.248 - - [16/Oct/2024:06:59:53 -0700] "POST /undate-staff-amount-voucher HTTP/1.1" 200 28 "https://funds.nicn.gov.ng/display/voucher/29779" "Mozilla/5.0 (Windows NT 10.0; Win64; x64; rv:131.0) Gecko/20100101 Firefox/131.0"
102.91.72.248 - - [16/Oct/2024:06:59:55 -0700] "POST /undate-staff-amount-voucher HTTP/1.1" 200 28 "https://funds.nicn.gov.ng/display/voucher/29779" "Mozilla/5.0 (Windows NT 10.0; Win64; x64; rv:131.0) Gecko/20100101 Firefox/131.0"
102.91.72.248 - - [16/Oct/2024:06:59:58 -0700] "POST /undate-staff-amount-voucher HTTP/1.1" 200 28 "https://funds.nicn.gov.ng/display/voucher/29779" "Mozilla/5.0 (Windows NT 10.0; Win64; x64; rv:131.0) Gecko/20100101 Firefox/131.0"
102.91.72.248 - - [16/Oct/2024:07:00:01 -0700] "POST /undate-staff-amount-voucher HTTP/1.1" 200 28 "https://funds.nicn.gov.ng/display/voucher/29779" "Mozilla/5.0 (Windows NT 10.0; Win64; x64; rv:131.0) Gecko/20100101 Firefox/131.0"
102.91.72.248 - - [16/Oct/2024:07:00:04 -0700] "POST /undate-staff-amount-voucher HTTP/1.1" 200 28 "https://funds.nicn.gov.ng/display/voucher/29779" "Mozilla/5.0 (Windows NT 10.0; Win64; x64; rv:131.0) Gecko/20100101 Firefox/131.0"
102.91.72.248 - - [16/Oct/2024:07:00:26 -0700] "POST /undate-staff-amount-voucher HTTP/1.1" 200 28 "https://funds.nicn.gov.ng/display/voucher/29779" "Mozilla/5.0 (Windows NT 10.0; Win64; x64; rv:131.0) Gecko/20100101 Firefox/131.0"
102.91.72.248 - - [16/Oct/2024:07:00:26 -0700] "POST /undate-staff-amount-voucher HTTP/1.1" 200 28 "https://funds.nicn.gov.ng/display/voucher/29779" "Mozilla/5.0 (Windows NT 10.0; Win64; x64; rv:131.0) Gecko/20100101 Firefox/131.0"
