102.91.72.248 - - [16/Oct/2024:07:00:26 -0700] "POST /undate-staff-amount-voucher HTTP/1.1" 200 28 "https://funds.nicn.gov.ng/display/voucher/29779" "Mozilla/5.0 (Windows NT 10.0; Win64; x64; rv:131.0) Gecko/20100101 Firefox/131.0"
102.91.72.248 - - [16/Oct/2024:07:00:26 -0700] "POST /undate-staff-amount-voucher HTTP/1.1" 200 28 "https://funds.nicn.gov.ng/display/voucher/29779" "Mozilla/5.0 (Windows NT 10.0; Win64; x64; rv:131.0) Gecko/20100101 Firefox/131.0"
102.91.72.248 - - [16/Oct/2024:07:00:27 -0700] "POST /undate-staff-amount-voucher HTTP/1.1" 200 28 "https://funds.nicn.gov.ng/display/voucher/29779" "Mozilla/5.0 (Windows NT 10.0; Win64; x64; rv:131.0) Gecko/20100101 Firefox/131.0"
102.91.72.248 - - [16/Oct/2024:07:00:27 -0700] "POST /undate-staff-amount-voucher HTTP/1.1" 200 28 "https://funds.nicn.gov.ng/display/voucher/29779" "Mozilla/5.0 (Windows NT 10.0; Win64; x64; rv:131.0) Gecko/20100101 Firefox/131.0"
102.91.72.248 - - [16/Oct/2024:07:00:28 -0700] "POST /undate-staff-amount-voucher HTTP/1.1" 200 28 "https://funds.nicn.gov.ng/display/voucher/29779" "Mozilla/5.0 (Windows NT 10.0; Win64; x64; rv:131.0) Gecko/20100101 Firefox/131.0"
102.91.72.248 - - [16/Oct/2024:07:00:28 -0700] "POST /sub-account/process-selected-staff HTTP/1.1" 302 432 "https://funds.nicn.gov.ng/display/voucher/29776" "Mozilla/5.0 (Windows NT 10.0; Win64; x64) AppleWebKit/537.36 (KHTML, like Gecko) Chrome/109.0.0.0 Safari/537.36"
197.210.77.115 - - [16/Oct/2024:07:00:28 -0700] "GET /generate/company/e-payment?page=14 HTTP/1.1" 200 149584 "https://funds.nicn.gov.ng/generate/company/e-payment?page=13" "Mozilla/5.0 (Windows NT 10.0; Win64; x64) AppleWebKit/537.36 (KHTML, like Gecko) Chrome/129.0.0.0 Safari/537.36 Edg/129.0.0.0"
102.91.72.248 - - [16/Oct/2024:07:00:31 -0700] "POST /undate-staff-amount-voucher HTTP/1.1" 200 28 "https://funds.nicn.gov.ng/display/voucher/29779" "Mozilla/5.0 (Windows NT 10.0; Win64; x64; rv:131.0) Gecko/20100101 Firefox/131.0"
197.210.77.115 - - [16/Oct/2024:07:00:33 -0700] "GET /companyLogos/watermark-logo17-05-2019-38481558094495.JPG HTTP/1.1" 404 4180 "https://funds.nicn.gov.ng/generate/company/e-payment?page=14" "Mozilla/5.0 (Windows NT 10.0; Win64; x64) AppleWebKit/537.36 (KHTML, like Gecko) Chrome/129.0.0.0 Safari/537.36 Edg/129.0.0.0"
197.210.77.115 - - [16/Oct/2024:07:00:33 -0700] "GET /path/to/jquery.min.js HTTP/1.1" 404 4180 "https://funds.nicn.gov.ng/generate/company/e-payment?page=14" "Mozilla/5.0 (Windows NT 10.0; Win64; x64) AppleWebKit/537.36 (KHTML, like Gecko) Chrome/129.0.0.0 Safari/537.36 Edg/129.0.0.0"
197.210.77.115 - - [16/Oct/2024:07:00:35 -0700] "GET /path/to/bootstrap.min.css HTTP/1.1" 404 4180 "https://funds.nicn.gov.ng/generate/company/e-payment?page=14" "Mozilla/5.0 (Windows NT 10.0; Win64; x64) AppleWebKit/537.36 (KHTML, like Gecko) Chrome/129.0.0.0 Safari/537.36 Edg/129.0.0.0"
197.210.77.115 - - [16/Oct/2024:07:00:36 -0700] "GET /path/to/bootstrap.min.js HTTP/1.1" 404 4180 "https://funds.nicn.gov.ng/generate/company/e-payment?page=14" "Mozilla/5.0 (Windows NT 10.0; Win64; x64) AppleWebKit/537.36 (KHTML, like Gecko) Chrome/129.0.0.0 Safari/537.36 Edg/129.0.0.0"
197.210.77.115 - - [16/Oct/2024:07:00:36 -0700] "GET /path/to/jquery.bs_pagination.min.css HTTP/1.1" 404 4180 "https://funds.nicn.gov.ng/generate/company/e-payment?page=14" "Mozilla/5.0 (Windows NT 10.0; Win64; x64) AppleWebKit/537.36 (KHTML, like Gecko) Chrome/129.0.0.0 Safari/537.36 Edg/129.0.0.0"
197.210.77.115 - - [16/Oct/2024:07:00:36 -0700] "GET /path/to/jquery.bs_pagination.min.js HTTP/1.1" 404 4180 "https://funds.nicn.gov.ng/generate/company/e-payment?page=14" "Mozilla/5.0 (Windows NT 10.0; Win64; x64) AppleWebKit/537.36 (KHTML, like Gecko) Chrome/129.0.0.0 Safari/537.36 Edg/129.0.0.0"
197.210.77.115 - - [16/Oct/2024:07:00:38 -0700] "GET /path/to/bs_pagination/localization/en.min.js HTTP/1.1" 404 4180 "https://funds.nicn.gov.ng/generate/company/e-payment?page=14" "Mozilla/5.0 (Windows NT 10.0; Win64; x64) AppleWebKit/537.36 (KHTML, like Gecko) Chrome/129.0.0.0 Safari/537.36 Edg/129.0.0.0"
102.91.72.248 - - [16/Oct/2024:07:00:57 -0700] "POST /undate-staff-amount-voucher HTTP/1.1" 200 28 "https://funds.nicn.gov.ng/display/voucher/29779" "Mozilla/5.0 (Windows NT 10.0; Win64; x64; rv:131.0) Gecko/20100101 Firefox/131.0"
102.91.72.248 - - [16/Oct/2024:07:00:57 -0700] "POST /undate-staff-amount-voucher HTTP/1.1" 200 28 "https://funds.nicn.gov.ng/display/voucher/29779" "Mozilla/5.0 (Windows NT 10.0; Win64; x64; rv:131.0) Gecko/20100101 Firefox/131.0"
102.91.72.248 - - [16/Oct/2024:07:00:57 -0700] "POST /undate-staff-amount-voucher HTTP/1.1" 200 28 "https://funds.nicn.gov.ng/display/voucher/29779" "Mozilla/5.0 (Windows NT 10.0; Win64; x64; rv:131.0) Gecko/20100101 Firefox/131.0"
102.91.72.248 - - [16/Oct/2024:07:00:57 -0700] "POST /undate-staff-amount-voucher HTTP/1.1" 200 28 "https://funds.nicn.gov.ng/display/voucher/29779" "Mozilla/5.0 (Windows NT 10.0; Win64; x64; rv:131.0) Gecko/20100101 Firefox/131.0"
102.91.72.248 - - [16/Oct/2024:07:00:57 -0700] "POST /undate-staff-amount-voucher HTTP/1.1" 200 28 "https://funds.nicn.gov.ng/display/voucher/29779" "Mozilla/5.0 (Windows NT 10.0; Win64; x64; rv:131.0) Gecko/20100101 Firefox/131.0"
102.91.72.248 - - [16/Oct/2024:07:00:57 -0700] "POST /undate-staff-amount-voucher HTTP/1.1" 200 28 "https://funds.nicn.gov.ng/display/voucher/29779" "Mozilla/5.0 (Windows NT 10.0; Win64; x64; rv:131.0) Gecko/20100101 Firefox/131.0"
102.91.72.248 - - [16/Oct/2024:07:00:57 -0700] "POST /undate-staff-amount-voucher HTTP/1.1" 200 28 "https://funds.nicn.gov.ng/display/voucher/29779" "Mozilla/5.0 (Windows NT 10.0; Win64; x64; rv:131.0) Gecko/20100101 Firefox/131.0"
102.91.72.248 - - [16/Oct/2024:07:01:00 -0700] "POST /undate-staff-amount-voucher HTTP/1.1" 200 28 "https://funds.nicn.gov.ng/display/voucher/29779" "Mozilla/5.0 (Windows NT 10.0; Win64; x64; rv:131.0) Gecko/20100101 Firefox/131.0"
102.91.72.248 - - [16/Oct/2024:07:01:03 -0700] "POST /undate-staff-amount-voucher HTTP/1.1" 200 28 "https://funds.nicn.gov.ng/display/voucher/29779" "Mozilla/5.0 (Windows NT 10.0; Win64; x64; rv:131.0) Gecko/20100101 Firefox/131.0"
102.91.72.248 - - [16/Oct/2024:07:01:05 -0700] "POST /undate-staff-amount-voucher HTTP/1.1" 200 28 "https://funds.nicn.gov.ng/display/voucher/29779" "Mozilla/5.0 (Windows NT 10.0; Win64; x64; rv:131.0) Gecko/20100101 Firefox/131.0"
102.91.72.248 - - [16/Oct/2024:07:00:29 -0700] "GET /display/voucher/29776 HTTP/1.1" 200 699239 "https://funds.nicn.gov.ng/display/voucher/29776" "Mozilla/5.0 (Windows NT 10.0; Win64; x64) AppleWebKit/537.36 (KHTML, like Gecko) Chrome/109.0.0.0 Safari/537.36"
102.91.72.248 - - [16/Oct/2024:07:01:17 -0700] "POST /undate-staff-amount-voucher HTTP/1.1" 200 28 "https://funds.nicn.gov.ng/display/voucher/29779" "Mozilla/5.0 (Windows NT 10.0; Win64; x64; rv:131.0) Gecko/20100101 Firefox/131.0"
102.91.72.248 - - [16/Oct/2024:07:01:17 -0700] "POST /undate-staff-amount-voucher HTTP/1.1" 200 28 "https://funds.nicn.gov.ng/display/voucher/29779" "Mozilla/5.0 (Windows NT 10.0; Win64; x64; rv:131.0) Gecko/20100101 Firefox/131.0"
102.91.72.248 - - [16/Oct/2024:07:01:18 -0700] "POST /undate-staff-amount-voucher HTTP/1.1" 200 28 "https://funds.nicn.gov.ng/display/voucher/29779" "Mozilla/5.0 (Windows NT 10.0; Win64; x64; rv:131.0) Gecko/20100101 Firefox/131.0"
102.91.72.248 - - [16/Oct/2024:07:01:21 -0700] "POST /undate-staff-amount-voucher HTTP/1.1" 200 28 "https://funds.nicn.gov.ng/display/voucher/29779" "Mozilla/5.0 (Windows NT 10.0; Win64; x64; rv:131.0) Gecko/20100101 Firefox/131.0"
102.91.72.248 - - [16/Oct/2024:07:01:25 -0700] "POST /undate-staff-amount-voucher HTTP/1.1" 200 28 "https://funds.nicn.gov.ng/display/voucher/29779" "Mozilla/5.0 (Windows NT 10.0; Win64; x64; rv:131.0) Gecko/20100101 Firefox/131.0"
102.91.72.248 - - [16/Oct/2024:07:01:27 -0700] "POST /undate-staff-amount-voucher HTTP/1.1" 200 27 "https://funds.nicn.gov.ng/display/voucher/29779" "Mozilla/5.0 (Windows NT 10.0; Win64; x64; rv:131.0) Gecko/20100101 Firefox/131.0"
102.91.72.248 - - [16/Oct/2024:07:01:29 -0700] "POST /undate-staff-amount-voucher HTTP/1.1" 200 28 "https://funds.nicn.gov.ng/display/voucher/29779" "Mozilla/5.0 (Windows NT 10.0; Win64; x64; rv:131.0) Gecko/20100101 Firefox/131.0"
102.91.72.248 - - [16/Oct/2024:07:01:50 -0700] "POST /undate-staff-amount-voucher HTTP/1.1" 200 28 "https://funds.nicn.gov.ng/display/voucher/29779" "Mozilla/5.0 (Windows NT 10.0; Win64; x64; rv:131.0) Gecko/20100101 Firefox/131.0"
102.91.72.248 - - [16/Oct/2024:07:01:51 -0700] "POST /recurrent/update/voucher-amount HTTP/1.1" 302 432 "https://funds.nicn.gov.ng/display/voucher/29779" "Mozilla/5.0 (Windows NT 10.0; Win64; x64; rv:131.0) Gecko/20100101 Firefox/131.0"
102.91.72.248 - - [16/Oct/2024:07:01:52 -0700] "GET /display/voucher/29779 HTTP/1.1" 200 824123 "https://funds.nicn.gov.ng/display/voucher/29779" "Mozilla/5.0 (Windows NT 10.0; Win64; x64; rv:131.0) Gecko/20100101 Firefox/131.0"
197.210.77.115 - - [16/Oct/2024:07:02:05 -0700] "GET /generate/company/e-payment?page=15 HTTP/1.1" 200 149615 "https://funds.nicn.gov.ng/generate/company/e-payment?page=14" "Mozilla/5.0 (Windows NT 10.0; Win64; x64) AppleWebKit/537.36 (KHTML, like Gecko) Chrome/129.0.0.0 Safari/537.36 Edg/129.0.0.0"
197.210.77.115 - - [16/Oct/2024:07:02:09 -0700] "GET /path/to/jquery.min.js HTTP/1.1" 404 4180 "https://funds.nicn.gov.ng/generate/company/e-payment?page=15" "Mozilla/5.0 (Windows NT 10.0; Win64; x64) AppleWebKit/537.36 (KHTML, like Gecko) Chrome/129.0.0.0 Safari/537.36 Edg/129.0.0.0"
197.210.77.115 - - [16/Oct/2024:07:02:10 -0700] "GET /path/to/bootstrap.min.css HTTP/1.1" 404 4180 "https://funds.nicn.gov.ng/generate/company/e-payment?page=15" "Mozilla/5.0 (Windows NT 10.0; Win64; x64) AppleWebKit/537.36 (KHTML, like Gecko) Chrome/129.0.0.0 Safari/537.36 Edg/129.0.0.0"
197.210.77.115 - - [16/Oct/2024:07:02:12 -0700] "GET /companyLogos/watermark-logo17-05-2019-38481558094495.JPG HTTP/1.1" 404 4180 "https://funds.nicn.gov.ng/generate/company/e-payment?page=15" "Mozilla/5.0 (Windows NT 10.0; Win64; x64) AppleWebKit/537.36 (KHTML, like Gecko) Chrome/129.0.0.0 Safari/537.36 Edg/129.0.0.0"
197.210.77.115 - - [16/Oct/2024:07:02:13 -0700] "GET /path/to/bootstrap.min.js HTTP/1.1" 404 4180 "https://funds.nicn.gov.ng/generate/company/e-payment?page=15" "Mozilla/5.0 (Windows NT 10.0; Win64; x64) AppleWebKit/537.36 (KHTML, like Gecko) Chrome/129.0.0.0 Safari/537.36 Edg/129.0.0.0"
197.210.77.115 - - [16/Oct/2024:07:02:13 -0700] "GET /path/to/bs_pagination/localization/en.min.js HTTP/1.1" 404 4180 "https://funds.nicn.gov.ng/generate/company/e-payment?page=15" "Mozilla/5.0 (Windows NT 10.0; Win64; x64) AppleWebKit/537.36 (KHTML, like Gecko) Chrome/129.0.0.0 Safari/537.36 Edg/129.0.0.0"
197.210.77.115 - - [16/Oct/2024:07:02:13 -0700] "GET /path/to/jquery.bs_pagination.min.js HTTP/1.1" 404 4180 "https://funds.nicn.gov.ng/generate/company/e-payment?page=15" "Mozilla/5.0 (Windows NT 10.0; Win64; x64) AppleWebKit/537.36 (KHTML, like Gecko) Chrome/129.0.0.0 Safari/537.36 Edg/129.0.0.0"
197.210.77.115 - - [16/Oct/2024:07:02:13 -0700] "GET /path/to/jquery.bs_pagination.min.css HTTP/1.1" 404 4180 "https://funds.nicn.gov.ng/generate/company/e-payment?page=15" "Mozilla/5.0 (Windows NT 10.0; Win64; x64) AppleWebKit/537.36 (KHTML, like Gecko) Chrome/129.0.0.0 Safari/537.36 Edg/129.0.0.0"
102.91.72.248 - - [16/Oct/2024:07:02:37 -0700] "POST /recurrent/staff/add-to-list/voucher HTTP/1.1" 302 432 "https://funds.nicn.gov.ng/display/voucher/29776" "Mozilla/5.0 (Windows NT 10.0; Win64; x64) AppleWebKit/537.36 (KHTML, like Gecko) Chrome/109.0.0.0 Safari/537.36"
197.210.77.115 - - [16/Oct/2024:07:03:36 -0700] "GET /generate/company/e-payment?page=16 HTTP/1.1" 200 141496 "https://funds.nicn.gov.ng/generate/company/e-payment?page=15" "Mozilla/5.0 (Windows NT 10.0; Win64; x64) AppleWebKit/537.36 (KHTML, like Gecko) Chrome/129.0.0.0 Safari/537.36 Edg/129.0.0.0"
197.210.77.115 - - [16/Oct/2024:07:03:39 -0700] "GET /path/to/jquery.min.js HTTP/1.1" 404 4180 "https://funds.nicn.gov.ng/generate/company/e-payment?page=16" "Mozilla/5.0 (Windows NT 10.0; Win64; x64) AppleWebKit/537.36 (KHTML, like Gecko) Chrome/129.0.0.0 Safari/537.36 Edg/129.0.0.0"
197.210.77.115 - - [16/Oct/2024:07:03:40 -0700] "GET /path/to/bootstrap.min.css HTTP/1.1" 404 4180 "https://funds.nicn.gov.ng/generate/company/e-payment?page=16" "Mozilla/5.0 (Windows NT 10.0; Win64; x64) AppleWebKit/537.36 (KHTML, like Gecko) Chrome/129.0.0.0 Safari/537.36 Edg/129.0.0.0"
197.210.77.115 - - [16/Oct/2024:07:03:42 -0700] "GET /path/to/bs_pagination/localization/en.min.js HTTP/1.1" 404 4180 "https://funds.nicn.gov.ng/generate/company/e-payment?page=16" "Mozilla/5.0 (Windows NT 10.0; Win64; x64) AppleWebKit/537.36 (KHTML, like Gecko) Chrome/129.0.0.0 Safari/537.36 Edg/129.0.0.0"
197.210.77.115 - - [16/Oct/2024:07:03:42 -0700] "GET /path/to/bootstrap.min.js HTTP/1.1" 404 4180 "https://funds.nicn.gov.ng/generate/company/e-payment?page=16" "Mozilla/5.0 (Windows NT 10.0; Win64; x64) AppleWebKit/537.36 (KHTML, like Gecko) Chrome/129.0.0.0 Safari/537.36 Edg/129.0.0.0"
197.210.77.115 - - [16/Oct/2024:07:03:43 -0700] "GET /path/to/jquery.bs_pagination.min.js HTTP/1.1" 404 4180 "https://funds.nicn.gov.ng/generate/company/e-payment?page=16" "Mozilla/5.0 (Windows NT 10.0; Win64; x64) AppleWebKit/537.36 (KHTML, like Gecko) Chrome/129.0.0.0 Safari/537.36 Edg/129.0.0.0"
197.210.77.115 - - [16/Oct/2024:07:03:43 -0700] "GET /companyLogos/watermark-logo17-05-2019-38481558094495.JPG HTTP/1.1" 404 4180 "https://funds.nicn.gov.ng/generate/company/e-payment?page=16" "Mozilla/5.0 (Windows NT 10.0; Win64; x64) AppleWebKit/537.36 (KHTML, like Gecko) Chrome/129.0.0.0 Safari/537.36 Edg/129.0.0.0"
197.210.77.115 - - [16/Oct/2024:07:03:43 -0700] "GET /path/to/jquery.bs_pagination.min.css HTTP/1.1" 404 4180 "https://funds.nicn.gov.ng/generate/company/e-payment?page=16" "Mozilla/5.0 (Windows NT 10.0; Win64; x64) AppleWebKit/537.36 (KHTML, like Gecko) Chrome/129.0.0.0 Safari/537.36 Edg/129.0.0.0"
102.91.72.248 - - [16/Oct/2024:07:02:37 -0700] "GET /display/voucher/29776 HTTP/1.1" 200 417744 "https://funds.nicn.gov.ng/display/voucher/29776" "Mozilla/5.0 (Windows NT 10.0; Win64; x64) AppleWebKit/537.36 (KHTML, like Gecko) Chrome/109.0.0.0 Safari/537.36"
102.91.72.248 - - [16/Oct/2024:07:03:49 -0700] "GET /display/voucher/29776 HTTP/1.1" 200 701498 "https://funds.nicn.gov.ng/display/voucher/29776" "Mozilla/5.0 (Windows NT 10.0; Win64; x64) AppleWebKit/537.36 (KHTML, like Gecko) Chrome/109.0.0.0 Safari/537.36"
197.210.77.115 - - [16/Oct/2024:07:04:39 -0700] "GET /all/e-payment/archive HTTP/1.1" 200 133977 "https://funds.nicn.gov.ng/generate/company/e-payment?page=16" "Mozilla/5.0 (Windows NT 10.0; Win64; x64) AppleWebKit/537.36 (KHTML, like Gecko) Chrome/129.0.0.0 Safari/537.36 Edg/129.0.0.0"
102.91.72.248 - - [16/Oct/2024:07:05:19 -0700] "GET /voucher/check HTTP/1.1" 200 114680 "https://funds.nicn.gov.ng/display/voucher/29779" "Mozilla/5.0 (Windows NT 10.0; Win64; x64; rv:131.0) Gecko/20100101 Firefox/131.0"
102.91.72.248 - - [16/Oct/2024:07:05:41 -0700] "GET /voucher/check HTTP/1.1" 200 139248 "https://funds.nicn.gov.ng/display/voucher/29779" "Mozilla/5.0 (Windows NT 10.0; Win64; x64; rv:131.0) Gecko/20100101 Firefox/131.0"
102.91.72.248 - - [16/Oct/2024:07:05:41 -0700] "GET /voucher/check HTTP/1.1" 200 579532 "https://funds.nicn.gov.ng/display/voucher/29779" "Mozilla/5.0 (Windows NT 10.0; Win64; x64; rv:131.0) Gecko/20100101 Firefox/131.0"
102.91.72.248 - - [16/Oct/2024:07:05:58 -0700] "GET /voucher/edit/29779 HTTP/1.1" 200 49568 "https://funds.nicn.gov.ng/voucher/check" "Mozilla/5.0 (Windows NT 10.0; Win64; x64; rv:131.0) Gecko/20100101 Firefox/131.0"
197.210.77.115 - - [16/Oct/2024:07:05:52 -0700] "GET /generate-epayment-report HTTP/1.1" 200 60601 "https://funds.nicn.gov.ng/all/e-payment/archive" "Mozilla/5.0 (Windows NT 10.0; Win64; x64) AppleWebKit/537.36 (KHTML, like Gecko) Chrome/129.0.0.0 Safari/537.36 Edg/129.0.0.0"
102.91.4.33 - - [16/Oct/2024:07:06:04 -0700] "POST /recurrent-create-staff-voucher HTTP/1.1" 302 432 "https://funds.nicn.gov.ng/recurrent-create-staff-voucher" "Mozilla/5.0 (Windows NT 10.0; Win64; x64; rv:131.0) Gecko/20100101 Firefox/131.0"
102.91.4.33 - - [16/Oct/2024:07:06:05 -0700] "GET /display/voucher/29787 HTTP/1.1" 200 47999 "https://funds.nicn.gov.ng/recurrent-create-staff-voucher" "Mozilla/5.0 (Windows NT 10.0; Win64; x64; rv:131.0) Gecko/20100101 Firefox/131.0"
197.210.77.115 - - [16/Oct/2024:07:06:11 -0700] "POST /search-for-committed-voucher HTTP/1.1" 302 444 "https://funds.nicn.gov.ng/generate-epayment-report" "Mozilla/5.0 (Windows NT 10.0; Win64; x64) AppleWebKit/537.36 (KHTML, like Gecko) Chrome/129.0.0.0 Safari/537.36 Edg/129.0.0.0"
197.210.77.115 - - [16/Oct/2024:07:06:11 -0700] "GET /generate-epayment-report HTTP/1.1" 200 60601 "https://funds.nicn.gov.ng/generate-epayment-report" "Mozilla/5.0 (Windows NT 10.0; Win64; x64) AppleWebKit/537.36 (KHTML, like Gecko) Chrome/129.0.0.0 Safari/537.36 Edg/129.0.0.0"
102.91.4.33 - - [16/Oct/2024:07:07:43 -0700] "POST /recurrent-create-staff-voucher HTTP/1.1" 302 448 "https://www.funds.nicn.gov.ng/recurrent-create-staff-voucher" "Mozilla/5.0 (Windows NT 10.0; Win64; x64; rv:131.0) Gecko/20100101 Firefox/131.0"
102.91.4.33 - - [16/Oct/2024:07:07:44 -0700] "GET /display/voucher/29788 HTTP/1.1" 200 48073 "https://www.funds.nicn.gov.ng/recurrent-create-staff-voucher" "Mozilla/5.0 (Windows NT 10.0; Win64; x64; rv:131.0) Gecko/20100101 Firefox/131.0"
102.91.72.248 - - [16/Oct/2024:07:07:55 -0700] "POST /process-voucher/edit HTTP/1.1" 302 432 "https://funds.nicn.gov.ng/voucher/edit/29779" "Mozilla/5.0 (Windows NT 10.0; Win64; x64; rv:131.0) Gecko/20100101 Firefox/131.0"
102.91.72.248 - - [16/Oct/2024:07:07:56 -0700] "POST /recurrent/staff/add-to-list/voucher HTTP/1.1" 302 432 "https://funds.nicn.gov.ng/display/voucher/29776" "Mozilla/5.0 (Windows NT 10.0; Win64; x64) AppleWebKit/537.36 (KHTML, like Gecko) Chrome/109.0.0.0 Safari/537.36"
102.91.4.33 - - [16/Oct/2024:07:08:11 -0700] "GET /search-staff-from-db-voucher-JSON/ol HTTP/1.1" 200 74102 "https://www.funds.nicn.gov.ng/display/voucher/29788" "Mozilla/5.0 (Windows NT 10.0; Win64; x64; rv:131.0) Gecko/20100101 Firefox/131.0"
102.91.4.33 - - [16/Oct/2024:07:08:12 -0700] "GET /search-staff-from-db-voucher-JSON/olu HTTP/1.1" 200 22760 "https://www.funds.nicn.gov.ng/display/voucher/29788" "Mozilla/5.0 (Windows NT 10.0; Win64; x64; rv:131.0) Gecko/20100101 Firefox/131.0"
102.91.4.33 - - [16/Oct/2024:07:08:12 -0700] "GET /search-staff-from-db-voucher-JSON/oluwa HTTP/1.1" 200 13372 "https://www.funds.nicn.gov.ng/display/voucher/29788" "Mozilla/5.0 (Windows NT 10.0; Win64; x64; rv:131.0) Gecko/20100101 Firefox/131.0"
102.91.4.33 - - [16/Oct/2024:07:08:12 -0700] "GET /search-staff-from-db-voucher-JSON/oluw HTTP/1.1" 200 13696 "https://www.funds.nicn.gov.ng/display/voucher/29788" "Mozilla/5.0 (Windows NT 10.0; Win64; x64; rv:131.0) Gecko/20100101 Firefox/131.0"
102.91.4.33 - - [16/Oct/2024:07:08:11 -0700] "GET /search-staff-from-db-voucher-JSON/o HTTP/1.1" 200 274543 "https://www.funds.nicn.gov.ng/display/voucher/29788" "Mozilla/5.0 (Windows NT 10.0; Win64; x64; rv:131.0) Gecko/20100101 Firefox/131.0"
102.91.4.33 - - [16/Oct/2024:07:08:14 -0700] "GET /search-staff-from-db-voucher-JSON/oluwak HTTP/1.1" 200 1602 "https://www.funds.nicn.gov.ng/display/voucher/29788" "Mozilla/5.0 (Windows NT 10.0; Win64; x64; rv:131.0) Gecko/20100101 Firefox/131.0"
102.91.4.33 - - [16/Oct/2024:07:08:14 -0700] "GET /search-staff-from-db-voucher-JSON/oluwakem HTTP/1.1" 200 1438 "https://www.funds.nicn.gov.ng/display/voucher/29788" "Mozilla/5.0 (Windows NT 10.0; Win64; x64; rv:131.0) Gecko/20100101 Firefox/131.0"
102.91.4.33 - - [16/Oct/2024:07:08:14 -0700] "GET /search-staff-from-db-voucher-JSON/oluwake HTTP/1.1" 200 1438 "https://www.funds.nicn.gov.ng/display/voucher/29788" "Mozilla/5.0 (Windows NT 10.0; Win64; x64; rv:131.0) Gecko/20100101 Firefox/131.0"
102.91.4.33 - - [16/Oct/2024:07:08:14 -0700] "GET /search-staff-from-db-voucher-JSON/oluwakemi HTTP/1.1" 200 1438 "https://www.funds.nicn.gov.ng/display/voucher/29788" "Mozilla/5.0 (Windows NT 10.0; Win64; x64; rv:131.0) Gecko/20100101 Firefox/131.0"
102.91.4.33 - - [16/Oct/2024:07:08:14 -0700] "GET /search-staff-from-db-voucher-JSON/oluwakemi HTTP/1.1" 200 1438 "https://www.funds.nicn.gov.ng/display/voucher/29788" "Mozilla/5.0 (Windows NT 10.0; Win64; x64; rv:131.0) Gecko/20100101 Firefox/131.0"
102.91.4.33 - - [16/Oct/2024:07:08:15 -0700] "GET /search-staff-from-db-voucher-JSON/oluwakemi%20o HTTP/1.1" 200 274543 "https://www.funds.nicn.gov.ng/display/voucher/29788" "Mozilla/5.0 (Windows NT 10.0; Win64; x64; rv:131.0) Gecko/20100101 Firefox/131.0"
102.91.4.33 - - [16/Oct/2024:07:08:16 -0700] "GET /search-staff-from-db-voucher-JSON/oluwakemi%20og HTTP/1.1" 200 21408 "https://www.funds.nicn.gov.ng/display/voucher/29788" "Mozilla/5.0 (Windows NT 10.0; Win64; x64; rv:131.0) Gecko/20100101 Firefox/131.0"
102.91.4.33 - - [16/Oct/2024:07:08:07 -0700] "GET /search-staff-from-db-voucher-JSON/a HTTP/1.1" 200 466221 "https://www.funds.nicn.gov.ng/display/voucher/29788" "Mozilla/5.0 (Windows NT 10.0; Win64; x64; rv:131.0) Gecko/20100101 Firefox/131.0"
102.91.4.33 - - [16/Oct/2024:07:08:19 -0700] "GET /search-staff-from-db-voucher-JSON/oluwakemi%20ogu HTTP/1.1" 200 11990 "https://www.funds.nicn.gov.ng/display/voucher/29788" "Mozilla/5.0 (Windows NT 10.0; Win64; x64; rv:131.0) Gecko/20100101 Firefox/131.0"
102.91.4.33 - - [16/Oct/2024:07:08:19 -0700] "GET /search-staff-from-db-voucher-JSON/oluwakemi%20ogu HTTP/1.1" 200 11990 "https://www.funds.nicn.gov.ng/display/voucher/29788" "Mozilla/5.0 (Windows NT 10.0; Win64; x64; rv:131.0) Gecko/20100101 Firefox/131.0"
102.91.72.248 - - [16/Oct/2024:07:07:55 -0700] "GET /display/voucher/29779 HTTP/1.1" 200 823805 "https://funds.nicn.gov.ng/voucher/edit/29779" "Mozilla/5.0 (Windows NT 10.0; Win64; x64; rv:131.0) Gecko/20100101 Firefox/131.0"
102.91.4.33 - - [16/Oct/2024:07:08:23 -0700] "GET /search-staff-from-db-voucher-JSON/oluwakemi%20ogu HTTP/1.1" 200 11990 "https://www.funds.nicn.gov.ng/display/voucher/29788" "Mozilla/5.0 (Windows NT 10.0; Win64; x64; rv:131.0) Gecko/20100101 Firefox/131.0"
102.91.4.33 - - [16/Oct/2024:07:08:24 -0700] "GET /search-staff-from-db-voucher-JSON/oluwakemi%20ogu HTTP/1.1" 200 11990 "https://www.funds.nicn.gov.ng/display/voucher/29788" "Mozilla/5.0 (Windows NT 10.0; Win64; x64; rv:131.0) Gecko/20100101 Firefox/131.0"
102.91.4.33 - - [16/Oct/2024:07:08:25 -0700] "GET /search-staff-from-db-voucher-JSON/oluwakemi%20ogun HTTP/1.1" 200 10922 "https://www.funds.nicn.gov.ng/display/voucher/29788" "Mozilla/5.0 (Windows NT 10.0; Win64; x64; rv:131.0) Gecko/20100101 Firefox/131.0"
102.91.4.33 - - [16/Oct/2024:07:08:21 -0700] "GET /search-staff-from-db-voucher-JSON/oluwakemi%20ogu%20n HTTP/1.1" 200 283073 "https://www.funds.nicn.gov.ng/display/voucher/29788" "Mozilla/5.0 (Windows NT 10.0; Win64; x64; rv:131.0) Gecko/20100101 Firefox/131.0"
102.91.4.33 - - [16/Oct/2024:07:08:28 -0700] "GET /search-staff-from-db-voucher-JSON/oluwakemi%20oguns HTTP/1.1" 200 2271 "https://www.funds.nicn.gov.ng/display/voucher/29788" "Mozilla/5.0 (Windows NT 10.0; Win64; x64; rv:131.0) Gecko/20100101 Firefox/131.0"
102.91.4.33 - - [16/Oct/2024:07:08:28 -0700] "GET /search-staff-from-db-voucher-JSON/oluwakemi%20ogunsa HTTP/1.1" 200 1934 "https://www.funds.nicn.gov.ng/display/voucher/29788" "Mozilla/5.0 (Windows NT 10.0; Win64; x64; rv:131.0) Gecko/20100101 Firefox/131.0"
102.91.4.33 - - [16/Oct/2024:07:08:28 -0700] "GET /search-staff-from-db-voucher-JSON/oluwakemi%20ogunsak HTTP/1.1" 200 1604 "https://www.funds.nicn.gov.ng/display/voucher/29788" "Mozilla/5.0 (Windows NT 10.0; Win64; x64; rv:131.0) Gecko/20100101 Firefox/131.0"
102.91.4.33 - - [16/Oct/2024:07:08:29 -0700] "GET /search-staff-from-db-voucher-JSON/oluwakemi%20ogunsaki HTTP/1.1" 200 1604 "https://www.funds.nicn.gov.ng/display/voucher/29788" "Mozilla/5.0 (Windows NT 10.0; Win64; x64; rv:131.0) Gecko/20100101 Firefox/131.0"
102.91.4.33 - - [16/Oct/2024:07:08:29 -0700] "GET /search-staff-from-db-voucher-JSON/oluwakemi%20ogunsakin HTTP/1.1" 200 1604 "https://www.funds.nicn.gov.ng/display/voucher/29788" "Mozilla/5.0 (Windows NT 10.0; Win64; x64; rv:131.0) Gecko/20100101 Firefox/131.0"
102.91.4.33 - - [16/Oct/2024:07:08:54 -0700] "POST /add-staff-to-voucher-staff-list-JSON HTTP/1.1" 200 38 "https://www.funds.nicn.gov.ng/display/voucher/29788" "Mozilla/5.0 (Windows NT 10.0; Win64; x64; rv:131.0) Gecko/20100101 Firefox/131.0"
102.91.4.33 - - [16/Oct/2024:07:09:04 -0700] "GET /display/voucher/29788 HTTP/1.1" 200 49368 "https://www.funds.nicn.gov.ng/recurrent-create-staff-voucher" "Mozilla/5.0 (Windows NT 10.0; Win64; x64; rv:131.0) Gecko/20100101 Firefox/131.0"
102.91.72.248 - - [16/Oct/2024:07:08:19 -0700] "GET /display/voucher/29776 HTTP/1.1" 200 703630 "https://funds.nicn.gov.ng/display/voucher/29776" "Mozilla/5.0 (Windows NT 10.0; Win64; x64) AppleWebKit/537.36 (KHTML, like Gecko) Chrome/109.0.0.0 Safari/537.36"
102.91.4.33 - - [16/Oct/2024:07:10:31 -0700] "GET /recurrent-create-staff-voucher HTTP/1.1" 200 42288 "https://www.funds.nicn.gov.ng/display/voucher/29788" "Mozilla/5.0 (Windows NT 10.0; Win64; x64; rv:131.0) Gecko/20100101 Firefox/131.0"
102.91.72.248 - - [16/Oct/2024:07:11:19 -0700] "POST /undate-staff-amount-voucher HTTP/1.1" 200 28 "https://funds.nicn.gov.ng/display/voucher/29776" "Mozilla/5.0 (Windows NT 10.0; Win64; x64) AppleWebKit/537.36 (KHTML, like Gecko) Chrome/109.0.0.0 Safari/537.36"
102.91.72.248 - - [16/Oct/2024:07:11:25 -0700] "POST /undate-staff-amount-voucher HTTP/1.1" 200 28 "https://funds.nicn.gov.ng/display/voucher/29776" "Mozilla/5.0 (Windows NT 10.0; Win64; x64) AppleWebKit/537.36 (KHTML, like Gecko) Chrome/109.0.0.0 Safari/537.36"
102.91.72.248 - - [16/Oct/2024:07:12:27 -0700] "POST /undate-staff-amount-voucher HTTP/1.1" 200 28 "https://funds.nicn.gov.ng/display/voucher/29776" "Mozilla/5.0 (Windows NT 10.0; Win64; x64) AppleWebKit/537.36 (KHTML, like Gecko) Chrome/109.0.0.0 Safari/537.36"
102.91.72.248 - - [16/Oct/2024:07:12:33 -0700] "GET /voucher/check HTTP/1.1" 200 579535 "https://funds.nicn.gov.ng/display/voucher/29779" "Mozilla/5.0 (Windows NT 10.0; Win64; x64; rv:131.0) Gecko/20100101 Firefox/131.0"
102.91.72.248 - - [16/Oct/2024:07:12:40 -0700] "POST /undate-staff-amount-voucher HTTP/1.1" 200 28 "https://funds.nicn.gov.ng/display/voucher/29776" "Mozilla/5.0 (Windows NT 10.0; Win64; x64) AppleWebKit/537.36 (KHTML, like Gecko) Chrome/109.0.0.0 Safari/537.36"
102.91.72.248 - - [16/Oct/2024:07:12:58 -0700] "POST /undate-staff-amount-voucher HTTP/1.1" 200 28 "https://funds.nicn.gov.ng/display/voucher/29776" "Mozilla/5.0 (Windows NT 10.0; Win64; x64) AppleWebKit/537.36 (KHTML, like Gecko) Chrome/109.0.0.0 Safari/537.36"
102.91.72.248 - - [16/Oct/2024:07:13:04 -0700] "POST /undate-staff-amount-voucher HTTP/1.1" 200 28 "https://funds.nicn.gov.ng/display/voucher/29776" "Mozilla/5.0 (Windows NT 10.0; Win64; x64) AppleWebKit/537.36 (KHTML, like Gecko) Chrome/109.0.0.0 Safari/537.36"
102.91.72.248 - - [16/Oct/2024:07:13:12 -0700] "POST /undate-staff-amount-voucher HTTP/1.1" 200 28 "https://funds.nicn.gov.ng/display/voucher/29776" "Mozilla/5.0 (Windows NT 10.0; Win64; x64) AppleWebKit/537.36 (KHTML, like Gecko) Chrome/109.0.0.0 Safari/537.36"
102.91.72.248 - - [16/Oct/2024:07:13:49 -0700] "POST /undate-staff-amount-voucher HTTP/1.1" 200 28 "https://funds.nicn.gov.ng/display/voucher/29776" "Mozilla/5.0 (Windows NT 10.0; Win64; x64) AppleWebKit/537.36 (KHTML, like Gecko) Chrome/109.0.0.0 Safari/537.36"
102.91.72.248 - - [16/Oct/2024:07:13:55 -0700] "POST /undate-staff-amount-voucher HTTP/1.1" 200 28 "https://funds.nicn.gov.ng/display/voucher/29776" "Mozilla/5.0 (Windows NT 10.0; Win64; x64) AppleWebKit/537.36 (KHTML, like Gecko) Chrome/109.0.0.0 Safari/537.36"
102.91.72.248 - - [16/Oct/2024:07:14:19 -0700] "POST /undate-staff-amount-voucher HTTP/1.1" 200 28 "https://funds.nicn.gov.ng/display/voucher/29776" "Mozilla/5.0 (Windows NT 10.0; Win64; x64) AppleWebKit/537.36 (KHTML, like Gecko) Chrome/109.0.0.0 Safari/537.36"
102.91.72.248 - - [16/Oct/2024:07:14:22 -0700] "POST /undate-staff-amount-voucher HTTP/1.1" 200 28 "https://funds.nicn.gov.ng/display/voucher/29776" "Mozilla/5.0 (Windows NT 10.0; Win64; x64) AppleWebKit/537.36 (KHTML, like Gecko) Chrome/109.0.0.0 Safari/537.36"
102.91.72.248 - - [16/Oct/2024:07:14:27 -0700] "POST /undate-staff-amount-voucher HTTP/1.1" 200 28 "https://funds.nicn.gov.ng/display/voucher/29776" "Mozilla/5.0 (Windows NT 10.0; Win64; x64) AppleWebKit/537.36 (KHTML, like Gecko) Chrome/109.0.0.0 Safari/537.36"
102.91.72.248 - - [16/Oct/2024:07:14:48 -0700] "POST /copy-voucher HTTP/1.1" 500 83314 "https://funds.nicn.gov.ng/voucher/check" "Mozilla/5.0 (Windows NT 10.0; Win64; x64; rv:131.0) Gecko/20100101 Firefox/131.0"
102.91.4.33 - - [16/Oct/2024:07:15:01 -0700] "POST /recurrent-create-staff-voucher HTTP/1.1" 302 432 "https://funds.nicn.gov.ng/recurrent-create-staff-voucher" "Mozilla/5.0 (Windows NT 10.0; Win64; x64; rv:131.0) Gecko/20100101 Firefox/131.0"
102.91.4.33 - - [16/Oct/2024:07:15:01 -0700] "GET /display/voucher/29791 HTTP/1.1" 200 48221 "https://funds.nicn.gov.ng/recurrent-create-staff-voucher" "Mozilla/5.0 (Windows NT 10.0; Win64; x64; rv:131.0) Gecko/20100101 Firefox/131.0"
102.91.72.248 - - [16/Oct/2024:07:14:58 -0700] "GET /voucher/check?page=2 HTTP/1.1" 200 579504 "https://funds.nicn.gov.ng/voucher/check" "Mozilla/5.0 (Windows NT 10.0; Win64; x64; rv:131.0) Gecko/20100101 Firefox/131.0"
102.91.72.248 - - [16/Oct/2024:07:16:26 -0700] "POST /undate-staff-amount-voucher HTTP/1.1" 200 28 "https://funds.nicn.gov.ng/display/voucher/29776" "Mozilla/5.0 (Windows NT 10.0; Win64; x64) AppleWebKit/537.36 (KHTML, like Gecko) Chrome/109.0.0.0 Safari/537.36"
102.91.4.33 - - [16/Oct/2024:07:16:21 -0700] "GET /voucher/check HTTP/1.1" 200 575839 "https://funds.nicn.gov.ng/display/voucher/29791" "Mozilla/5.0 (Windows NT 10.0; Win64; x64; rv:131.0) Gecko/20100101 Firefox/131.0"
102.91.72.248 - - [16/Oct/2024:07:16:38 -0700] "POST /undate-staff-amount-voucher HTTP/1.1" 200 28 "https://funds.nicn.gov.ng/display/voucher/29776" "Mozilla/5.0 (Windows NT 10.0; Win64; x64) AppleWebKit/537.36 (KHTML, like Gecko) Chrome/109.0.0.0 Safari/537.36"
102.91.72.248 - - [16/Oct/2024:07:16:38 -0700] "POST /undate-staff-amount-voucher HTTP/1.1" 200 28 "https://funds.nicn.gov.ng/display/voucher/29776" "Mozilla/5.0 (Windows NT 10.0; Win64; x64) AppleWebKit/537.36 (KHTML, like Gecko) Chrome/109.0.0.0 Safari/537.36"
102.91.72.248 - - [16/Oct/2024:07:16:38 -0700] "POST /undate-staff-amount-voucher HTTP/1.1" 200 28 "https://funds.nicn.gov.ng/display/voucher/29776" "Mozilla/5.0 (Windows NT 10.0; Win64; x64) AppleWebKit/537.36 (KHTML, like Gecko) Chrome/109.0.0.0 Safari/537.36"
102.91.72.248 - - [16/Oct/2024:07:16:39 -0700] "POST /undate-staff-amount-voucher HTTP/1.1" 200 28 "https://funds.nicn.gov.ng/display/voucher/29776" "Mozilla/5.0 (Windows NT 10.0; Win64; x64) AppleWebKit/537.36 (KHTML, like Gecko) Chrome/109.0.0.0 Safari/537.36"
102.91.72.248 - - [16/Oct/2024:07:16:46 -0700] "POST /undate-staff-amount-voucher HTTP/1.1" 200 28 "https://funds.nicn.gov.ng/display/voucher/29776" "Mozilla/5.0 (Windows NT 10.0; Win64; x64) AppleWebKit/537.36 (KHTML, like Gecko) Chrome/109.0.0.0 Safari/537.36"
102.91.72.248 - - [16/Oct/2024:07:16:51 -0700] "POST /undate-staff-amount-voucher HTTP/1.1" 200 28 "https://funds.nicn.gov.ng/display/voucher/29776" "Mozilla/5.0 (Windows NT 10.0; Win64; x64) AppleWebKit/537.36 (KHTML, like Gecko) Chrome/109.0.0.0 Safari/537.36"
102.91.72.248 - - [16/Oct/2024:07:16:53 -0700] "POST /undate-staff-amount-voucher HTTP/1.1" 200 28 "https://funds.nicn.gov.ng/display/voucher/29776" "Mozilla/5.0 (Windows NT 10.0; Win64; x64) AppleWebKit/537.36 (KHTML, like Gecko) Chrome/109.0.0.0 Safari/537.36"
102.91.72.248 - - [16/Oct/2024:07:16:56 -0700] "POST /undate-staff-amount-voucher HTTP/1.1" 200 28 "https://funds.nicn.gov.ng/display/voucher/29776" "Mozilla/5.0 (Windows NT 10.0; Win64; x64) AppleWebKit/537.36 (KHTML, like Gecko) Chrome/109.0.0.0 Safari/537.36"
102.91.4.33 - - [16/Oct/2024:07:17:11 -0700] "GET /voucher/edit/29787 HTTP/1.1" 200 49386 "https://funds.nicn.gov.ng/voucher/check" "Mozilla/5.0 (Windows NT 10.0; Win64; x64; rv:131.0) Gecko/20100101 Firefox/131.0"
102.91.72.248 - - [16/Oct/2024:07:17:32 -0700] "POST /copy-voucher HTTP/1.1" 500 33161 "https://funds.nicn.gov.ng/voucher/check?page=2" "Mozilla/5.0 (Windows NT 10.0; Win64; x64; rv:131.0) Gecko/20100101 Firefox/131.0"
102.91.72.248 - - [16/Oct/2024:07:17:33 -0700] "POST /undate-staff-amount-voucher HTTP/1.1" 200 28 "https://funds.nicn.gov.ng/display/voucher/29776" "Mozilla/5.0 (Windows NT 10.0; Win64; x64) AppleWebKit/537.36 (KHTML, like Gecko) Chrome/109.0.0.0 Safari/537.36"
102.91.72.248 - - [16/Oct/2024:07:17:39 -0700] "POST /undate-staff-amount-voucher HTTP/1.1" 200 28 "https://funds.nicn.gov.ng/display/voucher/29776" "Mozilla/5.0 (Windows NT 10.0; Win64; x64) AppleWebKit/537.36 (KHTML, like Gecko) Chrome/109.0.0.0 Safari/537.36"
102.91.72.248 - - [16/Oct/2024:07:17:47 -0700] "POST /undate-staff-amount-voucher HTTP/1.1" 200 28 "https://funds.nicn.gov.ng/display/voucher/29776" "Mozilla/5.0 (Windows NT 10.0; Win64; x64) AppleWebKit/537.36 (KHTML, like Gecko) Chrome/109.0.0.0 Safari/537.36"
102.91.72.248 - - [16/Oct/2024:07:17:43 -0700] "GET /voucher/check?page=3 HTTP/1.1" 200 578683 "https://funds.nicn.gov.ng/voucher/check?page=2" "Mozilla/5.0 (Windows NT 10.0; Win64; x64; rv:131.0) Gecko/20100101 Firefox/131.0"
102.91.72.248 - - [16/Oct/2024:07:17:47 -0700] "POST /recurrent/update/voucher-amount HTTP/1.1" 302 432 "https://funds.nicn.gov.ng/display/voucher/29776" "Mozilla/5.0 (Windows NT 10.0; Win64; x64) AppleWebKit/537.36 (KHTML, like Gecko) Chrome/109.0.0.0 Safari/537.36"
102.91.72.248 - - [16/Oct/2024:07:17:49 -0700] "GET /display/voucher/29776 HTTP/1.1" 200 703791 "https://funds.nicn.gov.ng/display/voucher/29776" "Mozilla/5.0 (Windows NT 10.0; Win64; x64) AppleWebKit/537.36 (KHTML, like Gecko) Chrome/109.0.0.0 Safari/537.36"
102.91.4.33 - - [16/Oct/2024:07:18:19 -0700] "POST /recurrent-create-staff-voucher HTTP/1.1" 302 448 "https://www.funds.nicn.gov.ng/recurrent-create-staff-voucher" "Mozilla/5.0 (Windows NT 10.0; Win64; x64; rv:131.0) Gecko/20100101 Firefox/131.0"
102.91.4.33 - - [16/Oct/2024:07:18:20 -0700] "GET /display/voucher/29793 HTTP/1.1" 200 48067 "https://www.funds.nicn.gov.ng/recurrent-create-staff-voucher" "Mozilla/5.0 (Windows NT 10.0; Win64; x64; rv:131.0) Gecko/20100101 Firefox/131.0"
102.91.72.248 - - [16/Oct/2024:07:18:08 -0700] "GET /voucher/check?page=4 HTTP/1.1" 200 577869 "https://funds.nicn.gov.ng/voucher/check?page=3" "Mozilla/5.0 (Windows NT 10.0; Win64; x64; rv:131.0) Gecko/20100101 Firefox/131.0"
102.91.4.33 - - [16/Oct/2024:07:18:34 -0700] "GET /search-staff-from-db-voucher-JSON/mu HTTP/1.1" 200 46041 "https://www.funds.nicn.gov.ng/display/voucher/29793" "Mozilla/5.0 (Windows NT 10.0; Win64; x64; rv:131.0) Gecko/20100101 Firefox/131.0"
102.91.4.33 - - [16/Oct/2024:07:18:33 -0700] "GET /search-staff-from-db-voucher-JSON/m HTTP/1.1" 200 257570 "https://www.funds.nicn.gov.ng/display/voucher/29793" "Mozilla/5.0 (Windows NT 10.0; Win64; x64; rv:131.0) Gecko/20100101 Firefox/131.0"
102.91.4.33 - - [16/Oct/2024:07:18:34 -0700] "GET /search-staff-from-db-voucher-JSON/mui HTTP/1.1" 200 778 "https://www.funds.nicn.gov.ng/display/voucher/29793" "Mozilla/5.0 (Windows NT 10.0; Win64; x64; rv:131.0) Gecko/20100101 Firefox/131.0"
102.91.4.33 - - [16/Oct/2024:07:18:34 -0700] "GET /search-staff-from-db-voucher-JSON/muil HTTP/1.1" 200 152 "https://www.funds.nicn.gov.ng/display/voucher/29793" "Mozilla/5.0 (Windows NT 10.0; Win64; x64; rv:131.0) Gecko/20100101 Firefox/131.0"
102.91.4.33 - - [16/Oct/2024:07:18:35 -0700] "GET /search-staff-from-db-voucher-JSON/muili HTTP/1.1" 200 152 "https://www.funds.nicn.gov.ng/display/voucher/29793" "Mozilla/5.0 (Windows NT 10.0; Win64; x64; rv:131.0) Gecko/20100101 Firefox/131.0"
102.91.4.33 - - [16/Oct/2024:07:18:49 -0700] "POST /add-staff-to-voucher-staff-list-JSON HTTP/1.1" 200 38 "https://www.funds.nicn.gov.ng/display/voucher/29793" "Mozilla/5.0 (Windows NT 10.0; Win64; x64; rv:131.0) Gecko/20100101 Firefox/131.0"
102.91.72.248 - - [16/Oct/2024:07:19:07 -0700] "GET /voucher/check?page=5 HTTP/1.1" 200 578889 "https://funds.nicn.gov.ng/voucher/check?page=4" "Mozilla/5.0 (Windows NT 10.0; Win64; x64; rv:131.0) Gecko/20100101 Firefox/131.0"
102.91.4.33 - - [16/Oct/2024:07:19:21 -0700] "GET /display/voucher/29793 HTTP/1.1" 200 49347 "https://www.funds.nicn.gov.ng/recurrent-create-staff-voucher" "Mozilla/5.0 (Windows NT 10.0; Win64; x64; rv:131.0) Gecko/20100101 Firefox/131.0"
102.91.4.33 - - [16/Oct/2024:07:19:39 -0700] "GET /recurrent-create-staff-voucher HTTP/1.1" 200 42288 "https://www.funds.nicn.gov.ng/display/voucher/29793" "Mozilla/5.0 (Windows NT 10.0; Win64; x64; rv:131.0) Gecko/20100101 Firefox/131.0"
102.91.72.248 - - [16/Oct/2024:07:19:56 -0700] "POST /voucher/check HTTP/1.1" 200 77983 "https://funds.nicn.gov.ng/voucher/check?page=5" "Mozilla/5.0 (Windows NT 10.0; Win64; x64; rv:131.0) Gecko/20100101 Firefox/131.0"
102.91.4.33 - - [16/Oct/2024:07:21:21 -0700] "POST /process-voucher/edit HTTP/1.1" 302 432 "https://funds.nicn.gov.ng/voucher/edit/29787" "Mozilla/5.0 (Windows NT 10.0; Win64; x64; rv:131.0) Gecko/20100101 Firefox/131.0"
102.91.4.33 - - [16/Oct/2024:07:21:21 -0700] "GET /display/voucher/29787 HTTP/1.1" 200 47688 "https://funds.nicn.gov.ng/voucher/edit/29787" "Mozilla/5.0 (Windows NT 10.0; Win64; x64; rv:131.0) Gecko/20100101 Firefox/131.0"
102.91.72.248 - - [16/Oct/2024:07:22:08 -0700] "POST /copy-voucher HTTP/1.1" 302 432 "https://funds.nicn.gov.ng/voucher/check" "Mozilla/5.0 (Windows NT 10.0; Win64; x64; rv:131.0) Gecko/20100101 Firefox/131.0"
102.91.72.248 - - [16/Oct/2024:07:22:09 -0700] "GET /display/voucher/29794 HTTP/1.1" 200 717150 "https://funds.nicn.gov.ng/voucher/check" "Mozilla/5.0 (Windows NT 10.0; Win64; x64; rv:131.0) Gecko/20100101 Firefox/131.0"
102.91.72.248 - - [16/Oct/2024:07:23:02 -0700] "GET /voucher/check HTTP/1.1" 200 579687 "https://funds.nicn.gov.ng/display/voucher/29794" "Mozilla/5.0 (Windows NT 10.0; Win64; x64; rv:131.0) Gecko/20100101 Firefox/131.0"
102.91.72.248 - - [16/Oct/2024:07:24:23 -0700] "GET /voucher/edit/29794 HTTP/1.1" 200 49641 "https://funds.nicn.gov.ng/voucher/check" "Mozilla/5.0 (Windows NT 10.0; Win64; x64; rv:131.0) Gecko/20100101 Firefox/131.0"
102.91.72.248 - - [16/Oct/2024:07:25:23 -0700] "POST /process-voucher/edit HTTP/1.1" 302 432 "https://funds.nicn.gov.ng/voucher/edit/29794" "Mozilla/5.0 (Windows NT 10.0; Win64; x64; rv:131.0) Gecko/20100101 Firefox/131.0"
102.91.72.248 - - [16/Oct/2024:07:25:24 -0700] "GET /display/voucher/29794 HTTP/1.1" 200 717150 "https://funds.nicn.gov.ng/voucher/edit/29794" "Mozilla/5.0 (Windows NT 10.0; Win64; x64; rv:131.0) Gecko/20100101 Firefox/131.0"
102.91.72.248 - - [16/Oct/2024:07:26:41 -0700] "POST /undate-staff-amount-voucher HTTP/1.1" 200 28 "https://funds.nicn.gov.ng/display/voucher/29794" "Mozilla/5.0 (Windows NT 10.0; Win64; x64; rv:131.0) Gecko/20100101 Firefox/131.0"
102.91.72.248 - - [16/Oct/2024:07:27:17 -0700] "POST /recurrent/staff/add-to-list/voucher HTTP/1.1" 302 432 "https://funds.nicn.gov.ng/display/voucher/29794" "Mozilla/5.0 (Windows NT 10.0; Win64; x64; rv:131.0) Gecko/20100101 Firefox/131.0"
102.91.72.248 - - [16/Oct/2024:07:27:17 -0700] "GET /display/voucher/29794 HTTP/1.1" 200 719635 "https://funds.nicn.gov.ng/display/voucher/29794" "Mozilla/5.0 (Windows NT 10.0; Win64; x64; rv:131.0) Gecko/20100101 Firefox/131.0"
102.91.72.248 - - [16/Oct/2024:07:28:01 -0700] "POST /recurrent/staff/add-to-list/voucher HTTP/1.1" 302 432 "https://funds.nicn.gov.ng/display/voucher/29794" "Mozilla/5.0 (Windows NT 10.0; Win64; x64; rv:131.0) Gecko/20100101 Firefox/131.0"
102.91.72.248 - - [16/Oct/2024:07:28:02 -0700] "GET /display/voucher/29794 HTTP/1.1" 200 721785 "https://funds.nicn.gov.ng/display/voucher/29794" "Mozilla/5.0 (Windows NT 10.0; Win64; x64; rv:131.0) Gecko/20100101 Firefox/131.0"
102.91.72.248 - - [16/Oct/2024:07:28:24 -0700] "POST /recurrent/staff/add-to-list/voucher HTTP/1.1" 302 432 "https://funds.nicn.gov.ng/display/voucher/29794" "Mozilla/5.0 (Windows NT 10.0; Win64; x64; rv:131.0) Gecko/20100101 Firefox/131.0"
102.91.72.248 - - [16/Oct/2024:07:28:25 -0700] "GET /display/voucher/29794 HTTP/1.1" 200 723931 "https://funds.nicn.gov.ng/display/voucher/29794" "Mozilla/5.0 (Windows NT 10.0; Win64; x64; rv:131.0) Gecko/20100101 Firefox/131.0"
102.91.72.248 - - [16/Oct/2024:07:28:51 -0700] "POST /recurrent/staff/add-to-list/voucher HTTP/1.1" 302 432 "https://funds.nicn.gov.ng/display/voucher/29794" "Mozilla/5.0 (Windows NT 10.0; Win64; x64; rv:131.0) Gecko/20100101 Firefox/131.0"
102.91.72.248 - - [16/Oct/2024:07:28:52 -0700] "GET /display/voucher/29794 HTTP/1.1" 200 726057 "https://funds.nicn.gov.ng/display/voucher/29794" "Mozilla/5.0 (Windows NT 10.0; Win64; x64; rv:131.0) Gecko/20100101 Firefox/131.0"
102.91.72.248 - - [16/Oct/2024:07:29:17 -0700] "POST /recurrent/staff/add-to-list/voucher HTTP/1.1" 302 432 "https://funds.nicn.gov.ng/display/voucher/29794" "Mozilla/5.0 (Windows NT 10.0; Win64; x64; rv:131.0) Gecko/20100101 Firefox/131.0"
102.91.72.248 - - [16/Oct/2024:07:29:18 -0700] "GET /display/voucher/29794 HTTP/1.1" 200 728183 "https://funds.nicn.gov.ng/display/voucher/29794" "Mozilla/5.0 (Windows NT 10.0; Win64; x64; rv:131.0) Gecko/20100101 Firefox/131.0"
102.91.72.248 - - [16/Oct/2024:07:30:00 -0700] "POST /undate-staff-amount-voucher HTTP/1.1" 200 28 "https://funds.nicn.gov.ng/display/voucher/29794" "Mozilla/5.0 (Windows NT 10.0; Win64; x64; rv:131.0) Gecko/20100101 Firefox/131.0"
102.91.72.248 - - [16/Oct/2024:07:30:01 -0700] "POST /undate-staff-amount-voucher HTTP/1.1" 200 28 "https://funds.nicn.gov.ng/display/voucher/29794" "Mozilla/5.0 (Windows NT 10.0; Win64; x64; rv:131.0) Gecko/20100101 Firefox/131.0"
102.91.72.248 - - [16/Oct/2024:07:30:04 -0700] "POST /undate-staff-amount-voucher HTTP/1.1" 200 28 "https://funds.nicn.gov.ng/display/voucher/29794" "Mozilla/5.0 (Windows NT 10.0; Win64; x64; rv:131.0) Gecko/20100101 Firefox/131.0"
102.91.72.248 - - [16/Oct/2024:07:30:06 -0700] "POST /undate-staff-amount-voucher HTTP/1.1" 200 28 "https://funds.nicn.gov.ng/display/voucher/29794" "Mozilla/5.0 (Windows NT 10.0; Win64; x64; rv:131.0) Gecko/20100101 Firefox/131.0"
102.91.72.248 - - [16/Oct/2024:07:30:08 -0700] "POST /undate-staff-amount-voucher HTTP/1.1" 200 28 "https://funds.nicn.gov.ng/display/voucher/29794" "Mozilla/5.0 (Windows NT 10.0; Win64; x64; rv:131.0) Gecko/20100101 Firefox/131.0"
102.91.72.248 - - [16/Oct/2024:07:30:10 -0700] "POST /undate-staff-amount-voucher HTTP/1.1" 200 28 "https://funds.nicn.gov.ng/display/voucher/29794" "Mozilla/5.0 (Windows NT 10.0; Win64; x64; rv:131.0) Gecko/20100101 Firefox/131.0"
102.91.72.248 - - [16/Oct/2024:07:30:15 -0700] "POST /undate-staff-amount-voucher HTTP/1.1" 200 28 "https://funds.nicn.gov.ng/display/voucher/29794" "Mozilla/5.0 (Windows NT 10.0; Win64; x64; rv:131.0) Gecko/20100101 Firefox/131.0"
102.91.72.248 - - [16/Oct/2024:07:30:18 -0700] "POST /undate-staff-amount-voucher HTTP/1.1" 200 28 "https://funds.nicn.gov.ng/display/voucher/29794" "Mozilla/5.0 (Windows NT 10.0; Win64; x64; rv:131.0) Gecko/20100101 Firefox/131.0"
102.91.72.248 - - [16/Oct/2024:07:30:25 -0700] "POST /undate-staff-amount-voucher HTTP/1.1" 200 27 "https://funds.nicn.gov.ng/display/voucher/29794" "Mozilla/5.0 (Windows NT 10.0; Win64; x64; rv:131.0) Gecko/20100101 Firefox/131.0"
102.91.72.248 - - [16/Oct/2024:07:30:27 -0700] "POST /undate-staff-amount-voucher HTTP/1.1" 200 28 "https://funds.nicn.gov.ng/display/voucher/29794" "Mozilla/5.0 (Windows NT 10.0; Win64; x64; rv:131.0) Gecko/20100101 Firefox/131.0"
102.91.72.248 - - [16/Oct/2024:07:30:31 -0700] "POST /undate-staff-amount-voucher HTTP/1.1" 200 28 "https://funds.nicn.gov.ng/display/voucher/29794" "Mozilla/5.0 (Windows NT 10.0; Win64; x64; rv:131.0) Gecko/20100101 Firefox/131.0"
102.91.72.248 - - [16/Oct/2024:07:30:34 -0700] "POST /undate-staff-amount-voucher HTTP/1.1" 200 28 "https://funds.nicn.gov.ng/display/voucher/29794" "Mozilla/5.0 (Windows NT 10.0; Win64; x64; rv:131.0) Gecko/20100101 Firefox/131.0"
102.91.72.248 - - [16/Oct/2024:07:30:36 -0700] "POST /undate-staff-amount-voucher HTTP/1.1" 200 28 "https://funds.nicn.gov.ng/display/voucher/29794" "Mozilla/5.0 (Windows NT 10.0; Win64; x64; rv:131.0) Gecko/20100101 Firefox/131.0"
102.91.72.248 - - [16/Oct/2024:07:30:38 -0700] "POST /undate-staff-amount-voucher HTTP/1.1" 200 28 "https://funds.nicn.gov.ng/display/voucher/29794" "Mozilla/5.0 (Windows NT 10.0; Win64; x64; rv:131.0) Gecko/20100101 Firefox/131.0"
102.91.72.248 - - [16/Oct/2024:07:30:46 -0700] "POST /undate-staff-amount-voucher HTTP/1.1" 200 28 "https://funds.nicn.gov.ng/display/voucher/29794" "Mozilla/5.0 (Windows NT 10.0; Win64; x64; rv:131.0) Gecko/20100101 Firefox/131.0"
102.91.72.248 - - [16/Oct/2024:07:30:46 -0700] "POST /undate-staff-amount-voucher HTTP/1.1" 200 28 "https://funds.nicn.gov.ng/display/voucher/29794" "Mozilla/5.0 (Windows NT 10.0; Win64; x64; rv:131.0) Gecko/20100101 Firefox/131.0"
102.91.72.248 - - [16/Oct/2024:07:30:47 -0700] "POST /undate-staff-amount-voucher HTTP/1.1" 200 28 "https://funds.nicn.gov.ng/display/voucher/29794" "Mozilla/5.0 (Windows NT 10.0; Win64; x64; rv:131.0) Gecko/20100101 Firefox/131.0"
102.91.72.248 - - [16/Oct/2024:07:30:50 -0700] "POST /undate-staff-amount-voucher HTTP/1.1" 200 28 "https://funds.nicn.gov.ng/display/voucher/29794" "Mozilla/5.0 (Windows NT 10.0; Win64; x64; rv:131.0) Gecko/20100101 Firefox/131.0"
102.91.4.33 - - [16/Oct/2024:07:30:58 -0700] "POST /recurrent-create-staff-voucher HTTP/1.1" 302 448 "https://www.funds.nicn.gov.ng/recurrent-create-staff-voucher" "Mozilla/5.0 (Windows NT 10.0; Win64; x64; rv:131.0) Gecko/20100101 Firefox/131.0"
102.91.72.248 - - [16/Oct/2024:07:30:59 -0700] "POST /undate-staff-amount-voucher HTTP/1.1" 200 28 "https://funds.nicn.gov.ng/display/voucher/29794" "Mozilla/5.0 (Windows NT 10.0; Win64; x64; rv:131.0) Gecko/20100101 Firefox/131.0"
102.91.72.248 - - [16/Oct/2024:07:30:59 -0700] "POST /undate-staff-amount-voucher HTTP/1.1" 200 28 "https://funds.nicn.gov.ng/display/voucher/29794" "Mozilla/5.0 (Windows NT 10.0; Win64; x64; rv:131.0) Gecko/20100101 Firefox/131.0"
102.91.4.33 - - [16/Oct/2024:07:30:58 -0700] "GET /display/voucher/29795 HTTP/1.1" 200 48104 "https://www.funds.nicn.gov.ng/recurrent-create-staff-voucher" "Mozilla/5.0 (Windows NT 10.0; Win64; x64; rv:131.0) Gecko/20100101 Firefox/131.0"
102.91.72.248 - - [16/Oct/2024:07:31:00 -0700] "POST /undate-staff-amount-voucher HTTP/1.1" 200 28 "https://funds.nicn.gov.ng/display/voucher/29794" "Mozilla/5.0 (Windows NT 10.0; Win64; x64; rv:131.0) Gecko/20100101 Firefox/131.0"
102.91.72.248 - - [16/Oct/2024:07:31:03 -0700] "POST /undate-staff-amount-voucher HTTP/1.1" 200 28 "https://funds.nicn.gov.ng/display/voucher/29794" "Mozilla/5.0 (Windows NT 10.0; Win64; x64; rv:131.0) Gecko/20100101 Firefox/131.0"
102.91.72.248 - - [16/Oct/2024:07:31:04 -0700] "POST /undate-staff-amount-voucher HTTP/1.1" 200 28 "https://funds.nicn.gov.ng/display/voucher/29794" "Mozilla/5.0 (Windows NT 10.0; Win64; x64; rv:131.0) Gecko/20100101 Firefox/131.0"
102.91.72.248 - - [16/Oct/2024:07:31:05 -0700] "POST /undate-staff-amount-voucher HTTP/1.1" 200 28 "https://funds.nicn.gov.ng/display/voucher/29794" "Mozilla/5.0 (Windows NT 10.0; Win64; x64; rv:131.0) Gecko/20100101 Firefox/131.0"
102.91.72.248 - - [16/Oct/2024:07:31:08 -0700] "POST /undate-staff-amount-voucher HTTP/1.1" 200 28 "https://funds.nicn.gov.ng/display/voucher/29794" "Mozilla/5.0 (Windows NT 10.0; Win64; x64; rv:131.0) Gecko/20100101 Firefox/131.0"
102.91.72.248 - - [16/Oct/2024:07:31:10 -0700] "POST /undate-staff-amount-voucher HTTP/1.1" 200 28 "https://funds.nicn.gov.ng/display/voucher/29794" "Mozilla/5.0 (Windows NT 10.0; Win64; x64; rv:131.0) Gecko/20100101 Firefox/131.0"
102.91.72.248 - - [16/Oct/2024:07:31:14 -0700] "POST /undate-staff-amount-voucher HTTP/1.1" 200 28 "https://funds.nicn.gov.ng/display/voucher/29794" "Mozilla/5.0 (Windows NT 10.0; Win64; x64; rv:131.0) Gecko/20100101 Firefox/131.0"
102.91.72.248 - - [16/Oct/2024:07:31:15 -0700] "POST /undate-staff-amount-voucher HTTP/1.1" 200 28 "https://funds.nicn.gov.ng/display/voucher/29794" "Mozilla/5.0 (Windows NT 10.0; Win64; x64; rv:131.0) Gecko/20100101 Firefox/131.0"
102.91.72.248 - - [16/Oct/2024:07:31:17 -0700] "POST /undate-staff-amount-voucher HTTP/1.1" 200 28 "https://funds.nicn.gov.ng/display/voucher/29794" "Mozilla/5.0 (Windows NT 10.0; Win64; x64; rv:131.0) Gecko/20100101 Firefox/131.0"
102.91.4.33 - - [16/Oct/2024:07:31:24 -0700] "GET /search-staff-from-db-voucher-JSON/o HTTP/1.1" 200 274543 "https://www.funds.nicn.gov.ng/display/voucher/29795" "Mozilla/5.0 (Windows NT 10.0; Win64; x64; rv:131.0) Gecko/20100101 Firefox/131.0"
102.91.4.33 - - [16/Oct/2024:07:31:25 -0700] "GET /search-staff-from-db-voucher-JSON/og HTTP/1.1" 200 20295 "https://www.funds.nicn.gov.ng/display/voucher/29795" "Mozilla/5.0 (Windows NT 10.0; Win64; x64; rv:131.0) Gecko/20100101 Firefox/131.0"
102.91.4.33 - - [16/Oct/2024:07:31:26 -0700] "GET /search-staff-from-db-voucher-JSON/ogu HTTP/1.1" 200 10877 "https://www.funds.nicn.gov.ng/display/voucher/29795" "Mozilla/5.0 (Windows NT 10.0; Win64; x64; rv:131.0) Gecko/20100101 Firefox/131.0"
102.91.4.33 - - [16/Oct/2024:07:31:27 -0700] "GET /search-staff-from-db-voucher-JSON/ogun HTTP/1.1" 200 9809 "https://www.funds.nicn.gov.ng/display/voucher/29795" "Mozilla/5.0 (Windows NT 10.0; Win64; x64; rv:131.0) Gecko/20100101 Firefox/131.0"
